File manager - Edit - /var/log/apache2/domlogs/asiatechinc/theranimahal.com.asiatechinc.com-ssl_log
Back
14.191.141.149 - - [28/Mar/2026:16:54:16 +0530] "GET /index.php HTTP/1.1" 200 76402 "-" "Mozilla/5.0 (Macintosh; Intel Mac OS X 11_7_0) AppleWebKit/537.36 (KHTML, like Gecko) Chrome/126.0.6478.126 Safari/537.36"
69.171.231.26 - - [28/Mar/2026:17:03:10 +0530] "GET /robots.txt HTTP/1.1" 206 205 "-" "facebookexternalhit/1.1 (+http://www.facebook.com/externalhit_uatext.php)"
64.233.173.101 - - [28/Mar/2026:17:30:44 +0530] "GET /.well-known/traffic-advice HTTP/1.1" 404 - "-" "Chrome Privacy Preserving Prefetch Proxy"
193.186.4.185 - - [28/Mar/2026:17:30:45 +0530] "GET / HTTP/1.1" 200 76402 "https://www.google.com/" "Mozilla/5.0 (Linux; Android 10; K) AppleWebKit/537.36 (KHTML, like Gecko) Chrome/146.0.0.0 Mobile Safari/537.36"
116.179.32.206 - - [28/Mar/2026:17:53:35 +0530] "GET /cousin.php?39re8jtan4338ddb4dhbmmnmenguw HTTP/1.1" 404 16 "-" "Mozilla/5.0 (compatible; Baiduspider/2.0; +http://www.baidu.com/search/spider.html)"
156.155.11.230 - - [28/Mar/2026:18:03:51 +0530] "POST /xmlrpc.php HTTP/1.1" 404 16 "-" "Mozilla/5.0 (Linux; Android 10; x64) AppleWebKit/537.36 (KHTML, like Gecko) Safari/14.0.0.0 Safari/537.36"
40.77.167.43 - - [28/Mar/2026:18:17:33 +0530] "GET /fusil259037.html HTTP/1.1" 404 - "-" "Mozilla/5.0 AppleWebKit/537.36 (KHTML, like Gecko; compatible; bingbot/2.0; +http://www.bing.com/bingbot.htm) Chrome/116.0.1938.76 Safari/537.36"
52.167.144.204 - - [28/Mar/2026:18:25:04 +0530] "GET /b/Motors/bn_7001220158 HTTP/1.1" 404 - "-" "Mozilla/5.0 AppleWebKit/537.36 (KHTML, like Gecko; compatible; bingbot/2.0; +http://www.bing.com/bingbot.htm) Chrome/116.0.1938.76 Safari/537.36"
114.119.135.199 - - [28/Mar/2026:18:27:40 +0530] "GET /dukedom364829.html HTTP/1.1" 404 - "-" "Mozilla/5.0 (Linux; Android 7.0;) AppleWebKit/537.36 (KHTML, like Gecko) Mobile Safari/537.36 (compatible; PetalBot;+https://webmaster.petalsearch.com/site/petalbot)"
66.249.72.137 - - [28/Mar/2026:18:28:28 +0530] "GET /index.php/jieb/issue/current HTTP/1.1" 200 76402 "-" "Googlebot/2.1 (+http://www.google.com/bot.html)"
116.76.38.229 - - [28/Mar/2026:18:29:04 +0530] "GET /robots.txt HTTP/1.1" 200 205 "-" "Mozilla/5.0 (Windows NT 10.0; WOW64) AppleWebKit/537.36 (KHTML, like Gecko) Chrome/93.0.3138.70 Safari/537.36 QIHU 360EE"
114.119.135.143 - - [28/Mar/2026:18:34:12 +0530] "GET /clarifier426246.html HTTP/1.1" 404 - "-" "Mozilla/5.0 (Linux; Android 7.0;) AppleWebKit/537.36 (KHTML, like Gecko) Mobile Safari/537.36 (compatible; PetalBot;+https://webmaster.petalsearch.com/site/petalbot)"
66.249.72.137 - - [28/Mar/2026:18:38:38 +0530] "GET /index.php/lgrm/issue/current HTTP/1.1" 200 76402 "-" "Googlebot/2.1 (+http://www.google.com/bot.html)"
66.249.72.138 - - [28/Mar/2026:18:39:41 +0530] "GET /index.php/nyimak/issue/current HTTP/1.1" 200 76402 "-" "Googlebot/2.1 (+http://www.google.com/bot.html)"
66.249.72.139 - - [28/Mar/2026:18:42:40 +0530] "GET /index.php/ICS/issue/current HTTP/1.1" 200 76402 "-" "Googlebot/2.1 (+http://www.google.com/bot.html)"
114.119.135.143 - - [28/Mar/2026:18:43:38 +0530] "GET /laevorotation250689.html HTTP/1.1" 404 - "http://www.theranimahal.com/Calabrese219818.html" "Mozilla/5.0 (Linux; Android 7.0;) AppleWebKit/537.36 (KHTML, like Gecko) Mobile Safari/537.36 (compatible; PetalBot;+https://webmaster.petalsearch.com/site/petalbot)"
66.249.72.139 - - [28/Mar/2026:18:44:44 +0530] "GET /index.php/ceria/issue/current HTTP/1.1" 200 76402 "-" "Googlebot/2.1 (+http://www.google.com/bot.html)"
114.119.132.101 - - [28/Mar/2026:18:45:31 +0530] "GET /static/uploads/26/2021/10/2021-10-18-5-300x169.jpg HTTP/1.1" 404 - "-" "Mozilla/5.0 (Linux; Android 7.0;) AppleWebKit/537.36 (KHTML, like Gecko) Mobile Safari/537.36 (compatible; PetalBot;+https://webmaster.petalsearch.com/site/petalbot)"
40.77.167.6 - - [28/Mar/2026:18:45:44 +0530] "GET /br HTTP/1.1" 404 - "-" "Mozilla/5.0 AppleWebKit/537.36 (KHTML, like Gecko; compatible; bingbot/2.0; +http://www.bing.com/bingbot.htm) Chrome/116.0.1938.76 Safari/537.36"
66.249.72.137 - - [28/Mar/2026:18:46:59 +0530] "GET /index.php/cpu/issue/current HTTP/1.1" 200 76402 "-" "Googlebot/2.1 (+http://www.google.com/bot.html)"
66.249.72.137 - - [28/Mar/2026:18:47:13 +0530] "GET /index.php/jte/issue/current HTTP/1.1" 200 76402 "-" "Googlebot/2.1 (+http://www.google.com/bot.html)"
114.119.132.101 - - [28/Mar/2026:18:47:34 +0530] "GET /index.php/jemin/assets/img/about.php HTTP/1.1" 200 76402 "https://www.theranimahal.com/index.php/jemin/assets/img/gallery.php" "Mozilla/5.0 (Linux; Android 7.0;) AppleWebKit/537.36 (KHTML, like Gecko) Mobile Safari/537.36 (compatible; PetalBot;+https://webmaster.petalsearch.com/site/petalbot)"
114.119.138.107 - - [28/Mar/2026:18:49:46 +0530] "GET /index.php/excli/issue/assets/img/assets/img/assets/img/ HTTP/1.1" 200 76402 "https://www.theranimahal.com/index.php/excli/issue/assets/img/assets/img/assets/img/contact.php" "Mozilla/5.0 (Linux; Android 7.0;) AppleWebKit/537.36 (KHTML, like Gecko) Mobile Safari/537.36 (compatible; PetalBot;+https://webmaster.petalsearch.com/site/petalbot)"
64.233.173.100 - - [28/Mar/2026:18:51:21 +0530] "GET /.well-known/traffic-advice HTTP/1.1" 404 - "-" "Chrome Privacy Preserving Prefetch Proxy"
72.14.201.139 - - [28/Mar/2026:18:51:22 +0530] "GET / HTTP/1.1" 200 76402 "https://www.google.com/" "Mozilla/5.0 (Linux; Android 10; K) AppleWebKit/537.36 (KHTML, like Gecko) Chrome/145.0.0.0 Mobile Safari/537.36"
66.249.72.137 - - [28/Mar/2026:18:51:46 +0530] "GET /index.php/prima/issue/current HTTP/1.1" 200 76402 "-" "Googlebot/2.1 (+http://www.google.com/bot.html)"
114.119.132.238 - - [28/Mar/2026:18:52:01 +0530] "GET /index.php/el-hayah/issue/assets/img/assets/img/contact.php HTTP/1.1" 200 76402 "https://www.theranimahal.com/index.php/el-hayah/issue/assets/img/assets/img/blog.php" "Mozilla/5.0 (Linux; Android 7.0;) AppleWebKit/537.36 (KHTML, like Gecko) Mobile Safari/537.36 (compatible; PetalBot;+https://webmaster.petalsearch.com/site/petalbot)"
114.119.158.113 - - [28/Mar/2026:18:54:28 +0530] "GET /index.php/excli/article/view/4069/assets/img/assets/img/assets/img/contact.php HTTP/1.1" 200 76402 "https://www.theranimahal.com/index.php/excli/article/view/4069/assets/img/assets/img/assets/img/blog.php" "Mozilla/5.0 (Linux; Android 7.0;) AppleWebKit/537.36 (KHTML, like Gecko) Mobile Safari/537.36 (compatible; PetalBot;+https://webmaster.petalsearch.com/site/petalbot)"
66.249.72.138 - - [28/Mar/2026:18:54:28 +0530] "GET /index.php/WARNARUPA/issue/current HTTP/1.1" 200 76402 "-" "Googlebot/2.1 (+http://www.google.com/bot.html)"
66.249.72.137 - - [28/Mar/2026:18:54:44 +0530] "GET /index.php/jgs/issue/current HTTP/1.1" 200 76402 "-" "Googlebot/2.1 (+http://www.google.com/bot.html)"
114.119.132.170 - - [28/Mar/2026:18:56:35 +0530] "GET /haggardly851184.html HTTP/1.1" 404 - "-" "Mozilla/5.0 (Linux; Android 7.0;) AppleWebKit/537.36 (KHTML, like Gecko) Mobile Safari/537.36 (compatible; PetalBot;+https://webmaster.petalsearch.com/site/petalbot)"
66.249.72.137 - - [28/Mar/2026:18:57:07 +0530] "GET /index.php/jd/issue/current HTTP/1.1" 200 76402 "-" "Googlebot/2.1 (+http://www.google.com/bot.html)"
66.249.72.139 - - [28/Mar/2026:18:58:42 +0530] "GET /index.php/CSWB/issue/current HTTP/1.1" 200 76402 "-" "Googlebot/2.1 (+http://www.google.com/bot.html)"
40.77.167.151 - - [28/Mar/2026:18:58:55 +0530] "GET /br HTTP/1.1" 404 - "-" "Mozilla/5.0 AppleWebKit/537.36 (KHTML, like Gecko; compatible; bingbot/2.0; +http://www.bing.com/bingbot.htm) Chrome/116.0.1938.76 Safari/537.36"
114.119.158.113 - - [28/Mar/2026:18:59:20 +0530] "GET /index.php HTTP/1.1" 200 76402 "https://www.theranimahal.com?page=5" "Mozilla/5.0 (Linux; Android 7.0;) AppleWebKit/537.36 (KHTML, like Gecko) Mobile Safari/537.36 (compatible; PetalBot;+https://webmaster.petalsearch.com/site/petalbot)"
114.119.132.101 - - [28/Mar/2026:19:00:59 +0530] "GET /inspirationist-exclusive-qa-with-spanish-creative-studio-masquespacio/ HTTP/1.1" 404 - "-" "Mozilla/5.0 (Linux; Android 7.0;) AppleWebKit/537.36 (HTML, like Gecko) Mobile Safari/537.36 (compatible; PetalBot;+https://webmaster.petalsearch.com/site/petalbot)"
172.204.16.76 - - [28/Mar/2026:19:01:02 +0530] "GET / HTTP/1.1" 200 76402 "-" "Mozilla/5.0 AppleWebKit/537.36 (KHTML, like Gecko); compatible; ChatGPT-User/1.0; +https://openai.com/bot"
172.204.16.64 - - [28/Mar/2026:19:01:03 +0530] "GET / HTTP/1.1" 200 76402 "-" "Mozilla/5.0 AppleWebKit/537.36 (KHTML, like Gecko); compatible; ChatGPT-User/1.0; +https://openai.com/bot"
172.204.16.76 - - [28/Mar/2026:19:01:03 +0530] "GET / HTTP/1.1" 200 76402 "-" "Mozilla/5.0 AppleWebKit/537.36 (KHTML, like Gecko); compatible; ChatGPT-User/1.0; +https://openai.com/bot"
172.204.16.76 - - [28/Mar/2026:19:01:03 +0530] "GET / HTTP/1.1" 200 76402 "-" "Mozilla/5.0 AppleWebKit/537.36 (KHTML, like Gecko); compatible; ChatGPT-User/1.0; +https://openai.com/bot"
66.249.72.137 - - [28/Mar/2026:19:02:26 +0530] "GET /index.php/excli/issue/archive HTTP/1.1" 200 76402 "-" "Googlebot/2.1 (+http://www.google.com/bot.html)"
66.249.72.137 - - [28/Mar/2026:19:02:53 +0530] "GET /index.php/IJLP/issue/current HTTP/1.1" 200 76402 "-" "Googlebot/2.1 (+http://www.google.com/bot.html)"
114.119.132.238 - - [28/Mar/2026:19:03:25 +0530] "GET /goldhammer455769.html HTTP/1.1" 404 - "-" "Mozilla/5.0 (Linux; Android 7.0;) AppleWebKit/537.36 (KHTML, like Gecko) Mobile Safari/537.36 (compatible; PetalBot;+https://webmaster.petalsearch.com/site/petalbot)"
66.249.72.138 - - [28/Mar/2026:19:03:35 +0530] "GET /index.php/JIKP/issue/current HTTP/1.1" 200 76402 "-" "Googlebot/2.1 (+http://www.google.com/bot.html)"
114.119.158.113 - - [28/Mar/2026:19:05:29 +0530] "GET /gandum853542.html HTTP/1.1" 404 - "-" "Mozilla/5.0 (Linux; Android 7.0;) AppleWebKit/537.36 (HTML, like Gecko) Mobile Safari/537.36 (compatible; PetalBot;+https://webmaster.petalsearch.com/site/petalbot)"
114.119.135.199 - - [28/Mar/2026:19:07:41 +0530] "GET /cordicole254376.html HTTP/1.1" 404 - "-" "Mozilla/5.0 (Linux; Android 7.0;) AppleWebKit/537.36 (KHTML, like Gecko) Mobile Safari/537.36 (compatible; PetalBot;+https://webmaster.petalsearch.com/site/petalbot)"
66.249.72.138 - - [28/Mar/2026:19:09:09 +0530] "GET /index.php/dinamika/issue/current HTTP/1.1" 200 76402 "-" "Googlebot/2.1 (+http://www.google.com/bot.html)"
66.249.72.139 - - [28/Mar/2026:19:10:30 +0530] "GET /index.php/AJAL/issue/current HTTP/1.1" 200 76402 "-" "Googlebot/2.1 (+http://www.google.com/bot.html)"
114.119.138.107 - - [28/Mar/2026:19:12:31 +0530] "GET /things-to-do/shop-dine/blog.php HTTP/1.1" 404 - "-" "Mozilla/5.0 (Linux; Android 7.0;) AppleWebKit/537.36 (KHTML, like Gecko) Mobile Safari/537.36 (compatible; PetalBot;+https://webmaster.petalsearch.com/site/petalbot)"
66.249.72.137 - - [28/Mar/2026:19:12:45 +0530] "GET /index.php/excli/issue/current HTTP/1.1" 200 76402 "-" "Googlebot/2.1 (+http://www.google.com/bot.html)"
114.119.135.199 - - [28/Mar/2026:19:14:37 +0530] "GET /index.php/excli/issue/assets/img/attraction.php HTTP/1.1" 200 76402 "https://www.theranimahal.com/index.php/excli/issue/assets/img/contact.php" "Mozilla/5.0 (Linux; Android 7.0;) AppleWebKit/537.36 (KHTML, like Gecko) Mobile Safari/537.36 (compatible; PetalBot;+https://webmaster.petalsearch.com/site/petalbot)"
66.249.72.138 - - [28/Mar/2026:19:14:56 +0530] "GET /index.php/ADVIS/issue/current HTTP/1.1" 200 76402 "-" "Googlebot/2.1 (+http://www.google.com/bot.html)"
114.119.135.199 - - [28/Mar/2026:19:16:42 +0530] "GET /Mohineyam852647.html HTTP/1.1" 404 - "-" "Mozilla/5.0 (Linux; Android 7.0;) AppleWebKit/537.36 (HTML, like Gecko) Mobile Safari/537.36 (compatible; PetalBot;+https://webmaster.petalsearch.com/site/petalbot)"
66.249.72.137 - - [28/Mar/2026:19:24:46 +0530] "GET /index.php/IJOEE/issue/current HTTP/1.1" 200 76402 "-" "Googlebot/2.1 (+http://www.google.com/bot.html)"
157.55.39.225 - - [28/Mar/2026:19:25:17 +0530] "GET /robots.txt HTTP/1.1" 200 205 "-" "Mozilla/5.0 AppleWebKit/537.36 (KHTML, like Gecko; compatible; bingbot/2.0; +http://www.bing.com/bingbot.htm) Chrome/116.0.1938.76 Safari/537.36"
52.167.144.191 - - [28/Mar/2026:19:25:22 +0530] "GET /what_are_the_first_symptoms_of_h_pylori/article_em.htm HTTP/1.1" 404 - "-" "Mozilla/5.0 AppleWebKit/537.36 (KHTML, like Gecko; compatible; bingbot/2.0; +http://www.bing.com/bingbot.htm) Chrome/116.0.1938.76 Safari/537.36"
66.249.72.138 - - [28/Mar/2026:19:31:39 +0530] "GET /index.php/senamu/issue/current HTTP/1.1" 200 76402 "-" "Googlebot/2.1 (+http://www.google.com/bot.html)"
66.249.72.139 - - [28/Mar/2026:19:34:25 +0530] "GET /index.php/JKIP/issue/current HTTP/1.1" 200 76402 "-" "Googlebot/2.1 (+http://www.google.com/bot.html)"
66.249.72.137 - - [28/Mar/2026:19:34:47 +0530] "GET /index.php/JTransporter/issue/current HTTP/1.1" 200 76402 "-" "Googlebot/2.1 (+http://www.google.com/bot.html)"
66.249.72.139 - - [28/Mar/2026:19:35:01 +0530] "GET /index.php/wisataMuh/issue/current HTTP/1.1" 200 76402 "-" "Googlebot/2.1 (+http://www.google.com/bot.html)"
172.204.16.67 - - [28/Mar/2026:19:37:29 +0530] "GET / HTTP/1.1" 200 76402 "-" "Mozilla/5.0 AppleWebKit/537.36 (KHTML, like Gecko); compatible; ChatGPT-User/1.0; +https://openai.com/bot"
74.7.241.168 - - [28/Mar/2026:19:43:34 +0530] "GET /robots.txt HTTP/1.1" 200 205 "-" "Mozilla/5.0 (Macintosh; Intel Mac OS X 10_15_7) AppleWebKit/537.36 (KHTML, like Gecko) Chrome/131.0.0.0 Safari/537.36; compatible; OAI-SearchBot/1.3; robots.txt; +https://openai.com/searchbot"
52.167.144.186 - - [28/Mar/2026:19:48:12 +0530] "GET /about-us/the-gallery-nationwide HTTP/1.1" 404 - "-" "Mozilla/5.0 AppleWebKit/537.36 (KHTML, like Gecko; compatible; bingbot/2.0; +http://www.bing.com/bingbot.htm) Chrome/116.0.1938.76 Safari/537.36"
103.167.33.243 - - [28/Mar/2026:19:48:59 +0530] "GET /research/find-a-supervisor/ HTTP/1.1" 404 - "-" "Mozilla/5.0 (Windows NT 10.0; Win64; x64) AppleWebKit/537.36 (KHTML, like Gecko) Chrome/131.0.0.0 Safari/537.36 Edg/131.0.0.0"
114.119.135.143 - - [28/Mar/2026:19:52:43 +0530] "GET /lactid1111001.html HTTP/1.1" 404 - "-" "Mozilla/5.0 (Linux; Android 7.0;) AppleWebKit/537.36 (KHTML, like Gecko) Mobile Safari/537.36 (compatible; PetalBot;+https://webmaster.petalsearch.com/site/petalbot)"
64.233.173.101 - - [28/Mar/2026:19:56:21 +0530] "GET /.well-known/traffic-advice HTTP/1.1" 404 - "-" "Chrome Privacy Preserving Prefetch Proxy"
162.120.184.13 - - [28/Mar/2026:19:56:21 +0530] "GET / HTTP/1.1" 200 76402 "https://www.google.com/" "Mozilla/5.0 (Macintosh; Intel Mac OS X 10_15_7) AppleWebKit/537.36 (KHTML, like Gecko) Chrome/146.0.0.0 Safari/537.36"
223.185.128.223 - - [28/Mar/2026:19:56:26 +0530] "GET /assets/css/ionicons.min.css HTTP/1.1" 200 51315 "https://theranimahal.com/" "Mozilla/5.0 (Macintosh; Intel Mac OS X 10_15_7) AppleWebKit/537.36 (KHTML, like Gecko) Chrome/146.0.0.0 Safari/537.36"
223.185.128.223 - - [28/Mar/2026:19:56:26 +0530] "GET /assets/css/font-awesome.min.css HTTP/1.1" 200 31028 "https://theranimahal.com/" "Mozilla/5.0 (Macintosh; Intel Mac OS X 10_15_7) AppleWebKit/537.36 (KHTML, like Gecko) Chrome/146.0.0.0 Safari/537.36"
223.185.128.223 - - [28/Mar/2026:19:56:26 +0530] "GET /assets/css/flexslider.css HTTP/1.1" 200 7116 "https://theranimahal.com/" "Mozilla/5.0 (Macintosh; Intel Mac OS X 10_15_7) AppleWebKit/537.36 (KHTML, like Gecko) Chrome/146.0.0.0 Safari/537.36"
223.185.128.223 - - [28/Mar/2026:19:56:26 +0530] "GET /assets/css/owl.carousel.css HTTP/1.1" 200 9262 "https://theranimahal.com/" "Mozilla/5.0 (Macintosh; Intel Mac OS X 10_15_7) AppleWebKit/537.36 (KHTML, like Gecko) Chrome/146.0.0.0 Safari/537.36"
223.185.128.223 - - [28/Mar/2026:19:56:26 +0530] "GET /assets/css/bootstrap/bootstrap.min.css HTTP/1.1" 200 121280 "https://theranimahal.com/" "Mozilla/5.0 (Macintosh; Intel Mac OS X 10_15_7) AppleWebKit/537.36 (KHTML, like Gecko) Chrome/146.0.0.0 Safari/537.36"
223.185.128.223 - - [28/Mar/2026:19:56:26 +0530] "GET /assets/css/magnific-popup.css HTTP/1.1" 200 9380 "https://theranimahal.com/" "Mozilla/5.0 (Macintosh; Intel Mac OS X 10_15_7) AppleWebKit/537.36 (KHTML, like Gecko) Chrome/146.0.0.0 Safari/537.36"
223.185.128.223 - - [28/Mar/2026:19:56:26 +0530] "GET /assets/css/jquery.fullPage.css HTTP/1.1" 200 4779 "https://theranimahal.com/" "Mozilla/5.0 (Macintosh; Intel Mac OS X 10_15_7) AppleWebKit/537.36 (KHTML, like Gecko) Chrome/146.0.0.0 Safari/537.36"
223.185.128.223 - - [28/Mar/2026:19:56:26 +0530] "GET /assets/css/bootstrap/bootstrap-theme.min.css HTTP/1.1" 200 23414 "https://theranimahal.com/" "Mozilla/5.0 (Macintosh; Intel Mac OS X 10_15_7) AppleWebKit/537.36 (KHTML, like Gecko) Chrome/146.0.0.0 Safari/537.36"
223.185.128.223 - - [28/Mar/2026:19:56:26 +0530] "GET /assets/css/style.css HTTP/1.1" 200 267294 "https://theranimahal.com/" "Mozilla/5.0 (Macintosh; Intel Mac OS X 10_15_7) AppleWebKit/537.36 (KHTML, like Gecko) Chrome/146.0.0.0 Safari/537.36"
223.185.128.223 - - [28/Mar/2026:19:56:26 +0530] "GET /assets/img/booknow1.png HTTP/1.1" 200 31424 "https://theranimahal.com/" "Mozilla/5.0 (Macintosh; Intel Mac OS X 10_15_7) AppleWebKit/537.36 (KHTML, like Gecko) Chrome/146.0.0.0 Safari/537.36"
223.185.128.223 - - [28/Mar/2026:19:56:26 +0530] "GET /assets/css/puredesign.css HTTP/1.1" 200 2672 "https://theranimahal.com/" "Mozilla/5.0 (Macintosh; Intel Mac OS X 10_15_7) AppleWebKit/537.36 (KHTML, like Gecko) Chrome/146.0.0.0 Safari/537.36"
223.185.128.223 - - [28/Mar/2026:19:56:26 +0530] "GET /assets/img/logo-1.png HTTP/1.1" 200 5205 "https://theranimahal.com/" "Mozilla/5.0 (Macintosh; Intel Mac OS X 10_15_7) AppleWebKit/537.36 (KHTML, like Gecko) Chrome/146.0.0.0 Safari/537.36"
223.185.128.223 - - [28/Mar/2026:19:56:26 +0530] "GET /assets/js/jquery.min.js HTTP/1.1" 200 84349 "https://theranimahal.com/" "Mozilla/5.0 (Macintosh; Intel Mac OS X 10_15_7) AppleWebKit/537.36 (KHTML, like Gecko) Chrome/146.0.0.0 Safari/537.36"
223.185.128.223 - - [28/Mar/2026:19:56:26 +0530] "GET /assets/js/bootstrap/bootstrap.min.js HTTP/1.1" 200 36874 "https://theranimahal.com/" "Mozilla/5.0 (Macintosh; Intel Mac OS X 10_15_7) AppleWebKit/537.36 (KHTML, like Gecko) Chrome/146.0.0.0 Safari/537.36"
223.185.128.223 - - [28/Mar/2026:19:56:26 +0530] "GET /assets/js/jquery.flexslider-min.js HTTP/1.1" 200 22038 "https://theranimahal.com/" "Mozilla/5.0 (Macintosh; Intel Mac OS X 10_15_7) AppleWebKit/537.36 (KHTML, like Gecko) Chrome/146.0.0.0 Safari/537.36"
223.185.128.223 - - [28/Mar/2026:19:56:26 +0530] "GET /assets/js/jquery.fullPage.min.js HTTP/1.1" 200 26389 "https://theranimahal.com/" "Mozilla/5.0 (Macintosh; Intel Mac OS X 10_15_7) AppleWebKit/537.36 (KHTML, like Gecko) Chrome/146.0.0.0 Safari/537.36"
223.185.128.223 - - [28/Mar/2026:19:56:26 +0530] "GET /assets/js/owl.carousel.min.js HTTP/1.1" 200 40402 "https://theranimahal.com/" "Mozilla/5.0 (Macintosh; Intel Mac OS X 10_15_7) AppleWebKit/537.36 (KHTML, like Gecko) Chrome/146.0.0.0 Safari/537.36"
223.185.128.223 - - [28/Mar/2026:19:56:26 +0530] "GET /assets/js/isotope.min.js HTTP/1.1" 200 40858 "https://theranimahal.com/" "Mozilla/5.0 (Macintosh; Intel Mac OS X 10_15_7) AppleWebKit/537.36 (KHTML, like Gecko) Chrome/146.0.0.0 Safari/537.36"
223.185.128.223 - - [28/Mar/2026:19:56:26 +0530] "GET /assets/js/jquery.magnific-popup.min.js HTTP/1.1" 200 21203 "https://theranimahal.com/" "Mozilla/5.0 (Macintosh; Intel Mac OS X 10_15_7) AppleWebKit/537.36 (KHTML, like Gecko) Chrome/146.0.0.0 Safari/537.36"
223.185.128.223 - - [28/Mar/2026:19:56:26 +0530] "GET /assets/js/jquery.appear.js HTTP/1.1" 200 1485 "https://theranimahal.com/" "Mozilla/5.0 (Macintosh; Intel Mac OS X 10_15_7) AppleWebKit/537.36 (KHTML, like Gecko) Chrome/146.0.0.0 Safari/537.36"
223.185.128.223 - - [28/Mar/2026:19:56:26 +0530] "GET /assets/js/jquery.scrollTo.min.js HTTP/1.1" 200 2447 "https://theranimahal.com/" "Mozilla/5.0 (Macintosh; Intel Mac OS X 10_15_7) AppleWebKit/537.36 (KHTML, like Gecko) Chrome/146.0.0.0 Safari/537.36"
223.185.128.223 - - [28/Mar/2026:19:56:26 +0530] "GET /assets/js/smooth.scroll.min.js HTTP/1.1" 200 6589 "https://theranimahal.com/" "Mozilla/5.0 (Macintosh; Intel Mac OS X 10_15_7) AppleWebKit/537.36 (KHTML, like Gecko) Chrome/146.0.0.0 Safari/537.36"
223.185.128.223 - - [28/Mar/2026:19:56:26 +0530] "GET /assets/js/jquery.countTo.js HTTP/1.1" 200 949 "https://theranimahal.com/" "Mozilla/5.0 (Macintosh; Intel Mac OS X 10_15_7) AppleWebKit/537.36 (KHTML, like Gecko) Chrome/146.0.0.0 Safari/537.36"
223.185.128.223 - - [28/Mar/2026:19:56:26 +0530] "GET /assets/fonts/fontawesome-webfont3e6e.woff2?v=4.7.0 HTTP/1.1" 200 77160 "https://theranimahal.com/assets/css/font-awesome.min.css" "Mozilla/5.0 (Macintosh; Intel Mac OS X 10_15_7) AppleWebKit/537.36 (KHTML, like Gecko) Chrome/146.0.0.0 Safari/537.36"
223.185.128.223 - - [28/Mar/2026:19:56:26 +0530] "GET /assets/img/s12.jpg HTTP/1.1" 200 103070 "https://theranimahal.com/" "Mozilla/5.0 (Macintosh; Intel Mac OS X 10_15_7) AppleWebKit/537.36 (KHTML, like Gecko) Chrome/146.0.0.0 Safari/537.36"
223.185.128.223 - - [28/Mar/2026:19:56:26 +0530] "GET /assets/img/border.png HTTP/1.1" 200 5704 "https://theranimahal.com/" "Mozilla/5.0 (Macintosh; Intel Mac OS X 10_15_7) AppleWebKit/537.36 (KHTML, like Gecko) Chrome/146.0.0.0 Safari/537.36"
223.185.128.223 - - [28/Mar/2026:19:56:26 +0530] "GET /assets/img/BG1.png HTTP/1.1" 200 139363 "https://theranimahal.com/assets/css/style.css" "Mozilla/5.0 (Macintosh; Intel Mac OS X 10_15_7) AppleWebKit/537.36 (KHTML, like Gecko) Chrome/146.0.0.0 Safari/537.36"
223.185.128.223 - - [28/Mar/2026:19:56:26 +0530] "GET /assets/img/border-up.png HTTP/1.1" 200 15813 "https://theranimahal.com/" "Mozilla/5.0 (Macintosh; Intel Mac OS X 10_15_7) AppleWebKit/537.36 (KHTML, like Gecko) Chrome/146.0.0.0 Safari/537.36"
223.185.128.223 - - [28/Mar/2026:19:56:26 +0530] "GET /assets/fonts/ionicons28b5.ttf?v=2.0.0 HTTP/1.1" 200 188508 "https://theranimahal.com/assets/css/ionicons.min.css" "Mozilla/5.0 (Macintosh; Intel Mac OS X 10_15_7) AppleWebKit/537.36 (KHTML, like Gecko) Chrome/146.0.0.0 Safari/537.36"
223.185.128.223 - - [28/Mar/2026:19:56:27 +0530] "GET /assets/js/jquery.scrolly.js HTTP/1.1" 200 2360 "https://theranimahal.com/" "Mozilla/5.0 (Macintosh; Intel Mac OS X 10_15_7) AppleWebKit/537.36 (KHTML, like Gecko) Chrome/146.0.0.0 Safari/537.36"
223.185.128.223 - - [28/Mar/2026:19:56:27 +0530] "GET /assets/js/pace.min.js HTTP/1.1" 200 12508 "https://theranimahal.com/" "Mozilla/5.0 (Macintosh; Intel Mac OS X 10_15_7) AppleWebKit/537.36 (KHTML, like Gecko) Chrome/146.0.0.0 Safari/537.36"
223.185.128.223 - - [28/Mar/2026:19:56:27 +0530] "GET /assets/js/imagesloaded.min.js HTTP/1.1" 200 8119 "https://theranimahal.com/" "Mozilla/5.0 (Macintosh; Intel Mac OS X 10_15_7) AppleWebKit/537.36 (KHTML, like Gecko) Chrome/146.0.0.0 Safari/537.36"
223.185.128.223 - - [28/Mar/2026:19:56:27 +0530] "GET /assets/js/plugins-scroll.js HTTP/1.1" 200 6305 "https://theranimahal.com/" "Mozilla/5.0 (Macintosh; Intel Mac OS X 10_15_7) AppleWebKit/537.36 (KHTML, like Gecko) Chrome/146.0.0.0 Safari/537.36"
223.185.128.223 - - [28/Mar/2026:19:56:27 +0530] "GET /assets/img/room/1.jpg HTTP/1.1" 200 114646 "https://theranimahal.com/" "Mozilla/5.0 (Macintosh; Intel Mac OS X 10_15_7) AppleWebKit/537.36 (KHTML, like Gecko) Chrome/146.0.0.0 Safari/537.36"
223.185.128.223 - - [28/Mar/2026:19:56:27 +0530] "GET /assets/img/res1.jpg HTTP/1.1" 200 41803 "https://theranimahal.com/" "Mozilla/5.0 (Macintosh; Intel Mac OS X 10_15_7) AppleWebKit/537.36 (KHTML, like Gecko) Chrome/146.0.0.0 Safari/537.36"
223.185.128.223 - - [28/Mar/2026:19:56:27 +0530] "GET /assets/js/main.js HTTP/1.1" 200 19214 "https://theranimahal.com/" "Mozilla/5.0 (Macintosh; Intel Mac OS X 10_15_7) AppleWebKit/537.36 (KHTML, like Gecko) Chrome/146.0.0.0 Safari/537.36"
223.185.128.223 - - [28/Mar/2026:19:56:27 +0530] "GET /assets/img/res2.jpg HTTP/1.1" 200 57294 "https://theranimahal.com/" "Mozilla/5.0 (Macintosh; Intel Mac OS X 10_15_7) AppleWebKit/537.36 (KHTML, like Gecko) Chrome/146.0.0.0 Safari/537.36"
223.185.128.223 - - [28/Mar/2026:19:56:27 +0530] "GET /assets/img/at2.jpg HTTP/1.1" 200 217647 "https://theranimahal.com/" "Mozilla/5.0 (Macintosh; Intel Mac OS X 10_15_7) AppleWebKit/537.36 (KHTML, like Gecko) Chrome/146.0.0.0 Safari/537.36"
223.185.128.223 - - [28/Mar/2026:19:56:27 +0530] "GET /assets/img/at3.jpg HTTP/1.1" 200 67261 "https://theranimahal.com/" "Mozilla/5.0 (Macintosh; Intel Mac OS X 10_15_7) AppleWebKit/537.36 (KHTML, like Gecko) Chrome/146.0.0.0 Safari/537.36"
223.185.128.223 - - [28/Mar/2026:19:56:27 +0530] "GET /assets/img/s11.jpg HTTP/1.1" 200 191707 "https://theranimahal.com/" "Mozilla/5.0 (Macintosh; Intel Mac OS X 10_15_7) AppleWebKit/537.36 (KHTML, like Gecko) Chrome/146.0.0.0 Safari/537.36"
223.185.128.223 - - [28/Mar/2026:19:56:27 +0530] "GET /assets/img/s9.jpg HTTP/1.1" 200 247939 "https://theranimahal.com/" "Mozilla/5.0 (Macintosh; Intel Mac OS X 10_15_7) AppleWebKit/537.36 (KHTML, like Gecko) Chrome/146.0.0.0 Safari/537.36"
223.185.128.223 - - [28/Mar/2026:19:56:27 +0530] "GET /assets/img/gs1.jpg HTTP/1.1" 200 42988 "https://theranimahal.com/" "Mozilla/5.0 (Macintosh; Intel Mac OS X 10_15_7) AppleWebKit/537.36 (KHTML, like Gecko) Chrome/146.0.0.0 Safari/537.36"
223.185.128.223 - - [28/Mar/2026:19:56:27 +0530] "GET /assets/img/s10.jpg HTTP/1.1" 200 301941 "https://theranimahal.com/" "Mozilla/5.0 (Macintosh; Intel Mac OS X 10_15_7) AppleWebKit/537.36 (KHTML, like Gecko) Chrome/146.0.0.0 Safari/537.36"
223.185.128.223 - - [28/Mar/2026:19:56:27 +0530] "GET /assets/img/gs2.jpg HTTP/1.1" 200 31801 "https://theranimahal.com/" "Mozilla/5.0 (Macintosh; Intel Mac OS X 10_15_7) AppleWebKit/537.36 (KHTML, like Gecko) Chrome/146.0.0.0 Safari/537.36"
223.185.128.223 - - [28/Mar/2026:19:56:27 +0530] "GET /assets/img/gs3.jpg HTTP/1.1" 200 29860 "https://theranimahal.com/" "Mozilla/5.0 (Macintosh; Intel Mac OS X 10_15_7) AppleWebKit/537.36 (KHTML, like Gecko) Chrome/146.0.0.0 Safari/537.36"
223.185.128.223 - - [28/Mar/2026:19:56:28 +0530] "GET /assets/img/gs5.jpg HTTP/1.1" 200 43890 "https://theranimahal.com/" "Mozilla/5.0 (Macintosh; Intel Mac OS X 10_15_7) AppleWebKit/537.36 (KHTML, like Gecko) Chrome/146.0.0.0 Safari/537.36"
223.185.128.223 - - [28/Mar/2026:19:56:28 +0530] "GET /assets/img/gs4.jpg HTTP/1.1" 200 16745 "https://theranimahal.com/" "Mozilla/5.0 (Macintosh; Intel Mac OS X 10_15_7) AppleWebKit/537.36 (KHTML, like Gecko) Chrome/146.0.0.0 Safari/537.36"
223.185.128.223 - - [28/Mar/2026:19:56:28 +0530] "GET /assets/img/gs6.jpg HTTP/1.1" 200 26388 "https://theranimahal.com/" "Mozilla/5.0 (Macintosh; Intel Mac OS X 10_15_7) AppleWebKit/537.36 (KHTML, like Gecko) Chrome/146.0.0.0 Safari/537.36"
223.185.128.223 - - [28/Mar/2026:19:56:28 +0530] "GET /assets/img/gs7.jpg HTTP/1.1" 200 36633 "https://theranimahal.com/" "Mozilla/5.0 (Macintosh; Intel Mac OS X 10_15_7) AppleWebKit/537.36 (KHTML, like Gecko) Chrome/146.0.0.0 Safari/537.36"
223.185.128.223 - - [28/Mar/2026:19:56:28 +0530] "GET /assets/img/gs11.jpg HTTP/1.1" 200 33108 "https://theranimahal.com/" "Mozilla/5.0 (Macintosh; Intel Mac OS X 10_15_7) AppleWebKit/537.36 (KHTML, like Gecko) Chrome/146.0.0.0 Safari/537.36"
223.185.128.223 - - [28/Mar/2026:19:56:28 +0530] "GET /assets/img/gs12.jpg HTTP/1.1" 200 25132 "https://theranimahal.com/" "Mozilla/5.0 (Macintosh; Intel Mac OS X 10_15_7) AppleWebKit/537.36 (KHTML, like Gecko) Chrome/146.0.0.0 Safari/537.36"
223.185.128.223 - - [28/Mar/2026:19:56:28 +0530] "GET /assets/img/gs13.jpg HTTP/1.1" 200 30174 "https://theranimahal.com/" "Mozilla/5.0 (Macintosh; Intel Mac OS X 10_15_7) AppleWebKit/537.36 (KHTML, like Gecko) Chrome/146.0.0.0 Safari/537.36"
223.185.128.223 - - [28/Mar/2026:19:56:27 +0530] "GET /assets/img/at1.jpg HTTP/1.1" 200 272526 "https://theranimahal.com/" "Mozilla/5.0 (Macintosh; Intel Mac OS X 10_15_7) AppleWebKit/537.36 (KHTML, like Gecko) Chrome/146.0.0.0 Safari/537.36"
223.185.128.223 - - [28/Mar/2026:19:56:28 +0530] "GET /assets/img/gs14.jpg HTTP/1.1" 200 26996 "https://theranimahal.com/" "Mozilla/5.0 (Macintosh; Intel Mac OS X 10_15_7) AppleWebKit/537.36 (KHTML, like Gecko) Chrome/146.0.0.0 Safari/537.36"
223.185.128.223 - - [28/Mar/2026:19:56:28 +0530] "GET /assets/img/gs15.jpg HTTP/1.1" 200 40597 "https://theranimahal.com/" "Mozilla/5.0 (Macintosh; Intel Mac OS X 10_15_7) AppleWebKit/537.36 (KHTML, like Gecko) Chrome/146.0.0.0 Safari/537.36"
223.185.128.223 - - [28/Mar/2026:19:56:28 +0530] "GET /assets/img/gs16.jpg HTTP/1.1" 200 35094 "https://theranimahal.com/" "Mozilla/5.0 (Macintosh; Intel Mac OS X 10_15_7) AppleWebKit/537.36 (KHTML, like Gecko) Chrome/146.0.0.0 Safari/537.36"
223.185.128.223 - - [28/Mar/2026:19:56:28 +0530] "GET /assets/img/gs18.jpg HTTP/1.1" 200 29531 "https://theranimahal.com/" "Mozilla/5.0 (Macintosh; Intel Mac OS X 10_15_7) AppleWebKit/537.36 (KHTML, like Gecko) Chrome/146.0.0.0 Safari/537.36"
223.185.128.223 - - [28/Mar/2026:19:56:28 +0530] "GET /assets/img/gs17.jpg HTTP/1.1" 200 40947 "https://theranimahal.com/" "Mozilla/5.0 (Macintosh; Intel Mac OS X 10_15_7) AppleWebKit/537.36 (KHTML, like Gecko) Chrome/146.0.0.0 Safari/537.36"
223.185.128.223 - - [28/Mar/2026:19:56:28 +0530] "GET /assets/img/gs19.jpg HTTP/1.1" 200 42411 "https://theranimahal.com/" "Mozilla/5.0 (Macintosh; Intel Mac OS X 10_15_7) AppleWebKit/537.36 (KHTML, like Gecko) Chrome/146.0.0.0 Safari/537.36"
223.185.128.223 - - [28/Mar/2026:19:56:26 +0530] "GET /assets/img/s7.jpg HTTP/1.1" 200 541172 "https://theranimahal.com/" "Mozilla/5.0 (Macintosh; Intel Mac OS X 10_15_7) AppleWebKit/537.36 (KHTML, like Gecko) Chrome/146.0.0.0 Safari/537.36"
223.185.128.223 - - [28/Mar/2026:19:56:28 +0530] "GET /assets/img/gs20.jpg HTTP/1.1" 200 30670 "https://theranimahal.com/" "Mozilla/5.0 (Macintosh; Intel Mac OS X 10_15_7) AppleWebKit/537.36 (KHTML, like Gecko) Chrome/146.0.0.0 Safari/537.36"
223.185.128.223 - - [28/Mar/2026:19:56:28 +0530] "GET /assets/img/gs22.jpg HTTP/1.1" 200 22222 "https://theranimahal.com/" "Mozilla/5.0 (Macintosh; Intel Mac OS X 10_15_7) AppleWebKit/537.36 (KHTML, like Gecko) Chrome/146.0.0.0 Safari/537.36"
223.185.128.223 - - [28/Mar/2026:19:56:28 +0530] "GET /assets/img/gs21.jpg HTTP/1.1" 200 19898 "https://theranimahal.com/" "Mozilla/5.0 (Macintosh; Intel Mac OS X 10_15_7) AppleWebKit/537.36 (KHTML, like Gecko) Chrome/146.0.0.0 Safari/537.36"
223.185.128.223 - - [28/Mar/2026:19:56:28 +0530] "GET /assets/img/gs23.jpg HTTP/1.1" 200 47525 "https://theranimahal.com/" "Mozilla/5.0 (Macintosh; Intel Mac OS X 10_15_7) AppleWebKit/537.36 (KHTML, like Gecko) Chrome/146.0.0.0 Safari/537.36"
223.185.128.223 - - [28/Mar/2026:19:56:28 +0530] "GET /assets/img/restaurantBg1.jpg HTTP/1.1" 200 246017 "https://theranimahal.com/" "Mozilla/5.0 (Macintosh; Intel Mac OS X 10_15_7) AppleWebKit/537.36 (KHTML, like Gecko) Chrome/146.0.0.0 Safari/537.36"
223.185.128.223 - - [28/Mar/2026:19:56:28 +0530] "GET /assets/img/footer.png HTTP/1.1" 200 199118 "https://theranimahal.com/" "Mozilla/5.0 (Macintosh; Intel Mac OS X 10_15_7) AppleWebKit/537.36 (KHTML, like Gecko) Chrome/146.0.0.0 Safari/537.36"
223.185.128.223 - - [28/Mar/2026:19:56:28 +0530] "GET /assets/img/bg.jpg HTTP/1.1" 200 385956 "https://theranimahal.com/" "Mozilla/5.0 (Macintosh; Intel Mac OS X 10_15_7) AppleWebKit/537.36 (KHTML, like Gecko) Chrome/146.0.0.0 Safari/537.36"
223.185.128.223 - - [28/Mar/2026:19:56:28 +0530] "GET /assets/img/favicon.png HTTP/1.1" 200 3989 "https://theranimahal.com/" "Mozilla/5.0 (Macintosh; Intel Mac OS X 10_15_7) AppleWebKit/537.36 (KHTML, like Gecko) Chrome/146.0.0.0 Safari/537.36"
223.185.128.223 - - [28/Mar/2026:19:56:31 +0530] "GET /service.php HTTP/1.1" 200 27169 "https://theranimahal.com/" "Mozilla/5.0 (Macintosh; Intel Mac OS X 10_15_7) AppleWebKit/537.36 (KHTML, like Gecko) Chrome/146.0.0.0 Safari/537.36"
223.185.128.223 - - [28/Mar/2026:19:56:31 +0530] "GET /assets/img/ser2.jpg HTTP/1.1" 200 35627 "https://theranimahal.com/service.php" "Mozilla/5.0 (Macintosh; Intel Mac OS X 10_15_7) AppleWebKit/537.36 (KHTML, like Gecko) Chrome/146.0.0.0 Safari/537.36"
223.185.128.223 - - [28/Mar/2026:19:56:31 +0530] "GET /assets/img/ser1.jpg HTTP/1.1" 200 33521 "https://theranimahal.com/service.php" "Mozilla/5.0 (Macintosh; Intel Mac OS X 10_15_7) AppleWebKit/537.36 (KHTML, like Gecko) Chrome/146.0.0.0 Safari/537.36"
223.185.128.223 - - [28/Mar/2026:19:56:31 +0530] "GET /assets/img/ser4.jpg HTTP/1.1" 200 26410 "https://theranimahal.com/service.php" "Mozilla/5.0 (Macintosh; Intel Mac OS X 10_15_7) AppleWebKit/537.36 (KHTML, like Gecko) Chrome/146.0.0.0 Safari/537.36"
223.185.128.223 - - [28/Mar/2026:19:56:31 +0530] "GET /assets/img/ser3.jpg HTTP/1.1" 200 15974 "https://theranimahal.com/service.php" "Mozilla/5.0 (Macintosh; Intel Mac OS X 10_15_7) AppleWebKit/537.36 (KHTML, like Gecko) Chrome/146.0.0.0 Safari/537.36"
223.185.128.223 - - [28/Mar/2026:19:56:31 +0530] "GET /assets/img/ser5.jpg HTTP/1.1" 200 24762 "https://theranimahal.com/service.php" "Mozilla/5.0 (Macintosh; Intel Mac OS X 10_15_7) AppleWebKit/537.36 (KHTML, like Gecko) Chrome/146.0.0.0 Safari/537.36"
223.185.128.223 - - [28/Mar/2026:19:56:31 +0530] "GET /assets/img/ser6.jpg HTTP/1.1" 200 28062 "https://theranimahal.com/service.php" "Mozilla/5.0 (Macintosh; Intel Mac OS X 10_15_7) AppleWebKit/537.36 (KHTML, like Gecko) Chrome/146.0.0.0 Safari/537.36"
223.185.128.223 - - [28/Mar/2026:19:56:31 +0530] "GET /assets/img/ser7.jpg HTTP/1.1" 200 17474 "https://theranimahal.com/service.php" "Mozilla/5.0 (Macintosh; Intel Mac OS X 10_15_7) AppleWebKit/537.36 (KHTML, like Gecko) Chrome/146.0.0.0 Safari/537.36"
223.185.128.223 - - [28/Mar/2026:19:56:31 +0530] "GET /assets/img/ser8.jpg HTTP/1.1" 200 30695 "https://theranimahal.com/service.php" "Mozilla/5.0 (Macintosh; Intel Mac OS X 10_15_7) AppleWebKit/537.36 (KHTML, like Gecko) Chrome/146.0.0.0 Safari/537.36"
223.185.128.223 - - [28/Mar/2026:19:56:31 +0530] "GET /assets/img/ser9.jpg HTTP/1.1" 200 25579 "https://theranimahal.com/service.php" "Mozilla/5.0 (Macintosh; Intel Mac OS X 10_15_7) AppleWebKit/537.36 (KHTML, like Gecko) Chrome/146.0.0.0 Safari/537.36"
223.185.128.223 - - [28/Mar/2026:19:56:31 +0530] "GET /assets/img/ser10.jpg HTTP/1.1" 200 50273 "https://theranimahal.com/service.php" "Mozilla/5.0 (Macintosh; Intel Mac OS X 10_15_7) AppleWebKit/537.36 (KHTML, like Gecko) Chrome/146.0.0.0 Safari/537.36"
223.185.128.223 - - [28/Mar/2026:19:56:31 +0530] "GET /assets/img/ser11.jpg HTTP/1.1" 200 26822 "https://theranimahal.com/service.php" "Mozilla/5.0 (Macintosh; Intel Mac OS X 10_15_7) AppleWebKit/537.36 (KHTML, like Gecko) Chrome/146.0.0.0 Safari/537.36"
223.185.128.223 - - [28/Mar/2026:19:56:31 +0530] "GET /assets/img/ser12.jpg HTTP/1.1" 200 29365 "https://theranimahal.com/service.php" "Mozilla/5.0 (Macintosh; Intel Mac OS X 10_15_7) AppleWebKit/537.36 (KHTML, like Gecko) Chrome/146.0.0.0 Safari/537.36"
223.185.128.223 - - [28/Mar/2026:19:56:31 +0530] "GET /assets/img/me.jpg HTTP/1.1" 200 1382960 "https://theranimahal.com/service.php" "Mozilla/5.0 (Macintosh; Intel Mac OS X 10_15_7) AppleWebKit/537.36 (KHTML, like Gecko) Chrome/146.0.0.0 Safari/537.36"
114.119.135.143 - - [28/Mar/2026:19:57:11 +0530] "GET /index.php?topic=54574.msg2280296 HTTP/1.1" 200 76402 "https://www.theranimahal.com/index.php?topic=54574.msg2280296" "Mozilla/5.0 (Linux; Android 7.0;) AppleWebKit/537.36 (KHTML, like Gecko) Mobile Safari/537.36 (compatible; PetalBot;+https://webmaster.petalsearch.com/site/petalbot)"
| ver. 1.4 |
Github
|
.
| PHP 7.4.33 | Generation time: 0.02 |
proxy
|
phpinfo
|
Settings