File manager - Edit - /var/log/apache2/domlogs/asiatechinc/mangrovevillagoa.com.asiatechinc.com-ssl_log
Back
74.7.230.10 - - [28/Mar/2026:16:25:58 +0530] "GET /robots.txt HTTP/1.1" 404 - "-" "Mozilla/5.0 (Macintosh; Intel Mac OS X 10_15_7) AppleWebKit/537.36 (KHTML, like Gecko) Chrome/131.0.0.0 Safari/537.36; compatible; OAI-SearchBot/1.3; robots.txt; +https://openai.com/searchbot"
103.30.197.6 - - [28/Mar/2026:16:30:48 +0530] "GET /about.php HTTP/1.1" 200 321942 "https://www.mangrovevillagoa.com/about.php" "Mozilla/5.0 (Windows NT 10.0; Win64; x64) AppleWebKit/537.36 (KHTML, like Gecko) Chrome/146.0.0.0 Safari/537.36"
103.30.197.6 - - [28/Mar/2026:16:30:48 +0530] "GET /about.php HTTP/1.1" 200 321942 "https://www.mangrovevillagoa.com/about.php" "Mozilla/5.0 (Windows NT 10.0; Win64; x64) AppleWebKit/537.36 (KHTML, like Gecko) Chrome/146.0.0.0 Safari/537.36"
103.30.197.6 - - [28/Mar/2026:16:30:50 +0530] "POST /cdn-cgi/rum? HTTP/1.1" 404 - "https://www.mangrovevillagoa.com/about.php" "Mozilla/5.0 (Windows NT 10.0; Win64; x64) AppleWebKit/537.36 (KHTML, like Gecko) Chrome/146.0.0.0 Safari/537.36"
64.233.173.162 - - [28/Mar/2026:16:36:39 +0530] "GET /.well-known/traffic-advice HTTP/1.1" 404 - "-" "Chrome Privacy Preserving Prefetch Proxy"
162.120.184.53 - - [28/Mar/2026:16:36:39 +0530] "GET /about.php HTTP/1.1" 200 321942 "https://www.google.com/" "Mozilla/5.0 (Linux; Android 10; K) AppleWebKit/537.36 (KHTML, like Gecko) Chrome/146.0.0.0 Mobile Safari/537.36"
74.7.230.10 - - [28/Mar/2026:16:37:52 +0530] "GET /robots.txt HTTP/1.1" 404 - "-" "Mozilla/5.0 (Macintosh; Intel Mac OS X 10_15_7) AppleWebKit/537.36 (KHTML, like Gecko) Chrome/131.0.0.0 Safari/537.36; compatible; OAI-SearchBot/1.3; robots.txt; +https://openai.com/searchbot"
74.7.175.145 - - [28/Mar/2026:16:46:37 +0530] "GET /robots.txt HTTP/1.1" 404 - "-" "Mozilla/5.0 (Macintosh; Intel Mac OS X 10_15_7) AppleWebKit/537.36 (KHTML, like Gecko) Chrome/131.0.0.0 Safari/537.36; compatible; OAI-SearchBot/1.3; robots.txt; +https://openai.com/searchbot"
74.7.227.155 - - [28/Mar/2026:16:46:37 +0530] "GET / HTTP/1.1" 200 93928 "-" "Mozilla/5.0 AppleWebKit/537.36 (KHTML, like Gecko; compatible; GPTBot/1.3; +https://openai.com/gptbot)"
103.30.197.6 - - [28/Mar/2026:16:46:48 +0530] "GET /about.php HTTP/1.1" 200 321942 "https://www.mangrovevillagoa.com/about.php" "Mozilla/5.0 (Windows NT 10.0; Win64; x64) AppleWebKit/537.36 (KHTML, like Gecko) Chrome/146.0.0.0 Safari/537.36"
103.30.197.6 - - [28/Mar/2026:16:46:50 +0530] "POST /cdn-cgi/rum? HTTP/1.1" 404 - "https://www.mangrovevillagoa.com/about.php" "Mozilla/5.0 (Windows NT 10.0; Win64; x64) AppleWebKit/537.36 (KHTML, like Gecko) Chrome/146.0.0.0 Safari/537.36"
103.119.154.150 - - [28/Mar/2026:16:46:48 +0530] "GET /about.php HTTP/1.1" 200 321942 "https://www.mangrovevillagoa.com/about.php" "Mozilla/5.0 (Windows NT 10.0; Win64; x64) AppleWebKit/537.36 (KHTML, like Gecko) Chrome/146.0.0.0 Safari/537.36"
74.7.230.10 - - [28/Mar/2026:16:47:57 +0530] "GET /robots.txt HTTP/1.1" 404 - "-" "Mozilla/5.0 (Macintosh; Intel Mac OS X 10_15_7) AppleWebKit/537.36 (KHTML, like Gecko) Chrome/131.0.0.0 Safari/537.36; compatible; OAI-SearchBot/1.3; robots.txt; +https://openai.com/searchbot"
185.191.171.5 - - [28/Mar/2026:17:01:04 +0530] "GET /robots.txt HTTP/1.1" 404 - "-" "Mozilla/5.0 (compatible; SemrushBot/7~bl; +http://www.semrush.com/bot.html)"
103.30.197.6 - - [28/Mar/2026:17:02:48 +0530] "GET /about.php HTTP/1.1" 200 321942 "https://www.mangrovevillagoa.com/about.php" "Mozilla/5.0 (Windows NT 10.0; Win64; x64) AppleWebKit/537.36 (KHTML, like Gecko) Chrome/146.0.0.0 Safari/537.36"
103.30.197.6 - - [28/Mar/2026:17:02:48 +0530] "GET /about.php HTTP/1.1" 200 321942 "https://www.mangrovevillagoa.com/about.php" "Mozilla/5.0 (Windows NT 10.0; Win64; x64) AppleWebKit/537.36 (KHTML, like Gecko) Chrome/146.0.0.0 Safari/537.36"
103.30.197.6 - - [28/Mar/2026:17:02:49 +0530] "POST /cdn-cgi/rum? HTTP/1.1" 404 - "https://www.mangrovevillagoa.com/about.php" "Mozilla/5.0 (Windows NT 10.0; Win64; x64) AppleWebKit/537.36 (KHTML, like Gecko) Chrome/146.0.0.0 Safari/537.36"
103.30.197.6 - - [28/Mar/2026:17:18:48 +0530] "GET /about.php HTTP/1.1" 200 321942 "https://www.mangrovevillagoa.com/about.php" "Mozilla/5.0 (Windows NT 10.0; Win64; x64) AppleWebKit/537.36 (KHTML, like Gecko) Chrome/146.0.0.0 Safari/537.36"
103.119.154.150 - - [28/Mar/2026:17:18:48 +0530] "GET /about.php HTTP/1.1" 200 321942 "https://www.mangrovevillagoa.com/about.php" "Mozilla/5.0 (Windows NT 10.0; Win64; x64) AppleWebKit/537.36 (KHTML, like Gecko) Chrome/146.0.0.0 Safari/537.36"
103.30.197.6 - - [28/Mar/2026:17:18:50 +0530] "POST /cdn-cgi/rum? HTTP/1.1" 404 - "https://www.mangrovevillagoa.com/about.php" "Mozilla/5.0 (Windows NT 10.0; Win64; x64) AppleWebKit/537.36 (KHTML, like Gecko) Chrome/146.0.0.0 Safari/537.36"
74.7.230.10 - - [28/Mar/2026:17:20:48 +0530] "GET /robots.txt HTTP/1.1" 404 - "-" "Mozilla/5.0 (Macintosh; Intel Mac OS X 10_15_7) AppleWebKit/537.36 (KHTML, like Gecko) Chrome/131.0.0.0 Safari/537.36; compatible; OAI-SearchBot/1.3; robots.txt; +https://openai.com/searchbot"
103.30.197.6 - - [28/Mar/2026:17:34:48 +0530] "GET /about.php HTTP/1.1" 200 321942 "https://www.mangrovevillagoa.com/about.php" "Mozilla/5.0 (Windows NT 10.0; Win64; x64) AppleWebKit/537.36 (KHTML, like Gecko) Chrome/146.0.0.0 Safari/537.36"
103.30.197.6 - - [28/Mar/2026:17:34:49 +0530] "POST /cdn-cgi/rum? HTTP/1.1" 404 - "https://www.mangrovevillagoa.com/about.php" "Mozilla/5.0 (Windows NT 10.0; Win64; x64) AppleWebKit/537.36 (KHTML, like Gecko) Chrome/146.0.0.0 Safari/537.36"
103.119.154.150 - - [28/Mar/2026:17:34:49 +0530] "GET /about.php HTTP/1.1" 200 321942 "https://www.mangrovevillagoa.com/about.php" "Mozilla/5.0 (Windows NT 10.0; Win64; x64) AppleWebKit/537.36 (KHTML, like Gecko) Chrome/146.0.0.0 Safari/537.36"
103.119.154.150 - - [28/Mar/2026:17:50:49 +0530] "GET /about.php HTTP/1.1" 200 321942 "https://www.mangrovevillagoa.com/about.php" "Mozilla/5.0 (Windows NT 10.0; Win64; x64) AppleWebKit/537.36 (KHTML, like Gecko) Chrome/146.0.0.0 Safari/537.36"
103.119.154.150 - - [28/Mar/2026:17:50:53 +0530] "POST /cdn-cgi/rum? HTTP/1.1" 404 - "https://www.mangrovevillagoa.com/about.php" "Mozilla/5.0 (Windows NT 10.0; Win64; x64) AppleWebKit/537.36 (KHTML, like Gecko) Chrome/146.0.0.0 Safari/537.36"
103.30.197.6 - - [28/Mar/2026:17:50:52 +0530] "GET /about.php HTTP/1.1" 200 321942 "https://www.mangrovevillagoa.com/about.php" "Mozilla/5.0 (Windows NT 10.0; Win64; x64) AppleWebKit/537.36 (KHTML, like Gecko) Chrome/146.0.0.0 Safari/537.36"
74.7.230.10 - - [28/Mar/2026:17:53:41 +0530] "GET /robots.txt HTTP/1.1" 404 - "-" "Mozilla/5.0 (Macintosh; Intel Mac OS X 10_15_7) AppleWebKit/537.36 (KHTML, like Gecko) Chrome/131.0.0.0 Safari/537.36; compatible; OAI-SearchBot/1.3; robots.txt; +https://openai.com/searchbot"
113.203.176.43 - - [28/Mar/2026:18:02:07 +0530] "GET /index.php HTTP/1.1" 200 93928 "-" "Mozilla/5.0 (Windows; U; Windows NT 6.1) AppleWebKit/535.22.4 (KHTML, like Gecko) Version/4.0 Safari/535.22.4"
103.30.197.6 - - [28/Mar/2026:18:06:49 +0530] "GET /about.php HTTP/1.1" 200 321942 "https://www.mangrovevillagoa.com/about.php" "Mozilla/5.0 (Windows NT 10.0; Win64; x64) AppleWebKit/537.36 (KHTML, like Gecko) Chrome/146.0.0.0 Safari/537.36"
103.119.154.150 - - [28/Mar/2026:18:06:48 +0530] "GET /about.php HTTP/1.1" 200 321942 "https://www.mangrovevillagoa.com/about.php" "Mozilla/5.0 (Windows NT 10.0; Win64; x64) AppleWebKit/537.36 (KHTML, like Gecko) Chrome/146.0.0.0 Safari/537.36"
103.119.154.150 - - [28/Mar/2026:18:07:00 +0530] "POST /cdn-cgi/rum? HTTP/1.1" 404 - "https://www.mangrovevillagoa.com/about.php" "Mozilla/5.0 (Windows NT 10.0; Win64; x64) AppleWebKit/537.36 (KHTML, like Gecko) Chrome/146.0.0.0 Safari/537.36"
103.30.197.6 - - [28/Mar/2026:18:22:48 +0530] "GET /about.php HTTP/1.1" 200 321942 "https://www.mangrovevillagoa.com/about.php" "Mozilla/5.0 (Windows NT 10.0; Win64; x64) AppleWebKit/537.36 (KHTML, like Gecko) Chrome/146.0.0.0 Safari/537.36"
103.119.154.150 - - [28/Mar/2026:18:22:48 +0530] "GET /about.php HTTP/1.1" 200 321942 "https://www.mangrovevillagoa.com/about.php" "Mozilla/5.0 (Windows NT 10.0; Win64; x64) AppleWebKit/537.36 (KHTML, like Gecko) Chrome/146.0.0.0 Safari/537.36"
103.30.197.6 - - [28/Mar/2026:18:22:52 +0530] "POST /cdn-cgi/rum? HTTP/1.1" 404 - "https://www.mangrovevillagoa.com/about.php" "Mozilla/5.0 (Windows NT 10.0; Win64; x64) AppleWebKit/537.36 (KHTML, like Gecko) Chrome/146.0.0.0 Safari/537.36"
74.7.230.10 - - [28/Mar/2026:18:24:20 +0530] "GET /robots.txt HTTP/1.1" 404 - "-" "Mozilla/5.0 (Macintosh; Intel Mac OS X 10_15_7) AppleWebKit/537.36 (KHTML, like Gecko) Chrome/131.0.0.0 Safari/537.36; compatible; OAI-SearchBot/1.3; robots.txt; +https://openai.com/searchbot"
103.119.154.150 - - [28/Mar/2026:18:38:48 +0530] "GET /about.php HTTP/1.1" 200 321942 "https://www.mangrovevillagoa.com/about.php" "Mozilla/5.0 (Windows NT 10.0; Win64; x64) AppleWebKit/537.36 (KHTML, like Gecko) Chrome/146.0.0.0 Safari/537.36"
103.119.154.150 - - [28/Mar/2026:18:38:49 +0530] "GET /about.php HTTP/1.1" 200 321942 "https://www.mangrovevillagoa.com/about.php" "Mozilla/5.0 (Windows NT 10.0; Win64; x64) AppleWebKit/537.36 (KHTML, like Gecko) Chrome/146.0.0.0 Safari/537.36"
103.119.154.150 - - [28/Mar/2026:18:38:50 +0530] "POST /cdn-cgi/rum? HTTP/1.1" 404 - "https://www.mangrovevillagoa.com/about.php" "Mozilla/5.0 (Windows NT 10.0; Win64; x64) AppleWebKit/537.36 (KHTML, like Gecko) Chrome/146.0.0.0 Safari/537.36"
95.174.68.45 - - [28/Mar/2026:18:39:09 +0530] "GET /about.php HTTP/1.1" 200 321942 "https://www.mangrovevillagoa.com/" "Mozilla/5.0 (Windows NT 10.0; Win64; x64) AppleWebKit/537.36 (KHTML, like Gecko) Chrome/128.0.0.0 Safari/537.36"
102.38.104.249 - - [28/Mar/2026:18:45:12 +0530] "GET /attraction.php HTTP/1.1" 200 87234 "-" "Mozilla/5.0 (Android 10; Mobile; rv:12.0) Gecko/12.0 Firefox/12.0"
103.30.197.6 - - [28/Mar/2026:18:54:48 +0530] "GET /about.php HTTP/1.1" 200 321942 "https://www.mangrovevillagoa.com/about.php" "Mozilla/5.0 (Windows NT 10.0; Win64; x64) AppleWebKit/537.36 (KHTML, like Gecko) Chrome/146.0.0.0 Safari/537.36"
103.30.197.6 - - [28/Mar/2026:18:54:49 +0530] "GET /about.php HTTP/1.1" 200 321942 "https://www.mangrovevillagoa.com/about.php" "Mozilla/5.0 (Windows NT 10.0; Win64; x64) AppleWebKit/537.36 (KHTML, like Gecko) Chrome/146.0.0.0 Safari/537.36"
103.30.197.6 - - [28/Mar/2026:18:54:50 +0530] "POST /cdn-cgi/rum? HTTP/1.1" 404 - "https://www.mangrovevillagoa.com/about.php" "Mozilla/5.0 (Windows NT 10.0; Win64; x64) AppleWebKit/537.36 (KHTML, like Gecko) Chrome/146.0.0.0 Safari/537.36"
142.147.107.24 - - [28/Mar/2026:18:56:03 +0530] "GET /contact.php HTTP/1.1" 200 28228 "-" "Mozilla/5.0 (Macintosh; Intel Mac OS X 12_5) AppleWebKit/537.36 (KHTML, like Gecko) Chrome/114.0.0.0 YaBrowser/22.7.0 Yowser/2.5 Safari/537.36"
142.147.107.24 - - [28/Mar/2026:18:56:04 +0530] "GET /index.php HTTP/1.1" 200 93928 "https://www.mangrovevillagoa.com/contact.php" "Mozilla/5.0 (Macintosh; Intel Mac OS X 12_5) AppleWebKit/537.36 (KHTML, like Gecko) Chrome/114.0.0.0 YaBrowser/22.7.0 Yowser/2.5 Safari/537.36"
142.147.107.24 - - [28/Mar/2026:18:56:06 +0530] "GET /contact.php HTTP/1.1" 200 28228 "https://www.mangrovevillagoa.com/contact.php" "Mozilla/5.0 (Macintosh; Intel Mac OS X 12_5) AppleWebKit/537.36 (KHTML, like Gecko) Chrome/114.0.0.0 YaBrowser/22.7.0 Yowser/2.5 Safari/537.36"
142.147.107.24 - - [28/Mar/2026:18:56:07 +0530] "GET /about.php HTTP/1.1" 200 321942 "https://www.mangrovevillagoa.com/contact.php" "Mozilla/5.0 (Macintosh; Intel Mac OS X 12_5) AppleWebKit/537.36 (KHTML, like Gecko) Chrome/114.0.0.0 YaBrowser/22.7.0 Yowser/2.5 Safari/537.36"
142.147.107.24 - - [28/Mar/2026:18:56:09 +0530] "GET / HTTP/1.1" 200 93928 "https://www.mangrovevillagoa.com/contact.php" "Mozilla/5.0 (Macintosh; Intel Mac OS X 12_5) AppleWebKit/537.36 (KHTML, like Gecko) Chrome/114.0.0.0 YaBrowser/22.7.0 Yowser/2.5 Safari/537.36"
142.147.107.24 - - [28/Mar/2026:18:56:11 +0530] "GET / HTTP/1.1" 200 93928 "-" "Mozilla/5.0 (Macintosh; Intel Mac OS X 12_5) AppleWebKit/537.36 (KHTML, like Gecko) Chrome/114.0.0.0 YaBrowser/22.7.0 Yowser/2.5 Safari/537.36"
142.147.107.24 - - [28/Mar/2026:18:56:13 +0530] "GET /contact.php HTTP/1.1" 200 28228 "https://www.mangrovevillagoa.com/contact.php" "Mozilla/5.0 (Macintosh; Intel Mac OS X 12_5) AppleWebKit/537.36 (KHTML, like Gecko) Chrome/114.0.0.0 YaBrowser/22.7.0 Yowser/2.5 Safari/537.36"
47.128.121.0 - - [28/Mar/2026:18:59:22 +0530] "GET /gallery.php HTTP/1.1" 404 - "-" "Mozilla/5.0 (Linux; Android 5.0) AppleWebKit/537.36 (KHTML, like Gecko) Mobile Safari/537.36 (compatible; Bytespider; spider-feedback@bytedance.com)"
47.128.120.35 - - [28/Mar/2026:19:03:24 +0530] "GET /gallery.php HTTP/1.1" 404 - "-" "Mozilla/5.0 (Linux; Android 5.0) AppleWebKit/537.36 (KHTML, like Gecko) Mobile Safari/537.36 (compatible; Bytespider; spider-feedback@bytedance.com)"
17.22.245.103 - - [28/Mar/2026:19:04:50 +0530] "GET /robots.txt HTTP/1.1" 404 - "-" "Mozilla/5.0 (Macintosh; Intel Mac OS X 10_15_7) AppleWebKit/605.1.15 (KHTML, like Gecko) Version/17.4 Safari/605.1.15 (Applebot/0.1; +http://www.apple.com/go/applebot)"
17.22.245.103 - - [28/Mar/2026:19:04:50 +0530] "GET /img/attraction/3.jpg HTTP/1.1" 404 - "-" "Mozilla/5.0 (Macintosh; Intel Mac OS X 10_15_7) AppleWebKit/605.1.15 (KHTML, like Gecko) Version/17.4 Safari/605.1.15 (Applebot/0.1; +http://www.apple.com/go/applebot)"
103.119.154.150 - - [28/Mar/2026:19:10:48 +0530] "GET /about.php HTTP/1.1" 200 321942 "https://www.mangrovevillagoa.com/about.php" "Mozilla/5.0 (Windows NT 10.0; Win64; x64) AppleWebKit/537.36 (KHTML, like Gecko) Chrome/146.0.0.0 Safari/537.36"
103.119.154.150 - - [28/Mar/2026:19:10:51 +0530] "POST /cdn-cgi/rum? HTTP/1.1" 404 - "https://www.mangrovevillagoa.com/about.php" "Mozilla/5.0 (Windows NT 10.0; Win64; x64) AppleWebKit/537.36 (KHTML, like Gecko) Chrome/146.0.0.0 Safari/537.36"
103.119.154.150 - - [28/Mar/2026:19:10:49 +0530] "GET /about.php HTTP/1.1" 200 321942 "https://www.mangrovevillagoa.com/about.php" "Mozilla/5.0 (Windows NT 10.0; Win64; x64) AppleWebKit/537.36 (KHTML, like Gecko) Chrome/146.0.0.0 Safari/537.36"
17.241.75.203 - - [28/Mar/2026:19:25:12 +0530] "GET /robots.txt HTTP/1.1" 404 - "-" "Mozilla/5.0 (Macintosh; Intel Mac OS X 10_15_7) AppleWebKit/605.1.15 (KHTML, like Gecko) Version/17.4 Safari/605.1.15 (Applebot/0.1; +http://www.apple.com/go/applebot)"
17.241.75.203 - - [28/Mar/2026:19:25:13 +0530] "GET /img/attraction/2.jpg HTTP/1.1" 404 - "-" "Mozilla/5.0 (Macintosh; Intel Mac OS X 10_15_7) AppleWebKit/605.1.15 (KHTML, like Gecko) Version/17.4 Safari/605.1.15 (Applebot/0.1; +http://www.apple.com/go/applebot)"
103.30.197.6 - - [28/Mar/2026:19:26:48 +0530] "GET /about.php HTTP/1.1" 200 321942 "https://www.mangrovevillagoa.com/about.php" "Mozilla/5.0 (Windows NT 10.0; Win64; x64) AppleWebKit/537.36 (KHTML, like Gecko) Chrome/146.0.0.0 Safari/537.36"
103.30.197.6 - - [28/Mar/2026:19:26:48 +0530] "GET /about.php HTTP/1.1" 200 321942 "https://www.mangrovevillagoa.com/about.php" "Mozilla/5.0 (Windows NT 10.0; Win64; x64) AppleWebKit/537.36 (KHTML, like Gecko) Chrome/146.0.0.0 Safari/537.36"
103.30.197.6 - - [28/Mar/2026:19:26:50 +0530] "POST /cdn-cgi/rum? HTTP/1.1" 404 - "https://www.mangrovevillagoa.com/about.php" "Mozilla/5.0 (Windows NT 10.0; Win64; x64) AppleWebKit/537.36 (KHTML, like Gecko) Chrome/146.0.0.0 Safari/537.36"
103.30.197.6 - - [28/Mar/2026:19:42:48 +0530] "GET /about.php HTTP/1.1" 200 321942 "https://www.mangrovevillagoa.com/about.php" "Mozilla/5.0 (Windows NT 10.0; Win64; x64) AppleWebKit/537.36 (KHTML, like Gecko) Chrome/146.0.0.0 Safari/537.36"
103.30.197.6 - - [28/Mar/2026:19:42:51 +0530] "POST /cdn-cgi/rum? HTTP/1.1" 404 - "https://www.mangrovevillagoa.com/about.php" "Mozilla/5.0 (Windows NT 10.0; Win64; x64) AppleWebKit/537.36 (KHTML, like Gecko) Chrome/146.0.0.0 Safari/537.36"
103.30.197.6 - - [28/Mar/2026:19:42:49 +0530] "GET /about.php HTTP/1.1" 200 321942 "https://www.mangrovevillagoa.com/about.php" "Mozilla/5.0 (Windows NT 10.0; Win64; x64) AppleWebKit/537.36 (KHTML, like Gecko) Chrome/146.0.0.0 Safari/537.36"
104.210.140.140 - - [28/Mar/2026:19:47:29 +0530] "GET /robots.txt HTTP/1.1" 404 - "-" "Mozilla/5.0 (Macintosh; Intel Mac OS X 10_15_7) AppleWebKit/537.36 (KHTML, like Gecko) Chrome/131.0.0.0 Safari/537.36; compatible; OAI-SearchBot/1.0; +https://openai.com/searchbot"
103.30.197.6 - - [28/Mar/2026:19:58:48 +0530] "GET /about.php HTTP/1.1" 200 321942 "https://www.mangrovevillagoa.com/about.php" "Mozilla/5.0 (Windows NT 10.0; Win64; x64) AppleWebKit/537.36 (KHTML, like Gecko) Chrome/146.0.0.0 Safari/537.36"
103.30.197.6 - - [28/Mar/2026:19:58:48 +0530] "GET /about.php HTTP/1.1" 200 321942 "https://www.mangrovevillagoa.com/about.php" "Mozilla/5.0 (Windows NT 10.0; Win64; x64) AppleWebKit/537.36 (KHTML, like Gecko) Chrome/146.0.0.0 Safari/537.36"
103.30.197.6 - - [28/Mar/2026:19:58:50 +0530] "POST /cdn-cgi/rum? HTTP/1.1" 404 - "https://www.mangrovevillagoa.com/about.php" "Mozilla/5.0 (Windows NT 10.0; Win64; x64) AppleWebKit/537.36 (KHTML, like Gecko) Chrome/146.0.0.0 Safari/537.36"
47.128.120.242 - - [28/Mar/2026:19:59:07 +0530] "GET /index.php HTTP/1.1" 404 - "-" "Mozilla/5.0 (Linux; Android 5.0) AppleWebKit/537.36 (KHTML, like Gecko) Mobile Safari/537.36 (compatible; Bytespider; spider-feedback@bytedance.com)"
103.119.154.150 - - [28/Mar/2026:20:14:49 +0530] "GET /about.php HTTP/1.1" 200 321942 "https://www.mangrovevillagoa.com/about.php" "Mozilla/5.0 (Windows NT 10.0; Win64; x64) AppleWebKit/537.36 (KHTML, like Gecko) Chrome/146.0.0.0 Safari/537.36"
103.30.197.6 - - [28/Mar/2026:20:14:48 +0530] "GET /about.php HTTP/1.1" 200 321942 "https://www.mangrovevillagoa.com/about.php" "Mozilla/5.0 (Windows NT 10.0; Win64; x64) AppleWebKit/537.36 (KHTML, like Gecko) Chrome/146.0.0.0 Safari/537.36"
103.30.197.6 - - [28/Mar/2026:20:14:50 +0530] "POST /cdn-cgi/rum? HTTP/1.1" 404 - "https://www.mangrovevillagoa.com/about.php" "Mozilla/5.0 (Windows NT 10.0; Win64; x64) AppleWebKit/537.36 (KHTML, like Gecko) Chrome/146.0.0.0 Safari/537.36"
140.213.73.15 - - [28/Mar/2026:20:30:14 +0530] "GET /about.php HTTP/1.1" 200 321942 "https://www.google.com/" "Mozilla/5.0 (Linux; Android 10; K) AppleWebKit/537.36 (KHTML, like Gecko) Chrome/145.0.0.0 Mobile Safari/537.36"
140.213.73.15 - - [28/Mar/2026:20:30:25 +0530] "GET /about.php HTTP/1.1" 200 321942 "https://www.mangrovevillagoa.com/about.php" "Mozilla/5.0 (Linux; Android 10; K) AppleWebKit/537.36 (KHTML, like Gecko) Chrome/145.0.0.0 Mobile Safari/537.36"
103.30.197.6 - - [28/Mar/2026:20:30:48 +0530] "GET /about.php HTTP/1.1" 200 321942 "https://www.mangrovevillagoa.com/about.php" "Mozilla/5.0 (Windows NT 10.0; Win64; x64) AppleWebKit/537.36 (KHTML, like Gecko) Chrome/146.0.0.0 Safari/537.36"
103.119.154.150 - - [28/Mar/2026:20:30:48 +0530] "GET /about.php HTTP/1.1" 200 321942 "https://www.mangrovevillagoa.com/about.php" "Mozilla/5.0 (Windows NT 10.0; Win64; x64) AppleWebKit/537.36 (KHTML, like Gecko) Chrome/146.0.0.0 Safari/537.36"
103.119.154.150 - - [28/Mar/2026:20:30:51 +0530] "POST /cdn-cgi/rum? HTTP/1.1" 404 - "https://www.mangrovevillagoa.com/about.php" "Mozilla/5.0 (Windows NT 10.0; Win64; x64) AppleWebKit/537.36 (KHTML, like Gecko) Chrome/146.0.0.0 Safari/537.36"
104.28.159.67 - - [28/Mar/2026:20:40:13 +0530] "POST /xmlrpc.php HTTP/1.1" 404 16 "-" "Mozilla/5.0 (Windows NT 10.0; arm64) AppleWebKit/537.36 (KHTML, like Gecko) Safari/11.0.0.0 Safari/537.36"
5.180.41.96 - - [28/Mar/2026:20:40:20 +0530] "GET / HTTP/1.1" 200 93928 "-" "Mozilla/5.0 (Macintosh; Intel Mac OS X 10_15_7) AppleWebKit/537.36 (KHTML, like Gecko) Chrome/120.0.0.0 Safari/537.36"
69.171.231.28 - - [28/Mar/2026:20:46:29 +0530] "GET /robots.txt HTTP/1.1" 404 - "-" "facebookexternalhit/1.1 (+http://www.facebook.com/externalhit_uatext.php)"
45.8.25.75 - - [28/Mar/2026:20:46:48 +0530] "GET /about.php HTTP/1.1" 200 321942 "https://www.mangrovevillagoa.com/about.php" "Mozilla/5.0 (Windows NT 10.0; Win64; x64) AppleWebKit/537.36 (KHTML, like Gecko) Chrome/146.0.0.0 Safari/537.36"
45.8.25.75 - - [28/Mar/2026:20:46:49 +0530] "GET /about.php HTTP/1.1" 200 321942 "https://www.mangrovevillagoa.com/about.php" "Mozilla/5.0 (Windows NT 10.0; Win64; x64) AppleWebKit/537.36 (KHTML, like Gecko) Chrome/146.0.0.0 Safari/537.36"
45.8.25.250 - - [28/Mar/2026:20:46:49 +0530] "POST /cdn-cgi/rum? HTTP/1.1" 404 - "https://www.mangrovevillagoa.com/about.php" "Mozilla/5.0 (Windows NT 10.0; Win64; x64) AppleWebKit/537.36 (KHTML, like Gecko) Chrome/146.0.0.0 Safari/537.36" 45.8.25
| ver. 1.4 |
Github
|
.
| PHP 7.4.33 | Generation time: 0.05 |
proxy
|
phpinfo
|
Settings