162.120.184.36 - - [24/Mar/2026:22:04:40 +0530] "GET /gallery.php HTTP/1.1" 404 16 "https://www.google.com/" "Mozilla/5.0 (Linux; Android 10; K) AppleWebKit/537.36 (KHTML, like Gecko) Chrome/146.0.0.0 Mobile Safari/537.36"
72.14.201.176 - - [24/Mar/2026:22:05:10 +0530] "GET /gallery.php HTTP/1.1" 404 16 "https://www.google.com/" "Mozilla/5.0 (Linux; Android 10; K) AppleWebKit/537.36 (KHTML, like Gecko) Chrome/146.0.0.0 Mobile Safari/537.36"
162.120.184.37 - - [24/Mar/2026:22:05:23 +0530] "GET /gallery.php HTTP/1.1" 404 16 "https://www.google.com/" "Mozilla/5.0 (Linux; Android 10; K) AppleWebKit/537.36 (KHTML, like Gecko) Chrome/146.0.0.0 Mobile Safari/537.36"
162.120.184.26 - - [24/Mar/2026:22:06:00 +0530] "GET /gallery.php HTTP/1.1" 404 16 "https://www.google.com/" "Mozilla/5.0 (Linux; Android 10; K) AppleWebKit/537.36 (KHTML, like Gecko) Chrome/146.0.0.0 Mobile Safari/537.36"
162.120.185.53 - - [24/Mar/2026:22:06:16 +0530] "GET /gallery.php HTTP/1.1" 404 16 "https://www.google.com/" "Mozilla/5.0 (Linux; Android 10; K) AppleWebKit/537.36 (KHTML, like Gecko) Chrome/146.0.0.0 Mobile Safari/537.36"
103.132.52.114 - - [24/Mar/2026:22:06:17 +0530] "GET /gallery.php HTTP/1.1" 404 16 "https://www.google.com/" "Mozilla/5.0 (Linux; Android 10; K) AppleWebKit/537.36 (KHTML, like Gecko) Chrome/146.0.0.0 Mobile Safari/537.36"
103.132.52.114 - - [24/Mar/2026:22:06:17 +0530] "GET /favicon.ico HTTP/1.1" 404 - "https://www.hotelaromasuites.com/gallery.php" "Mozilla/5.0 (Linux; Android 10; K) AppleWebKit/537.36 (KHTML, like Gecko) Chrome/146.0.0.0 Mobile Safari/537.36"
162.120.185.53 - - [24/Mar/2026:22:06:22 +0530] "GET /gallery.php HTTP/1.1" 404 16 "https://www.google.com/" "Mozilla/5.0 (Linux; Android 10; K) AppleWebKit/537.36 (KHTML, like Gecko) Chrome/146.0.0.0 Mobile Safari/537.36"
162.120.184.37 - - [24/Mar/2026:22:06:43 +0530] "GET /gallery.php HTTP/1.1" 404 16 "https://www.google.com/" "Mozilla/5.0 (Linux; Android 10; K) AppleWebKit/537.36 (KHTML, like Gecko) Chrome/146.0.0.0 Mobile Safari/537.36"
72.14.201.145 - - [24/Mar/2026:22:06:54 +0530] "GET /gallery.php HTTP/1.1" 404 16 "https://www.google.com/" "Mozilla/5.0 (Linux; Android 10; K) AppleWebKit/537.36 (KHTML, like Gecko) Chrome/145.0.0.0 Mobile Safari/537.36"
162.120.184.26 - - [24/Mar/2026:22:06:57 +0530] "GET /gallery.php HTTP/1.1" 404 16 "https://www.google.com/" "Mozilla/5.0 (Linux; Android 10; K) AppleWebKit/537.36 (KHTML, like Gecko) Chrome/146.0.0.0 Mobile Safari/537.36"
162.120.185.27 - - [24/Mar/2026:22:07:04 +0530] "GET /gallery.php HTTP/1.1" 404 16 "https://www.google.com/" "Mozilla/5.0 (Linux; Android 10; K) AppleWebKit/537.36 (KHTML, like Gecko) Chrome/146.0.0.0 Mobile Safari/537.36"
162.120.184.37 - - [24/Mar/2026:22:07:45 +0530] "GET /gallery.php HTTP/1.1" 404 16 "https://www.google.com/" "Mozilla/5.0 (Linux; Android 10; K) AppleWebKit/537.36 (KHTML, like Gecko) Chrome/138.0.0.0 Mobile Safari/537.36"
162.120.184.27 - - [24/Mar/2026:22:07:57 +0530] "GET /gallery.php HTTP/1.1" 404 16 "https://www.google.com/" "Mozilla/5.0 (Linux; Android 10; K) AppleWebKit/537.36 (KHTML, like Gecko) Chrome/146.0.0.0 Mobile Safari/537.36"
182.6.164.213 - - [24/Mar/2026:22:08:43 +0530] "GET /gallery.php HTTP/1.1" 404 16 "https://www.google.com/" "Mozilla/5.0 (Linux; Android 10; K) AppleWebKit/537.36 (KHTML, like Gecko) Chrome/133.0.0.0 Mobile Safari/537.36"
182.6.164.213 - - [24/Mar/2026:22:08:43 +0530] "GET /favicon.ico HTTP/1.1" 404 - "https://www.hotelaromasuites.com/gallery.php" "Mozilla/5.0 (Linux; Android 10; K) AppleWebKit/537.36 (KHTML, like Gecko) Chrome/133.0.0.0 Mobile Safari/537.36"
162.120.184.27 - - [24/Mar/2026:22:11:49 +0530] "GET /gallery.php HTTP/1.1" 404 16 "https://www.google.com/" "Mozilla/5.0 (Linux; Android 10; K) AppleWebKit/537.36 (KHTML, like Gecko) Chrome/146.0.0.0 Mobile Safari/537.36"
72.14.201.147 - - [24/Mar/2026:22:12:13 +0530] "GET /gallery.php HTTP/1.1" 404 16 "https://www.google.com/" "Mozilla/5.0 (Linux; Android 10; K) AppleWebKit/537.36 (KHTML, like Gecko) Chrome/146.0.0.0 Mobile Safari/537.36"
72.14.201.145 - - [24/Mar/2026:22:12:45 +0530] "GET /gallery.php HTTP/1.1" 404 16 "https://www.google.com/" "Mozilla/5.0 (Linux; Android 10; K) AppleWebKit/537.36 (KHTML, like Gecko) Chrome/146.0.0.0 Mobile Safari/537.36"
162.120.184.26 - - [24/Mar/2026:22:12:45 +0530] "GET /gallery.php HTTP/1.1" 404 16 "https://www.google.com/" "Mozilla/5.0 (Linux; Android 10; K) AppleWebKit/537.36 (KHTML, like Gecko) Chrome/146.0.0.0 Mobile Safari/537.36"
72.14.201.176 - - [24/Mar/2026:22:15:05 +0530] "GET /gallery.php HTTP/1.1" 404 16 "https://www.google.com/" "Mozilla/5.0 (Linux; Android 10; K) AppleWebKit/537.36 (KHTML, like Gecko) Chrome/138.0.0.0 Mobile Safari/537.36"
114.124.141.39 - - [24/Mar/2026:22:15:08 +0530] "GET /gallery.php HTTP/1.1" 404 16 "https://www.google.com/" "Mozilla/5.0 (Linux; Android 10; K) AppleWebKit/537.36 (KHTML, like Gecko) Chrome/146.0.0.0 Mobile Safari/537.36"
114.124.141.39 - - [24/Mar/2026:22:15:09 +0530] "GET /favicon.ico HTTP/1.1" 404 - "https://www.hotelaromasuites.com/gallery.php" "Mozilla/5.0 (Linux; Android 10; K) AppleWebKit/537.36 (KHTML, like Gecko) Chrome/146.0.0.0 Mobile Safari/537.36"
162.120.185.27 - - [24/Mar/2026:22:15:11 +0530] "GET /gallery.php HTTP/1.1" 404 16 "https://www.google.com/" "Mozilla/5.0 (Linux; Android 10; K) AppleWebKit/537.36 (KHTML, like Gecko) Chrome/138.0.0.0 Mobile Safari/537.36"
72.14.201.146 - - [24/Mar/2026:22:15:50 +0530] "GET /gallery.php HTTP/1.1" 404 16 "https://www.google.com/" "Mozilla/5.0 (Linux; Android 10; K) AppleWebKit/537.36 (KHTML, like Gecko) Chrome/146.0.0.0 Mobile Safari/537.36"
72.14.201.142 - - [24/Mar/2026:22:15:57 +0530] "GET /gallery.php HTTP/1.1" 404 16 "https://www.google.com/" "Mozilla/5.0 (Linux; Android 10; K) AppleWebKit/537.36 (KHTML, like Gecko) Chrome/138.0.0.0 Mobile Safari/537.36"
162.120.184.27 - - [24/Mar/2026:22:15:59 +0530] "GET /gallery.php HTTP/1.1" 404 16 "https://www.google.com/" "Mozilla/5.0 (Linux; Android 10; K) AppleWebKit/537.36 (KHTML, like Gecko) Chrome/146.0.0.0 Mobile Safari/537.36"
162.120.184.36 - - [24/Mar/2026:22:16:05 +0530] "GET /gallery.php HTTP/1.1" 404 16 "https://www.google.com/" "Mozilla/5.0 (Linux; Android 10; K) AppleWebKit/537.36 (KHTML, like Gecko) Chrome/146.0.0.0 Mobile Safari/537.36"
193.186.4.183 - - [24/Mar/2026:22:16:19 +0530] "GET /gallery.php HTTP/1.1" 404 16 "https://www.google.com/" "Mozilla/5.0 (Linux; Android 10; K) AppleWebKit/537.36 (KHTML, like Gecko) Chrome/146.0.0.0 Mobile Safari/537.36"
114.10.76.111 - - [24/Mar/2026:22:16:49 +0530] "GET /gallery.php HTTP/1.1" 404 16 "https://www.google.com/" "Mozilla/5.0 (Linux; Android 10; K) AppleWebKit/537.36 (KHTML, like Gecko) Chrome/138.0.0.0 Mobile Safari/537.36"
114.10.76.111 - - [24/Mar/2026:22:16:50 +0530] "GET /favicon.ico HTTP/1.1" 404 - "https://www.hotelaromasuites.com/gallery.php" "Mozilla/5.0 (Linux; Android 10; K) AppleWebKit/537.36 (KHTML, like Gecko) Chrome/138.0.0.0 Mobile Safari/537.36"
193.186.4.183 - - [24/Mar/2026:22:16:55 +0530] "GET /gallery.php HTTP/1.1" 404 16 "https://www.google.com/" "Mozilla/5.0 (Linux; Android 10; K) AppleWebKit/537.36 (KHTML, like Gecko) Chrome/146.0.0.0 Mobile Safari/537.36"
162.120.185.27 - - [24/Mar/2026:22:17:07 +0530] "GET /gallery.php HTTP/1.1" 404 16 "https://www.google.com/" "Mozilla/5.0 (Linux; Android 10; K) AppleWebKit/537.36 (KHTML, like Gecko) Chrome/146.0.0.0 Mobile Safari/537.36"
162.120.184.53 - - [24/Mar/2026:22:17:19 +0530] "GET /gallery.php HTTP/1.1" 404 16 "https://www.google.com/" "Mozilla/5.0 (Linux; Android 10; K) AppleWebKit/537.36 (KHTML, like Gecko) Chrome/138.0.0.0 Mobile Safari/537.36"
162.120.185.37 - - [24/Mar/2026:22:17:33 +0530] "GET /gallery.php HTTP/1.1" 404 16 "https://www.google.com/" "Mozilla/5.0 (Linux; Android 10; K) AppleWebKit/537.36 (KHTML, like Gecko) Chrome/146.0.0.0 Mobile Safari/537.36"
162.120.184.27 - - [24/Mar/2026:22:17:38 +0530] "GET /gallery.php HTTP/1.1" 404 16 "https://www.google.com/" "Mozilla/5.0 (Linux; Android 10; K) AppleWebKit/537.36 (KHTML, like Gecko) Chrome/146.0.0.0 Mobile Safari/537.36"
162.120.184.25 - - [24/Mar/2026:22:17:40 +0530] "GET /gallery.php HTTP/1.1" 404 16 "https://www.google.com/" "Mozilla/5.0 (Linux; Android 10; K) AppleWebKit/537.36 (KHTML, like Gecko) Chrome/146.0.0.0 Mobile Safari/537.36"
162.120.184.53 - - [24/Mar/2026:22:17:42 +0530] "GET /gallery.php HTTP/1.1" 404 16 "https://www.google.com/" "Mozilla/5.0 (Linux; Android 10; K) AppleWebKit/537.36 (KHTML, like Gecko) Chrome/146.0.0.0 Mobile Safari/537.36"
162.120.184.27 - - [24/Mar/2026:22:19:02 +0530] "GET /gallery.php HTTP/1.1" 404 16 "https://www.google.com/" "Mozilla/5.0 (Linux; Android 10; K) AppleWebKit/537.36 (KHTML, like Gecko) Chrome/146.0.0.0 Mobile Safari/537.36"
162.120.184.27 - - [24/Mar/2026:22:19:21 +0530] "GET /gallery.php HTTP/1.1" 404 16 "https://www.google.com/" "Mozilla/5.0 (Linux; Android 10; K) AppleWebKit/537.36 (KHTML, like Gecko) Chrome/143.0.0.0 Mobile Safari/537.36"
114.125.58.118 - - [24/Mar/2026:22:19:31 +0530] "GET /gallery.php HTTP/1.1" 404 16 "https://www.google.com/" "Mozilla/5.0 (X11; Linux x86_64) AppleWebKit/537.36 (KHTML, like Gecko) Chrome/145.0.0.0 Safari/537.36"
162.120.184.25 - - [24/Mar/2026:22:19:33 +0530] "GET /gallery.php HTTP/1.1" 404 16 "https://www.google.com/" "Mozilla/5.0 (Linux; Android 10; K) AppleWebKit/537.36 (KHTML, like Gecko) Chrome/146.0.0.0 Mobile Safari/537.36"
162.120.184.26 - - [24/Mar/2026:22:20:04 +0530] "GET /gallery.php HTTP/1.1" 404 16 "https://www.google.com/" "Mozilla/5.0 (Linux; Android 10; K) AppleWebKit/537.36 (KHTML, like Gecko) Chrome/146.0.0.0 Mobile Safari/537.36"
72.14.201.176 - - [24/Mar/2026:22:20:33 +0530] "GET /gallery.php HTTP/1.1" 404 16 "https://www.google.com/" "Mozilla/5.0 (Linux; Android 10; K) AppleWebKit/537.36 (KHTML, like Gecko) Chrome/146.0.0.0 Mobile Safari/537.36"
162.120.184.25 - - [24/Mar/2026:22:20:39 +0530] "GET /gallery.php HTTP/1.1" 404 16 "https://www.google.com/" "Mozilla/5.0 (Linux; Android 10; K) AppleWebKit/537.36 (KHTML, like Gecko) Chrome/146.0.0.0 Mobile Safari/537.36"
72.14.201.141 - - [24/Mar/2026:22:20:53 +0530] "GET /gallery.php HTTP/1.1" 404 16 "https://www.google.com/" "Mozilla/5.0 (Linux; Android 10; K) AppleWebKit/537.36 (KHTML, like Gecko) Chrome/146.0.0.0 Mobile Safari/537.36"
193.186.4.176 - - [24/Mar/2026:22:21:57 +0530] "GET /gallery.php HTTP/1.1" 404 16 "https://www.google.com/" "Mozilla/5.0 (Linux; Android 10; K) AppleWebKit/537.36 (KHTML, like Gecko) Chrome/146.0.0.0 Mobile Safari/537.36"
193.186.4.183 - - [24/Mar/2026:22:22:07 +0530] "GET /gallery.php HTTP/1.1" 404 16 "https://www.google.com/" "Mozilla/5.0 (Linux; Android 10; K) AppleWebKit/537.36 (KHTML, like Gecko) Chrome/146.0.0.0 Mobile Safari/537.36"
193.186.4.146 - - [24/Mar/2026:22:23:15 +0530] "GET /gallery.php HTTP/1.1" 404 16 "https://www.google.com/" "Mozilla/5.0 (Linux; Android 10; K) AppleWebKit/537.36 (KHTML, like Gecko) Chrome/145.0.0.0 Mobile Safari/537.36"
162.120.184.36 - - [24/Mar/2026:22:23:50 +0530] "GET /gallery.php HTTP/1.1" 404 16 "https://www.google.com/" "Mozilla/5.0 (Linux; Android 10; K) AppleWebKit/537.36 (KHTML, like Gecko) Chrome/145.0.0.0 Mobile Safari/537.36"
193.186.4.183 - - [24/Mar/2026:22:23:54 +0530] "GET /gallery.php HTTP/1.1" 404 16 "https://www.google.com/" "Mozilla/5.0 (Linux; Android 10; K) AppleWebKit/537.36 (KHTML, like Gecko) Chrome/145.0.0.0 Mobile Safari/537.36"
162.120.184.24 - - [24/Mar/2026:22:24:08 +0530] "GET /gallery.php HTTP/1.1" 404 16 "https://www.google.com/" "Mozilla/5.0 (Linux; Android 10; K) AppleWebKit/537.36 (KHTML, like Gecko) Chrome/138.0.0.0 Mobile Safari/537.36"
72.14.201.144 - - [24/Mar/2026:22:24:20 +0530] "GET /gallery.php HTTP/1.1" 404 16 "https://www.google.com/" "Mozilla/5.0 (Linux; Android 10; K) AppleWebKit/537.36 (KHTML, like Gecko) Chrome/138.0.0.0 Mobile Safari/537.36"
193.186.4.182 - - [24/Mar/2026:22:24:22 +0530] "GET /gallery.php HTTP/1.1" 404 16 "https://www.google.com/" "Mozilla/5.0 (Linux; Android 10; K) AppleWebKit/537.36 (KHTML, like Gecko) Chrome/138.0.0.0 Mobile Safari/537.36"
162.120.184.26 - - [24/Mar/2026:22:24:50 +0530] "GET /gallery.php HTTP/1.1" 404 16 "https://www.google.com/" "Mozilla/5.0 (Linux; Android 10; K) AppleWebKit/537.36 (KHTML, like Gecko) Chrome/146.0.0.0 Mobile Safari/537.36"
162.120.185.37 - - [24/Mar/2026:22:27:19 +0530] "GET /gallery.php HTTP/1.1" 404 16 "https://www.google.com/" "Mozilla/5.0 (Linux; Android 10; K) AppleWebKit/537.36 (KHTML, like Gecko) Chrome/131.0.0.0 Mobile Safari/537.36"
193.186.4.176 - - [24/Mar/2026:22:27:36 +0530] "GET /gallery.php HTTP/1.1" 404 16 "https://www.google.com/" "Mozilla/5.0 (Linux; Android 10; K) AppleWebKit/537.36 (KHTML, like Gecko) Chrome/138.0.0.0 Mobile Safari/537.36"
162.120.184.37 - - [24/Mar/2026:22:27:40 +0530] "GET /gallery.php HTTP/1.1" 404 16 "https://www.google.com/" "Mozilla/5.0 (Linux; Android 10; K) AppleWebKit/537.36 (KHTML, like Gecko) Chrome/146.0.0.0 Mobile Safari/537.36"
182.3.46.255 - - [24/Mar/2026:22:27:41 +0530] "GET /gallery.php HTTP/1.1" 404 16 "https://www.google.com/" "Mozilla/5.0 (Linux; Android 10; K) AppleWebKit/537.36 (KHTML, like Gecko) Chrome/138.0.0.0 Mobile Safari/537.36"
182.3.46.255 - - [24/Mar/2026:22:27:42 +0530] "GET /favicon.ico HTTP/1.1" 404 - "https://www.hotelaromasuites.com/gallery.php" "Mozilla/5.0 (Linux; Android 10; K) AppleWebKit/537.36 (KHTML, like Gecko) Chrome/138.0.0.0 Mobile Safari/537.36"
162.120.184.26 - - [24/Mar/2026:22:27:51 +0530] "GET /gallery.php HTTP/1.1" 404 16 "https://www.google.com/" "Mozilla/5.0 (Linux; Android 10; K) AppleWebKit/537.36 (KHTML, like Gecko) Chrome/146.0.0.0 Mobile Safari/537.36"
72.14.201.176 - - [24/Mar/2026:22:27:56 +0530] "GET /gallery.php HTTP/1.1" 404 16 "https://www.google.com/" "Mozilla/5.0 (Linux; Android 10; K) AppleWebKit/537.36 (KHTML, like Gecko) Chrome/138.0.0.0 Mobile Safari/537.36"
193.186.4.182 - - [24/Mar/2026:22:28:01 +0530] "GET /gallery.php HTTP/1.1" 404 16 "https://www.google.com/" "Mozilla/5.0 (Linux; Android 10; K) AppleWebKit/537.36 (KHTML, like Gecko) Chrome/146.0.0.0 Mobile Safari/537.36"
114.10.79.220 - - [24/Mar/2026:22:28:02 +0530] "GET /gallery.php HTTP/1.1" 404 16 "https://www.google.com/" "Mozilla/5.0 (Linux; Android 10; K) AppleWebKit/537.36 (KHTML, like Gecko) Chrome/143.0.0.0 Mobile Safari/537.36"
114.10.79.220 - - [24/Mar/2026:22:28:03 +0530] "GET /favicon.ico HTTP/1.1" 404 - "https://www.hotelaromasuites.com/gallery.php" "Mozilla/5.0 (Linux; Android 10; K) AppleWebKit/537.36 (KHTML, like Gecko) Chrome/143.0.0.0 Mobile Safari/537.36"
72.14.201.146 - - [24/Mar/2026:22:28:41 +0530] "GET /gallery.php HTTP/1.1" 404 16 "https://www.google.com/" "Mozilla/5.0 (Linux; Android 10; K) AppleWebKit/537.36 (KHTML, like Gecko) Chrome/138.0.0.0 Mobile Safari/537.36"
182.3.46.255 - - [24/Mar/2026:22:28:41 +0530] "GET /gallery.php HTTP/1.1" 404 16 "https://www.google.com/" "Mozilla/5.0 (Linux; Android 10; K) AppleWebKit/537.36 (KHTML, like Gecko) Chrome/138.0.0.0 Mobile Safari/537.36"
162.120.184.36 - - [24/Mar/2026:22:28:43 +0530] "GET /gallery.php HTTP/1.1" 404 16 "https://www.google.com/" "Mozilla/5.0 (Linux; Android 10; K) AppleWebKit/537.36 (KHTML, like Gecko) Chrome/138.0.0.0 Mobile Safari/537.36"
193.186.4.183 - - [24/Mar/2026:22:28:45 +0530] "GET /gallery.php HTTP/1.1" 404 16 "https://www.google.com/" "Mozilla/5.0 (Linux; Android 10; K) AppleWebKit/537.36 (KHTML, like Gecko) Chrome/146.0.0.0 Mobile Safari/537.36"
162.120.184.27 - - [24/Mar/2026:22:28:48 +0530] "GET /gallery.php HTTP/1.1" 404 16 "https://www.google.com/" "Mozilla/5.0 (Linux; Android 10; K) AppleWebKit/537.36 (KHTML, like Gecko) Chrome/138.0.0.0 Mobile Safari/537.36"
140.213.13.193 - - [24/Mar/2026:22:29:04 +0530] "GET /gallery.php HTTP/1.1" 404 16 "https://www.google.com/" "Mozilla/5.0 (Linux; Android 10; K) AppleWebKit/537.36 (KHTML, like Gecko) Chrome/146.0.0.0 Mobile Safari/537.36"
140.213.13.193 - - [24/Mar/2026:22:29:04 +0530] "GET /favicon.ico HTTP/1.1" 404 - "https://www.hotelaromasuites.com/gallery.php" "Mozilla/5.0 (Linux; Android 10; K) AppleWebKit/537.36 (KHTML, like Gecko) Chrome/146.0.0.0 Mobile Safari/537.36"
72.14.201.145 - - [24/Mar/2026:22:29:56 +0530] "GET /gallery.php HTTP/1.1" 404 16 "https://www.google.com/" "Mozilla/5.0 (Linux; Android 10; K) AppleWebKit/537.36 (KHTML, like Gecko) Chrome/145.0.0.0 Mobile Safari/537.36"
193.186.4.182 - - [24/Mar/2026:22:31:08 +0530] "GET /gallery.php HTTP/1.1" 404 16 "https://www.google.com/" "Mozilla/5.0 (Linux; Android 10; K) AppleWebKit/537.36 (KHTML, like Gecko) Chrome/146.0.0.0 Mobile Safari/537.36"
193.186.4.183 - - [24/Mar/2026:22:32:56 +0530] "GET /gallery.php HTTP/1.1" 404 16 "https://www.google.com/" "Mozilla/5.0 (Linux; Android 10; K) AppleWebKit/537.36 (KHTML, like Gecko) Chrome/146.0.0.0 Mobile Safari/537.36"
162.120.185.36 - - [24/Mar/2026:22:33:13 +0530] "GET /gallery.php HTTP/1.1" 404 16 "https://www.google.com/" "Mozilla/5.0 (Linux; Android 10; K) AppleWebKit/537.36 (KHTML, like Gecko) Chrome/146.0.0.0 Mobile Safari/537.36"
5.78.189.207 - - [24/Mar/2026:22:34:08 +0530] "GET / HTTP/1.1" 200 71584 "-" "Mozilla/5.0 (Windows NT 10.0; Win64; x64) AppleWebKit/537.36 (KHTML, like Gecko) Chrome/107.0.0.0 Safari/537.36 Edg/107.0.1418.42"
64.233.173.146 - - [24/Mar/2026:22:34:51 +0530] "GET /.well-known/traffic-advice HTTP/1.1" 404 - "-" "Chrome Privacy Preserving Prefetch Proxy"
72.14.201.144 - - [24/Mar/2026:22:34:51 +0530] "GET /gallery.php HTTP/1.1" 404 16 "https://www.google.com/" "Mozilla/5.0 (Linux; Android 10; K) AppleWebKit/537.36 (KHTML, like Gecko) Chrome/146.0.0.0 Mobile Safari/537.36"
72.14.201.176 - - [24/Mar/2026:22:34:58 +0530] "GET /gallery.php HTTP/1.1" 404 16 "https://www.google.com/" "Mozilla/5.0 (Linux; Android 10; K) AppleWebKit/537.36 (KHTML, like Gecko) Chrome/146.0.0.0 Mobile Safari/537.36"
162.120.185.25 - - [24/Mar/2026:22:35:04 +0530] "GET /gallery.php HTTP/1.1" 404 16 "https://www.google.com/" "Mozilla/5.0 (Linux; Android 10; K) AppleWebKit/537.36 (KHTML, like Gecko) Chrome/146.0.0.0 Mobile Safari/537.36"
162.120.184.37 - - [24/Mar/2026:22:35:41 +0530] "GET /gallery.php HTTP/1.1" 404 16 "https://www.google.com/" "Mozilla/5.0 (Linux; Android 10; K) AppleWebKit/537.36 (KHTML, like Gecko) Chrome/146.0.0.0 Mobile Safari/537.36"
72.14.201.176 - - [24/Mar/2026:22:37:19 +0530] "GET /gallery.php HTTP/1.1" 404 16 "https://www.google.com/" "Mozilla/5.0 (Linux; Android 10; K) AppleWebKit/537.36 (KHTML, like Gecko) Chrome/131.0.0.0 Mobile Safari/537.36"
162.120.184.53 - - [24/Mar/2026:22:37:30 +0530] "GET /gallery.php HTTP/1.1" 404 16 "https://www.google.com/" "Mozilla/5.0 (Linux; Android 10; K) AppleWebKit/537.36 (KHTML, like Gecko) Chrome/146.0.0.0 Mobile Safari/537.36"
114.10.5.12 - - [24/Mar/2026:22:37:35 +0530] "GET /gallery.php HTTP/1.1" 404 16 "https://www.google.com/" "Mozilla/5.0 (Linux; Android 10; K) AppleWebKit/537.36 (KHTML, like Gecko) Chrome/146.0.0.0 Mobile Safari/537.36"
114.10.5.12 - - [24/Mar/2026:22:37:35 +0530] "GET /favicon.ico HTTP/1.1" 404 - "https://www.hotelaromasuites.com/gallery.php" "Mozilla/5.0 (Linux; Android 10; K) AppleWebKit/537.36 (KHTML, like Gecko) Chrome/146.0.0.0 Mobile Safari/537.36"
162.120.185.36 - - [24/Mar/2026:22:37:56 +0530] "GET /gallery.php HTTP/1.1" 404 16 "https://www.google.com/" "Mozilla/5.0 (Linux; Android 10; K) AppleWebKit/537.36 (KHTML, like Gecko) Chrome/146.0.0.0 Mobile Safari/537.36"
162.120.184.1 - - [24/Mar/2026:22:38:37 +0530] "GET /gallery.php HTTP/1.1" 404 16 "https://www.google.com/" "Mozilla/5.0 (Linux; Android 10; K) AppleWebKit/537.36 (KHTML, like Gecko) Chrome/146.0.0.0 Mobile Safari/537.36"
72.14.201.144 - - [24/Mar/2026:22:39:07 +0530] "GET /gallery.php HTTP/1.1" 404 16 "https://www.google.com/" "Mozilla/5.0 (Linux; Android 10; K) AppleWebKit/537.36 (KHTML, like Gecko) Chrome/146.0.0.0 Mobile Safari/537.36"
72.14.201.147 - - [24/Mar/2026:22:40:09 +0530] "GET /gallery.php HTTP/1.1" 404 16 "https://www.google.com/" "Mozilla/5.0 (Linux; Android 10; K) AppleWebKit/537.36 (KHTML, like Gecko) Chrome/146.0.0.0 Mobile Safari/537.36"
162.120.184.24 - - [24/Mar/2026:22:40:16 +0530] "GET /gallery.php HTTP/1.1" 404 16 "https://www.google.com/" "Mozilla/5.0 (Linux; Android 10; K) AppleWebKit/537.36 (KHTML, like Gecko) Chrome/146.0.0.0 Mobile Safari/537.36"
162.120.185.36 - - [24/Mar/2026:22:40:32 +0530] "GET /gallery.php HTTP/1.1" 404 16 "https://www.google.com/" "Mozilla/5.0 (Linux; Android 10; K) AppleWebKit/537.36 (KHTML, like Gecko) Chrome/131.0.0.0 Mobile Safari/537.36"
162.120.184.24 - - [24/Mar/2026:22:40:45 +0530] "GET /gallery.php HTTP/1.1" 404 16 "https://www.google.com/" "Mozilla/5.0 (Linux; Android 10; K) AppleWebKit/537.36 (KHTML, like Gecko) Chrome/146.0.0.0 Mobile Safari/537.36"
162.120.185.37 - - [24/Mar/2026:22:41:22 +0530] "GET /gallery.php HTTP/1.1" 404 16 "https://www.google.com/" "Mozilla/5.0 (Linux; Android 10; K) AppleWebKit/537.36 (KHTML, like Gecko) Chrome/142.0.0.0 Mobile Safari/537.36"
193.186.4.176 - - [24/Mar/2026:22:41:27 +0530] "GET /gallery.php HTTP/1.1" 404 16 "https://www.google.com/" "Mozilla/5.0 (Linux; Android 10; K) AppleWebKit/537.36 (KHTML, like Gecko) Chrome/145.0.0.0 Mobile Safari/537.36"
162.120.184.27 - - [24/Mar/2026:22:41:28 +0530] "GET /gallery.php HTTP/1.1" 404 16 "https://www.google.com/" "Mozilla/5.0 (Linux; Android 10; K) AppleWebKit/537.36 (KHTML, like Gecko) Chrome/142.0.0.0 Mobile Safari/537.36"
162.120.185.36 - - [24/Mar/2026:22:42:39 +0530] "GET /gallery.php HTTP/1.1" 404 16 "https://www.google.com/" "Mozilla/5.0 (Linux; Android 10; K) AppleWebKit/537.36 (KHTML, like Gecko) Chrome/146.0.0.0 Mobile Safari/537.36"
72.14.201.144 - - [24/Mar/2026:22:42:59 +0530] "GET /gallery.php HTTP/1.1" 404 16 "https://www.google.com/" "Mozilla/5.0 (Linux; Android 10; K) AppleWebKit/537.36 (KHTML, like Gecko) Chrome/146.0.0.0 Mobile Safari/537.36"
162.120.185.24 - - [24/Mar/2026:22:43:13 +0530] "GET /gallery.php HTTP/1.1" 404 16 "https://www.google.com/" "Mozilla/5.0 (Linux; Android 10; K) AppleWebKit/537.36 (KHTML, like Gecko) Chrome/146.0.0.0 Mobile Safari/537.36"
162.120.185.53 - - [24/Mar/2026:22:43:54 +0530] "GET /gallery.php HTTP/1.1" 404 16 "https://www.google.com/" "Mozilla/5.0 (Linux; Android 10; K) AppleWebKit/537.36 (KHTML, like Gecko) Chrome/146.0.0.0 Mobile Safari/537.36"
162.120.184.37 - - [24/Mar/2026:22:44:10 +0530] "GET /gallery.php HTTP/1.1" 404 16 "https://www.google.com/" "Mozilla/5.0 (Linux; Android 10; K) AppleWebKit/537.36 (KHTML, like Gecko) Chrome/146.0.0.0 Mobile Safari/537.36"
193.186.4.176 - - [24/Mar/2026:22:44:23 +0530] "GET /gallery.php HTTP/1.1" 404 16 "https://www.google.com/" "Mozilla/5.0 (Linux; Android 10; K) AppleWebKit/537.36 (KHTML, like Gecko) Chrome/146.0.0.0 Mobile Safari/537.36"
162.120.184.37 - - [24/Mar/2026:22:44:51 +0530] "GET /gallery.php HTTP/1.1" 404 16 "https://www.google.com/" "Mozilla/5.0 (Linux; Android 10; K) AppleWebKit/537.36 (KHTML, like Gecko) Chrome/138.0.0.0 Mobile Safari/537.36"
114.10.99.226 - - [24/Mar/2026:22:44:54 +0530] "GET /gallery.php HTTP/1.1" 404 16 "https://www.google.com/" "Mozilla/5.0 (Linux; Android 10; K) AppleWebKit/537.36 (KHTML, like Gecko) Chrome/138.0.0.0 Mobile Safari/537.36"
114.10.99.226 - - [24/Mar/2026:22:44:55 +0530] "GET /favicon.ico HTTP/1.1" 404 - "https://www.hotelaromasuites.com/gallery.php" "Mozilla/5.0 (Linux; Android 10; K) AppleWebKit/537.36 (KHTML, like Gecko) Chrome/138.0.0.0 Mobile Safari/537.36"
162.120.184.25 - - [24/Mar/2026:22:45:06 +0530] "GET /gallery.php HTTP/1.1" 404 16 "https://www.google.com/" "Mozilla/5.0 (Linux; Android 10; K) AppleWebKit/537.36 (KHTML, like Gecko) Chrome/138.0.0.0 Mobile Safari/537.36"
162.120.185.36 - - [24/Mar/2026:22:45:13 +0530] "GET /gallery.php HTTP/1.1" 404 16 "https://www.google.com/" "Mozilla/5.0 (Linux; Android 10; K) AppleWebKit/537.36 (KHTML, like Gecko) Chrome/145.0.0.0 Mobile Safari/537.36"
162.120.184.37 - - [24/Mar/2026:22:46:12 +0530] "GET /gallery.php HTTP/1.1" 404 16 "https://www.google.com/" "Mozilla/5.0 (Linux; Android 10; K) AppleWebKit/537.36 (KHTML, like Gecko) Chrome/146.0.0.0 Mobile Safari/537.36"
162.120.184.26 - - [24/Mar/2026:22:46:43 +0530] "GET /gallery.php HTTP/1.1" 404 16 "https://www.google.com/" "Mozilla/5.0 (Linux; Android 10; K) AppleWebKit/537.36 (KHTML, like Gecko) Chrome/146.0.0.0 Mobile Safari/537.36"
162.120.184.26 - - [24/Mar/2026:22:47:48 +0530] "GET /gallery.php HTTP/1.1" 404 16 "https://www.google.com/" "Mozilla/5.0 (Linux; Android 10; K) AppleWebKit/537.36 (KHTML, like Gecko) Chrome/146.0.0.0 Mobile Safari/537.36"
193.186.4.176 - - [24/Mar/2026:22:47:51 +0530] "GET /gallery.php HTTP/1.1" 404 16 "https://www.google.com/" "Mozilla/5.0 (Linux; Android 10; K) AppleWebKit/537.36 (KHTML, like Gecko) Chrome/146.0.0.0 Mobile Safari/537.36"
193.186.4.182 - - [24/Mar/2026:22:49:07 +0530] "GET /gallery.php HTTP/1.1" 404 16 "https://www.google.com/" "Mozilla/5.0 (Linux; Android 10; K) AppleWebKit/537.36 (KHTML, like Gecko) Chrome/145.0.0.0 Mobile Safari/537.36"
162.120.184.37 - - [24/Mar/2026:22:49:41 +0530] "GET /gallery.php HTTP/1.1" 404 16 "https://www.google.com/" "Mozilla/5.0 (Linux; Android 10; K) AppleWebKit/537.36 (KHTML, like Gecko) Chrome/146.0.0.0 Mobile Safari/537.36"
162.120.185.37 - - [24/Mar/2026:22:50:22 +0530] "GET /gallery.php HTTP/1.1" 404 16 "https://www.google.com/" "Mozilla/5.0 (Linux; Android 10; K) AppleWebKit/537.36 (KHTML, like Gecko) Chrome/146.0.0.0 Mobile Safari/537.36"
193.186.4.176 - - [24/Mar/2026:22:50:24 +0530] "GET /gallery.php HTTP/1.1" 404 16 "https://www.google.com/" "Mozilla/5.0 (Linux; Android 10; K) AppleWebKit/537.36 (KHTML, like Gecko) Chrome/146.0.0.0 Mobile Safari/537.36"
162.120.185.25 - - [24/Mar/2026:22:50:56 +0530] "GET /gallery.php HTTP/1.1" 404 16 "https://www.google.com/" "Mozilla/5.0 (Linux; Android 10; K) AppleWebKit/537.36 (KHTML, like Gecko) Chrome/146.0.0.0 Mobile Safari/537.36"
51.195.244.22 - - [24/Mar/2026:22:51:16 +0530] "GET /robots.txt HTTP/1.1" 404 - "-" "Mozilla/5.0 (compatible; AhrefsBot/7.0; +http://ahrefs.com/robot/)"
54.37.118.78 - - [24/Mar/2026:22:51:50 +0530] "GET /attractions.php HTTP/1.1" 200 - "-" "Mozilla/5.0 (compatible; AhrefsBot/7.0; +http://ahrefs.com/robot/)"
162.120.184.24 - - [24/Mar/2026:22:52:00 +0530] "GET /gallery.php HTTP/1.1" 404 16 "https://www.google.com/" "Mozilla/5.0 (Linux; Android 10; K) AppleWebKit/537.36 (KHTML, like Gecko) Chrome/146.0.0.0 Mobile Safari/537.36"
162.120.184.27 - - [24/Mar/2026:22:52:13 +0530] "GET /gallery.php HTTP/1.1" 404 16 "https://www.google.com/" "Mozilla/5.0 (Linux; Android 10; K) AppleWebKit/537.36 (KHTML, like Gecko) Chrome/146.0.0.0 Mobile Safari/537.36"
72.14.201.144 - - [24/Mar/2026:22:52:37 +0530] "GET /gallery.php HTTP/1.1" 404 16 "https://www.google.com/" "Mozilla/5.0 (Linux; Android 10; K) AppleWebKit/537.36 (KHTML, like Gecko) Chrome/146.0.0.0 Mobile Safari/537.36"
193.186.4.183 - - [24/Mar/2026:22:52:54 +0530] "GET /gallery.php HTTP/1.1" 404 16 "https://www.google.com/" "Mozilla/5.0 (Linux; Android 10; K) AppleWebKit/537.36 (KHTML, like Gecko) Chrome/146.0.0.0 Mobile Safari/537.36"
162.120.184.53 - - [24/Mar/2026:22:53:07 +0530] "GET /gallery.php HTTP/1.1" 404 16 "https://www.google.com/" "Mozilla/5.0 (Linux; Android 10; K) AppleWebKit/537.36 (KHTML, like Gecko) Chrome/146.0.0.0 Mobile Safari/537.36"
162.120.184.26 - - [24/Mar/2026:22:53:31 +0530] "GET /gallery.php HTTP/1.1" 404 16 "https://www.google.com/" "Mozilla/5.0 (Linux; Android 10; K) AppleWebKit/537.36 (KHTML, like Gecko) Chrome/146.0.0.0 Mobile Safari/537.36"
162.120.184.36 - - [24/Mar/2026:22:53:38 +0530] "GET /gallery.php HTTP/1.1" 404 16 "https://www.google.com/" "Mozilla/5.0 (Linux; Android 10; K) AppleWebKit/537.36 (KHTML, like Gecko) Chrome/146.0.0.0 Mobile Safari/537.36"
182.1.238.157 - - [24/Mar/2026:22:54:27 +0530] "GET /gallery.php HTTP/1.1" 404 16 "https://www.google.com/" "Mozilla/5.0 (Linux; Android 10; K) AppleWebKit/537.36 (KHTML, like Gecko) Chrome/146.0.0.0 Mobile Safari/537.36"
182.1.238.157 - - [24/Mar/2026:22:54:27 +0530] "GET /favicon.ico HTTP/1.1" 404 - "https://www.hotelaromasuites.com/gallery.php" "Mozilla/5.0 (Linux; Android 10; K) AppleWebKit/537.36 (KHTML, like Gecko) Chrome/146.0.0.0 Mobile Safari/537.36"
162.120.185.37 - - [24/Mar/2026:22:54:58 +0530] "GET /gallery.php HTTP/1.1" 404 16 "https://www.google.com/" "Mozilla/5.0 (Linux; Android 10; K) AppleWebKit/537.36 (KHTML, like Gecko) Chrome/146.0.0.0 Mobile Safari/537.36"
103.132.52.114 - - [24/Mar/2026:22:55:06 +0530] "GET /gallery.php HTTP/1.1" 404 16 "https://www.google.com/" "Mozilla/5.0 (Linux; Android 10; K) AppleWebKit/537.36 (KHTML, like Gecko) Chrome/146.0.0.0 Mobile Safari/537.36"
162.120.184.24 - - [24/Mar/2026:22:55:10 +0530] "GET /gallery.php HTTP/1.1" 404 16 "https://www.google.com/" "Mozilla/5.0 (Linux; Android 10; K) AppleWebKit/537.36 (KHTML, like Gecko) Chrome/146.0.0.0 Mobile Safari/537.36"
74.7.243.213 - - [24/Mar/2026:22:55:49 +0530] "GET / HTTP/1.1" 200 71584 "-" "Mozilla/5.0 AppleWebKit/537.36 (KHTML, like Gecko; compatible; GPTBot/1.3; +https://openai.com/gptbot)"
74.7.175.161 - - [24/Mar/2026:22:55:59 +0530] "GET /robots.txt HTTP/1.1" 404 - "-" "Mozilla/5.0 (Macintosh; Intel Mac OS X 10_15_7) AppleWebKit/537.36 (KHTML, like Gecko) Chrome/131.0.0.0 Safari/537.36; compatible; OAI-SearchBot/1.3; robots.txt; +https://openai.com/searchbot"
74.7.243.213 - - [24/Mar/2026:22:56:14 +0530] "GET /js/jquery.isotope.v3.0.2.js HTTP/1.1" 200 34694 "https://www.hotelaromasuites.com/" "Mozilla/5.0 AppleWebKit/537.36 (KHTML, like Gecko; compatible; GPTBot/1.3; +https://openai.com/gptbot)"
74.7.243.213 - - [24/Mar/2026:22:56:47 +0530] "GET /js/YouTubePopUp.js HTTP/1.1" 200 1232 "https://www.hotelaromasuites.com/" "Mozilla/5.0 AppleWebKit/537.36 (KHTML, like Gecko; compatible; GPTBot/1.3; +https://openai.com/gptbot)"
162.120.184.36 - - [24/Mar/2026:22:57:08 +0530] "GET /gallery.php HTTP/1.1" 404 16 "https://www.google.com/" "Mozilla/5.0 (Linux; Android 10; K) AppleWebKit/537.36 (KHTML, like Gecko) Chrome/146.0.0.0 Mobile Safari/537.36"
74.7.243.213 - - [24/Mar/2026:22:57:14 +0530] "GET /js/scrollIt.min.js HTTP/1.1" 200 1418 "https://www.hotelaromasuites.com/" "Mozilla/5.0 AppleWebKit/537.36 (KHTML, like Gecko; compatible; GPTBot/1.3; +https://openai.com/gptbot)"
140.213.19.81 - - [24/Mar/2026:22:57:19 +0530] "GET /gallery.php HTTP/1.1" 404 16 "https://www.google.com/" "Mozilla/5.0 (Linux; Android 10; K) AppleWebKit/537.36 (KHTML, like Gecko) Chrome/146.0.0.0 Mobile Safari/537.36"
140.213.19.81 - - [24/Mar/2026:22:57:19 +0530] "GET /favicon.ico HTTP/1.1" 404 - "https://www.hotelaromasuites.com/gallery.php" "Mozilla/5.0 (Linux; Android 10; K) AppleWebKit/537.36 (KHTML, like Gecko) Chrome/146.0.0.0 Mobile Safari/537.36"
140.213.19.81 - - [24/Mar/2026:22:57:33 +0530] "GET /gallery.php HTTP/1.1" 404 16 "https://www.google.com/" "Mozilla/5.0 (Linux; Android 10; K) AppleWebKit/537.36 (KHTML, like Gecko) Chrome/146.0.0.0 Mobile Safari/537.36"
162.120.185.27 - - [24/Mar/2026:22:57:33 +0530] "GET /gallery.php HTTP/1.1" 404 16 "https://www.google.com/" "Mozilla/5.0 (Linux; Android 10; K) AppleWebKit/537.36 (KHTML, like Gecko) Chrome/146.0.0.0 Mobile Safari/537.36"
72.14.201.144 - - [24/Mar/2026:22:57:37 +0530] "GET /gallery.php HTTP/1.1" 404 16 "https://www.google.com/" "Mozilla/5.0 (Linux; Android 10; K) AppleWebKit/537.36 (KHTML, like Gecko) Chrome/137.0.0.0 Mobile Safari/537.36"
74.7.243.213 - - [24/Mar/2026:22:57:38 +0530] "GET /js/owl.carousel.min.js HTTP/1.1" 200 42854 "https://www.hotelaromasuites.com/" "Mozilla/5.0 AppleWebKit/537.36 (KHTML, like Gecko; compatible; GPTBot/1.3; +https://openai.com/gptbot)"
193.186.4.183 - - [24/Mar/2026:22:57:57 +0530] "GET /gallery.php HTTP/1.1" 404 16 "https://www.google.com/" "Mozilla/5.0 (Linux; Android 10; K) AppleWebKit/537.36 (KHTML, like Gecko) Chrome/146.0.0.0 Mobile Safari/537.36"
74.7.243.213 - - [24/Mar/2026:22:58:03 +0530] "GET /js/materialize.js HTTP/1.1" 200 294640 "https://www.hotelaromasuites.com/" "Mozilla/5.0 AppleWebKit/537.36 (KHTML, like Gecko; compatible; GPTBot/1.3; +https://openai.com/gptbot)"
72.14.201.176 - - [24/Mar/2026:22:58:11 +0530] "GET /gallery.php HTTP/1.1" 404 16 "https://www.google.com/" "Mozilla/5.0 (Linux; Android 10; K) AppleWebKit/537.36 (KHTML, like Gecko) Chrome/137.0.0.0 Mobile Safari/537.36"
162.120.185.8 - - [24/Mar/2026:22:58:29 +0530] "GET /gallery.php HTTP/1.1" 404 16 "https://www.google.com/" "Mozilla/5.0 (Linux; Android 10; K) AppleWebKit/537.36 (KHTML, like Gecko) Chrome/146.0.0.0 Mobile Safari/537.36"
182.9.33.94 - - [24/Mar/2026:22:58:32 +0530] "GET /gallery.php HTTP/1.1" 404 16 "https://www.google.com/" "Mozilla/5.0 (Linux; Android 10; K) AppleWebKit/537.36 (KHTML, like Gecko) Chrome/146.0.0.0 Mobile Safari/537.36"
182.9.33.94 - - [24/Mar/2026:22:58:32 +0530] "GET /favicon.ico HTTP/1.1" 404 - "https://www.hotelaromasuites.com/gallery.php" "Mozilla/5.0 (Linux; Android 10; K) AppleWebKit/537.36 (KHTML, like Gecko) Chrome/146.0.0.0 Mobile Safari/537.36"
193.186.4.147 - - [24/Mar/2026:22:58:33 +0530] "GET /gallery.php HTTP/1.1" 404 16 "https://www.google.com/" "Mozilla/5.0 (Linux; Android 10; K) AppleWebKit/537.36 (KHTML, like Gecko) Chrome/146.0.0.0 Mobile Safari/537.36"
72.14.201.145 - - [24/Mar/2026:22:59:00 +0530] "GET /gallery.php HTTP/1.1" 404 16 "https://www.google.com/" "Mozilla/5.0 (Linux; Android 10; K) AppleWebKit/537.36 (KHTML, like Gecko) Chrome/140.0.0.0 Mobile Safari/537.36"
74.7.243.213 - - [24/Mar/2026:22:59:01 +0530] "GET /js/pace.js HTTP/1.1" 200 13079 "https://www.hotelaromasuites.com/" "Mozilla/5.0 AppleWebKit/537.36 (KHTML, like Gecko; compatible; GPTBot/1.3; +https://openai.com/gptbot)"
193.186.4.183 - - [24/Mar/2026:22:59:30 +0530] "GET /gallery.php HTTP/1.1" 404 16 "https://www.google.com/" "Mozilla/5.0 (Linux; Android 10; K) AppleWebKit/537.36 (KHTML, like Gecko) Chrome/146.0.0.0 Mobile Safari/537.36"
74.7.243.213 - - [24/Mar/2026:22:59:46 +0530] "GET /js/datepicker.js HTTP/1.1" 200 77831 "https://www.hotelaromasuites.com/" "Mozilla/5.0 AppleWebKit/537.36 (KHTML, like Gecko; compatible; GPTBot/1.3; +https://openai.com/gptbot)"
72.14.201.146 - - [24/Mar/2026:23:00:09 +0530] "GET /gallery.php HTTP/1.1" 404 16 "https://www.google.com/" "Mozilla/5.0 (Linux; Android 10; K) AppleWebKit/537.36 (KHTML, like Gecko) Chrome/146.0.0.0 Mobile Safari/537.36"
74.7.243.213 - - [24/Mar/2026:23:00:33 +0530] "GET /js/custom.js HTTP/1.1" 200 19670 "https://www.hotelaromasuites.com/" "Mozilla/5.0 AppleWebKit/537.36 (KHTML, like Gecko; compatible; GPTBot/1.3; +https://openai.com/gptbot)"
72.14.201.147 - - [24/Mar/2026:23:00:47 +0530] "GET /gallery.php HTTP/1.1" 404 16 "https://www.google.com/" "Mozilla/5.0 (Linux; Android 10; K) AppleWebKit/537.36 (KHTML, like Gecko) Chrome/146.0.0.0 Mobile Safari/537.36"
162.120.184.36 - - [24/Mar/2026:23:00:50 +0530] "GET /gallery.php HTTP/1.1" 404 16 "https://www.google.com/" "Mozilla/5.0 (Linux; Android 10; K) AppleWebKit/537.36 (KHTML, like Gecko) Chrome/142.0.0.0 Mobile Safari/537.36"
74.7.243.213 - - [24/Mar/2026:23:01:14 +0530] "GET /js/jquery-migrate-3.0.0.min.js HTTP/1.1" 200 7083 "https://www.hotelaromasuites.com/" "Mozilla/5.0 AppleWebKit/537.36 (KHTML, like Gecko; compatible; GPTBot/1.3; +https://openai.com/gptbot)"
74.7.175.161 - - [24/Mar/2026:23:01:14 +0530] "GET /robots.txt HTTP/1.1" 404 - "-" "Mozilla/5.0 (Macintosh; Intel Mac OS X 10_15_7) AppleWebKit/537.36 (KHTML, like Gecko) Chrome/131.0.0.0 Safari/537.36; compatible; OAI-SearchBot/1.3; robots.txt; +https://openai.com/searchbot"
74.7.243.213 - - [24/Mar/2026:23:01:54 +0530] "GET /css/plugins.css HTTP/1.1" 200 798 "https://www.hotelaromasuites.com/" "Mozilla/5.0 AppleWebKit/537.36 (KHTML, like Gecko; compatible; GPTBot/1.3; +https://openai.com/gptbot)"
162.120.184.37 - - [24/Mar/2026:23:01:58 +0530] "GET /gallery.php HTTP/1.1" 404 16 "https://www.google.com/" "Mozilla/5.0 (Linux; Android 10; K) AppleWebKit/537.36 (KHTML, like Gecko) Chrome/146.0.0.0 Mobile Safari/537.36"
74.7.243.213 - - [24/Mar/2026:23:02:38 +0530] "GET /attractions.php HTTP/1.1" 200 - "https://www.hotelaromasuites.com/" "Mozilla/5.0 AppleWebKit/537.36 (KHTML, like Gecko; compatible; GPTBot/1.3; +https://openai.com/gptbot)"
162.120.184.37 - - [24/Mar/2026:23:02:49 +0530] "GET /gallery.php HTTP/1.1" 404 16 "https://www.google.com/" "Mozilla/5.0 (Linux; Android 10; K) AppleWebKit/537.36 (KHTML, like Gecko) Chrome/138.0.0.0 Mobile Safari/537.36"
193.186.4.144 - - [24/Mar/2026:23:03:08 +0530] "GET /gallery.php HTTP/1.1" 404 16 "https://www.google.com/" "Mozilla/5.0 (Linux; Android 10; K) AppleWebKit/537.36 (KHTML, like Gecko) Chrome/146.0.0.0 Mobile Safari/537.36"
162.120.185.37 - - [24/Mar/2026:23:03:19 +0530] "GET /gallery.php HTTP/1.1" 404 16 "https://www.google.com/" "Mozilla/5.0 (Linux; Android 10; K) AppleWebKit/537.36 (KHTML, like Gecko) Chrome/138.0.0.0 Mobile Safari/537.36"
74.7.243.213 - - [24/Mar/2026:23:03:19 +0530] "GET /js/jquery.magnific-popup.js HTTP/1.1" 200 41730 "https://www.hotelaromasuites.com/" "Mozilla/5.0 AppleWebKit/537.36 (KHTML, like Gecko; compatible; GPTBot/1.3; +https://openai.com/gptbot)"
162.120.185.37 - - [24/Mar/2026:23:03:29 +0530] "GET /gallery.php HTTP/1.1" 404 16 "https://www.google.com/" "Mozilla/5.0 (Linux; Android 10; K) AppleWebKit/537.36 (KHTML, like Gecko) Chrome/146.0.0.0 Mobile Safari/537.36"
193.186.4.146 - - [24/Mar/2026:23:03:30 +0530] "GET /gallery.php HTTP/1.1" 404 16 "https://www.google.com/" "Mozilla/5.0 (Linux; Android 10; K) AppleWebKit/537.36 (KHTML, like Gecko) Chrome/145.0.0.0 Mobile Safari/537.36"
193.186.4.176 - - [24/Mar/2026:23:03:34 +0530] "GET /gallery.php HTTP/1.1" 404 16 "https://www.google.com/" "Mozilla/5.0 (Linux; Android 10; K) AppleWebKit/537.36 (KHTML, like Gecko) Chrome/146.0.0.0 Mobile Safari/537.36"
193.186.4.176 - - [24/Mar/2026:23:03:56 +0530] "GET /gallery.php HTTP/1.1" 404 16 "https://www.google.com/" "Mozilla/5.0 (Windows NT 10.0; Win64; x64) AppleWebKit/537.36 (KHTML, like Gecko) Chrome/146.0.0.0 Safari/537.36"
74.7.243.213 - - [24/Mar/2026:23:04:05 +0530] "GET /js/jquery.waypoints.min.js HTTP/1.1" 200 8835 "https://www.hotelaromasuites.com/" "Mozilla/5.0 AppleWebKit/537.36 (KHTML, like Gecko; compatible; GPTBot/1.3; +https://openai.com/gptbot)"
182.6.94.206 - - [24/Mar/2026:23:04:07 +0530] "GET /gallery.php HTTP/1.1" 404 16 "https://www.google.com/" "Mozilla/5.0 (Windows NT 10.0; Win64; x64) AppleWebKit/537.36 (KHTML, like Gecko) Chrome/146.0.0.0 Safari/537.36"
182.6.94.206 - - [24/Mar/2026:23:04:07 +0530] "GET /favicon.ico HTTP/1.1" 404 - "https://www.hotelaromasuites.com/gallery.php" "Mozilla/5.0 (Windows NT 10.0; Win64; x64) AppleWebKit/537.36 (KHTML, like Gecko) Chrome/146.0.0.0 Safari/537.36"
182.6.94.206 - - [24/Mar/2026:23:04:13 +0530] "GET /gallery.php HTTP/1.1" 404 16 "https://www.google.com/" "Mozilla/5.0 (Windows NT 10.0; Win64; x64) AppleWebKit/537.36 (KHTML, like Gecko) Chrome/146.0.0.0 Safari/537.36"
162.120.184.36 - - [24/Mar/2026:23:04:29 +0530] "GET /gallery.php HTTP/1.1" 404 16 "https://www.google.com/" "Mozilla/5.0 (Linux; Android 10; K) AppleWebKit/537.36 (KHTML, like Gecko) Chrome/146.0.0.0 Mobile Safari/537.36"
74.7.243.213 - - [24/Mar/2026:23:04:44 +0530] "GET /js/jquery.stellar.min.js HTTP/1.1" 200 12597 "https://www.hotelaromasuites.com/" "Mozilla/5.0 AppleWebKit/537.36 (KHTML, like Gecko; compatible; GPTBot/1.3; +https://openai.com/gptbot)"
162.120.185.37 - - [24/Mar/2026:23:05:12 +0530] "GET /gallery.php HTTP/1.1" 404 16 "https://www.google.com/" "Mozilla/5.0 (Linux; Android 10; K) AppleWebKit/537.36 (KHTML, like Gecko) Chrome/131.0.0.0 Mobile Safari/537.36"
114.5.111.219 - - [24/Mar/2026:23:05:16 +0530] "GET /gallery.php HTTP/1.1" 404 16 "https://www.google.com/" "Mozilla/5.0 (iPhone; CPU iPhone OS 18_7_6 like Mac OS X) AppleWebKit/605.1.15 (KHTML, like Gecko) CriOS/146.0.7680.151 Mobile/15E148 Safari/604.1"
114.5.111.219 - - [24/Mar/2026:23:05:16 +0530] "GET /favicon.ico HTTP/1.1" 404 - "-" "Mozilla/5.0 (iPhone; CPU iPhone OS 18_7_6 like Mac OS X) AppleWebKit/605.1.15 (KHTML, like Gecko) CriOS/146.0.7680.151 Mobile/15E148 Safari/604.1"
74.7.243.213 - - [24/Mar/2026:23:05:23 +0530] "GET /js/smooth-scroll.min.js HTTP/1.1" 200 5010 "https://www.hotelaromasuites.com/" "Mozilla/5.0 AppleWebKit/537.36 (KHTML, like Gecko; compatible; GPTBot/1.3; +https://openai.com/gptbot)"
182.2.41.32 - - [24/Mar/2026:23:05:25 +0530] "GET /gallery.php HTTP/1.1" 404 16 "https://www.google.com/" "Mozilla/5.0 (Linux; Android 10; K) AppleWebKit/537.36 (KHTML, like Gecko) Chrome/131.0.0.0 Mobile Safari/537.36"
182.2.41.32 - - [24/Mar/2026:23:05:25 +0530] "GET /favicon.ico HTTP/1.1" 404 - "https://www.hotelaromasuites.com/gallery.php" "Mozilla/5.0 (Linux; Android 10; K) AppleWebKit/537.36 (KHTML, like Gecko) Chrome/131.0.0.0 Mobile Safari/537.36"
72.14.201.144 - - [24/Mar/2026:23:05:38 +0530] "GET /gallery.php HTTP/1.1" 404 16 "https://www.google.com/" "Mozilla/5.0 (Linux; Android 10; K) AppleWebKit/537.36 (KHTML, like Gecko) Chrome/146.0.0.0 Mobile Safari/537.36"
162.120.185.27 - - [24/Mar/2026:23:06:00 +0530] "GET /gallery.php HTTP/1.1" 404 16 "https://www.google.com/" "Mozilla/5.0 (Linux; Android 10; K) AppleWebKit/537.36 (KHTML, like Gecko) Chrome/146.0.0.0 Mobile Safari/537.36"
74.7.243.213 - - [24/Mar/2026:23:06:01 +0530] "GET /js/bootstrap.min.js HTTP/1.1" 200 48948 "https://www.hotelaromasuites.com/" "Mozilla/5.0 AppleWebKit/537.36 (KHTML, like Gecko; compatible; GPTBot/1.3; +https://openai.com/gptbot)"
162.120.184.53 - - [24/Mar/2026:23:06:15 +0530] "GET /gallery.php HTTP/1.1" 404 16 "https://www.google.com/" "Mozilla/5.0 (Linux; Android 10; K) AppleWebKit/537.36 (KHTML, like Gecko) Chrome/146.0.0.0 Mobile Safari/537.36"
162.120.184.24 - - [24/Mar/2026:23:06:40 +0530] "GET /gallery.php HTTP/1.1" 404 16 "https://www.google.com/" "Mozilla/5.0 (Linux; Android 10; K) AppleWebKit/537.36 (KHTML, like Gecko) Chrome/146.0.0.0 Mobile Safari/537.36"
74.7.243.213 - - [24/Mar/2026:23:06:50 +0530] "GET /js/select2.js HTTP/1.1" 200 146227 "https://www.hotelaromasuites.com/" "Mozilla/5.0 AppleWebKit/537.36 (KHTML, like Gecko; compatible; GPTBot/1.3; +https://openai.com/gptbot)"
162.120.184.37 - - [24/Mar/2026:23:07:04 +0530] "GET /gallery.php HTTP/1.1" 404 16 "https://www.google.com/" "Mozilla/5.0 (Linux; Android 10; K) AppleWebKit/537.36 (KHTML, like Gecko) Chrome/146.0.0.0 Mobile Safari/537.36"
193.186.4.146 - - [24/Mar/2026:23:07:27 +0530] "GET /gallery.php HTTP/1.1" 404 16 "https://www.google.com/" "Mozilla/5.0 (Linux; Android 10; K) AppleWebKit/537.36 (KHTML, like Gecko) Chrome/146.0.0.0 Mobile Safari/537.36"
74.7.243.213 - - [24/Mar/2026:23:07:32 +0530] "GET /js/jquery-ui.js HTTP/1.1" 200 721024 "https://www.hotelaromasuites.com/" "Mozilla/5.0 AppleWebKit/537.36 (KHTML, like Gecko; compatible; GPTBot/1.3; +https://openai.com/gptbot)"
74.7.243.213 - - [24/Mar/2026:23:08:10 +0530] "GET /js/modernizr-2.6.2.min.js HTTP/1.1" 200 15413 "https://www.hotelaromasuites.com/" "Mozilla/5.0 AppleWebKit/537.36 (KHTML, like Gecko; compatible; GPTBot/1.3; +https://openai.com/gptbot)"
180.242.58.199 - - [24/Mar/2026:23:08:32 +0530] "GET /gallery.php HTTP/1.1" 404 16 "https://www.google.co.id/" "Mozilla/5.0 (iPhone; CPU iPhone OS 16_0 like Mac OS X) AppleWebKit/605.1.15 (KHTML, like Gecko) Version/16.0 Mobile/15E148 Safari/604.1"
180.242.58.199 - - [24/Mar/2026:23:08:32 +0530] "GET /favicon.ico HTTP/1.1" 404 - "https://www.hotelaromasuites.com/gallery.php" "Mozilla/5.0 (iPhone; CPU iPhone OS 16_0 like Mac OS X) AppleWebKit/605.1.15 (KHTML, like Gecko) Version/16.0 Mobile/15E148 Safari/604.1"
180.242.58.199 - - [24/Mar/2026:23:08:39 +0530] "GET /gallery.php HTTP/1.1" 404 16 "https://www.google.co.id/" "Mozilla/5.0 (iPhone; CPU iPhone OS 16_0 like Mac OS X) AppleWebKit/605.1.15 (KHTML, like Gecko) Version/16.0 Mobile/15E148 Safari/604.1"
74.7.243.213 - - [24/Mar/2026:23:08:44 +0530] "GET /css/style.css HTTP/1.1" 200 113994 "https://www.hotelaromasuites.com/" "Mozilla/5.0 AppleWebKit/537.36 (KHTML, like Gecko; compatible; GPTBot/1.3; +https://openai.com/gptbot)"
162.120.185.37 - - [24/Mar/2026:23:09:16 +0530] "GET /gallery.php HTTP/1.1" 404 16 "https://www.google.com/" "Mozilla/5.0 (Linux; Android 10; K) AppleWebKit/537.36 (KHTML, like Gecko) Chrome/146.0.0.0 Mobile Safari/537.36"
114.10.117.19 - - [24/Mar/2026:23:09:19 +0530] "GET /gallery.php HTTP/1.1" 404 16 "https://www.google.com/" "Mozilla/5.0 (Linux; Android 10; K) AppleWebKit/537.36 (KHTML, like Gecko) Chrome/146.0.0.0 Mobile Safari/537.36"
114.10.117.19 - - [24/Mar/2026:23:09:19 +0530] "GET /favicon.ico HTTP/1.1" 404 - "https://www.hotelaromasuites.com/gallery.php" "Mozilla/5.0 (Linux; Android 10; K) AppleWebKit/537.36 (KHTML, like Gecko) Chrome/146.0.0.0 Mobile Safari/537.36"
193.186.4.182 - - [24/Mar/2026:23:09:28 +0530] "GET /gallery.php HTTP/1.1" 404 16 "https://www.google.com/" "Mozilla/5.0 (Linux; Android 10; K) AppleWebKit/537.36 (KHTML, like Gecko) Chrome/146.0.0.0 Mobile Safari/537.36"
72.14.201.176 - - [24/Mar/2026:23:09:31 +0530] "GET /gallery.php HTTP/1.1" 404 16 "https://www.google.com/" "Mozilla/5.0 (Linux; Android 10; K) AppleWebKit/537.36 (KHTML, like Gecko) Chrome/146.0.0.0 Mobile Safari/537.36"
72.14.201.145 - - [24/Mar/2026:23:09:37 +0530] "GET /gallery.php HTTP/1.1" 404 16 "https://www.google.com/" "Mozilla/5.0 (Linux; Android 10; K) AppleWebKit/537.36 (KHTML, like Gecko) Chrome/146.0.0.0 Mobile Safari/537.36"
162.120.184.53 - - [24/Mar/2026:23:09:47 +0530] "GET /gallery.php HTTP/1.1" 404 16 "https://www.google.com/" "Mozilla/5.0 (Linux; Android 10; K) AppleWebKit/537.36 (KHTML, like Gecko) Chrome/146.0.0.0 Mobile Safari/537.36"
162.120.185.37 - - [24/Mar/2026:23:09:57 +0530] "GET /gallery.php HTTP/1.1" 404 16 "https://www.google.com/" "Mozilla/5.0 (Linux; Android 10; K) AppleWebKit/537.36 (KHTML, like Gecko) Chrome/146.0.0.0 Mobile Safari/537.36"
182.2.182.220 - - [24/Mar/2026:23:10:06 +0530] "GET /gallery.php HTTP/1.1" 404 16 "https://www.google.com/" "Mozilla/5.0 (Linux; Android 10; K) AppleWebKit/537.36 (KHTML, like Gecko) Chrome/146.0.0.0 Mobile Safari/537.36"
182.2.182.220 - - [24/Mar/2026:23:10:06 +0530] "GET /favicon.ico HTTP/1.1" 404 - "https://www.hotelaromasuites.com/gallery.php" "Mozilla/5.0 (Linux; Android 10; K) AppleWebKit/537.36 (KHTML, like Gecko) Chrome/146.0.0.0 Mobile Safari/537.36"
162.120.185.37 - - [24/Mar/2026:23:10:17 +0530] "GET /gallery.php HTTP/1.1" 404 16 "https://www.google.com/" "Mozilla/5.0 (Linux; Android 10; K) AppleWebKit/537.36 (KHTML, like Gecko) Chrome/146.0.0.0 Mobile Safari/537.36"
162.120.184.26 - - [24/Mar/2026:23:10:29 +0530] "GET /gallery.php HTTP/1.1" 404 16 "https://www.google.com/" "Mozilla/5.0 (Linux; Android 10; K) AppleWebKit/537.36 (KHTML, like Gecko) Chrome/146.0.0.0 Mobile Safari/537.36"
162.120.184.25 - - [24/Mar/2026:23:10:32 +0530] "GET /gallery.php HTTP/1.1" 404 16 "https://www.google.com/" "Mozilla/5.0 (Linux; Android 10; K) AppleWebKit/537.36 (KHTML, like Gecko) Chrome/146.0.0.0 Mobile Safari/537.36"
193.186.4.182 - - [24/Mar/2026:23:10:33 +0530] "GET /gallery.php HTTP/1.1" 404 16 "https://www.google.com/" "Mozilla/5.0 (Linux; Android 10; K) AppleWebKit/537.36 (KHTML, like Gecko) Chrome/145.0.0.0 Mobile Safari/537.36"
72.14.201.146 - - [24/Mar/2026:23:10:42 +0530] "GET /gallery.php HTTP/1.1" 404 16 "https://www.google.com/" "Mozilla/5.0 (Linux; Android 10; K) AppleWebKit/537.36 (KHTML, like Gecko) Chrome/146.0.0.0 Mobile Safari/537.36"
162.120.184.36 - - [24/Mar/2026:23:10:45 +0530] "GET /gallery.php HTTP/1.1" 404 16 "https://www.google.com/" "Mozilla/5.0 (Linux; Android 10; K) AppleWebKit/537.36 (KHTML, like Gecko) Chrome/146.0.0.0 Mobile Safari/537.36"
193.186.4.183 - - [24/Mar/2026:23:11:02 +0530] "GET /gallery.php HTTP/1.1" 404 16 "https://www.google.com/" "Mozilla/5.0 (Linux; Android 10; K) AppleWebKit/537.36 (KHTML, like Gecko) Chrome/146.0.0.0 Mobile Safari/537.36"
36.77.243.76 - - [24/Mar/2026:23:11:41 +0530] "GET /gallery.php HTTP/1.1" 404 16 "https://www.google.com/" "Mozilla/5.0 (Linux; Android 10; K) AppleWebKit/537.36 (KHTML, like Gecko) Chrome/145.0.0.0 Mobile Safari/537.36"
36.77.243.76 - - [24/Mar/2026:23:11:41 +0530] "GET /favicon.ico HTTP/1.1" 404 - "https://www.hotelaromasuites.com/gallery.php" "Mozilla/5.0 (Linux; Android 10; K) AppleWebKit/537.36 (KHTML, like Gecko) Chrome/145.0.0.0 Mobile Safari/537.36"
36.77.243.76 - - [24/Mar/2026:23:11:45 +0530] "GET /gallery.php HTTP/1.1" 404 16 "https://www.google.com/" "Mozilla/5.0 (Linux; Android 10; K) AppleWebKit/537.36 (KHTML, like Gecko) Chrome/145.0.0.0 Mobile Safari/537.36"
162.120.184.36 - - [24/Mar/2026:23:13:06 +0530] "GET /gallery.php HTTP/1.1" 404 16 "https://www.google.com/" "Mozilla/5.0 (Linux; Android 10; K) AppleWebKit/537.36 (KHTML, like Gecko) Chrome/145.0.0.0 Mobile Safari/537.36"
162.120.184.26 - - [24/Mar/2026:23:15:07 +0530] "GET /gallery.php HTTP/1.1" 404 16 "https://www.google.com/" "Mozilla/5.0 (Linux; Android 10; K) AppleWebKit/537.36 (KHTML, like Gecko) Chrome/146.0.0.0 Mobile Safari/537.36"
162.120.184.53 - - [24/Mar/2026:23:15:18 +0530] "GET /gallery.php HTTP/1.1" 404 16 "https://www.google.com/" "Mozilla/5.0 (Linux; Android 10; K) AppleWebKit/537.36 (KHTML, like Gecko) Chrome/146.0.0.0 Mobile Safari/537.36"
162.120.185.36 - - [24/Mar/2026:23:15:31 +0530] "GET /gallery.php HTTP/1.1" 404 16 "https://www.google.com/" "Mozilla/5.0 (Linux; Android 10; K) AppleWebKit/537.36 (KHTML, like Gecko) Chrome/146.0.0.0 Mobile Safari/537.36"
162.120.184.53 - - [24/Mar/2026:23:16:25 +0530] "GET /gallery.php HTTP/1.1" 404 16 "https://www.google.com/" "Mozilla/5.0 (Linux; Android 10; K) AppleWebKit/537.36 (KHTML, like Gecko) Chrome/146.0.0.0 Mobile Safari/537.36"
182.6.160.24 - - [24/Mar/2026:23:17:31 +0530] "GET /gallery.php HTTP/1.1" 404 16 "https://www.google.com/" "Mozilla/5.0 (iPhone; CPU iPhone OS 18_3_2 like Mac OS X) AppleWebKit/605.1.15 (KHTML, like Gecko) Version/18.3.1 Mobile/15E148 Safari/604.1"
