File manager - Edit - /var/log/apache2/domlogs/asiatechinc/hellohotelsindia.com.asiatechinc.com-ssl_log
Back
74.7.228.63 - - [28/Mar/2026:16:25:01 +0530] "GET /robots.txt HTTP/1.1" 404 - "-" "Mozilla/5.0 (Macintosh; Intel Mac OS X 10_15_7) AppleWebKit/537.36 (KHTML, like Gecko) Chrome/131.0.0.0 Safari/537.36; compatible; OAI-SearchBot/1.3; robots.txt; +https://openai.com/searchbot"
77.75.76.161 - - [28/Mar/2026:16:26:06 +0530] "GET / HTTP/1.1" 200 30238 "-" "Mozilla/5.0 (compatible; SeznamBot/4.0; +https://o-seznam.cz/napoveda/vyhledavani/en/seznambot-crawler/)"
74.7.228.63 - - [28/Mar/2026:16:30:26 +0530] "GET /robots.txt HTTP/1.1" 404 - "-" "Mozilla/5.0 (Macintosh; Intel Mac OS X 10_15_7) AppleWebKit/537.36 (KHTML, like Gecko) Chrome/131.0.0.0 Safari/537.36; compatible; OAI-SearchBot/1.3; robots.txt; +https://openai.com/searchbot"
193.186.4.143 - - [28/Mar/2026:16:31:59 +0530] "GET / HTTP/1.1" 200 30238 "https://www.google.com/" "Mozilla/5.0 (Windows NT 10.0; Win64; x64) AppleWebKit/537.36 (KHTML, like Gecko) Chrome/146.0.0.0 Safari/537.36"
106.219.152.75 - - [28/Mar/2026:16:31:59 +0530] "GET / HTTP/1.1" 200 30238 "https://www.google.com/" "Mozilla/5.0 (Windows NT 10.0; Win64; x64) AppleWebKit/537.36 (KHTML, like Gecko) Chrome/146.0.0.0 Safari/537.36"
106.219.152.75 - - [28/Mar/2026:16:32:00 +0530] "GET /css/style.css HTTP/1.1" 200 22307 "https://www.hellohotelsindia.com/" "Mozilla/5.0 (Windows NT 10.0; Win64; x64) AppleWebKit/537.36 (KHTML, like Gecko) Chrome/146.0.0.0 Safari/537.36"
106.219.152.75 - - [28/Mar/2026:16:32:00 +0530] "GET /style.css HTTP/1.1" 200 2391 "https://www.hellohotelsindia.com/" "Mozilla/5.0 (Windows NT 10.0; Win64; x64) AppleWebKit/537.36 (KHTML, like Gecko) Chrome/146.0.0.0 Safari/537.36"
106.219.152.75 - - [28/Mar/2026:16:32:00 +0530] "GET /img/logo.png HTTP/1.1" 200 31748 "https://www.hellohotelsindia.com/" "Mozilla/5.0 (Windows NT 10.0; Win64; x64) AppleWebKit/537.36 (KHTML, like Gecko) Chrome/146.0.0.0 Safari/537.36"
106.219.152.75 - - [28/Mar/2026:16:32:00 +0530] "GET /img/slider/slider-1.jpg HTTP/1.1" 200 317570 "https://www.hellohotelsindia.com/" "Mozilla/5.0 (Windows NT 10.0; Win64; x64) AppleWebKit/537.36 (KHTML, like Gecko) Chrome/146.0.0.0 Safari/537.36"
106.219.152.75 - - [28/Mar/2026:16:32:00 +0530] "GET /img/slider/slider-2.jpg HTTP/1.1" 200 313115 "https://www.hellohotelsindia.com/" "Mozilla/5.0 (Windows NT 10.0; Win64; x64) AppleWebKit/537.36 (KHTML, like Gecko) Chrome/146.0.0.0 Safari/537.36"
106.219.152.75 - - [28/Mar/2026:16:32:00 +0530] "GET /js/script.js HTTP/1.1" 200 514 "https://www.hellohotelsindia.com/" "Mozilla/5.0 (Windows NT 10.0; Win64; x64) AppleWebKit/537.36 (KHTML, like Gecko) Chrome/146.0.0.0 Safari/537.36"
106.219.152.75 - - [28/Mar/2026:16:32:00 +0530] "GET /img/slider/slider-3.jpg HTTP/1.1" 200 210771 "https://www.hellohotelsindia.com/" "Mozilla/5.0 (Windows NT 10.0; Win64; x64) AppleWebKit/537.36 (KHTML, like Gecko) Chrome/146.0.0.0 Safari/537.36"
106.219.152.75 - - [28/Mar/2026:16:32:00 +0530] "GET /script.js HTTP/1.1" 200 315 "https://www.hellohotelsindia.com/" "Mozilla/5.0 (Windows NT 10.0; Win64; x64) AppleWebKit/537.36 (KHTML, like Gecko) Chrome/146.0.0.0 Safari/537.36"
106.219.152.75 - - [28/Mar/2026:16:32:00 +0530] "GET /img/slider/slider-4.jpg HTTP/1.1" 200 269453 "https://www.hellohotelsindia.com/" "Mozilla/5.0 (Windows NT 10.0; Win64; x64) AppleWebKit/537.36 (KHTML, like Gecko) Chrome/146.0.0.0 Safari/537.36"
106.219.152.75 - - [28/Mar/2026:16:32:00 +0530] "GET /img/slider/slider-5.jpg HTTP/1.1" 200 253755 "https://www.hellohotelsindia.com/" "Mozilla/5.0 (Windows NT 10.0; Win64; x64) AppleWebKit/537.36 (KHTML, like Gecko) Chrome/146.0.0.0 Safari/537.36"
106.219.152.75 - - [28/Mar/2026:16:32:00 +0530] "GET /img/slider/slider-6.jpg HTTP/1.1" 200 324273 "https://www.hellohotelsindia.com/" "Mozilla/5.0 (Windows NT 10.0; Win64; x64) AppleWebKit/537.36 (KHTML, like Gecko) Chrome/146.0.0.0 Safari/537.36"
106.219.152.75 - - [28/Mar/2026:16:32:00 +0530] "GET /img/slider/slider-7.jpg HTTP/1.1" 200 316520 "https://www.hellohotelsindia.com/" "Mozilla/5.0 (Windows NT 10.0; Win64; x64) AppleWebKit/537.36 (KHTML, like Gecko) Chrome/146.0.0.0 Safari/537.36"
106.219.152.75 - - [28/Mar/2026:16:32:00 +0530] "GET /img/slider/slider-8.jpg HTTP/1.1" 200 284466 "https://www.hellohotelsindia.com/" "Mozilla/5.0 (Windows NT 10.0; Win64; x64) AppleWebKit/537.36 (KHTML, like Gecko) Chrome/146.0.0.0 Safari/537.36"
106.219.152.75 - - [28/Mar/2026:16:32:00 +0530] "GET /img/slider/slider-10.jpg HTTP/1.1" 200 227847 "https://www.hellohotelsindia.com/" "Mozilla/5.0 (Windows NT 10.0; Win64; x64) AppleWebKit/537.36 (KHTML, like Gecko) Chrome/146.0.0.0 Safari/537.36"
106.219.152.75 - - [28/Mar/2026:16:32:00 +0530] "GET /img/slider/slider-11.jpg HTTP/1.1" 200 282679 "https://www.hellohotelsindia.com/" "Mozilla/5.0 (Windows NT 10.0; Win64; x64) AppleWebKit/537.36 (KHTML, like Gecko) Chrome/146.0.0.0 Safari/537.36"
106.219.152.75 - - [28/Mar/2026:16:32:00 +0530] "GET /img/slider/slider-12.jpg HTTP/1.1" 200 296909 "https://www.hellohotelsindia.com/" "Mozilla/5.0 (Windows NT 10.0; Win64; x64) AppleWebKit/537.36 (KHTML, like Gecko) Chrome/146.0.0.0 Safari/537.36"
106.219.152.75 - - [28/Mar/2026:16:32:00 +0530] "GET /img/slider/slider-13.jpg HTTP/1.1" 200 234186 "https://www.hellohotelsindia.com/" "Mozilla/5.0 (Windows NT 10.0; Win64; x64) AppleWebKit/537.36 (KHTML, like Gecko) Chrome/146.0.0.0 Safari/537.36"
106.219.152.75 - - [28/Mar/2026:16:32:00 +0530] "GET /img/why/1.jpg HTTP/1.1" 200 154738 "https://www.hellohotelsindia.com/" "Mozilla/5.0 (Windows NT 10.0; Win64; x64) AppleWebKit/537.36 (KHTML, like Gecko) Chrome/146.0.0.0 Safari/537.36"
106.219.152.75 - - [28/Mar/2026:16:32:00 +0530] "GET /img/slider/slider-14.jpg HTTP/1.1" 200 253832 "https://www.hellohotelsindia.com/" "Mozilla/5.0 (Windows NT 10.0; Win64; x64) AppleWebKit/537.36 (KHTML, like Gecko) Chrome/146.0.0.0 Safari/537.36"
106.219.152.75 - - [28/Mar/2026:16:32:00 +0530] "GET /img/why/2.jpg HTTP/1.1" 200 233984 "https://www.hellohotelsindia.com/" "Mozilla/5.0 (Windows NT 10.0; Win64; x64) AppleWebKit/537.36 (KHTML, like Gecko) Chrome/146.0.0.0 Safari/537.36"
106.219.152.75 - - [28/Mar/2026:16:32:00 +0530] "GET /img/activities/1.jpg HTTP/1.1" 200 61749 "https://www.hellohotelsindia.com/" "Mozilla/5.0 (Windows NT 10.0; Win64; x64) AppleWebKit/537.36 (KHTML, like Gecko) Chrome/146.0.0.0 Safari/537.36"
106.219.152.75 - - [28/Mar/2026:16:32:00 +0530] "GET /img/activities/2.jpg HTTP/1.1" 200 53258 "https://www.hellohotelsindia.com/" "Mozilla/5.0 (Windows NT 10.0; Win64; x64) AppleWebKit/537.36 (KHTML, like Gecko) Chrome/146.0.0.0 Safari/537.36"
106.219.152.75 - - [28/Mar/2026:16:32:00 +0530] "GET /img/activities/3.jpg HTTP/1.1" 200 54891 "https://www.hellohotelsindia.com/" "Mozilla/5.0 (Windows NT 10.0; Win64; x64) AppleWebKit/537.36 (KHTML, like Gecko) Chrome/146.0.0.0 Safari/537.36"
106.219.152.75 - - [28/Mar/2026:16:32:00 +0530] "GET /img/icons/1.png HTTP/1.1" 200 3013 "https://www.hellohotelsindia.com/" "Mozilla/5.0 (Windows NT 10.0; Win64; x64) AppleWebKit/537.36 (KHTML, like Gecko) Chrome/146.0.0.0 Safari/537.36"
106.219.152.75 - - [28/Mar/2026:16:32:00 +0530] "GET /img/icons/2.png HTTP/1.1" 200 4069 "https://www.hellohotelsindia.com/" "Mozilla/5.0 (Windows NT 10.0; Win64; x64) AppleWebKit/537.36 (KHTML, like Gecko) Chrome/146.0.0.0 Safari/537.36"
106.219.152.75 - - [28/Mar/2026:16:32:00 +0530] "GET /img/slider/slider-9.jpg HTTP/1.1" 200 116086 "https://www.hellohotelsindia.com/" "Mozilla/5.0 (Windows NT 10.0; Win64; x64) AppleWebKit/537.36 (KHTML, like Gecko) Chrome/146.0.0.0 Safari/537.36"
106.219.152.75 - - [28/Mar/2026:16:32:00 +0530] "GET /img/icons/3.png HTTP/1.1" 200 3391 "https://www.hellohotelsindia.com/" "Mozilla/5.0 (Windows NT 10.0; Win64; x64) AppleWebKit/537.36 (KHTML, like Gecko) Chrome/146.0.0.0 Safari/537.36"
106.219.152.75 - - [28/Mar/2026:16:32:00 +0530] "GET /img/icons/4.png HTTP/1.1" 200 5000 "https://www.hellohotelsindia.com/" "Mozilla/5.0 (Windows NT 10.0; Win64; x64) AppleWebKit/537.36 (KHTML, like Gecko) Chrome/146.0.0.0 Safari/537.36"
106.219.152.75 - - [28/Mar/2026:16:32:00 +0530] "GET /img/icons/5.png HTTP/1.1" 200 3128 "https://www.hellohotelsindia.com/" "Mozilla/5.0 (Windows NT 10.0; Win64; x64) AppleWebKit/537.36 (KHTML, like Gecko) Chrome/146.0.0.0 Safari/537.36"
106.219.152.75 - - [28/Mar/2026:16:32:00 +0530] "GET /img/icons/6.png HTTP/1.1" 200 3549 "https://www.hellohotelsindia.com/" "Mozilla/5.0 (Windows NT 10.0; Win64; x64) AppleWebKit/537.36 (KHTML, like Gecko) Chrome/146.0.0.0 Safari/537.36"
106.219.152.75 - - [28/Mar/2026:16:32:00 +0530] "GET /img/icons/7.png HTTP/1.1" 200 4038 "https://www.hellohotelsindia.com/" "Mozilla/5.0 (Windows NT 10.0; Win64; x64) AppleWebKit/537.36 (KHTML, like Gecko) Chrome/146.0.0.0 Safari/537.36"
106.219.152.75 - - [28/Mar/2026:16:32:00 +0530] "GET /img/icons/8.png HTTP/1.1" 200 3622 "https://www.hellohotelsindia.com/" "Mozilla/5.0 (Windows NT 10.0; Win64; x64) AppleWebKit/537.36 (KHTML, like Gecko) Chrome/146.0.0.0 Safari/537.36"
106.219.152.75 - - [28/Mar/2026:16:32:00 +0530] "GET /img/phone-call.png HTTP/1.1" 200 894 "https://www.hellohotelsindia.com/" "Mozilla/5.0 (Windows NT 10.0; Win64; x64) AppleWebKit/537.36 (KHTML, like Gecko) Chrome/146.0.0.0 Safari/537.36"
106.219.152.75 - - [28/Mar/2026:16:32:00 +0530] "GET /img/email.png HTTP/1.1" 200 945 "https://www.hellohotelsindia.com/" "Mozilla/5.0 (Windows NT 10.0; Win64; x64) AppleWebKit/537.36 (KHTML, like Gecko) Chrome/146.0.0.0 Safari/537.36"
106.219.152.75 - - [28/Mar/2026:16:32:00 +0530] "GET /img/footer-logo.png HTTP/1.1" 200 31391 "https://www.hellohotelsindia.com/" "Mozilla/5.0 (Windows NT 10.0; Win64; x64) AppleWebKit/537.36 (KHTML, like Gecko) Chrome/146.0.0.0 Safari/537.36"
106.219.152.75 - - [28/Mar/2026:16:32:00 +0530] "GET /img/icons/facebook.png HTTP/1.1" 200 1891 "https://www.hellohotelsindia.com/" "Mozilla/5.0 (Windows NT 10.0; Win64; x64) AppleWebKit/537.36 (KHTML, like Gecko) Chrome/146.0.0.0 Safari/537.36"
106.219.152.75 - - [28/Mar/2026:16:32:00 +0530] "GET /img/icons/twitter.png HTTP/1.1" 200 2395 "https://www.hellohotelsindia.com/" "Mozilla/5.0 (Windows NT 10.0; Win64; x64) AppleWebKit/537.36 (KHTML, like Gecko) Chrome/146.0.0.0 Safari/537.36"
106.219.152.75 - - [28/Mar/2026:16:32:00 +0530] "GET /img/icons/tripadvisor.png HTTP/1.1" 200 2757 "https://www.hellohotelsindia.com/" "Mozilla/5.0 (Windows NT 10.0; Win64; x64) AppleWebKit/537.36 (KHTML, like Gecko) Chrome/146.0.0.0 Safari/537.36"
106.219.152.75 - - [28/Mar/2026:16:32:00 +0530] "GET /img/icons/youtube.png HTTP/1.1" 200 1328 "https://www.hellohotelsindia.com/" "Mozilla/5.0 (Windows NT 10.0; Win64; x64) AppleWebKit/537.36 (KHTML, like Gecko) Chrome/146.0.0.0 Safari/537.36"
106.219.152.75 - - [28/Mar/2026:16:32:00 +0530] "GET /img/icons/google.png HTTP/1.1" 200 2354 "https://www.hellohotelsindia.com/" "Mozilla/5.0 (Windows NT 10.0; Win64; x64) AppleWebKit/537.36 (KHTML, like Gecko) Chrome/146.0.0.0 Safari/537.36"
106.219.152.75 - - [28/Mar/2026:16:32:00 +0530] "GET /img/call.png HTTP/1.1" 200 1305 "https://www.hellohotelsindia.com/" "Mozilla/5.0 (Windows NT 10.0; Win64; x64) AppleWebKit/537.36 (KHTML, like Gecko) Chrome/146.0.0.0 Safari/537.36"
106.219.152.75 - - [28/Mar/2026:16:32:00 +0530] "GET /img/whatsapp.png HTTP/1.1" 200 3457 "https://www.hellohotelsindia.com/" "Mozilla/5.0 (Windows NT 10.0; Win64; x64) AppleWebKit/537.36 (KHTML, like Gecko) Chrome/146.0.0.0 Safari/537.36"
106.219.152.75 - - [28/Mar/2026:16:32:00 +0530] "GET /img/about-banner.jpg HTTP/1.1" 200 155081 "https://www.hellohotelsindia.com/css/style.css" "Mozilla/5.0 (Windows NT 10.0; Win64; x64) AppleWebKit/537.36 (KHTML, like Gecko) Chrome/146.0.0.0 Safari/537.36"
106.219.152.75 - - [28/Mar/2026:16:32:02 +0530] "GET /img/favicon.ico HTTP/1.1" 200 4577 "https://www.hellohotelsindia.com/" "Mozilla/5.0 (Windows NT 10.0; Win64; x64) AppleWebKit/537.36 (KHTML, like Gecko) Chrome/146.0.0.0 Safari/537.36"
106.219.152.75 - - [28/Mar/2026:16:32:06 +0530] "GET / HTTP/1.1" 200 30238 "-" "WhatsApp/2.23.20.0"
74.7.228.63 - - [28/Mar/2026:16:36:14 +0530] "GET /robots.txt HTTP/1.1" 404 - "-" "Mozilla/5.0 (Macintosh; Intel Mac OS X 10_15_7) AppleWebKit/537.36 (KHTML, like Gecko) Chrome/131.0.0.0 Safari/537.36; compatible; OAI-SearchBot/1.3; robots.txt; +https://openai.com/searchbot"
57.141.16.103 - - [28/Mar/2026:16:38:01 +0530] "GET /sitemap.xml HTTP/1.1" 200 4301 "-" "meta-externalagent/1.1 (+https://developers.facebook.com/docs/sharing/webmasters/crawler)"
74.7.228.63 - - [28/Mar/2026:16:44:25 +0530] "GET /robots.txt HTTP/1.1" 404 - "-" "Mozilla/5.0 (Macintosh; Intel Mac OS X 10_15_7) AppleWebKit/537.36 (KHTML, like Gecko) Chrome/131.0.0.0 Safari/537.36; compatible; OAI-SearchBot/1.3; robots.txt; +https://openai.com/searchbot"
119.249.100.46 - - [28/Mar/2026:16:49:55 +0530] "GET /accommodation-categories/hotel-taksh-inn/ HTTP/1.1" 404 - "-" "Mozilla/5.0 (Windows NT 10.0; WOW64) AppleWebKit/537.36 (KHTML, like Gecko) Chrome/48.0.2564.116 Safari/537.36"
74.7.228.63 - - [28/Mar/2026:16:50:52 +0530] "GET /robots.txt HTTP/1.1" 404 - "-" "Mozilla/5.0 (Macintosh; Intel Mac OS X 10_15_7) AppleWebKit/537.36 (KHTML, like Gecko) Chrome/131.0.0.0 Safari/537.36; compatible; OAI-SearchBot/1.3; robots.txt; +https://openai.com/searchbot"
27.63.18.18 - - [28/Mar/2026:16:52:18 +0530] "GET / HTTP/1.1" 200 30238 "-" "Mozilla/5.0 (Linux; U; Android 14; en-us; CPH2381 Build/UKQ1.230924.001) AppleWebKit/537.36 (KHTML, like Gecko) Chrome/125.0.6422.72 Mobile Safari/537.36 HeyTapBrowser/45.13.8.1"
27.63.18.18 - - [28/Mar/2026:16:52:21 +0530] "GET /style.css HTTP/1.1" 200 2391 "https://www.hellohotelsindia.com/" "Mozilla/5.0 (Linux; U; Android 14; en-us; CPH2381 Build/UKQ1.230924.001) AppleWebKit/537.36 (KHTML, like Gecko) Chrome/125.0.6422.72 Mobile Safari/537.36 HeyTapBrowser/45.13.8.1"
27.63.18.18 - - [28/Mar/2026:16:52:22 +0530] "GET /img/logo.png HTTP/1.1" 200 31748 "https://www.hellohotelsindia.com/" "Mozilla/5.0 (Linux; U; Android 14; en-us; CPH2381 Build/UKQ1.230924.001) AppleWebKit/537.36 (KHTML, like Gecko) Chrome/125.0.6422.72 Mobile Safari/537.36 HeyTapBrowser/45.13.8.1"
27.63.18.18 - - [28/Mar/2026:16:52:24 +0530] "GET /img/slider/slider-2.jpg HTTP/1.1" 200 313115 "https://www.hellohotelsindia.com/" "Mozilla/5.0 (Linux; U; Android 14; en-us; CPH2381 Build/UKQ1.230924.001) AppleWebKit/537.36 (KHTML, like Gecko) Chrome/125.0.6422.72 Mobile Safari/537.36 HeyTapBrowser/45.13.8.1"
27.63.18.18 - - [28/Mar/2026:16:52:28 +0530] "GET /img/slider/slider-1.jpg HTTP/1.1" 200 317570 "https://www.hellohotelsindia.com/" "Mozilla/5.0 (Linux; U; Android 14; en-us; CPH2381 Build/UKQ1.230924.001) AppleWebKit/537.36 (KHTML, like Gecko) Chrome/125.0.6422.72 Mobile Safari/537.36 HeyTapBrowser/45.13.8.1"
27.63.18.18 - - [28/Mar/2026:16:52:28 +0530] "GET /img/slider/slider-3.jpg HTTP/1.1" 200 210771 "https://www.hellohotelsindia.com/" "Mozilla/5.0 (Linux; U; Android 14; en-us; CPH2381 Build/UKQ1.230924.001) AppleWebKit/537.36 (KHTML, like Gecko) Chrome/125.0.6422.72 Mobile Safari/537.36 HeyTapBrowser/45.13.8.1"
27.63.18.18 - - [28/Mar/2026:16:52:29 +0530] "GET /img/slider/slider-4.jpg HTTP/1.1" 200 269453 "https://www.hellohotelsindia.com/" "Mozilla/5.0 (Linux; U; Android 14; en-us; CPH2381 Build/UKQ1.230924.001) AppleWebKit/537.36 (KHTML, like Gecko) Chrome/125.0.6422.72 Mobile Safari/537.36 HeyTapBrowser/45.13.8.1"
27.63.18.18 - - [28/Mar/2026:16:52:33 +0530] "GET / HTTP/1.1" 200 30238 "-" "Mozilla/5.0 (Linux; U; Android 14; en-us; CPH2381 Build/UKQ1.230924.001) AppleWebKit/537.36 (KHTML, like Gecko) Chrome/125.0.6422.72 Mobile Safari/537.36 HeyTapBrowser/45.13.8.1"
27.63.18.18 - - [28/Mar/2026:16:52:33 +0530] "GET /css/style.css HTTP/1.1" 200 22307 "https://www.hellohotelsindia.com/" "Mozilla/5.0 (Linux; U; Android 14; en-us; CPH2381 Build/UKQ1.230924.001) AppleWebKit/537.36 (KHTML, like Gecko) Chrome/125.0.6422.72 Mobile Safari/537.36 HeyTapBrowser/45.13.8.1"
27.63.18.18 - - [28/Mar/2026:16:52:33 +0530] "GET /img/slider/slider-1.jpg HTTP/1.1" 206 1 "https://www.hellohotelsindia.com/" "Mozilla/5.0 (Linux; U; Android 14; en-us; CPH2381 Build/UKQ1.230924.001) AppleWebKit/537.36 (KHTML, like Gecko) Chrome/125.0.6422.72 Mobile Safari/537.36 HeyTapBrowser/45.13.8.1"
27.63.18.18 - - [28/Mar/2026:16:52:33 +0530] "GET /img/slider/slider-4.jpg HTTP/1.1" 206 1 "https://www.hellohotelsindia.com/" "Mozilla/5.0 (Linux; U; Android 14; en-us; CPH2381 Build/UKQ1.230924.001) AppleWebKit/537.36 (KHTML, like Gecko) Chrome/125.0.6422.72 Mobile Safari/537.36 HeyTapBrowser/45.13.8.1"
27.63.18.18 - - [28/Mar/2026:16:52:33 +0530] "GET /img/slider/slider-1.jpg HTTP/1.1" 206 93624 "https://www.hellohotelsindia.com/" "Mozilla/5.0 (Linux; U; Android 14; en-us; CPH2381 Build/UKQ1.230924.001) AppleWebKit/537.36 (KHTML, like Gecko) Chrome/125.0.6422.72 Mobile Safari/537.36 HeyTapBrowser/45.13.8.1"
27.63.18.18 - - [28/Mar/2026:16:52:33 +0530] "GET /img/slider/slider-4.jpg HTTP/1.1" 206 101506 "https://www.hellohotelsindia.com/" "Mozilla/5.0 (Linux; U; Android 14; en-us; CPH2381 Build/UKQ1.230924.001) AppleWebKit/537.36 (KHTML, like Gecko) Chrome/125.0.6422.72 Mobile Safari/537.36 HeyTapBrowser/45.13.8.1"
27.63.18.18 - - [28/Mar/2026:16:52:34 +0530] "GET /js/script.js HTTP/1.1" 200 514 "https://www.hellohotelsindia.com/" "Mozilla/5.0 (Linux; U; Android 14; en-us; CPH2381 Build/UKQ1.230924.001) AppleWebKit/537.36 (KHTML, like Gecko) Chrome/125.0.6422.72 Mobile Safari/537.36 HeyTapBrowser/45.13.8.1"
27.63.18.18 - - [28/Mar/2026:16:52:34 +0530] "GET /script.js HTTP/1.1" 200 315 "https://www.hellohotelsindia.com/" "Mozilla/5.0 (Linux; U; Android 14; en-us; CPH2381 Build/UKQ1.230924.001) AppleWebKit/537.36 (KHTML, like Gecko) Chrome/125.0.6422.72 Mobile Safari/537.36 HeyTapBrowser/45.13.8.1"
27.63.18.18 - - [28/Mar/2026:16:52:34 +0530] "GET /img/slider/slider-7.jpg HTTP/1.1" 200 316520 "https://www.hellohotelsindia.com/" "Mozilla/5.0 (Linux; U; Android 14; en-us; CPH2381 Build/UKQ1.230924.001) AppleWebKit/537.36 (KHTML, like Gecko) Chrome/125.0.6422.72 Mobile Safari/537.36 HeyTapBrowser/45.13.8.1"
27.63.18.18 - - [28/Mar/2026:16:52:34 +0530] "GET /img/slider/slider-9.jpg HTTP/1.1" 200 116086 "https://www.hellohotelsindia.com/" "Mozilla/5.0 (Linux; U; Android 14; en-us; CPH2381 Build/UKQ1.230924.001) AppleWebKit/537.36 (KHTML, like Gecko) Chrome/125.0.6422.72 Mobile Safari/537.36 HeyTapBrowser/45.13.8.1"
27.63.18.18 - - [28/Mar/2026:16:52:34 +0530] "GET /img/slider/slider-8.jpg HTTP/1.1" 200 284466 "https://www.hellohotelsindia.com/" "Mozilla/5.0 (Linux; U; Android 14; en-us; CPH2381 Build/UKQ1.230924.001) AppleWebKit/537.36 (KHTML, like Gecko) Chrome/125.0.6422.72 Mobile Safari/537.36 HeyTapBrowser/45.13.8.1"
27.63.18.18 - - [28/Mar/2026:16:52:34 +0530] "GET /img/icons/facebook.png HTTP/1.1" 200 1891 "https://www.hellohotelsindia.com/" "Mozilla/5.0 (Linux; U; Android 14; en-us; CPH2381 Build/UKQ1.230924.001) AppleWebKit/537.36 (KHTML, like Gecko) Chrome/125.0.6422.72 Mobile Safari/537.36 HeyTapBrowser/45.13.8.1"
27.63.18.18 - - [28/Mar/2026:16:52:34 +0530] "GET /img/icons/twitter.png HTTP/1.1" 200 2395 "https://www.hellohotelsindia.com/" "Mozilla/5.0 (Linux; U; Android 14; en-us; CPH2381 Build/UKQ1.230924.001) AppleWebKit/537.36 (KHTML, like Gecko) Chrome/125.0.6422.72 Mobile Safari/537.36 HeyTapBrowser/45.13.8.1"
27.63.18.18 - - [28/Mar/2026:16:52:34 +0530] "GET /img/slider/slider-5.jpg HTTP/1.1" 200 253755 "https://www.hellohotelsindia.com/" "Mozilla/5.0 (Linux; U; Android 14; en-us; CPH2381 Build/UKQ1.230924.001) AppleWebKit/537.36 (KHTML, like Gecko) Chrome/125.0.6422.72 Mobile Safari/537.36 HeyTapBrowser/45.13.8.1"
27.63.18.18 - - [28/Mar/2026:16:52:34 +0530] "GET /img/slider/slider-6.jpg HTTP/1.1" 200 324273 "https://www.hellohotelsindia.com/" "Mozilla/5.0 (Linux; U; Android 14; en-us; CPH2381 Build/UKQ1.230924.001) AppleWebKit/537.36 (KHTML, like Gecko) Chrome/125.0.6422.72 Mobile Safari/537.36 HeyTapBrowser/45.13.8.1"
27.63.18.18 - - [28/Mar/2026:16:52:35 +0530] "GET /img/icons/google.png HTTP/1.1" 200 2354 "https://www.hellohotelsindia.com/" "Mozilla/5.0 (Linux; U; Android 14; en-us; CPH2381 Build/UKQ1.230924.001) AppleWebKit/537.36 (KHTML, like Gecko) Chrome/125.0.6422.72 Mobile Safari/537.36 HeyTapBrowser/45.13.8.1"
27.63.18.18 - - [28/Mar/2026:16:52:35 +0530] "GET /img/icons/tripadvisor.png HTTP/1.1" 200 2757 "https://www.hellohotelsindia.com/" "Mozilla/5.0 (Linux; U; Android 14; en-us; CPH2381 Build/UKQ1.230924.001) AppleWebKit/537.36 (KHTML, like Gecko) Chrome/125.0.6422.72 Mobile Safari/537.36 HeyTapBrowser/45.13.8.1"
27.63.18.18 - - [28/Mar/2026:16:52:35 +0530] "GET /img/call.png HTTP/1.1" 200 1305 "https://www.hellohotelsindia.com/" "Mozilla/5.0 (Linux; U; Android 14; en-us; CPH2381 Build/UKQ1.230924.001) AppleWebKit/537.36 (KHTML, like Gecko) Chrome/125.0.6422.72 Mobile Safari/537.36 HeyTapBrowser/45.13.8.1"
27.63.18.18 - - [28/Mar/2026:16:52:35 +0530] "GET /img/icons/youtube.png HTTP/1.1" 200 1328 "https://www.hellohotelsindia.com/" "Mozilla/5.0 (Linux; U; Android 14; en-us; CPH2381 Build/UKQ1.230924.001) AppleWebKit/537.36 (KHTML, like Gecko) Chrome/125.0.6422.72 Mobile Safari/537.36 HeyTapBrowser/45.13.8.1"
27.63.18.18 - - [28/Mar/2026:16:52:35 +0530] "GET /img/whatsapp.png HTTP/1.1" 200 3457 "https://www.hellohotelsindia.com/" "Mozilla/5.0 (Linux; U; Android 14; en-us; CPH2381 Build/UKQ1.230924.001) AppleWebKit/537.36 (KHTML, like Gecko) Chrome/125.0.6422.72 Mobile Safari/537.36 HeyTapBrowser/45.13.8.1"
27.63.18.18 - - [28/Mar/2026:16:52:35 +0530] "GET /img/why/1.jpg HTTP/1.1" 200 154738 "https://www.hellohotelsindia.com/" "Mozilla/5.0 (Linux; U; Android 14; en-us; CPH2381 Build/UKQ1.230924.001) AppleWebKit/537.36 (KHTML, like Gecko) Chrome/125.0.6422.72 Mobile Safari/537.36 HeyTapBrowser/45.13.8.1"
27.63.18.18 - - [28/Mar/2026:16:52:35 +0530] "GET /img/why/2.jpg HTTP/1.1" 200 233984 "https://www.hellohotelsindia.com/" "Mozilla/5.0 (Linux; U; Android 14; en-us; CPH2381 Build/UKQ1.230924.001) AppleWebKit/537.36 (KHTML, like Gecko) Chrome/125.0.6422.72 Mobile Safari/537.36 HeyTapBrowser/45.13.8.1"
27.63.18.18 - - [28/Mar/2026:16:52:35 +0530] "GET /img/activities/1.jpg HTTP/1.1" 200 61749 "https://www.hellohotelsindia.com/" "Mozilla/5.0 (Linux; U; Android 14; en-us; CPH2381 Build/UKQ1.230924.001) AppleWebKit/537.36 (KHTML, like Gecko) Chrome/125.0.6422.72 Mobile Safari/537.36 HeyTapBrowser/45.13.8.1"
27.63.18.18 - - [28/Mar/2026:16:52:35 +0530] "GET /img/activities/2.jpg HTTP/1.1" 200 53258 "https://www.hellohotelsindia.com/" "Mozilla/5.0 (Linux; U; Android 14; en-us; CPH2381 Build/UKQ1.230924.001) AppleWebKit/537.36 (KHTML, like Gecko) Chrome/125.0.6422.72 Mobile Safari/537.36 HeyTapBrowser/45.13.8.1"
27.63.18.18 - - [28/Mar/2026:16:52:35 +0530] "GET /img/activities/3.jpg HTTP/1.1" 200 54891 "https://www.hellohotelsindia.com/" "Mozilla/5.0 (Linux; U; Android 14; en-us; CPH2381 Build/UKQ1.230924.001) AppleWebKit/537.36 (KHTML, like Gecko) Chrome/125.0.6422.72 Mobile Safari/537.36 HeyTapBrowser/45.13.8.1"
27.63.18.18 - - [28/Mar/2026:16:52:35 +0530] "GET /img/icons/2.png HTTP/1.1" 200 4069 "https://www.hellohotelsindia.com/" "Mozilla/5.0 (Linux; U; Android 14; en-us; CPH2381 Build/UKQ1.230924.001) AppleWebKit/537.36 (KHTML, like Gecko) Chrome/125.0.6422.72 Mobile Safari/537.36 HeyTapBrowser/45.13.8.1"
27.63.18.18 - - [28/Mar/2026:16:52:36 +0530] "GET /img/slider/slider-14.jpg HTTP/1.1" 200 253832 "https://www.hellohotelsindia.com/" "Mozilla/5.0 (Linux; U; Android 14; en-us; CPH2381 Build/UKQ1.230924.001) AppleWebKit/537.36 (KHTML, like Gecko) Chrome/125.0.6422.72 Mobile Safari/537.36 HeyTapBrowser/45.13.8.1"
27.63.18.18 - - [28/Mar/2026:16:52:36 +0530] "GET /img/icons/4.png HTTP/1.1" 200 5000 "https://www.hellohotelsindia.com/" "Mozilla/5.0 (Linux; U; Android 14; en-us; CPH2381 Build/UKQ1.230924.001) AppleWebKit/537.36 (KHTML, like Gecko) Chrome/125.0.6422.72 Mobile Safari/537.36 HeyTapBrowser/45.13.8.1"
27.63.18.18 - - [28/Mar/2026:16:52:36 +0530] "GET /img/icons/5.png HTTP/1.1" 200 3128 "https://www.hellohotelsindia.com/" "Mozilla/5.0 (Linux; U; Android 14; en-us; CPH2381 Build/UKQ1.230924.001) AppleWebKit/537.36 (KHTML, like Gecko) Chrome/125.0.6422.72 Mobile Safari/537.36 HeyTapBrowser/45.13.8.1"
27.63.18.18 - - [28/Mar/2026:16:52:36 +0530] "GET /img/icons/3.png HTTP/1.1" 200 3391 "https://www.hellohotelsindia.com/" "Mozilla/5.0 (Linux; U; Android 14; en-us; CPH2381 Build/UKQ1.230924.001) AppleWebKit/537.36 (KHTML, like Gecko) Chrome/125.0.6422.72 Mobile Safari/537.36 HeyTapBrowser/45.13.8.1"
27.63.18.18 - - [28/Mar/2026:16:52:35 +0530] "GET /img/slider/slider-11.jpg HTTP/1.1" 200 282679 "https://www.hellohotelsindia.com/" "Mozilla/5.0 (Linux; U; Android 14; en-us; CPH2381 Build/UKQ1.230924.001) AppleWebKit/537.36 (KHTML, like Gecko) Chrome/125.0.6422.72 Mobile Safari/537.36 HeyTapBrowser/45.13.8.1"
27.63.18.18 - - [28/Mar/2026:16:52:36 +0530] "GET /img/icons/6.png HTTP/1.1" 200 3549 "https://www.hellohotelsindia.com/" "Mozilla/5.0 (Linux; U; Android 14; en-us; CPH2381 Build/UKQ1.230924.001) AppleWebKit/537.36 (KHTML, like Gecko) Chrome/125.0.6422.72 Mobile Safari/537.36 HeyTapBrowser/45.13.8.1"
27.63.18.18 - - [28/Mar/2026:16:52:35 +0530] "GET /img/slider/slider-10.jpg HTTP/1.1" 200 227847 "https://www.hellohotelsindia.com/" "Mozilla/5.0 (Linux; U; Android 14; en-us; CPH2381 Build/UKQ1.230924.001) AppleWebKit/537.36 (KHTML, like Gecko) Chrome/125.0.6422.72 Mobile Safari/537.36 HeyTapBrowser/45.13.8.1"
27.63.18.18 - - [28/Mar/2026:16:52:37 +0530] "GET /img/icons/7.png HTTP/1.1" 200 4038 "https://www.hellohotelsindia.com/" "Mozilla/5.0 (Linux; U; Android 14; en-us; CPH2381 Build/UKQ1.230924.001) AppleWebKit/537.36 (KHTML, like Gecko) Chrome/125.0.6422.72 Mobile Safari/537.36 HeyTapBrowser/45.13.8.1"
27.63.18.18 - - [28/Mar/2026:16:52:37 +0530] "GET /img/icons/8.png HTTP/1.1" 200 3622 "https://www.hellohotelsindia.com/" "Mozilla/5.0 (Linux; U; Android 14; en-us; CPH2381 Build/UKQ1.230924.001) AppleWebKit/537.36 (KHTML, like Gecko) Chrome/125.0.6422.72 Mobile Safari/537.36 HeyTapBrowser/45.13.8.1"
27.63.18.18 - - [28/Mar/2026:16:52:37 +0530] "GET /img/phone-call.png HTTP/1.1" 200 894 "https://www.hellohotelsindia.com/" "Mozilla/5.0 (Linux; U; Android 14; en-us; CPH2381 Build/UKQ1.230924.001) AppleWebKit/537.36 (KHTML, like Gecko) Chrome/125.0.6422.72 Mobile Safari/537.36 HeyTapBrowser/45.13.8.1"
27.63.18.18 - - [28/Mar/2026:16:52:37 +0530] "GET /img/icons/1.png HTTP/1.1" 200 3013 "https://www.hellohotelsindia.com/" "Mozilla/5.0 (Linux; U; Android 14; en-us; CPH2381 Build/UKQ1.230924.001) AppleWebKit/537.36 (KHTML, like Gecko) Chrome/125.0.6422.72 Mobile Safari/537.36 HeyTapBrowser/45.13.8.1"
27.63.18.18 - - [28/Mar/2026:16:52:37 +0530] "GET /img/footer-logo.png HTTP/1.1" 200 31391 "https://www.hellohotelsindia.com/" "Mozilla/5.0 (Linux; U; Android 14; en-us; CPH2381 Build/UKQ1.230924.001) AppleWebKit/537.36 (KHTML, like Gecko) Chrome/125.0.6422.72 Mobile Safari/537.36 HeyTapBrowser/45.13.8.1"
27.63.18.18 - - [28/Mar/2026:16:52:37 +0530] "GET /img/email.png HTTP/1.1" 200 945 "https://www.hellohotelsindia.com/" "Mozilla/5.0 (Linux; U; Android 14; en-us; CPH2381 Build/UKQ1.230924.001) AppleWebKit/537.36 (KHTML, like Gecko) Chrome/125.0.6422.72 Mobile Safari/537.36 HeyTapBrowser/45.13.8.1"
27.63.18.18 - - [28/Mar/2026:16:52:37 +0530] "GET /img/about-banner.jpg HTTP/1.1" 200 155081 "https://www.hellohotelsindia.com/css/style.css" "Mozilla/5.0 (Linux; U; Android 14; en-us; CPH2381 Build/UKQ1.230924.001) AppleWebKit/537.36 (KHTML, like Gecko) Chrome/125.0.6422.72 Mobile Safari/537.36 HeyTapBrowser/45.13.8.1"
27.63.18.18 - - [28/Mar/2026:16:52:37 +0530] "GET /img/slider/slider-13.jpg HTTP/1.1" 200 234186 "https://www.hellohotelsindia.com/" "Mozilla/5.0 (Linux; U; Android 14; en-us; CPH2381 Build/UKQ1.230924.001) AppleWebKit/537.36 (KHTML, like Gecko) Chrome/125.0.6422.72 Mobile Safari/537.36 HeyTapBrowser/45.13.8.1"
27.63.18.18 - - [28/Mar/2026:16:52:35 +0530] "GET /img/slider/slider-12.jpg HTTP/1.1" 200 296909 "https://www.hellohotelsindia.com/" "Mozilla/5.0 (Linux; U; Android 14; en-us; CPH2381 Build/UKQ1.230924.001) AppleWebKit/537.36 (KHTML, like Gecko) Chrome/125.0.6422.72 Mobile Safari/537.36 HeyTapBrowser/45.13.8.1"
27.63.18.18 - - [28/Mar/2026:16:52:39 +0530] "GET /img/favicon.ico HTTP/1.1" 200 4577 "https://www.hellohotelsindia.com/" "Mozilla/5.0 (Linux; U; Android 14; en-us; CPH2381 Build/UKQ1.230924.001) AppleWebKit/537.36 (KHTML, like Gecko) Chrome/125.0.6422.72 Mobile Safari/537.36 HeyTapBrowser/45.13.8.1"
74.7.228.63 - - [28/Mar/2026:16:57:35 +0530] "GET /robots.txt HTTP/1.1" 404 - "-" "Mozilla/5.0 (Macintosh; Intel Mac OS X 10_15_7) AppleWebKit/537.36 (KHTML, like Gecko) Chrome/131.0.0.0 Safari/537.36; compatible; OAI-SearchBot/1.3; robots.txt; +https://openai.com/searchbot"
122.192.32.155 - - [28/Mar/2026:16:58:13 +0530] "GET / HTTP/1.1" 200 30238 "-" "Mozilla/5.0 (iPhone; CPU iPhone OS 18_7_6 like Mac OS X) AppleWebKit/605.1.15 (KHTML, like Gecko) Version/26.0 Mobile/15E148 Safari/604.1"
122.192.32.155 - - [28/Mar/2026:16:58:14 +0530] "GET /css/style.css HTTP/1.1" 200 22307 "https://www.hellohotelsindia.com/" "Mozilla/5.0 (iPhone; CPU iPhone OS 18_7_6 like Mac OS X) AppleWebKit/605.1.15 (KHTML, like Gecko) Version/26.0 Mobile/15E148 Safari/604.1"
122.192.32.155 - - [28/Mar/2026:16:58:14 +0530] "GET /style.css HTTP/1.1" 200 2391 "https://www.hellohotelsindia.com/" "Mozilla/5.0 (iPhone; CPU iPhone OS 18_7_6 like Mac OS X) AppleWebKit/605.1.15 (KHTML, like Gecko) Version/26.0 Mobile/15E148 Safari/604.1"
122.192.32.155 - - [28/Mar/2026:16:58:14 +0530] "GET /js/script.js HTTP/1.1" 200 514 "https://www.hellohotelsindia.com/" "Mozilla/5.0 (iPhone; CPU iPhone OS 18_7_6 like Mac OS X) AppleWebKit/605.1.15 (KHTML, like Gecko) Version/26.0 Mobile/15E148 Safari/604.1"
122.192.32.155 - - [28/Mar/2026:16:58:15 +0530] "GET /script.js HTTP/1.1" 200 315 "https://www.hellohotelsindia.com/" "Mozilla/5.0 (iPhone; CPU iPhone OS 18_7_6 like Mac OS X) AppleWebKit/605.1.15 (KHTML, like Gecko) Version/26.0 Mobile/15E148 Safari/604.1"
27.63.18.18 - - [28/Mar/2026:17:00:28 +0530] "GET / HTTP/1.1" 200 30238 "-" "Mozilla/5.0 (Linux; U; Android 14; en-us; CPH2381 Build/UKQ1.230924.001) AppleWebKit/537.36 (KHTML, like Gecko) Chrome/125.0.6422.72 Mobile Safari/537.36 HeyTapBrowser/45.13.8.1"
74.7.228.63 - - [28/Mar/2026:17:02:59 +0530] "GET /robots.txt HTTP/1.1" 404 - "-" "Mozilla/5.0 (Macintosh; Intel Mac OS X 10_15_7) AppleWebKit/537.36 (KHTML, like Gecko) Chrome/131.0.0.0 Safari/537.36; compatible; OAI-SearchBot/1.3; robots.txt; +https://openai.com/searchbot"
47.128.62.50 - - [28/Mar/2026:17:07:49 +0530] "GET /cottage.php HTTP/1.1" 404 - "-" "Mozilla/5.0 (Linux; Android 5.0) AppleWebKit/537.36 (KHTML, like Gecko) Mobile Safari/537.36 (compatible; Bytespider; spider-feedback@bytedance.com)"
47.128.62.3 - - [28/Mar/2026:17:07:53 +0530] "GET /robots.txt HTTP/1.1" 404 - "-" "Mozilla/5.0 (Linux; Android 5.0) AppleWebKit/537.36 (KHTML, like Gecko) Mobile Safari/537.36 (compatible; Bytespider; spider-feedback@bytedance.com)"
74.7.228.63 - - [28/Mar/2026:17:09:10 +0530] "GET /robots.txt HTTP/1.1" 404 - "-" "Mozilla/5.0 (Macintosh; Intel Mac OS X 10_15_7) AppleWebKit/537.36 (KHTML, like Gecko) Chrome/131.0.0.0 Safari/537.36; compatible; OAI-SearchBot/1.3; robots.txt; +https://openai.com/searchbot"
223.109.252.162 - - [28/Mar/2026:17:10:02 +0530] "GET / HTTP/1.1" 200 30238 "-" "Sogou web spider/4.0(+http://www.sogou.com/docs/help/webmasters.htm#07)"
85.208.96.195 - - [28/Mar/2026:17:11:42 +0530] "GET /robots.txt HTTP/1.1" 404 - "-" "Mozilla/5.0 (compatible; SemrushBot/7~bl; +http://www.semrush.com/bot.html)"
185.191.171.16 - - [28/Mar/2026:17:11:43 +0530] "GET /terms-conditions.php HTTP/1.1" 200 14634 "-" "Mozilla/5.0 (compatible; SemrushBot/7~bl; +http://www.semrush.com/bot.html)"
47.128.62.23 - - [28/Mar/2026:17:15:49 +0530] "GET /cottage.php HTTP/1.1" 404 - "-" "Mozilla/5.0 (Linux; Android 5.0) AppleWebKit/537.36 (KHTML, like Gecko) Mobile Safari/537.36 (compatible; Bytespider; spider-feedback@bytedance.com)"
74.7.228.63 - - [28/Mar/2026:17:18:30 +0530] "GET /robots.txt HTTP/1.1" 404 - "-" "Mozilla/5.0 (Macintosh; Intel Mac OS X 10_15_7) AppleWebKit/537.36 (KHTML, like Gecko) Chrome/131.0.0.0 Safari/537.36; compatible; OAI-SearchBot/1.3; robots.txt; +https://openai.com/searchbot"
47.128.62.251 - - [28/Mar/2026:17:19:59 +0530] "GET /robots.txt HTTP/1.1" 404 - "-" "Mozilla/5.0 (Linux; Android 5.0) AppleWebKit/537.36 (KHTML, like Gecko) Mobile Safari/537.36 (compatible; Bytespider; spider-feedback@bytedance.com)"
69.171.249.8 - - [28/Mar/2026:17:20:22 +0530] "GET /hotel-taksh-inn/ HTTP/1.1" 404 - "-" "meta-externalagent/1.1 (+https://developers.facebook.com/docs/sharing/webmasters/crawler)"
74.7.228.63 - - [28/Mar/2026:17:25:20 +0530] "GET /robots.txt HTTP/1.1" 404 - "-" "Mozilla/5.0 (Macintosh; Intel Mac OS X 10_15_7) AppleWebKit/537.36 (KHTML, like Gecko) Chrome/131.0.0.0 Safari/537.36; compatible; OAI-SearchBot/1.3; robots.txt; +https://openai.com/searchbot"
85.208.96.203 - - [28/Mar/2026:17:26:00 +0530] "GET /2-bdr-modern-heritage-bungalow.php HTTP/1.1" 200 15372 "-" "Mozilla/5.0 (compatible; SemrushBot/7~bl; +http://www.semrush.com/bot.html)"
74.7.228.63 - - [28/Mar/2026:17:32:15 +0530] "GET /robots.txt HTTP/1.1" 404 - "-" "Mozilla/5.0 (Macintosh; Intel Mac OS X 10_15_7) AppleWebKit/537.36 (KHTML, like Gecko) Chrome/131.0.0.0 Safari/537.36; compatible; OAI-SearchBot/1.3; robots.txt; +https://openai.com/searchbot"
152.58.181.114 - - [28/Mar/2026:17:45:20 +0530] "GET /img/facilities/1.jpg HTTP/1.1" 200 51092 "-" "ChatGPT/1.2026.069 (Android 14; SM-S926B; build 2606917)"
74.7.228.63 - - [28/Mar/2026:17:47:33 +0530] "GET /robots.txt HTTP/1.1" 404 - "-" "Mozilla/5.0 (Macintosh; Intel Mac OS X 10_15_7) AppleWebKit/537.36 (KHTML, like Gecko) Chrome/131.0.0.0 Safari/537.36; compatible; OAI-SearchBot/1.3; robots.txt; +https://openai.com/searchbot"
74.7.228.63 - - [28/Mar/2026:17:53:25 +0530] "GET /robots.txt HTTP/1.1" 404 - "-" "Mozilla/5.0 (Macintosh; Intel Mac OS X 10_15_7) AppleWebKit/537.36 (KHTML, like Gecko) Chrome/131.0.0.0 Safari/537.36; compatible; OAI-SearchBot/1.3; robots.txt; +https://openai.com/searchbot"
185.191.171.16 - - [28/Mar/2026:17:54:45 +0530] "GET /4-bedded-family-room-with-balcony.php HTTP/1.1" 200 15117 "-" "Mozilla/5.0 (compatible; SemrushBot/7~bl; +http://www.semrush.com/bot.html)"
74.7.228.63 - - [28/Mar/2026:17:59:20 +0530] "GET /robots.txt HTTP/1.1" 404 - "-" "Mozilla/5.0 (Macintosh; Intel Mac OS X 10_15_7) AppleWebKit/537.36 (KHTML, like Gecko) Chrome/131.0.0.0 Safari/537.36; compatible; OAI-SearchBot/1.3; robots.txt; +https://openai.com/searchbot"
74.7.228.63 - - [28/Mar/2026:18:08:11 +0530] "GET /robots.txt HTTP/1.1" 404 - "-" "Mozilla/5.0 (Macintosh; Intel Mac OS X 10_15_7) AppleWebKit/537.36 (KHTML, like Gecko) Chrome/131.0.0.0 Safari/537.36; compatible; OAI-SearchBot/1.3; robots.txt; +https://openai.com/searchbot"
173.252.107.114 - - [28/Mar/2026:18:10:36 +0530] "GET /hotel-kings-inn/ HTTP/1.1" 404 - "-" "meta-externalagent/1.1 (+https://developers.facebook.com/docs/sharing/webmasters/crawler)"
74.7.228.63 - - [28/Mar/2026:18:15:00 +0530] "GET /robots.txt HTTP/1.1" 404 - "-" "Mozilla/5.0 (Macintosh; Intel Mac OS X 10_15_7) AppleWebKit/537.36 (KHTML, like Gecko) Chrome/131.0.0.0 Safari/537.36; compatible; OAI-SearchBot/1.3; robots.txt; +https://openai.com/searchbot"
74.7.228.63 - - [28/Mar/2026:18:21:49 +0530] "GET /robots.txt HTTP/1.1" 404 - "-" "Mozilla/5.0 (Macintosh; Intel Mac OS X 10_15_7) AppleWebKit/537.36 (KHTML, like Gecko) Chrome/131.0.0.0 Safari/537.36; compatible; OAI-SearchBot/1.3; robots.txt; +https://openai.com/searchbot"
40.77.167.63 - - [28/Mar/2026:18:23:35 +0530] "GET /events.php HTTP/1.1" 200 16517 "-" "Mozilla/5.0 AppleWebKit/537.36 (KHTML, like Gecko; compatible; bingbot/2.0; +http://www.bing.com/bingbot.htm) Chrome/116.0.1938.76 Safari/537.36"
157.55.39.49 - - [28/Mar/2026:18:23:54 +0530] "GET /js/script.js HTTP/1.1" 200 514 "-" "Mozilla/5.0 AppleWebKit/537.36 (KHTML, like Gecko; compatible; bingbot/2.0; +http://www.bing.com/bingbot.htm) Chrome/116.0.1938.76 Safari/537.36"
52.167.144.210 - - [28/Mar/2026:18:23:59 +0530] "GET /css/style.css HTTP/1.1" 200 22307 "-" "Mozilla/5.0 AppleWebKit/537.36 (KHTML, like Gecko; compatible; bingbot/2.0; +http://www.bing.com/bingbot.htm) Chrome/116.0.1938.76 Safari/537.36"
40.77.167.63 - - [28/Mar/2026:18:24:04 +0530] "GET /js/fancybox.min.js HTTP/1.1" 200 77645 "-" "Mozilla/5.0 AppleWebKit/537.36 (KHTML, like Gecko; compatible; bingbot/2.0; +http://www.bing.com/bingbot.htm) Chrome/116.0.1938.76 Safari/537.36"
40.77.167.63 - - [28/Mar/2026:18:24:05 +0530] "GET /css/fancybox.min.css HTTP/1.1" 200 17289 "-" "Mozilla/5.0 AppleWebKit/537.36 (KHTML, like Gecko; compatible; bingbot/2.0; +http://www.bing.com/bingbot.htm) Chrome/116.0.1938.76 Safari/537.36"
57.141.16.10 - - [28/Mar/2026:18:27:26 +0530] "GET /sitemap.txt HTTP/1.1" 404 - "-" "meta-externalagent/1.1 (+https://developers.facebook.com/docs/sharing/webmasters/crawler)"
74.7.228.63 - - [28/Mar/2026:18:28:35 +0530] "GET /robots.txt HTTP/1.1" 404 - "-" "Mozilla/5.0 (Macintosh; Intel Mac OS X 10_15_7) AppleWebKit/537.36 (KHTML, like Gecko) Chrome/131.0.0.0 Safari/537.36; compatible; OAI-SearchBot/1.3; robots.txt; +https://openai.com/searchbot"
85.208.96.194 - - [28/Mar/2026:18:30:21 +0530] "GET /robots.txt HTTP/1.1" 404 - "-" "Mozilla/5.0 (compatible; SemrushBot/7~bl; +http://www.semrush.com/bot.html)"
185.191.171.8 - - [28/Mar/2026:18:30:22 +0530] "GET /2-bedrooms-luxury-bungalow.php HTTP/1.1" 200 15116 "-" "Mozilla/5.0 (compatible; SemrushBot/7~bl; +http://www.semrush.com/bot.html)"
123.27.246.112 - - [28/Mar/2026:18:33:37 +0530] "GET /activities-experiences.php HTTP/1.1" 200 16625 "-" "Mozilla/5.0 (iPod; U; CPU iPhone OS 4_1 like Mac OS X; zu-ZA) AppleWebKit/532.8.4 (KHTML, like Gecko) Version/4.0.5 Mobile/8B111 Safari/6532.8.4"
185.191.171.5 - - [28/Mar/2026:18:35:41 +0530] "GET /deluxe-room-with-private-balconyverandah.php HTTP/1.1" 200 16155 "-" "Mozilla/5.0 (compatible; SemrushBot/7~bl; +http://www.semrush.com/bot.html)"
74.7.228.63 - - [28/Mar/2026:18:36:40 +0530] "GET /robots.txt HTTP/1.1" 404 - "-" "Mozilla/5.0 (Macintosh; Intel Mac OS X 10_15_7) AppleWebKit/537.36 (KHTML, like Gecko) Chrome/131.0.0.0 Safari/537.36; compatible; OAI-SearchBot/1.3; robots.txt; +https://openai.com/searchbot"
74.7.228.9 - - [28/Mar/2026:18:39:05 +0530] "GET /robots.txt HTTP/1.1" 404 - "-" "Mozilla/5.0 (Macintosh; Intel Mac OS X 10_15_7) AppleWebKit/537.36 (KHTML, like Gecko) Chrome/131.0.0.0 Safari/537.36; compatible; OAI-SearchBot/1.3; robots.txt; +https://openai.com/searchbot"
74.7.227.132 - - [28/Mar/2026:18:39:06 +0530] "GET / HTTP/1.1" 200 30238 "-" "Mozilla/5.0 AppleWebKit/537.36 (KHTML, like Gecko; compatible; GPTBot/1.3; +https://openai.com/gptbot)"
74.7.228.63 - - [28/Mar/2026:18:44:16 +0530] "GET /robots.txt HTTP/1.1" 404 - "-" "Mozilla/5.0 (Macintosh; Intel Mac OS X 10_15_7) AppleWebKit/537.36 (KHTML, like Gecko) Chrome/131.0.0.0 Safari/537.36; compatible; OAI-SearchBot/1.3; robots.txt; +https://openai.com/searchbot"
123.31.190.226 - - [28/Mar/2026:18:45:42 +0530] "GET /accommodations.php HTTP/1.1" 200 20336 "-" "Mozilla/5.0 (compatible; MSIE 6.0; Windows 98; Trident/4.0)"
200.53.204.140 - - [28/Mar/2026:18:48:33 +0530] "GET /gallery.php HTTP/1.1" 200 30722 "-" "Mozilla/5.0 (X11; Linux x86_64; rv:1.9.7.20) Gecko/5173-04-04 05:59:47.296112 Firefox/3.6.18"
74.7.228.63 - - [28/Mar/2026:18:49:29 +0530] "GET /robots.txt HTTP/1.1" 404 - "-" "Mozilla/5.0 (Macintosh; Intel Mac OS X 10_15_7) AppleWebKit/537.36 (KHTML, like Gecko) Chrome/131.0.0.0 Safari/537.36; compatible; OAI-SearchBot/1.3; robots.txt; +https://openai.com/searchbot"
223.181.61.154 - - [28/Mar/2026:18:49:31 +0530] "GET /img/slider/slider-1.jpg HTTP/1.1" 200 317570 "-" "ChatGPT/1.2026.076 (Android 15; CPH2413; build 2607621)"
84.54.71.28 - - [28/Mar/2026:18:50:02 +0530] "GET /cottage.php HTTP/1.1" 200 14649 "-" "Mozilla/5.0 (Windows NT 10.0; Win64; x64) AppleWebKit/537.36 (KHTML, like Gecko) Chrome/78.0.3904.63 Safari/537.36"
74.7.228.63 - - [28/Mar/2026:18:56:17 +0530] "GET /robots.txt HTTP/1.1" 404 - "-" "Mozilla/5.0 (Macintosh; Intel Mac OS X 10_15_7) AppleWebKit/537.36 (KHTML, like Gecko) Chrome/131.0.0.0 Safari/537.36; compatible; OAI-SearchBot/1.3; robots.txt; +https://openai.com/searchbot"
74.7.228.63 - - [28/Mar/2026:18:56:46 +0530] "GET /robots.txt HTTP/1.1" 404 - "-" "Mozilla/5.0 (Macintosh; Intel Mac OS X 10_15_7) AppleWebKit/537.36 (KHTML, like Gecko) Chrome/131.0.0.0 Safari/537.36; compatible; OAI-SearchBot/1.3; robots.txt; +https://openai.com/searchbot"
51.68.247.210 - - [28/Mar/2026:18:57:03 +0530] "GET /robots.txt HTTP/1.1" 404 - "-" "Mozilla/5.0 (compatible; AhrefsBot/7.0; +http://ahrefs.com/robot/)"
37.59.204.131 - - [28/Mar/2026:18:57:06 +0530] "GET / HTTP/1.1" 200 30238 "-" "Mozilla/5.0 (compatible; AhrefsBot/7.0; +http://ahrefs.com/robot/)"
185.155.233.167 - - [28/Mar/2026:18:57:59 +0530] "GET / HTTP/1.1" 200 30238 "-" "Mozilla/5.0 (Windows NT 10.0; Win64; x64) AppleWebKit/537.36 (KHTML, like Gecko) Chrome/145.0.7632.6 Safari/537.36"
74.7.228.63 - - [28/Mar/2026:19:02:01 +0530] "GET /robots.txt HTTP/1.1" 404 - "-" "Mozilla/5.0 (Macintosh; Intel Mac OS X 10_15_7) AppleWebKit/537.36 (KHTML, like Gecko) Chrome/131.0.0.0 Safari/537.36; compatible; OAI-SearchBot/1.3; robots.txt; +https://openai.com/searchbot"
52.205.52.0 - - [28/Mar/2026:19:10:12 +0530] "GET /robots.txt HTTP/1.1" 404 - "-" "Mozilla/5.0 (Macintosh; Intel Mac OS X 10_10_1) AppleWebKit/600.2.5 (KHTML, like Gecko) Version/8.0.2 Safari/600.2.5 (Gort)"
57.141.16.43 - - [28/Mar/2026:19:12:12 +0530] "GET /sitemap-index.xml HTTP/1.1" 404 - "-" "meta-externalagent/1.1 (+https://developers.facebook.com/docs/sharing/webmasters/crawler)"
74.7.228.63 - - [28/Mar/2026:19:13:16 +0530] "GET /robots.txt HTTP/1.1" 404 - "-" "Mozilla/5.0 (Macintosh; Intel Mac OS X 10_15_7) AppleWebKit/537.36 (KHTML, like Gecko) Chrome/131.0.0.0 Safari/537.36; compatible; OAI-SearchBot/1.3; robots.txt; +https://openai.com/searchbot"
106.205.170.79 - - [28/Mar/2026:19:14:42 +0530] "GET / HTTP/1.1" 200 30238 "https://www.google.com/" "Mozilla/5.0 (Linux; Android 10; K) AppleWebKit/537.36 (KHTML, like Gecko) Chrome/146.0.0.0 Mobile Safari/537.36"
106.205.170.79 - - [28/Mar/2026:19:14:42 +0530] "GET /style.css HTTP/1.1" 200 2391 "-" "Mozilla/5.0 (Linux; Android 10; K) AppleWebKit/537.36 (KHTML, like Gecko) Chrome/146.0.0.0 Mobile Safari/537.36"
106.205.170.79 - - [28/Mar/2026:19:14:42 +0530] "GET /css/style.css HTTP/1.1" 200 22307 "-" "Mozilla/5.0 (Linux; Android 10; K) AppleWebKit/537.36 (KHTML, like Gecko) Chrome/146.0.0.0 Mobile Safari/537.36"
106.205.170.79 - - [28/Mar/2026:19:14:42 +0530] "GET /img/logo.png HTTP/1.1" 200 31748 "https://www.hellohotelsindia.com/" "Mozilla/5.0 (Linux; Android 10; K) AppleWebKit/537.36 (KHTML, like Gecko) Chrome/146.0.0.0 Mobile Safari/537.36"
106.205.170.79 - - [28/Mar/2026:19:14:42 +0530] "GET /img/slider/slider-1.jpg HTTP/1.1" 200 317570 "https://www.hellohotelsindia.com/" "Mozilla/5.0 (Linux; Android 10; K) AppleWebKit/537.36 (KHTML, like Gecko) Chrome/146.0.0.0 Mobile Safari/537.36"
106.205.170.79 - - [28/Mar/2026:19:14:42 +0530] "GET /img/slider/slider-2.jpg HTTP/1.1" 200 313115 "https://www.hellohotelsindia.com/" "Mozilla/5.0 (Linux; Android 10; K) AppleWebKit/537.36 (KHTML, like Gecko) Chrome/146.0.0.0 Mobile Safari/537.36"
106.205.170.79 - - [28/Mar/2026:19:14:43 +0530] "GET /img/slider/slider-3.jpg HTTP/1.1" 200 210771 "https://www.hellohotelsindia.com/" "Mozilla/5.0 (Linux; Android 10; K) AppleWebKit/537.36 (KHTML, like Gecko) Chrome/146.0.0.0 Mobile Safari/537.36"
106.205.170.79 - - [28/Mar/2026:19:14:43 +0530] "GET /img/slider/slider-4.jpg HTTP/1.1" 200 269453 "https://www.hellohotelsindia.com/" "Mozilla/5.0 (Linux; Android 10; K) AppleWebKit/537.36 (KHTML, like Gecko) Chrome/146.0.0.0 Mobile Safari/537.36"
106.205.170.79 - - [28/Mar/2026:19:14:43 +0530] "GET /js/script.js HTTP/1.1" 200 514 "https://www.hellohotelsindia.com/" "Mozilla/5.0 (Linux; Android 10; K) AppleWebKit/537.36 (KHTML, like Gecko) Chrome/146.0.0.0 Mobile Safari/537.36"
106.205.170.79 - - [28/Mar/2026:19:14:43 +0530] "GET /script.js HTTP/1.1" 200 315 "https://www.hellohotelsindia.com/" "Mozilla/5.0 (Linux; Android 10; K) AppleWebKit/537.36 (KHTML, like Gecko) Chrome/146.0.0.0 Mobile Safari/537.36"
106.205.170.79 - - [28/Mar/2026:19:14:43 +0530] "GET /img/slider/slider-9.jpg HTTP/1.1" 200 116086 "https://www.hellohotelsindia.com/" "Mozilla/5.0 (Linux; Android 10; K) AppleWebKit/537.36 (KHTML, like Gecko) Chrome/146.0.0.0 Mobile Safari/537.36"
106.205.170.79 - - [28/Mar/2026:19:14:43 +0530] "GET /img/slider/slider-8.jpg HTTP/1.1" 200 284466 "https://www.hellohotelsindia.com/" "Mozilla/5.0 (Linux; Android 10; K) AppleWebKit/537.36 (KHTML, like Gecko) Chrome/146.0.0.0 Mobile Safari/537.36"
106.205.170.79 - - [28/Mar/2026:19:14:43 +0530] "GET /img/slider/slider-10.jpg HTTP/1.1" 200 227847 "https://www.hellohotelsindia.com/" "Mozilla/5.0 (Linux; Android 10; K) AppleWebKit/537.36 (KHTML, like Gecko) Chrome/146.0.0.0 Mobile Safari/537.36"
106.205.170.79 - - [28/Mar/2026:19:14:43 +0530] "GET /img/slider/slider-5.jpg HTTP/1.1" 200 253755 "https://www.hellohotelsindia.com/" "Mozilla/5.0 (Linux; Android 10; K) AppleWebKit/537.36 (KHTML, like Gecko) Chrome/146.0.0.0 Mobile Safari/537.36"
106.205.170.79 - - [28/Mar/2026:19:14:43 +0530] "GET /img/icons/google.png HTTP/1.1" 200 2354 "https://www.hellohotelsindia.com/" "Mozilla/5.0 (Linux; Android 10; K) AppleWebKit/537.36 (KHTML, like Gecko) Chrome/146.0.0.0 Mobile Safari/537.36"
106.205.170.79 - - [28/Mar/2026:19:14:43 +0530] "GET /img/slider/slider-7.jpg HTTP/1.1" 200 316520 "https://www.hellohotelsindia.com/" "Mozilla/5.0 (Linux; Android 10; K) AppleWebKit/537.36 (KHTML, like Gecko) Chrome/146.0.0.0 Mobile Safari/537.36"
106.205.170.79 - - [28/Mar/2026:19:14:43 +0530] "GET /img/slider/slider-6.jpg HTTP/1.1" 200 324273 "https://www.hellohotelsindia.com/" "Mozilla/5.0 (Linux; Android 10; K) AppleWebKit/537.36 (KHTML, like Gecko) Chrome/146.0.0.0 Mobile Safari/537.36"
106.205.170.79 - - [28/Mar/2026:19:14:44 +0530] "GET /img/icons/tripadvisor.png HTTP/1.1" 200 2757 "https://www.hellohotelsindia.com/" "Mozilla/5.0 (Linux; Android 10; K) AppleWebKit/537.36 (KHTML, like Gecko) Chrome/146.0.0.0 Mobile Safari/537.36"
106.205.170.79 - - [28/Mar/2026:19:14:44 +0530] "GET /img/icons/facebook.png HTTP/1.1" 200 1891 "https://www.hellohotelsindia.com/" "Mozilla/5.0 (Linux; Android 10; K) AppleWebKit/537.36 (KHTML, like Gecko) Chrome/146.0.0.0 Mobile Safari/537.36"
106.205.170.79 - - [28/Mar/2026:19:14:44 +0530] "GET /img/icons/twitter.png HTTP/1.1" 200 2395 "https://www.hellohotelsindia.com/" "Mozilla/5.0 (Linux; Android 10; K) AppleWebKit/537.36 (KHTML, like Gecko) Chrome/146.0.0.0 Mobile Safari/537.36"
106.205.170.79 - - [28/Mar/2026:19:14:44 +0530] "GET /img/whatsapp.png HTTP/1.1" 200 3457 "https://www.hellohotelsindia.com/" "Mozilla/5.0 (Linux; Android 10; K) AppleWebKit/537.36 (KHTML, like Gecko) Chrome/146.0.0.0 Mobile Safari/537.36"
106.205.170.79 - - [28/Mar/2026:19:14:44 +0530] "GET /img/call.png HTTP/1.1" 200 1305 "https://www.hellohotelsindia.com/" "Mozilla/5.0 (Linux; Android 10; K) AppleWebKit/537.36 (KHTML, like Gecko) Chrome/146.0.0.0 Mobile Safari/537.36"
106.205.170.79 - - [28/Mar/2026:19:14:44 +0530] "GET /img/icons/youtube.png HTTP/1.1" 200 1328 "https://www.hellohotelsindia.com/" "Mozilla/5.0 (Linux; Android 10; K) AppleWebKit/537.36 (KHTML, like Gecko) Chrome/146.0.0.0 Mobile Safari/537.36"
106.205.170.79 - - [28/Mar/2026:19:14:44 +0530] "GET /img/slider/slider-12.jpg HTTP/1.1" 200 296909 "https://www.hellohotelsindia.com/" "Mozilla/5.0 (Linux; Android 10; K) AppleWebKit/537.36 (KHTML, like Gecko) Chrome/146.0.0.0 Mobile Safari/537.36"
106.205.170.79 - - [28/Mar/2026:19:14:44 +0530] "GET /img/slider/slider-13.jpg HTTP/1.1" 200 234186 "https://www.hellohotelsindia.com/" "Mozilla/5.0 (Linux; Android 10; K) AppleWebKit/537.36 (KHTML, like Gecko) Chrome/146.0.0.0 Mobile Safari/537.36"
106.205.170.79 - - [28/Mar/2026:19:14:44 +0530] "GET /img/slider/slider-14.jpg HTTP/1.1" 200 253832 "https://www.hellohotelsindia.com/" "Mozilla/5.0 (Linux; Android 10; K) AppleWebKit/537.36 (KHTML, like Gecko) Chrome/146.0.0.0 Mobile Safari/537.36"
106.205.170.79 - - [28/Mar/2026:19:14:44 +0530] "GET /img/why/1.jpg HTTP/1.1" 200 154738 "https://www.hellohotelsindia.com/" "Mozilla/5.0 (Linux; Android 10; K) AppleWebKit/537.36 (KHTML, like Gecko) Chrome/146.0.0.0 Mobile Safari/537.36"
106.205.170.79 - - [28/Mar/2026:19:14:44 +0530] "GET /img/why/2.jpg HTTP/1.1" 200 233984 "https://www.hellohotelsindia.com/" "Mozilla/5.0 (Linux; Android 10; K) AppleWebKit/537.36 (KHTML, like Gecko) Chrome/146.0.0.0 Mobile Safari/537.36"
106.205.170.79 - - [28/Mar/2026:19:14:44 +0530] "GET /img/activities/3.jpg HTTP/1.1" 200 54891 "https://www.hellohotelsindia.com/" "Mozilla/5.0 (Linux; Android 10; K) AppleWebKit/537.36 (KHTML, like Gecko) Chrome/146.0.0.0 Mobile Safari/537.36"
106.205.170.79 - - [28/Mar/2026:19:14:45 +0530] "GET /img/icons/1.png HTTP/1.1" 200 3013 "https://www.hellohotelsindia.com/" "Mozilla/5.0 (Linux; Android 10; K) AppleWebKit/537.36 (KHTML, like Gecko) Chrome/146.0.0.0 Mobile Safari/537.36"
106.205.170.79 - - [28/Mar/2026:19:14:45 +0530] "GET /img/icons/2.png HTTP/1.1" 200 4069 "https://www.hellohotelsindia.com/" "Mozilla/5.0 (Linux; Android 10; K) AppleWebKit/537.36 (KHTML, like Gecko) Chrome/146.0.0.0 Mobile Safari/537.36"
106.205.170.79 - - [28/Mar/2026:19:14:45 +0530] "GET /img/icons/3.png HTTP/1.1" 200 3391 "https://www.hellohotelsindia.com/" "Mozilla/5.0 (Linux; Android 10; K) AppleWebKit/537.36 (KHTML, like Gecko) Chrome/146.0.0.0 Mobile Safari/537.36"
