106.205.170.79 - - [28/Mar/2026:19:14:45 +0530] "GET /img/icons/4.png HTTP/1.1" 200 5000 "https://www.hellohotelsindia.com/" "Mozilla/5.0 (Linux; Android 10; K) AppleWebKit/537.36 (KHTML, like Gecko) Chrome/146.0.0.0 Mobile Safari/537.36"
106.205.170.79 - - [28/Mar/2026:19:14:45 +0530] "GET /img/icons/6.png HTTP/1.1" 200 3549 "https://www.hellohotelsindia.com/" "Mozilla/5.0 (Linux; Android 10; K) AppleWebKit/537.36 (KHTML, like Gecko) Chrome/146.0.0.0 Mobile Safari/537.36"
106.205.170.79 - - [28/Mar/2026:19:14:45 +0530] "GET /img/icons/7.png HTTP/1.1" 200 4038 "https://www.hellohotelsindia.com/" "Mozilla/5.0 (Linux; Android 10; K) AppleWebKit/537.36 (KHTML, like Gecko) Chrome/146.0.0.0 Mobile Safari/537.36"
106.205.170.79 - - [28/Mar/2026:19:14:45 +0530] "GET /img/activities/1.jpg HTTP/1.1" 200 61749 "https://www.hellohotelsindia.com/" "Mozilla/5.0 (Linux; Android 10; K) AppleWebKit/537.36 (KHTML, like Gecko) Chrome/146.0.0.0 Mobile Safari/537.36"
106.205.170.79 - - [28/Mar/2026:19:14:45 +0530] "GET /img/phone-call.png HTTP/1.1" 200 894 "https://www.hellohotelsindia.com/" "Mozilla/5.0 (Linux; Android 10; K) AppleWebKit/537.36 (KHTML, like Gecko) Chrome/146.0.0.0 Mobile Safari/537.36"
106.205.170.79 - - [28/Mar/2026:19:14:45 +0530] "GET /img/icons/8.png HTTP/1.1" 200 3622 "https://www.hellohotelsindia.com/" "Mozilla/5.0 (Linux; Android 10; K) AppleWebKit/537.36 (KHTML, like Gecko) Chrome/146.0.0.0 Mobile Safari/537.36"
106.205.170.79 - - [28/Mar/2026:19:14:45 +0530] "GET /img/activities/2.jpg HTTP/1.1" 200 53258 "https://www.hellohotelsindia.com/" "Mozilla/5.0 (Linux; Android 10; K) AppleWebKit/537.36 (KHTML, like Gecko) Chrome/146.0.0.0 Mobile Safari/537.36"
106.205.170.79 - - [28/Mar/2026:19:14:45 +0530] "GET /img/email.png HTTP/1.1" 200 945 "https://www.hellohotelsindia.com/" "Mozilla/5.0 (Linux; Android 10; K) AppleWebKit/537.36 (KHTML, like Gecko) Chrome/146.0.0.0 Mobile Safari/537.36"
106.205.170.79 - - [28/Mar/2026:19:14:45 +0530] "GET /img/footer-logo.png HTTP/1.1" 200 31391 "https://www.hellohotelsindia.com/" "Mozilla/5.0 (Linux; Android 10; K) AppleWebKit/537.36 (KHTML, like Gecko) Chrome/146.0.0.0 Mobile Safari/537.36"
106.205.170.79 - - [28/Mar/2026:19:14:45 +0530] "GET /img/icons/5.png HTTP/1.1" 200 3128 "https://www.hellohotelsindia.com/" "Mozilla/5.0 (Linux; Android 10; K) AppleWebKit/537.36 (KHTML, like Gecko) Chrome/146.0.0.0 Mobile Safari/537.36"
106.205.170.79 - - [28/Mar/2026:19:14:45 +0530] "GET /img/about-banner.jpg HTTP/1.1" 200 155081 "https://www.hellohotelsindia.com/css/style.css" "Mozilla/5.0 (Linux; Android 10; K) AppleWebKit/537.36 (KHTML, like Gecko) Chrome/146.0.0.0 Mobile Safari/537.36"
106.205.170.79 - - [28/Mar/2026:19:14:44 +0530] "GET /img/slider/slider-11.jpg HTTP/1.1" 200 282679 "https://www.hellohotelsindia.com/" "Mozilla/5.0 (Linux; Android 10; K) AppleWebKit/537.36 (KHTML, like Gecko) Chrome/146.0.0.0 Mobile Safari/537.36"
106.205.170.79 - - [28/Mar/2026:19:14:46 +0530] "GET /img/favicon.ico HTTP/1.1" 200 4577 "https://www.hellohotelsindia.com/" "Mozilla/5.0 (Linux; Android 10; K) AppleWebKit/537.36 (KHTML, like Gecko) Chrome/146.0.0.0 Mobile Safari/537.36"
74.7.228.63 - - [28/Mar/2026:19:18:28 +0530] "GET /robots.txt HTTP/1.1" 404 - "-" "Mozilla/5.0 (Macintosh; Intel Mac OS X 10_15_7) AppleWebKit/537.36 (KHTML, like Gecko) Chrome/131.0.0.0 Safari/537.36; compatible; OAI-SearchBot/1.3; robots.txt; +https://openai.com/searchbot"
74.7.228.63 - - [28/Mar/2026:19:25:05 +0530] "GET /robots.txt HTTP/1.1" 404 - "-" "Mozilla/5.0 (Macintosh; Intel Mac OS X 10_15_7) AppleWebKit/537.36 (KHTML, like Gecko) Chrome/131.0.0.0 Safari/537.36; compatible; OAI-SearchBot/1.3; robots.txt; +https://openai.com/searchbot"
47.128.62.247 - - [28/Mar/2026:19:28:08 +0530] "GET /robots.txt HTTP/1.1" 404 - "-" "Mozilla/5.0 (Linux; Android 5.0) AppleWebKit/537.36 (KHTML, like Gecko) Mobile Safari/537.36 (compatible; Bytespider; spider-feedback@bytedance.com)"
74.7.228.63 - - [28/Mar/2026:19:30:10 +0530] "GET /robots.txt HTTP/1.1" 404 - "-" "Mozilla/5.0 (Macintosh; Intel Mac OS X 10_15_7) AppleWebKit/537.36 (KHTML, like Gecko) Chrome/131.0.0.0 Safari/537.36; compatible; OAI-SearchBot/1.3; robots.txt; +https://openai.com/searchbot"
47.128.62.235 - - [28/Mar/2026:19:32:23 +0530] "GET /robots.txt HTTP/1.1" 404 - "-" "Mozilla/5.0 (Linux; Android 5.0) AppleWebKit/537.36 (KHTML, like Gecko) Mobile Safari/537.36 (compatible; Bytespider; spider-feedback@bytedance.com)"
57.141.16.43 - - [28/Mar/2026:19:33:21 +0530] "GET /news_sitemap.xml HTTP/1.1" 404 - "-" "meta-externalagent/1.1 (+https://developers.facebook.com/docs/sharing/webmasters/crawler)"
113.163.83.40 - - [28/Mar/2026:19:42:43 +0530] "GET /hotel-taksh-inn/ HTTP/1.1" 404 - "-" "Mozilla/5.0 (Windows NT 10.0; Win64; x64) AppleWebKit/537.36 (KHTML, like Gecko) Chrome/125.0.6422.176 Safari/537.36"
74.7.228.63 - - [28/Mar/2026:19:43:50 +0530] "GET /robots.txt HTTP/1.1" 404 - "-" "Mozilla/5.0 (Macintosh; Intel Mac OS X 10_15_7) AppleWebKit/537.36 (KHTML, like Gecko) Chrome/131.0.0.0 Safari/537.36; compatible; OAI-SearchBot/1.3; robots.txt; +https://openai.com/searchbot"
57.141.16.95 - - [28/Mar/2026:19:47:58 +0530] "GET /news-sitemap.xml HTTP/1.1" 404 - "-" "meta-externalagent/1.1 (+https://developers.facebook.com/docs/sharing/webmasters/crawler)"
74.7.228.63 - - [28/Mar/2026:19:49:35 +0530] "GET /robots.txt HTTP/1.1" 404 - "-" "Mozilla/5.0 (Macintosh; Intel Mac OS X 10_15_7) AppleWebKit/537.36 (KHTML, like Gecko) Chrome/131.0.0.0 Safari/537.36; compatible; OAI-SearchBot/1.3; robots.txt; +https://openai.com/searchbot"
74.7.228.63 - - [28/Mar/2026:19:57:28 +0530] "GET /robots.txt HTTP/1.1" 404 - "-" "Mozilla/5.0 (Macintosh; Intel Mac OS X 10_15_7) AppleWebKit/537.36 (KHTML, like Gecko) Chrome/131.0.0.0 Safari/537.36; compatible; OAI-SearchBot/1.3; robots.txt; +https://openai.com/searchbot"
74.7.228.63 - - [28/Mar/2026:20:02:39 +0530] "GET /robots.txt HTTP/1.1" 404 - "-" "Mozilla/5.0 (Macintosh; Intel Mac OS X 10_15_7) AppleWebKit/537.36 (KHTML, like Gecko) Chrome/131.0.0.0 Safari/537.36; compatible; OAI-SearchBot/1.3; robots.txt; +https://openai.com/searchbot"
185.191.171.13 - - [28/Mar/2026:20:06:33 +0530] "GET /robots.txt HTTP/1.1" 404 - "-" "Mozilla/5.0 (compatible; SemrushBot/7~bl; +http://www.semrush.com/bot.html)"
74.7.241.38 - - [28/Mar/2026:20:06:35 +0530] "GET /?sa=X&ved=2ahUKEwjhraLN6MKTAxU3sQMIHT3wC-EQyK4DegUIAxCXBA HTTP/1.1" 200 30238 "https://www.google.com.jm" "Mozilla/5.0 AppleWebKit/537.36 (KHTML, like Gecko; compatible; GPTBot/1.3; +https://openai.com/gptbot)"
185.191.171.13 - - [28/Mar/2026:20:06:36 +0530] "GET /about-us.php HTTP/1.1" 200 13914 "-" "Mozilla/5.0 (compatible; SemrushBot/7~bl; +http://www.semrush.com/bot.html)"
74.7.241.38 - - [28/Mar/2026:20:07:01 +0530] "GET /... HTTP/1.1" 404 - "https://www.google.com.jm" "Mozilla/5.0 AppleWebKit/537.36 (KHTML, like Gecko; compatible; GPTBot/1.3; +https://openai.com/gptbot)"
66.220.149.45 - - [28/Mar/2026:20:07:21 +0530] "GET / HTTP/1.1" 200 30238 "-" "meta-externalagent/1.1 (+https://developers.facebook.com/docs/sharing/webmasters/crawler)"
74.7.228.63 - - [28/Mar/2026:20:13:51 +0530] "GET /robots.txt HTTP/1.1" 404 - "-" "Mozilla/5.0 (Macintosh; Intel Mac OS X 10_15_7) AppleWebKit/537.36 (KHTML, like Gecko) Chrome/131.0.0.0 Safari/537.36; compatible; OAI-SearchBot/1.3; robots.txt; +https://openai.com/searchbot"
74.7.228.63 - - [28/Mar/2026:20:19:45 +0530] "GET /robots.txt HTTP/1.1" 404 - "-" "Mozilla/5.0 (Macintosh; Intel Mac OS X 10_15_7) AppleWebKit/537.36 (KHTML, like Gecko) Chrome/131.0.0.0 Safari/537.36; compatible; OAI-SearchBot/1.3; robots.txt; +https://openai.com/searchbot"
74.7.228.63 - - [28/Mar/2026:20:24:57 +0530] "GET /robots.txt HTTP/1.1" 404 - "-" "Mozilla/5.0 (Macintosh; Intel Mac OS X 10_15_7) AppleWebKit/537.36 (KHTML, like Gecko) Chrome/131.0.0.0 Safari/537.36; compatible; OAI-SearchBot/1.3; robots.txt; +https://openai.com/searchbot"
66.249.77.140 - - [28/Mar/2026:20:25:59 +0530] "GET /robots.txt HTTP/1.1" 404 - "-" "Mozilla/5.0 (compatible; Googlebot/2.1; +http://www.google.com/bot.html)"
66.249.77.141 - - [28/Mar/2026:20:26:00 +0530] "GET /4-bedded-family-room-with-balcony.php HTTP/1.1" 200 15117 "-" "Mozilla/5.0 (Linux; Android 6.0.1; Nexus 5X Build/MMB29P) AppleWebKit/537.36 (KHTML, like Gecko) Chrome/146.0.7680.153 Mobile Safari/537.36 (compatible; Googlebot/2.1; +http://www.google.com/bot.html)"
14.185.183.23 - - [28/Mar/2026:20:30:44 +0530] "GET /dining.php HTTP/1.1" 200 623656 "-" "Mozilla/5.0 (iPhone; CPU iPhone OS 11_4_1 like Mac OS X) AppleWebKit/535.1 (KHTML, like Gecko) CriOS/28.0.867.0 Mobile/70X892 Safari/535.1"
74.7.228.63 - - [28/Mar/2026:20:30:52 +0530] "GET /robots.txt HTTP/1.1" 404 - "-" "Mozilla/5.0 (Macintosh; Intel Mac OS X 10_15_7) AppleWebKit/537.36 (KHTML, like Gecko) Chrome/131.0.0.0 Safari/537.36; compatible; OAI-SearchBot/1.3; robots.txt; +https://openai.com/searchbot"
74.7.228.63 - - [28/Mar/2026:20:36:29 +0530] "GET /robots.txt HTTP/1.1" 404 - "-" "Mozilla/5.0 (Macintosh; Intel Mac OS X 10_15_7) AppleWebKit/537.36 (KHTML, like Gecko) Chrome/131.0.0.0 Safari/537.36; compatible; OAI-SearchBot/1.3; robots.txt; +https://openai.com/searchbot"
74.7.228.63 - - [28/Mar/2026:20:47:14 +0530] "GET /robots.txt HTTP/1.1" 404 - "-" "Mozilla/5.0 (Macintosh; Intel Mac OS X 10_15_7) AppleWebKit/537.36 (KHTML, like Gecko) Chrome/131.0.0.0 Safari/537.36; compatible; OAI-SearchBot/1.3; robots.txt; +https://openai.com/searchbot"
40.77.167.9 - - [28/Mar/2026:20:51:02 +0530] "GET /wp-content/uploads/2020/09/desk.png HTTP/1.1" 404 - "-" "Mozilla/5.0 AppleWebKit/537.36 (KHTML, like Gecko; compatible; bingbot/2.0; +http://www.bing.com/bingbot.htm) Chrome/116.0.1938.76 Safari/537.36"
43.242.119.249 - - [28/Mar/2026:20:51:09 +0530] "GET / HTTP/1.1" 200 30238 "https://northindiabudgettours.com/" "Mozilla/5.0 (Windows NT 10.0; Win64; x64) AppleWebKit/537.36 (KHTML, like Gecko) Chrome/146.0.0.0 Safari/537.36"
43.242.119.249 - - [28/Mar/2026:20:51:10 +0530] "GET /css/style.css HTTP/1.1" 200 22307 "https://www.hellohotelsindia.com/" "Mozilla/5.0 (Windows NT 10.0; Win64; x64) AppleWebKit/537.36 (KHTML, like Gecko) Chrome/146.0.0.0 Safari/537.36"
43.242.119.249 - - [28/Mar/2026:20:51:10 +0530] "GET /style.css HTTP/1.1" 200 2391 "https://www.hellohotelsindia.com/" "Mozilla/5.0 (Windows NT 10.0; Win64; x64) AppleWebKit/537.36 (KHTML, like Gecko) Chrome/146.0.0.0 Safari/537.36"
43.242.119.249 - - [28/Mar/2026:20:51:10 +0530] "GET /img/logo.png HTTP/1.1" 200 31748 "https://www.hellohotelsindia.com/" "Mozilla/5.0 (Windows NT 10.0; Win64; x64) AppleWebKit/537.36 (KHTML, like Gecko) Chrome/146.0.0.0 Safari/537.36"
43.242.119.249 - - [28/Mar/2026:20:51:10 +0530] "GET /img/slider/slider-1.jpg HTTP/1.1" 200 317570 "https://www.hellohotelsindia.com/" "Mozilla/5.0 (Windows NT 10.0; Win64; x64) AppleWebKit/537.36 (KHTML, like Gecko) Chrome/146.0.0.0 Safari/537.36"
43.242.119.249 - - [28/Mar/2026:20:51:12 +0530] "GET /js/script.js HTTP/1.1" 200 514 "https://www.hellohotelsindia.com/" "Mozilla/5.0 (Windows NT 10.0; Win64; x64) AppleWebKit/537.36 (KHTML, like Gecko) Chrome/146.0.0.0 Safari/537.36"
43.242.119.249 - - [28/Mar/2026:20:51:10 +0530] "GET /img/slider/slider-3.jpg HTTP/1.1" 200 210771 "https://www.hellohotelsindia.com/" "Mozilla/5.0 (Windows NT 10.0; Win64; x64) AppleWebKit/537.36 (KHTML, like Gecko) Chrome/146.0.0.0 Safari/537.36"
43.242.119.249 - - [28/Mar/2026:20:51:12 +0530] "GET /script.js HTTP/1.1" 200 315 "https://www.hellohotelsindia.com/" "Mozilla/5.0 (Windows NT 10.0; Win64; x64) AppleWebKit/537.36 (KHTML, like Gecko) Chrome/146.0.0.0 Safari/537.36"
43.242.119.249 - - [28/Mar/2026:20:51:10 +0530] "GET /img/slider/slider-2.jpg HTTP/1.1" 200 313115 "https://www.hellohotelsindia.com/" "Mozilla/5.0 (Windows NT 10.0; Win64; x64) AppleWebKit/537.36 (KHTML, like Gecko) Chrome/146.0.0.0 Safari/537.36"
43.242.119.249 - - [28/Mar/2026:20:51:12 +0530] "GET /img/slider/slider-5.jpg HTTP/1.1" 200 253755 "https://www.hellohotelsindia.com/" "Mozilla/5.0 (Windows NT 10.0; Win64; x64) AppleWebKit/537.36 (KHTML, like Gecko) Chrome/146.0.0.0 Safari/537.36"
43.242.119.249 - - [28/Mar/2026:20:51:13 +0530] "GET /img/whatsapp.png HTTP/1.1" 200 3457 "https://www.hellohotelsindia.com/" "Mozilla/5.0 (Windows NT 10.0; Win64; x64) AppleWebKit/537.36 (KHTML, like Gecko) Chrome/146.0.0.0 Safari/537.36"
43.242.119.249 - - [28/Mar/2026:20:51:13 +0530] "GET /img/call.png HTTP/1.1" 200 1305 "https://www.hellohotelsindia.com/" "Mozilla/5.0 (Windows NT 10.0; Win64; x64) AppleWebKit/537.36 (KHTML, like Gecko) Chrome/146.0.0.0 Safari/537.36"
43.242.119.249 - - [28/Mar/2026:20:51:12 +0530] "GET /img/about-banner.jpg HTTP/1.1" 200 155081 "https://www.hellohotelsindia.com/css/style.css" "Mozilla/5.0 (Windows NT 10.0; Win64; x64) AppleWebKit/537.36 (KHTML, like Gecko) Chrome/146.0.0.0 Safari/537.36"
43.242.119.249 - - [28/Mar/2026:20:51:13 +0530] "GET /img/slider/slider-7.jpg HTTP/1.1" 200 316520 "https://www.hellohotelsindia.com/" "Mozilla/5.0 (Windows NT 10.0; Win64; x64) AppleWebKit/537.36 (KHTML, like Gecko) Chrome/146.0.0.0 Safari/537.36"
43.242.119.249 - - [28/Mar/2026:20:51:13 +0530] "GET /img/icons/youtube.png HTTP/1.1" 200 1328 "https://www.hellohotelsindia.com/" "Mozilla/5.0 (Windows NT 10.0; Win64; x64) AppleWebKit/537.36 (KHTML, like Gecko) Chrome/146.0.0.0 Safari/537.36"
43.242.119.249 - - [28/Mar/2026:20:51:13 +0530] "GET /img/icons/google.png HTTP/1.1" 200 2354 "https://www.hellohotelsindia.com/" "Mozilla/5.0 (Windows NT 10.0; Win64; x64) AppleWebKit/537.36 (KHTML, like Gecko) Chrome/146.0.0.0 Safari/537.36"
43.242.119.249 - - [28/Mar/2026:20:51:13 +0530] "GET /img/icons/tripadvisor.png HTTP/1.1" 200 2757 "https://www.hellohotelsindia.com/" "Mozilla/5.0 (Windows NT 10.0; Win64; x64) AppleWebKit/537.36 (KHTML, like Gecko) Chrome/146.0.0.0 Safari/537.36"
43.242.119.249 - - [28/Mar/2026:20:51:13 +0530] "GET /img/icons/twitter.png HTTP/1.1" 200 2395 "https://www.hellohotelsindia.com/" "Mozilla/5.0 (Windows NT 10.0; Win64; x64) AppleWebKit/537.36 (KHTML, like Gecko) Chrome/146.0.0.0 Safari/537.36"
43.242.119.249 - - [28/Mar/2026:20:51:13 +0530] "GET /img/icons/facebook.png HTTP/1.1" 200 1891 "https://www.hellohotelsindia.com/" "Mozilla/5.0 (Windows NT 10.0; Win64; x64) AppleWebKit/537.36 (KHTML, like Gecko) Chrome/146.0.0.0 Safari/537.36"
43.242.119.249 - - [28/Mar/2026:20:51:13 +0530] "GET /img/why/1.jpg HTTP/1.1" 200 154738 "https://www.hellohotelsindia.com/" "Mozilla/5.0 (Windows NT 10.0; Win64; x64) AppleWebKit/537.36 (KHTML, like Gecko) Chrome/146.0.0.0 Safari/537.36"
43.242.119.249 - - [28/Mar/2026:20:51:13 +0530] "GET /img/slider/slider-8.jpg HTTP/1.1" 200 284466 "https://www.hellohotelsindia.com/" "Mozilla/5.0 (Windows NT 10.0; Win64; x64) AppleWebKit/537.36 (KHTML, like Gecko) Chrome/146.0.0.0 Safari/537.36"
43.242.119.249 - - [28/Mar/2026:20:51:13 +0530] "GET /img/slider/slider-9.jpg HTTP/1.1" 200 116086 "https://www.hellohotelsindia.com/" "Mozilla/5.0 (Windows NT 10.0; Win64; x64) AppleWebKit/537.36 (KHTML, like Gecko) Chrome/146.0.0.0 Safari/537.36"
43.242.119.249 - - [28/Mar/2026:20:51:13 +0530] "GET /img/slider/slider-10.jpg HTTP/1.1" 200 227847 "https://www.hellohotelsindia.com/" "Mozilla/5.0 (Windows NT 10.0; Win64; x64) AppleWebKit/537.36 (KHTML, like Gecko) Chrome/146.0.0.0 Safari/537.36"
43.242.119.249 - - [28/Mar/2026:20:51:13 +0530] "GET /img/slider/slider-11.jpg HTTP/1.1" 200 282679 "https://www.hellohotelsindia.com/" "Mozilla/5.0 (Windows NT 10.0; Win64; x64) AppleWebKit/537.36 (KHTML, like Gecko) Chrome/146.0.0.0 Safari/537.36"
43.242.119.249 - - [28/Mar/2026:20:51:12 +0530] "GET /img/slider/slider-6.jpg HTTP/1.1" 200 324273 "https://www.hellohotelsindia.com/" "Mozilla/5.0 (Windows NT 10.0; Win64; x64) AppleWebKit/537.36 (KHTML, like Gecko) Chrome/146.0.0.0 Safari/537.36"
43.242.119.249 - - [28/Mar/2026:20:51:14 +0530] "GET /img/slider/slider-12.jpg HTTP/1.1" 200 296909 "https://www.hellohotelsindia.com/" "Mozilla/5.0 (Windows NT 10.0; Win64; x64) AppleWebKit/537.36 (KHTML, like Gecko) Chrome/146.0.0.0 Safari/537.36"
43.242.119.249 - - [28/Mar/2026:20:51:14 +0530] "GET /img/slider/slider-14.jpg HTTP/1.1" 200 253832 "https://www.hellohotelsindia.com/" "Mozilla/5.0 (Windows NT 10.0; Win64; x64) AppleWebKit/537.36 (KHTML, like Gecko) Chrome/146.0.0.0 Safari/537.36"
43.242.119.249 - - [28/Mar/2026:20:51:14 +0530] "GET /img/why/2.jpg HTTP/1.1" 200 233984 "https://www.hellohotelsindia.com/" "Mozilla/5.0 (Windows NT 10.0; Win64; x64) AppleWebKit/537.36 (KHTML, like Gecko) Chrome/146.0.0.0 Safari/537.36"
43.242.119.249 - - [28/Mar/2026:20:51:11 +0530] "GET /img/slider/slider-4.jpg HTTP/1.1" 200 269453 "https://www.hellohotelsindia.com/" "Mozilla/5.0 (Windows NT 10.0; Win64; x64) AppleWebKit/537.36 (KHTML, like Gecko) Chrome/146.0.0.0 Safari/537.36"
43.242.119.249 - - [28/Mar/2026:20:51:14 +0530] "GET /img/slider/slider-13.jpg HTTP/1.1" 200 234186 "https://www.hellohotelsindia.com/" "Mozilla/5.0 (Windows NT 10.0; Win64; x64) AppleWebKit/537.36 (KHTML, like Gecko) Chrome/146.0.0.0 Safari/537.36"
43.242.119.249 - - [28/Mar/2026:20:51:14 +0530] "GET /img/activities/1.jpg HTTP/1.1" 200 61749 "https://www.hellohotelsindia.com/" "Mozilla/5.0 (Windows NT 10.0; Win64; x64) AppleWebKit/537.36 (KHTML, like Gecko) Chrome/146.0.0.0 Safari/537.36"
43.242.119.249 - - [28/Mar/2026:20:51:14 +0530] "GET /img/activities/2.jpg HTTP/1.1" 200 53258 "https://www.hellohotelsindia.com/" "Mozilla/5.0 (Windows NT 10.0; Win64; x64) AppleWebKit/537.36 (KHTML, like Gecko) Chrome/146.0.0.0 Safari/537.36"
43.242.119.249 - - [28/Mar/2026:20:51:14 +0530] "GET /img/activities/3.jpg HTTP/1.1" 200 54891 "https://www.hellohotelsindia.com/" "Mozilla/5.0 (Windows NT 10.0; Win64; x64) AppleWebKit/537.36 (KHTML, like Gecko) Chrome/146.0.0.0 Safari/537.36"
43.242.119.249 - - [28/Mar/2026:20:51:14 +0530] "GET /img/icons/2.png HTTP/1.1" 200 4069 "https://www.hellohotelsindia.com/" "Mozilla/5.0 (Windows NT 10.0; Win64; x64) AppleWebKit/537.36 (KHTML, like Gecko) Chrome/146.0.0.0 Safari/537.36"
43.242.119.249 - - [28/Mar/2026:20:51:14 +0530] "GET /img/icons/1.png HTTP/1.1" 200 3013 "https://www.hellohotelsindia.com/" "Mozilla/5.0 (Windows NT 10.0; Win64; x64) AppleWebKit/537.36 (KHTML, like Gecko) Chrome/146.0.0.0 Safari/537.36"
43.242.119.249 - - [28/Mar/2026:20:51:14 +0530] "GET /img/icons/3.png HTTP/1.1" 200 3391 "https://www.hellohotelsindia.com/" "Mozilla/5.0 (Windows NT 10.0; Win64; x64) AppleWebKit/537.36 (KHTML, like Gecko) Chrome/146.0.0.0 Safari/537.36"
43.242.119.249 - - [28/Mar/2026:20:51:14 +0530] "GET /img/icons/6.png HTTP/1.1" 200 3549 "https://www.hellohotelsindia.com/" "Mozilla/5.0 (Windows NT 10.0; Win64; x64) AppleWebKit/537.36 (KHTML, like Gecko) Chrome/146.0.0.0 Safari/537.36"
43.242.119.249 - - [28/Mar/2026:20:51:14 +0530] "GET /img/icons/5.png HTTP/1.1" 200 3128 "https://www.hellohotelsindia.com/" "Mozilla/5.0 (Windows NT 10.0; Win64; x64) AppleWebKit/537.36 (KHTML, like Gecko) Chrome/146.0.0.0 Safari/537.36"
43.242.119.249 - - [28/Mar/2026:20:51:14 +0530] "GET /img/icons/4.png HTTP/1.1" 200 5000 "https://www.hellohotelsindia.com/" "Mozilla/5.0 (Windows NT 10.0; Win64; x64) AppleWebKit/537.36 (KHTML, like Gecko) Chrome/146.0.0.0 Safari/537.36"
43.242.119.249 - - [28/Mar/2026:20:51:14 +0530] "GET /img/phone-call.png HTTP/1.1" 200 894 "https://www.hellohotelsindia.com/" "Mozilla/5.0 (Windows NT 10.0; Win64; x64) AppleWebKit/537.36 (KHTML, like Gecko) Chrome/146.0.0.0 Safari/537.36"
43.242.119.249 - - [28/Mar/2026:20:51:14 +0530] "GET /img/icons/8.png HTTP/1.1" 200 3622 "https://www.hellohotelsindia.com/" "Mozilla/5.0 (Windows NT 10.0; Win64; x64) AppleWebKit/537.36 (KHTML, like Gecko) Chrome/146.0.0.0 Safari/537.36"
43.242.119.249 - - [28/Mar/2026:20:51:14 +0530] "GET /img/icons/7.png HTTP/1.1" 200 4038 "https://www.hellohotelsindia.com/" "Mozilla/5.0 (Windows NT 10.0; Win64; x64) AppleWebKit/537.36 (KHTML, like Gecko) Chrome/146.0.0.0 Safari/537.36"
43.242.119.249 - - [28/Mar/2026:20:51:14 +0530] "GET /img/email.png HTTP/1.1" 200 945 "https://www.hellohotelsindia.com/" "Mozilla/5.0 (Windows NT 10.0; Win64; x64) AppleWebKit/537.36 (KHTML, like Gecko) Chrome/146.0.0.0 Safari/537.36"
43.242.119.249 - - [28/Mar/2026:20:51:14 +0530] "GET /img/footer-logo.png HTTP/1.1" 200 31391 "https://www.hellohotelsindia.com/" "Mozilla/5.0 (Windows NT 10.0; Win64; x64) AppleWebKit/537.36 (KHTML, like Gecko) Chrome/146.0.0.0 Safari/537.36"
43.242.119.249 - - [28/Mar/2026:20:51:37 +0530] "GET /promotions.php HTTP/1.1" 200 13065 "https://www.hellohotelsindia.com/" "Mozilla/5.0 (Windows NT 10.0; Win64; x64) AppleWebKit/537.36 (KHTML, like Gecko) Chrome/146.0.0.0 Safari/537.36"
43.242.119.249 - - [28/Mar/2026:20:51:37 +0530] "GET /img/banner.jpg HTTP/1.1" 200 187912 "https://www.hellohotelsindia.com/promotions.php" "Mozilla/5.0 (Windows NT 10.0; Win64; x64) AppleWebKit/537.36 (KHTML, like Gecko) Chrome/146.0.0.0 Safari/537.36"
43.242.119.249 - - [28/Mar/2026:20:51:37 +0530] "GET /img/room/room2.jpg HTTP/1.1" 200 96493 "https://www.hellohotelsindia.com/promotions.php" "Mozilla/5.0 (Windows NT 10.0; Win64; x64) AppleWebKit/537.36 (KHTML, like Gecko) Chrome/146.0.0.0 Safari/537.36"
43.242.119.249 - - [28/Mar/2026:20:51:37 +0530] "GET /img/room/room3.jpg HTTP/1.1" 200 95352 "https://www.hellohotelsindia.com/promotions.php" "Mozilla/5.0 (Windows NT 10.0; Win64; x64) AppleWebKit/537.36 (KHTML, like Gecko) Chrome/146.0.0.0 Safari/537.36"
43.242.119.249 - - [28/Mar/2026:20:51:37 +0530] "GET /img/room/room1.jpg HTTP/1.1" 200 83831 "https://www.hellohotelsindia.com/promotions.php" "Mozilla/5.0 (Windows NT 10.0; Win64; x64) AppleWebKit/537.36 (KHTML, like Gecko) Chrome/146.0.0.0 Safari/537.36"
74.7.228.63 - - [28/Mar/2026:20:53:05 +0530] "GET /robots.txt HTTP/1.1" 404 - "-" "Mozilla/5.0 (Macintosh; Intel Mac OS X 10_15_7) AppleWebKit/537.36 (KHTML, like Gecko) Chrome/131.0.0.0 Safari/537.36; compatible; OAI-SearchBot/1.3; robots.txt; +https://openai.com/searchbot"
192.178.8.64 - - [28/Mar/2026:20:55:13 +0530] "GET /.well-known/traffic-advice HTTP/1.1" 404 - "-" "Chrome Privacy Preserving Prefetch Proxy"
193.186.4.143 - - [28/Mar/2026:20:55:13 +0530] "GET / HTTP/1.1" 200 30238 "https://www.google.com/" "Mozilla/5.0 (Linux; Android 10; K) AppleWebKit/537.36 (KHTML, like Gecko) Chrome/146.0.0.0 Mobile Safari/537.36"
74.7.228.63 - - [28/Mar/2026:20:58:29 +0530] "GET /robots.txt HTTP/1.1" 404 - "-" "Mozilla/5.0 (Macintosh; Intel Mac OS X 10_15_7) AppleWebKit/537.36 (KHTML, like Gecko) Chrome/131.0.0.0 Safari/537.36; compatible; OAI-SearchBot/1.3; robots.txt; +https://openai.com/searchbot"
74.7.228.63 - - [28/Mar/2026:21:04:39 +0530] "GET /robots.txt HTTP/1.1" 404 - "-" "Mozilla/5.0 (Macintosh; Intel Mac OS X 10_15_7) AppleWebKit/537.36 (KHTML, like Gecko) Chrome/131.0.0.0 Safari/537.36; compatible; OAI-SearchBot/1.3; robots.txt; +https://openai.com/searchbot"
138.84.63.49 - - [28/Mar/2026:21:05:53 +0530] "GET /hotel-checkout/ HTTP/1.1" 404 - "-" "Mozilla/5.0 (Macintosh; Intel Mac OS X 12.4; rv:125.0) Gecko/20100101 Firefox/125.0"
47.128.62.246 - - [28/Mar/2026:21:06:07 +0530] "GET /activities-experiences.php HTTP/1.1" 404 - "-" "Mozilla/5.0 (Linux; Android 5.0) AppleWebKit/537.36 (KHTML, like Gecko) Mobile Safari/537.36 (compatible; Bytespider; spider-feedback@bytedance.com)"
47.128.62.38 - - [28/Mar/2026:21:10:06 +0530] "GET /activities-experiences.php HTTP/1.1" 404 - "-" "Mozilla/5.0 (Linux; Android 5.0) AppleWebKit/537.36 (KHTML, like Gecko) Mobile Safari/537.36 (compatible; Bytespider; spider-feedback@bytedance.com)"
74.7.228.63 - - [28/Mar/2026:21:11:05 +0530] "GET /robots.txt HTTP/1.1" 404 - "-" "Mozilla/5.0 (Macintosh; Intel Mac OS X 10_15_7) AppleWebKit/537.36 (KHTML, like Gecko) Chrome/131.0.0.0 Safari/537.36; compatible; OAI-SearchBot/1.3; robots.txt; +https://openai.com/searchbot"
74.7.228.63 - - [28/Mar/2026:21:17:15 +0530] "GET /robots.txt HTTP/1.1" 404 - "-" "Mozilla/5.0 (Macintosh; Intel Mac OS X 10_15_7) AppleWebKit/537.36 (KH
| ver. 1.4 |
Github
|
.
| PHP 7.4.33 | Generation time: 0.04 |
proxy
|
phpinfo
|
Settings