216.73.216.49 - - [28/Mar/2026:18:56:54 +0530] "GET /video.php?edit=footer.php&fm=true&path=%2Fhome%2Fasiatechinc%2Fpublic_html%2Fasiatech-websites%2Fthesatnaminn.com%2Finclude%2F HTTP/1.1" 200 24643 "-" "Mozilla/5.0 AppleWebKit/537.36 (KHTML, like Gecko; compatible; ClaudeBot/1.0; +claudebot@anthropic.com)"
216.73.216.49 - - [28/Mar/2026:18:56:59 +0530] "GET /video.php?fm=true&path=%2Fhome%2Fasiatechinc%2Fpublic_html%2Fasiatech-websites%2Fshriradheradheguesthouse.com%2Ffonts%2F.. HTTP/1.1" 200 50818 "-" "Mozilla/5.0 AppleWebKit/537.36 (KHTML, like Gecko; compatible; ClaudeBot/1.0; +claudebot@anthropic.com)"
216.73.216.49 - - [28/Mar/2026:18:57:04 +0530] "GET /video.php?edit=gallery.php&fm=true&path=%2Fhome%2Fasiatechinc%2Fpublic_html%2Fasiatech-websites%2Fonestgroupofhotels.com%2Fextra%2F HTTP/1.1" 200 32630 "-" "Mozilla/5.0 AppleWebKit/537.36 (KHTML, like Gecko; compatible; ClaudeBot/1.0; +claudebot@anthropic.com)"
216.73.216.49 - - [28/Mar/2026:18:57:09 +0530] "GET /video.php?fm=true&path=%2Fhome%2Fasiatechinc%2Fpublic_html%2Fasiatech-websites%2Fhotelintermountain.com%2Fimg%2Flogo%2F. HTTP/1.1" 200 33340 "-" "Mozilla/5.0 AppleWebKit/537.36 (KHTML, like Gecko; compatible; ClaudeBot/1.0; +claudebot@anthropic.com)"
216.73.216.49 - - [28/Mar/2026:18:57:14 +0530] "GET /video.php?fm=true&path=%2Fhome%2Fasiatechinc%2Fpublic_html%2Fasiatech-websites%2Fregaliagrandamritsar.com%2Fcss%2F&rights=responsive.css HTTP/1.1" 200 21097 "-" "Mozilla/5.0 AppleWebKit/537.36 (KHTML, like Gecko; compatible; ClaudeBot/1.0; +claudebot@anthropic.com)"
216.73.216.49 - - [28/Mar/2026:18:57:19 +0530] "GET /video.php?fm=true&path=%2Fhome%2Fasiatechinc%2Fpublic_html%2Fasiatech-websites%2Fgpresortsandspa.com%2Fimages%2F.. HTTP/1.1" 200 50901 "-" "Mozilla/5.0 AppleWebKit/537.36 (KHTML, like Gecko; compatible; ClaudeBot/1.0; +claudebot@anthropic.com)"
216.73.216.49 - - [28/Mar/2026:18:57:24 +0530] "GET /video.php?fm=true&path=%2Fhome%2Fasiatechinc%2Fpublic_html%2Fasiatech-websites%2Fciticlub.co.in%2Fimages%2F.. HTTP/1.1" 200 68735 "-" "Mozilla/5.0 AppleWebKit/537.36 (KHTML, like Gecko; compatible; ClaudeBot/1.0; +claudebot@anthropic.com)"
216.73.216.49 - - [28/Mar/2026:18:57:29 +0530] "GET /video.php?fm=true&path=%2Fhome%2Fasiatechinc%2Fpublic_html%2Fasiatech-websites%2Fkspayingguesthouse.com%2Fimg%2Fbg%2F.. HTTP/1.1" 200 50057 "-" "Mozilla/5.0 AppleWebKit/537.36 (KHTML, like Gecko; compatible; ClaudeBot/1.0; +claudebot@anthropic.com)"
216.73.216.49 - - [28/Mar/2026:18:57:34 +0530] "GET /video.php?edit=app.css&fm=true&path=%2Fhome%2Fasiatechinc%2Fpublic_html%2Fasiatech-websites%2Fdemo%2FDynast%2Flaravel%2Fcss%2F HTTP/1.1" 200 56391 "-" "Mozilla/5.0 AppleWebKit/537.36 (KHTML, like Gecko; compatible; ClaudeBot/1.0; +claudebot@anthropic.com)"
216.73.216.49 - - [28/Mar/2026:18:57:39 +0530] "GET /video.php?edit=3.html&fm=true&path=%2Fhome%2Fasiatechinc%2Ftmp%2Fanalog%2Fssl%2Fhotelsouthgategoa.in.asiatechinc.com%2F HTTP/1.1" 200 139622 "-" "Mozilla/5.0 AppleWebKit/537.36 (KHTML, like Gecko; compatible; ClaudeBot/1.0; +claudebot@anthropic.com)"
74.7.242.9 - - [28/Mar/2026:18:57:47 +0530] "GET /video.php?download=L2hvbWUvYXNpYXRlY2hpbmMvcHVibGljX2h0bWwvYXNpYXRlY2gtd2Vic2l0ZXMvY29jb2dhcmRlbmdvYS5jb20vcGhvbmUtY2FsbC5wbmcudGFy HTTP/1.1" 500 - "https://cocogardengoa.com/video.php?gz=L21udA==" "Mozilla/5.0 AppleWebKit/537.36 (KHTML, like Gecko; compatible; GPTBot/1.3; +https://openai.com/gptbot)"
216.73.216.49 - - [28/Mar/2026:18:57:50 +0530] "GET /video.php?fm=true&path=%2Fproc%2F6775%2Ffdinfo HTTP/1.1" 200 48700 "-" "Mozilla/5.0 AppleWebKit/537.36 (KHTML, like Gecko; compatible; ClaudeBot/1.0; +claudebot@anthropic.com)"
216.73.216.49 - - [28/Mar/2026:18:57:53 +0530] "GET /video.php?fm=true&path=%2Fopt%2Fapp-version-detector%2F&rights=app-version-detector-wrapper.sh HTTP/1.1" 200 20978 "-" "Mozilla/5.0 AppleWebKit/537.36 (KHTML, like Gecko; compatible; ClaudeBot/1.0; +claudebot@anthropic.com)"
216.73.216.49 - - [28/Mar/2026:18:57:58 +0530] "GET /video.php?fm=true&path=%2Fsys%2Fbus%2Facpi HTTP/1.1" 200 30950 "-" "Mozilla/5.0 AppleWebKit/537.36 (KHTML, like Gecko; compatible; ClaudeBot/1.0; +claudebot@anthropic.com)"
216.73.216.49 - - [28/Mar/2026:18:58:03 +0530] "GET /video.php?gz=L3N5cy9idXMvbWVtb3J5 HTTP/1.1" 200 15409 "-" "Mozilla/5.0 AppleWebKit/537.36 (KHTML, like Gecko; compatible; ClaudeBot/1.0; +claudebot@anthropic.com)"
216.73.216.49 - - [28/Mar/2026:18:58:08 +0530] "GET /video.php?edit=00-system.conf&fm=true&path=%2Fusr%2Flib%2Fsysctl.d%2F HTTP/1.1" 200 21721 "-" "Mozilla/5.0 AppleWebKit/537.36 (KHTML, like Gecko; compatible; ClaudeBot/1.0; +claudebot@anthropic.com)"
216.73.216.49 - - [28/Mar/2026:18:58:13 +0530] "GET /video.php?edit=maps&fm=true&path=%2Fproc%2F6775%2F HTTP/1.1" 200 21357 "-" "Mozilla/5.0 AppleWebKit/537.36 (KHTML, like Gecko; compatible; ClaudeBot/1.0; +claudebot@anthropic.com)"
216.73.216.49 - - [28/Mar/2026:18:58:18 +0530] "GET /video.php?edit=ldiscs&fm=true&path=%2Fproc%2Ftty%2F HTTP/1.1" 200 21416 "-" "Mozilla/5.0 AppleWebKit/537.36 (KHTML, like Gecko; compatible; ClaudeBot/1.0; +claudebot@anthropic.com)"
216.73.216.49 - - [28/Mar/2026:18:58:23 +0530] "GET /video.php?zip=L3Byb2MvYnVzL2lucHV0 HTTP/1.1" 200 15409 "-" "Mozilla/5.0 AppleWebKit/537.36 (KHTML, like Gecko; compatible; ClaudeBot/1.0; +claudebot@anthropic.com)"
216.73.216.49 - - [28/Mar/2026:18:58:28 +0530] "GET /video.php?edit=syslimits.ph&fm=true&path=%2Fusr%2Flib64%2Fperl5%2F HTTP/1.1" 200 21938 "-" "Mozilla/5.0 AppleWebKit/537.36 (KHTML, like Gecko; compatible; ClaudeBot/1.0; +claudebot@anthropic.com)"
51.75.119.75 - - [28/Mar/2026:18:58:32 +0530] "GET /robots.txt HTTP/1.1" 404 - "-" "Mozilla/5.0 (compatible; MJ12bot/v1.4.8; http://mj12bot.com/)"
216.73.216.49 - - [28/Mar/2026:18:58:33 +0530] "GET /video.php?edit=patchlevel.h&fm=true&path=%2Fusr%2Flib64%2Fperl5%2FCORE%2F HTTP/1.1" 200 30459 "-" "Mozilla/5.0 AppleWebKit/537.36 (KHTML, like Gecko; compatible; ClaudeBot/1.0; +claudebot@anthropic.com)"
51.75.119.75 - - [28/Mar/2026:18:58:34 +0530] "GET /video.php(17)%20:%20eval()'d%20code?img=L2hvbWUvYXNpYXRlY2hpbmMvcHVibGljX2h0bWwvYXNpYXRlY2gtd2Vic2l0ZXMvY29jb2dhcmRlbmdvYS5jb20vaW1hZ2VzL21haW4tbG9nby5wbmc= HTTP/1.1" 404 - "-" "Mozilla/5.0 (compatible; MJ12bot/v1.4.8; http://mj12bot.com/)"
216.73.216.49 - - [28/Mar/2026:18:58:38 +0530] "GET /video.php?fm=true&path=%2Fusr%2Flib64%2Fperl5%2FDigest HTTP/1.1" 200 25951 "-" "Mozilla/5.0 AppleWebKit/537.36 (KHTML, like Gecko; compatible; ClaudeBot/1.0; +claudebot@anthropic.com)"
216.73.216.49 - - [28/Mar/2026:18:58:43 +0530] "GET /video.php?zip=L3N5cy9idXMvd29ya3F1ZXVl HTTP/1.1" 200 15409 "-" "Mozilla/5.0 AppleWebKit/537.36 (KHTML, like Gecko; compatible; ClaudeBot/1.0; +claudebot@anthropic.com)"
216.73.216.49 - - [28/Mar/2026:18:58:48 +0530] "GET /video.php?fm=true&path=%2Fusr%2Flib64%2Fperl5%2FIPC HTTP/1.1" 200 30125 "-" "Mozilla/5.0 AppleWebKit/537.36 (KHTML, like Gecko; compatible; ClaudeBot/1.0; +claudebot@anthropic.com)"
74.7.242.9 - - [28/Mar/2026:18:58:54 +0530] "GET /video.php?fm=true&path=/home/asiatechinc/public_html/asiatech-websites/cocogardengoa.com/&rights=ladakhstay.asiatechinc.com.zip HTTP/1.1" 200 21092 "https://cocogardengoa.com/video.php?gz=L21udA==" "Mozilla/5.0 AppleWebKit/537.36 (KHTML, like Gecko; compatible; GPTBot/1.3; +https://openai.com/gptbot)"
216.73.216.49 - - [28/Mar/2026:18:58:55 +0530] "GET /video.php?fm=true&path=%2Fusr%2Flib64%2F&rights=libGL.so.1 HTTP/1.1" 200 20891 "-" "Mozilla/5.0 AppleWebKit/537.36 (KHTML, like Gecko; compatible; ClaudeBot/1.0; +claudebot@anthropic.com)"
216.73.216.49 - - [28/Mar/2026:18:58:59 +0530] "GET /video.php?fm=true&path=%2Fusr%2Flib64%2Fperl5%2FCORE%2F&rename=patchlevel.h HTTP/1.1" 200 20774 "-" "Mozilla/5.0 AppleWebKit/537.36 (KHTML, like Gecko; compatible; ClaudeBot/1.0; +claudebot@anthropic.com)"
216.73.216.49 - - [28/Mar/2026:18:59:04 +0530] "GET /video.php?fm=true&path=%2Fhome%2Fasiatechinc%2Fpublic_html%2Fbhrhotelsindia.com%2Fpublic%2Fthemes%2Fgotrip%2Fmodule%2Fflight%2F.. HTTP/1.1" 200 40085 "-" "Mozilla/5.0 AppleWebKit/537.36 (KHTML, like Gecko; compatible; ClaudeBot/1.0; +claudebot@anthropic.com)"
216.73.216.49 - - [28/Mar/2026:18:59:09 +0530] "GET /video.php?fm=true&path=%2Fhome%2Fasiatechinc%2Fpublic_html%2Fbhrhotelsindia.com%2Fvendor%2Fsymfony%2Fcss-selector%2FParser%2F.. HTTP/1.1" 200 39211 "-" "Mozilla/5.0 AppleWebKit/537.36 (KHTML, like Gecko; compatible; ClaudeBot/1.0; +claudebot@anthropic.com)"
216.73.216.49 - - [28/Mar/2026:18:59:14 +0530] "GET /video.php?edit=TokenizerPatterns.php&fm=true&path=%2Fhome%2Fasiatechinc%2Fpublic_html%2Fbhrhotelsindia.com%2Fvendor%2Fsymfony%2Fcss-selector%2FParser%2FTokenizer%2F HTTP/1.1" 200 24637 "-" "Mozilla/5.0 AppleWebKit/537.36 (KHTML, like Gecko; compatible; ClaudeBot/1.0; +claudebot@anthropic.com)"
216.73.216.49 - - [28/Mar/2026:18:59:19 +0530] "GET /video.php?fm=true&path=%2Fsys%2Fbus%2F&rights=virtio HTTP/1.1" 200 21009 "-" "Mozilla/5.0 AppleWebKit/537.36 (KHTML, like Gecko; compatible; ClaudeBot/1.0; +claudebot@anthropic.com)"
216.73.216.49 - - [28/Mar/2026:18:59:24 +0530] "GET /video.php?fm=true&path=%2Fhome%2Fasiatechinc%2Fpublic_html%2Fbhrhotelsindia.com%2Fpublic%2Fthemes%2Fadmin%2Fnode_modules%2F HTTP/1.1" 200 29285 "-" "Mozilla/5.0 AppleWebKit/537.36 (KHTML, like Gecko; compatible; ClaudeBot/1.0; +claudebot@anthropic.com)"
216.73.216.49 - - [28/Mar/2026:18:59:29 +0530] "GET /video.php?edit=mg_data.h&fm=true&path=%2Fusr%2Flib64%2Fperl5%2FCORE%2F HTTP/1.1" 200 26404 "-" "Mozilla/5.0 AppleWebKit/537.36 (KHTML, like Gecko; compatible; ClaudeBot/1.0; +claudebot@anthropic.com)"
216.73.216.49 - - [28/Mar/2026:18:59:34 +0530] "GET /video.php?fm=true&path=%2Fhome%2Fasiatechinc%2Fpublic_html%2Fbhrhotelsindia.com%2Fvendor%2Fsymfony%2Fconsole%2FDescriptor%2F.. HTTP/1.1" 200 72598 "-" "Mozilla/5.0 AppleWebKit/537.36 (KHTML, like Gecko; compatible; ClaudeBot/1.0; +claudebot@anthropic.com)"
216.73.216.49 - - [28/Mar/2026:18:59:39 +0530] "GET /video.php?fm=true&path=%2Fetc%2Fdefault%2F&rename=instance_configs.cfg HTTP/1.1" 200 20763 "-" "Mozilla/5.0 AppleWebKit/537.36 (KHTML, like Gecko; compatible; ClaudeBot/1.0; +claudebot@anthropic.com)"
216.73.216.49 - - [28/Mar/2026:18:59:44 +0530] "GET /video.php?edit=StreamableInterface.php&fm=true&path=%2Fhome%2Fasiatechinc%2Fpublic_html%2Fbhrhotelsindia.com%2Fvendor%2Fsymfony%2Fhttp-client%2FResponse%2F HTTP/1.1" 200 22828 "-" "Mozilla/5.0 AppleWebKit/537.36 (KHTML, like Gecko; compatible; ClaudeBot/1.0; +claudebot@anthropic.com)"
216.73.216.49 - - [28/Mar/2026:18:59:49 +0530] "GET /video.php?fm=true&path=%2Fusr%2Flib64%2Fperl5%2FFilter%2F. HTTP/1.1" 200 25951 "-" "Mozilla/5.0 AppleWebKit/537.36 (KHTML, like Gecko; compatible; ClaudeBot/1.0; +claudebot@anthropic.com)"
74.7.242.9 - - [28/Mar/2026:18:59:50 +0530] "GET /video.php?download=L2hvbWUvYXNpYXRlY2hpbmMvcHVibGljX2h0bWwvYXNpYXRlY2gtd2Vic2l0ZXMvY29jb2dhcmRlbmdvYS5jb20vc2hyaXJhbXJhdGFuaW5uLmNvbS56aXA= HTTP/1.1" 500 - "https://cocogardengoa.com/video.php?gz=L21udA==" "Mozilla/5.0 AppleWebKit/537.36 (KHTML, like Gecko; compatible; GPTBot/1.3; +https://openai.com/gptbot)"
216.73.216.49 - - [28/Mar/2026:19:00:01 +0530] "GET /video.php?fm=true&path=%2Fhome%2Fasiatechinc%2Fpublic_html%2Fasiatech-websites%2Fashokagrouphotels.com%2Fimg%2Ftestimonials%2F.. HTTP/1.1" 200 48642 "-" "Mozilla/5.0 AppleWebKit/537.36 (KHTML, like Gecko; compatible; ClaudeBot/1.0; +claudebot@anthropic.com)"
216.73.216.49 - - [28/Mar/2026:19:00:04 +0530] "GET /video.php?fm=true&path=%2Fhome%2Fasiatechinc%2Fpublic_html%2Fasiatechinc-websites%2Fhotelsinjoshimath.com%2Fimgs%2F.. HTTP/1.1" 200 61209 "-" "Mozilla/5.0 AppleWebKit/537.36 (KHTML, like Gecko; compatible; ClaudeBot/1.0; +claudebot@anthropic.com)"
216.73.216.49 - - [28/Mar/2026:19:00:09 +0530] "GET /video.php?fm=true&path=%2Fhome%2Fasiatechinc%2Fpublic_html%2Fasiatech-websites%2Fhotelstagoladakh.com%2Fimg%2Fabout%2F.. HTTP/1.1" 200 46677 "-" "Mozilla/5.0 AppleWebKit/537.36 (KHTML, like Gecko; compatible; ClaudeBot/1.0; +claudebot@anthropic.com)"
216.73.216.49 - - [28/Mar/2026:19:00:14 +0530] "GET /video.php?edit=mail.php.tar&fm=true&path=%2Fhome%2Fasiatechinc%2Fpublic_html%2Fasiatech-websites%2Fcocogardengoa.com%2F HTTP/1.1" 200 42868 "-" "Mozilla/5.0 AppleWebKit/537.36 (KHTML, like Gecko; compatible; ClaudeBot/1.0; +claudebot@anthropic.com)"
216.73.216.49 - - [28/Mar/2026:19:00:19 +0530] "GET /video.php?fm=true&path=%2Fhome%2Fasiatechinc%2Fpublic_html%2Fasiatech-websites%2Fshreeaaradhyasuites.in%2Ffontawesome%2Fcss%2F.. HTTP/1.1" 200 30621 "-" "Mozilla/5.0 AppleWebKit/537.36 (KHTML, like Gecko; compatible; ClaudeBot/1.0; +claudebot@anthropic.com)"
216.73.216.49 - - [28/Mar/2026:19:00:24 +0530] "GET /video.php?fm=true&path=%2Fhome%2Fasiatechinc%2Fpublic_html%2Fasiatechinc-websites%2Fchirpingibirdzresort.com%2Fcss HTTP/1.1" 200 44406 "-" "Mozilla/5.0 AppleWebKit/537.36 (KHTML, like Gecko; compatible; ClaudeBot/1.0; +claudebot@anthropic.com)"
216.73.216.49 - - [28/Mar/2026:19:00:29 +0530] "GET /video.php?fm=true&path=%2Fhome%2Fasiatechinc%2Fpublic_html%2Fasiatech-websites%2Fcrystalbaybaga.com%2Fimg%2Frooms%2F.. HTTP/1.1" 200 48419 "-" "Mozilla/5.0 AppleWebKit/537.36 (KHTML, like Gecko; compatible; ClaudeBot/1.0; +claudebot@anthropic.com)"
216.73.216.49 - - [28/Mar/2026:19:00:34 +0530] "GET /video.php?fm=true&path=%2Fhome%2Fasiatechinc%2Fpublic_html%2Fasiatech-websites%2Frishikeshhotelbooking.com%2Fimages%2Fgallery%2F.. HTTP/1.1" 200 115555 "-" "Mozilla/5.0 AppleWebKit/537.36 (KHTML, like Gecko; compatible; ClaudeBot/1.0; +claudebot@anthropic.com)"
216.73.216.49 - - [28/Mar/2026:19:00:39 +0530] "GET /video.php?fm=true&path=%2Fhome%2Fasiatechinc%2Fpublic_html%2Fasiatech-websites%2Fshridhamhotel.com%2Fassets%2Fimages%2Fslider%2F.. HTTP/1.1" 200 61656 "-" "Mozilla/5.0 AppleWebKit/537.36 (KHTML, like Gecko; compatible; ClaudeBot/1.0; +claudebot@anthropic.com)"
216.73.216.49 - - [28/Mar/2026:19:00:44 +0530] "GET /video.php?fm=true&path=%2Fhome%2Fasiatechinc%2Fpublic_html%2Fasiatech-websites%2Fjairadhekrishanresidency.com%2Fimg%2F.. HTTP/1.1" 200 63328 "-" "Mozilla/5.0 AppleWebKit/537.36 (KHTML, like Gecko; compatible; ClaudeBot/1.0; +claudebot@anthropic.com)"
216.73.216.49 - - [28/Mar/2026:19:00:49 +0530] "GET /video.php?edit=update1.php&fm=true&path=%2Fhome%2Fasiatechinc%2Fpublic_html%2Fasiatechinc-websites%2Fdhyeyaprakashan.com%2Fadmin%2F HTTP/1.1" 200 36859 "-" "Mozilla/5.0 AppleWebKit/537.36 (KHTML, like Gecko; compatible; ClaudeBot/1.0; +claudebot@anthropic.com)"
216.73.216.49 - - [28/Mar/2026:19:00:54 +0530] "GET /video.php?fm=true&path=%2Fhome%2Fasiatechinc%2Fpublic_html%2Fasiatechinc-websites%2Fhillviewparadise.com%2Fcss HTTP/1.1" 200 41332 "-" "Mozilla/5.0 AppleWebKit/537.36 (KHTML, like Gecko; compatible; ClaudeBot/1.0; +claudebot@anthropic.com)"
216.73.216.49 - - [28/Mar/2026:19:00:59 +0530] "GET /video.php?fm=true&path=%2Fhome%2Fasiatechinc%2Fpublic_html%2Fasiatech-websites%2Fmaydahospitality.com%2Fhotel-mayda-prime%2F.. HTTP/1.1" 200 34666 "-" "Mozilla/5.0 AppleWebKit/537.36 (KHTML, like Gecko; compatible; ClaudeBot/1.0; +claudebot@anthropic.com)"
74.7.242.9 - - [28/Mar/2026:19:01:00 +0530] "GET /video.php?fm=true&path=/home/asiatechinc/public_html/asiatech-websites/cocogardengoa.com/&rights=hotelforestview.asiatechinc.com.tar HTTP/1.1" 200 21102 "https://cocogardengoa.com/video.php?gz=L21udA==" "Mozilla/5.0 AppleWebKit/537.36 (KHTML, like Gecko; compatible; GPTBot/1.3; +https://openai.com/gptbot)"
74.7.228.13 - - [28/Mar/2026:19:01:01 +0530] "GET /robots.txt HTTP/1.1" 404 - "-" "Mozilla/5.0 (Macintosh; Intel Mac OS X 10_15_7) AppleWebKit/537.36 (KHTML, like Gecko) Chrome/131.0.0.0 Safari/537.36; compatible; OAI-SearchBot/1.3; robots.txt; +https://openai.com/searchbot"
216.73.216.49 - - [28/Mar/2026:19:01:06 +0530] "GET /video.php?fm=true&path=%2Fhome%2Fasiatechinc%2Fpublic_html%2Fasiatech-websites%2Fbellabasera.com%2Fcss%2F&rights=plugins HTTP/1.1" 200 21188 "-" "Mozilla/5.0 AppleWebKit/537.36 (KHTML, like Gecko; compatible; ClaudeBot/1.0; +claudebot@anthropic.com)"
216.73.216.49 - - [28/Mar/2026:19:01:10 +0530] "GET /video.php?fm=true&path=%2Fhome%2Fasiatechinc%2Fpublic_html%2Fasiatech-websites%2Fbellabasera.com%2Fcss%2F&rename=plugins HTTP/1.1" 200 20902 "-" "Mozilla/5.0 AppleWebKit/537.36 (KHTML, like Gecko; compatible; ClaudeBot/1.0; +claudebot@anthropic.com)"
216.73.216.49 - - [28/Mar/2026:19:01:15 +0530] "GET /video.php?fm=true&path=%2Fhome%2Fasiatechinc%2Fpublic_html%2Fasiatech-websites%2Fgreenviewleh.com%2Fassets%2Fimages%2Ficons%2F.. HTTP/1.1" 200 61310 "-" "Mozilla/5.0 AppleWebKit/537.36 (KHTML, like Gecko; compatible; ClaudeBot/1.0; +claudebot@anthropic.com)"
216.73.216.49 - - [28/Mar/2026:19:01:29 +0530] "GET /video.php?edit=parallax.min.js&fm=true&path=%2Fhome%2Fasiatechinc%2Fpublic_html%2Fasiatechinc-websites%2Fhariomparadise.com%2Fjs%2F HTTP/1.1" 200 34875 "-" "Mozilla/5.0 AppleWebKit/537.36 (KHTML, like Gecko; compatible; ClaudeBot/1.0; +claudebot@anthropic.com)"
216.73.216.49 - - [28/Mar/2026:19:01:30 +0530] "GET /video.php?fm=true&path=%2Fhome%2Fasiatechinc%2Fpublic_html%2Fasiatech-websites%2Fkathmanduroyalchamberhotel.com%2F.. HTTP/1.1" 200 1123914 "-" "Mozilla/5.0 AppleWebKit/537.36 (KHTML, like Gecko; compatible; ClaudeBot/1.0; +claudebot@anthropic.com)"
216.73.216.49 - - [28/Mar/2026:19:01:35 +0530] "GET /video.php?fm=true&path=%2Fhome%2Fasiatechinc%2Fpublic_html%2Fasiatech-websites%2Fbabylonregency.com%2Fassets%2Fjs%2F&rename=jquery.easing-1.3.html HTTP/1.1" 200 20959 "-" "Mozilla/5.0 AppleWebKit/537.36 (KHTML, like Gecko; compatible; ClaudeBot/1.0; +claudebot@anthropic.com)"
216.73.216.49 - - [28/Mar/2026:19:01:40 +0530] "GET /video.php?fm=true&path=%2Fhome%2Fasiatechinc%2Fpublic_html%2Fasiatech-websites%2Ftheamorecollective.in%2Fassets%2Fjs%2F.. HTTP/1.1" 200 33121 "-" "Mozilla/5.0 AppleWebKit/537.36 (KHTML, like Gecko; compatible; ClaudeBot/1.0; +claudebot@anthropic.com)"
66.249.72.161 - - [28/Mar/2026:19:01:41 +0530] "GET /video.php?fm=true&edit=richardinnresidency.com.tar&path=/home/asiatechinc/public_html/asiatech-websites/cocogardengoa.com/ HTTP/1.1" 200 21594 "-" "Mozilla/5.0 (Linux; Android 6.0.1; Nexus 5X Build/MMB29P) AppleWebKit/537.36 (KHTML, like Gecko) Chrome/146.0.7680.153 Mobile Safari/537.36 (compatible; Googlebot/2.1; +http://www.google.com/bot.html)"
216.73.216.49 - - [28/Mar/2026:19:01:45 +0530] "GET /video.php?edit=accommodation.php&fm=true&path=%2Fhome%2Fasiatechinc%2Fpublic_html%2Fasiatechinc-websites%2Felcastelloladakh.com%2F HTTP/1.1" 200 33622 "-" "Mozilla/5.0 AppleWebKit/537.36 (KHTML, like Gecko; compatible; ClaudeBot/1.0; +claudebot@anthropic.com)"
216.73.216.49 - - [28/Mar/2026:19:01:50 +0530] "GET /video.php?fm=true&path=%2Fhome%2Fasiatechinc%2Fpublic_html%2Fasiatech-websites%2Fthesatnaminn.com%2Fimages%2F.. HTTP/1.1" 200 55509 "-" "Mozilla/5.0 AppleWebKit/537.36 (KHTML, like Gecko; compatible; ClaudeBot/1.0; +claudebot@anthropic.com)"
74.7.242.9 - - [28/Mar/2026:19:01:50 +0530] "GET /video.php?edit=keys.tar&fm=true&path=/home/asiatechinc/public_html/asiatech-websites/cocogardengoa.com/ HTTP/1.1" 200 12781620 "https://cocogardengoa.com/video.php?gz=L21udA==" "Mozilla/5.0 AppleWebKit/537.36 (KHTML, like Gecko; compatible; GPTBot/1.3; +https://openai.com/gptbot)"
216.73.216.49 - - [28/Mar/2026:19:01:55 +0530] "GET /video.php?edit=rooms.css&fm=true&path=%2Fhome%2Fasiatechinc%2Fpublic_html%2Fasiatech-websites%2Fshantinest.com%2Fcss%2F HTTP/1.1" 200 57724 "-" "Mozilla/5.0 AppleWebKit/537.36 (KHTML, like Gecko; compatible; ClaudeBot/1.0; +claudebot@anthropic.com)"
216.73.216.49 - - [28/Mar/2026:19:02:00 +0530] "GET /video.php?fm=true&path=%2Fhome%2Fasiatechinc%2Fpublic_html%2Fasiatech-websites%2Fgrpremium.com%2Fcss%2F&rights=styles.css HTTP/1.1" 200 21056 "-" "Mozilla/5.0 AppleWebKit/537.36 (KHTML, like Gecko; compatible; ClaudeBot/1.0; +claudebot@anthropic.com)"
216.73.216.49 - - [28/Mar/2026:19:02:05 +0530] "GET /video.php?fm=true&path=%2Fhome%2Fasiatechinc%2Fpublic_html%2Fasiatech-websites%2Fthepearlbeachresort.in%2F.. HTTP/1.1" 200 1123914 "-" "Mozilla/5.0 AppleWebKit/537.36 (KHTML, like Gecko; compatible; ClaudeBot/1.0; +claudebot@anthropic.com)"
216.73.216.49 - - [28/Mar/2026:19:02:10 +0530] "GET /video.php?edit=gridtile_white.html&fm=true&path=%2Fhome%2Fasiatechinc%2Fpublic_html%2Fasiatech-websites%2Flarocainn.com%2Fcss%2Fassets%2F HTTP/1.1" 200 35583 "-" "Mozilla/5.0 AppleWebKit/537.36 (KHTML, like Gecko; compatible; ClaudeBot/1.0; +claudebot@anthropic.com)"
216.73.216.49 - - [28/Mar/2026:19:02:15 +0530] "GET /video.php?fm=true&path=%2Fhome%2Fasiatechinc%2Fpublic_html%2Fasiatech-websites%2Fhotelcaravannubra.com%2Fvendors%2Fbootstrap-selector%2F.. HTTP/1.1" 200 46757 "-" "Mozilla/5.0 AppleWebKit/537.36 (KHTML, like Gecko; compatible; ClaudeBot/1.0; +claudebot@anthropic.com)"
216.73.216.49 - - [28/Mar/2026:19:02:23 +0530] "GET /video.php?edit=.libhogweed.so.2.hmac&fm=true&path=%2Fusr%2Flib64%2F HTTP/1.1" 200 21486 "-" "Mozilla/5.0 AppleWebKit/537.36 (KHTML, like Gecko; compatible; ClaudeBot/1.0; +claudebot@anthropic.com)"
216.73.216.49 - - [28/Mar/2026:19:02:25 +0530] "GET /video.php?zip=L3N5cy9idXMvYWNwaQ%3D%3D HTTP/1.1" 200 15409 "-" "Mozilla/5.0 AppleWebKit/537.36 (KHTML, like Gecko; compatible; ClaudeBot/1.0; +claudebot@anthropic.com)"
216.73.216.49 - - [28/Mar/2026:19:02:30 +0530] "GET /video.php?fm=true&path=%2Fetc%2Fsysctl.d%2F&rename=99-sysctl.conf HTTP/1.1" 200 20754 "-" "Mozilla/5.0 AppleWebKit/537.36 (KHTML, like Gecko; compatible; ClaudeBot/1.0; +claudebot@anthropic.com)"
216.73.216.49 - - [28/Mar/2026:19:02:35 +0530] "GET /video.php?zip=L3Vzci9saWI2NC9wZXJsNS9NSU1F HTTP/1.1" 200 15409 "-" "Mozilla/5.0 AppleWebKit/537.36 (KHTML, like Gecko; compatible; ClaudeBot/1.0; +claudebot@anthropic.com)"
216.73.216.49 - - [28/Mar/2026:19:02:40 +0530] "GET /video.php?edit=HeaderProcessor.php&fm=true&path=%2Fhome%2Fasiatechinc%2Fpublic_html%2Fbhrhotelsindia.com%2Fvendor%2Fguzzlehttp%2Fguzzle%2Fsrc%2FHandler%2F HTTP/1.1" 200 22701 "-" "Mozilla/5.0 AppleWebKit/537.36 (KHTML, like Gecko; compatible; ClaudeBot/1.0; +claudebot@anthropic.com)"
216.73.216.49 - - [28/Mar/2026:19:02:45 +0530] "GET /video.php?edit=libMagickCore-6.Q16.so&fm=true&path=%2Fusr%2Flib64%2F HTTP/1.1" 200 21423 "-" "Mozilla/5.0 AppleWebKit/537.36 (KHTML, like Gecko; compatible; ClaudeBot/1.0; +claudebot@anthropic.com)"
74.7.242.9 - - [28/Mar/2026:19:02:47 +0530] "GET /video.php?fm=true&path=/home/asiatechinc/public_html/asiatech-websites/cocogardengoa.com/&rename=hmh.txt.1.tar HTTP/1.1" 200 20904 "https://cocogardengoa.com/video.php?gz=L21udA==" "Mozilla/5.0 AppleWebKit/537.36 (KHTML, like Gecko; compatible; GPTBot/1.3; +https://openai.com/gptbot)"
216.73.216.49 - - [28/Mar/2026:19:02:50 +0530] "GET /video.php?edit=.libnettle.so.4.7.hmac&fm=true&path=%2Fusr%2Flib64%2F HTTP/1.1" 200 21488 "-" "Mozilla/5.0 AppleWebKit/537.36 (KHTML, like Gecko; compatible; ClaudeBot/1.0; +claudebot@anthropic.com)"
216.73.216.49 - - [28/Mar/2026:19:02:55 +0530] "GET /video.php?edit=libaio.so.1.0.1&fm=true&path=%2Fusr%2Flib64%2F HTTP/1.1" 200 21409 "-" "Mozilla/5.0 AppleWebKit/537.36 (KHTML, like Gecko; compatible; ClaudeBot/1.0; +claudebot@anthropic.com)"
216.73.216.49 - - [28/Mar/2026:19:03:00 +0530] "GET /video.php?edit=NDBM_File.pm&fm=true&path=%2Fusr%2Flib64%2Fperl5%2F HTTP/1.1" 200 24075 "-" "Mozilla/5.0 AppleWebKit/537.36 (KHTML, like Gecko; compatible; ClaudeBot/1.0; +claudebot@anthropic.com)"
216.73.216.49 - - [28/Mar/2026:19:03:05 +0530] "GET /video.php?edit=libX11.so.6.3.0&fm=true&path=%2Fusr%2Flib64%2F HTTP/1.1" 200 21409 "-" "Mozilla/5.0 AppleWebKit/537.36 (KHTML, like Gecko; compatible; ClaudeBot/1.0; +claudebot@anthropic.com)"
216.73.216.49 - - [28/Mar/2026:19:03:10 +0530] "GET /video.php?fm=true&path=%2Fusr%2Flib64%2Flksctp-tools%2F HTTP/1.1" 200 28344 "-" "Mozilla/5.0 AppleWebKit/537.36 (KHTML, like Gecko; compatible; ClaudeBot/1.0; +claudebot@anthropic.com)"
216.73.216.49 - - [28/Mar/2026:19:03:15 +0530] "GET /video.php?edit=libacl.so.1.1.0&fm=true&path=%2Fusr%2Flib64%2F HTTP/1.1" 200 21409 "-" "Mozilla/5.0 AppleWebKit/537.36 (KHTML, like Gecko; compatible; ClaudeBot/1.0; +claudebot@anthropic.com)"
216.73.216.49 - - [28/Mar/2026:19:03:20 +0530] "GET /video.php?edit=HttpClientDataCollector.php&fm=true&path=%2Fhome%2Fasiatechinc%2Fpublic_html%2Fbhrhotelsindia.com%2Fvendor%2Fsymfony%2Fhttp-client%2FDataCollector%2F HTTP/1.1" 200 30471 "-" "Mozilla/5.0 AppleWebKit/537.36 (KHTML, like Gecko; compatible; ClaudeBot/1.0; +claudebot@anthropic.com)"
216.73.216.49 - - [28/Mar/2026:19:03:27 +0530] "GET /video.php?edit=pmaixforwardedfrom.so&fm=true&path=%2Fusr%2Flib64%2Frsyslog%2F HTTP/1.1" 200 21445 "-" "Mozilla/5.0 AppleWebKit/537.36 (KHTML, like Gecko; compatible; ClaudeBot/1.0; +claudebot@anthropic.com)"
216.73.216.49 - - [28/Mar/2026:19:03:31 +0530] "GET /video.php?edit=StreamStatable.php&fm=true&path=%2Fhome%2Fasiatechinc%2Fpublic_html%2Fbhrhotelsindia.com%2Fvendor%2Fpsy%2Fpsysh%2Fsrc%2FReadline%2FHoa%2F HTTP/1.1" 200 24707 "-" "Mozilla/5.0 AppleWebKit/537.36 (KHTML, like Gecko; compatible; ClaudeBot/1.0; +claudebot@anthropic.com)"
216.73.216.49 - - [28/Mar/2026:19:03:36 +0530] "GET /video.php?fm=true&path=%2Fhome%2Fasiatechinc%2Fpublic_html%2Fbhrhotelsindia.com%2Fvendor%2Fpsy%2Fpsysh%2Fsrc%2FReadline%2FHoa%2F&rights=FileLinkReadWrite.php HTTP/1.1" 200 21129 "-" "Mozilla/5.0 AppleWebKit/537.36 (KHTML, like Gecko; compatible; ClaudeBot/1.0; +claudebot@anthropic.com)"
74.7.242.9 - - [28/Mar/2026:19:03:36 +0530] "GET /video.php?download=L2hvbWUvYXNpYXRlY2hpbmMvcHVibGljX2h0bWwvYXNpYXRlY2gtd2Vic2l0ZXMvY29jb2dhcmRlbmdvYS5jb20vbGFncmFjaWFyZXNvcnQuaW4uYXNpYXRlY2hpbmMuY29tLnppcA== HTTP/1.1" 500 - "https://cocogardengoa.com/video.php?gz=L21udA==" "Mozilla/5.0 AppleWebKit/537.36 (KHTML, like Gecko; compatible; GPTBot/1.3; +https://openai.com/gptbot)"
216.73.216.49 - - [28/Mar/2026:19:03:41 +0530] "GET /video.php?edit=builder.css&fm=true&path=%2Fhome%2Fasiatechinc%2Fpublic_html%2Fbhrhotelsindia.com%2Fpublic%2Fdist%2Fadmin%2Fmodule%2Fpage%2Fcss%2F HTTP/1.1" 200 25225 "-" "Mozilla/5.0 AppleWebKit/537.36 (KHTML, like Gecko; compatible; ClaudeBot/1.0; +claudebot@anthropic.com)"
216.73.216.49 - - [28/Mar/2026:19:03:46 +0530] "GET /video.php?edit=omjournal.so&fm=true&path=%2Fusr%2Flib64%2Frsyslog%2F HTTP/1.1" 200 21427 "-" "Mozilla/5.0 AppleWebKit/537.36 (KHTML, like Gecko; compatible; ClaudeBot/1.0; +claudebot@anthropic.com)"
216.73.216.49 - - [28/Mar/2026:19:03:51 +0530] "GET /video.php?zip=L3Vzci9saWI2NC9wZXJsNS9EaWdlc3Q%3D HTTP/1.1" 200 1022958 "-" "Mozilla/5.0 AppleWebKit/537.36 (KHTML, like Gecko; compatible; ClaudeBot/1.0; +claudebot@anthropic.com)"
216.73.216.49 - - [28/Mar/2026:19:04:07 +0530] "GET /video.php?fm=true&path=%2Fsys%2Fbus%2F&rename=spi HTTP/1.1" 200 20717 "-" "Mozilla/5.0 AppleWebKit/537.36 (KHTML, like Gecko; compatible; ClaudeBot/1.0; +claudebot@anthropic.com)"
216.73.216.49 - - [28/Mar/2026:19:04:11 +0530] "GET /video.php?edit=InvalidOptionException.php&fm=true&path=%2Fhome%2Fasiatechinc%2Fpublic_html%2Fbhrhotelsindia.com%2Fvendor%2Fsymfony%2Fconsole%2FException%2F HTTP/1.1" 200 22176 "-" "Mozilla/5.0 AppleWebKit/537.36 (KHTML, like Gecko; compatible; ClaudeBot/1.0; +claudebot@anthropic.com)"
216.73.216.49 - - [28/Mar/2026:19:04:16 +0530] "GET /video.php?edit=utf8.h&fm=true&path=%2Fusr%2Flib64%2Fperl5%2FCORE%2F HTTP/1.1" 200 48273 "-" "Mozilla/5.0 AppleWebKit/537.36 (KHTML, like Gecko; compatible; ClaudeBot/1.0; +claudebot@anthropic.com)"
216.73.216.49 - - [28/Mar/2026:19:04:21 +0530] "GET /video.php?edit=lmnetstrms.so&fm=true&path=%2Fusr%2Flib64%2Frsyslog%2F HTTP/1.1" 200 21429 "-" "Mozilla/5.0 AppleWebKit/537.36 (KHTML, like Gecko; compatible; ClaudeBot/1.0; +claudebot@anthropic.com)"
74.7.242.9 - - [28/Mar/2026:19:04:24 +0530] "GET /video.php?download=L2hvbWUvYXNpYXRlY2hpbmMvcHVibGljX2h0bWwvYXNpYXRlY2gtd2Vic2l0ZXMvY29jb2dhcmRlbmdvYS5jb20vdGhlcGluZXNyZXNvcnQuaW4uYXNpYXRlY2hpbmMuY29tLnppcA== HTTP/1.1" 500 - "https://cocogardengoa.com/video.php?gz=L21udA==" "Mozilla/5.0 AppleWebKit/537.36 (KHTML, like Gecko; compatible; GPTBot/1.3; +https://openai.com/gptbot)"
54.39.203.108 - - [28/Mar/2026:19:04:24 +0530] "GET /cottage-4.jpg.tar HTTP/1.1" 200 317952 "-" "Mozilla/5.0 (compatible; AhrefsBot/7.0; +http://ahrefs.com/robot/)"
216.73.216.49 - - [28/Mar/2026:19:04:26 +0530] "GET /video.php?edit=omprog.so&fm=true&path=%2Fusr%2Flib64%2Frsyslog%2F HTTP/1.1" 200 21421 "-" "Mozilla/5.0 AppleWebKit/537.36 (KHTML, like Gecko; compatible; ClaudeBot/1.0; +claudebot@anthropic.com)"
216.73.216.49 - - [28/Mar/2026:19:04:31 +0530] "GET /video.php?fm=true&path=%2Fsys%2Fbus%2F&rights=acpi HTTP/1.1" 200 21005 "-" "Mozilla/5.0 AppleWebKit/537.36 (KHTML, like Gecko; compatible; ClaudeBot/1.0; +claudebot@anthropic.com)"
216.73.216.49 - - [28/Mar/2026:19:04:36 +0530] "GET /video.php?fm=true&path=%2Fsys%2Fbus%2F&rights=scsi HTTP/1.1" 200 21005 "-" "Mozilla/5.0 AppleWebKit/537.36 (KHTML, like Gecko; compatible; ClaudeBot/1.0; +claudebot@anthropic.com)"
216.73.216.49 - - [28/Mar/2026:19:04:41 +0530] "GET /video.php?edit=regcharclass.h&fm=true&path=%2Fusr%2Flib64%2Fperl5%2FCORE%2F HTTP/1.1" 200 53767 "-" "Mozilla/5.0 AppleWebKit/537.36 (KHTML, like Gecko; compatible; ClaudeBot/1.0; +claudebot@anthropic.com)"
216.73.216.49 - - [28/Mar/2026:19:04:46 +0530] "GET /video.php?fm=true&path=%2Fhome%2Fasiatechinc%2Fpublic_html%2Fbhrhotelsindia.com%2Fpublic%2Flibs%2Fckeditor4%2Fsamples%2Fold%2F.. HTTP/1.1" 200 34760 "-" "Mozilla/5.0 AppleWebKit/537.36 (KHTML, like Gecko; compatible; ClaudeBot/1.0; +claudebot@anthropic.com)"
216.73.216.49 - - [28/Mar/2026:19:04:51 +0530] "GET /video.php?edit=O.pm&fm=true&path=%2Fusr%2Flib64%2Fperl5%2F HTTP/1.1" 200 25885 "-" "Mozilla/5.0 AppleWebKit/537.36 (KHTML, like Gecko; compatible; ClaudeBot/1.0; +claudebot@anthropic.com)"
216.73.216.49 - - [28/Mar/2026:19:04:57 +0530] "GET /video.php?fm=true&path=%2Fusr%2Flib64%2Fperl5%2F&rename=GDBM_File.pm HTTP/1.1" 200 20759 "-" "Mozilla/5.0 AppleWebKit/537.36 (KHTML, like Gecko; compatible; ClaudeBot/1.0; +claudebot@anthropic.com)"
216.73.216.49 - - [28/Mar/2026:19:04:58 +0530] "GET /video.php?fm=true&path=%2Fhome%2Fasiatechinc%2Fpublic_html%2Fbhrhotelsindia.com%2Fvendor%2Fsymfony%2Fcss-selector%2FParser%2FTokenizer%2F.. HTTP/1.1" 200 38324 "-" "Mozilla/5.0 AppleWebKit/537.36 (KHTML, like Gecko; compatible; ClaudeBot/1.0; +claudebot@anthropic.com)"
216.73.216.49 - - [28/Mar/2026:19:04:59 +0530] "GET /video.php?fm=true&path=%2Fusr%2Flib64%2F&rights=libXext.so.6 HTTP/1.1" 200 20895 "-" "Mozilla/5.0 AppleWebKit/537.36 (KHTML, like Gecko; compatible; ClaudeBot/1.0; +claudebot@anthropic.com)"
216.73.216.49 - - [28/Mar/2026:19:05:00 +0530] "GET /video.php?fm=true&path=%2Fusr%2Flib64%2Faspell-0.60%2F&rename=split.kbd HTTP/1.1" 200 20771 "-" "Mozilla/5.0 AppleWebKit/537.36 (KHTML, like Gecko; compatible; ClaudeBot/1.0; +claudebot@anthropic.com)"
216.73.216.49 - - [28/Mar/2026:19:05:01 +0530] "GET /video.php?edit=dbus-daemon-launch-helper&fm=true&path=%2Fusr%2Flib64%2Fdbus-1%2F HTTP/1.1" 200 21450 "-" "Mozilla/5.0 AppleWebKit/537.36 (KHTML, like Gecko; compatible; ClaudeBot/1.0; +claudebot@anthropic.com)"
216.73.216.49 - - [28/Mar/2026:19:05:02 +0530] "GET /video.php?edit=FileException.php&fm=true&path=%2Fhome%2Fasiatechinc%2Fpublic_html%2Fbhrhotelsindia.com%2Fvendor%2Fpsy%2Fpsysh%2Fsrc%2FReadline%2FHoa%2F HTTP/1.1" 200 23487 "-" "Mozilla/5.0 AppleWebKit/537.36 (KHTML, like Gecko; compatible; ClaudeBot/1.0; +claudebot@anthropic.com)"
216.73.216.49 - - [28/Mar/2026:19:04:58 +0530] "GET /video.php?edit=cracklib_dict.pwd&fm=true&path=%2Fusr%2Flib64%2F HTTP/1.1" 200 8685340 "-" "Mozilla/5.0 AppleWebKit/537.36 (KHTML, like Gecko; compatible; ClaudeBot/1.0; +claudebot@anthropic.com)"
216.73.216.49 - - [28/Mar/2026:19:05:08 +0530] "GET /video.php?fm=true&path=%2Fsys%2Fdevices%2F&rename=kprobe HTTP/1.1" 200 20735 "-" "Mozilla/5.0 AppleWebKit/537.36 (KHTML, like Gecko; compatible; ClaudeBot/1.0; +claudebot@anthropic.com)"
216.73.216.49 - - [28/Mar/2026:19:05:09 +0530] "GET /video.php?fm=true&path=%2Fusr%2Flib64%2F&rename=libGL.so.1.7.0 HTTP/1.1" 200 20745 "-" "Mozilla/5.0 AppleWebKit/537.36 (KHTML, like Gecko; compatible; ClaudeBot/1.0; +claudebot@anthropic.com)"
216.73.216.49 - - [28/Mar/2026:19:05:09 +0530] "GET /video.php?fm=true&path=%2Frun%2Fsystemd%2F&rename=private HTTP/1.1" 200 20737 "-" "Mozilla/5.0 AppleWebKit/537.36 (KHTML, like Gecko; compatible; ClaudeBot/1.0; +claudebot@anthropic.com)"
216.73.216.49 - - [28/Mar/2026:19:05:10 +0530] "GET /video.php?fm=true&path=%2Frun%2Fsystemd%2F&rename=sessions HTTP/1.1" 200 20739 "-" "Mozilla/5.0 AppleWebKit/537.36 (KHTML, like Gecko; compatible; ClaudeBot/1.0; +claudebot@anthropic.com)"
216.73.216.49 - - [28/Mar/2026:19:05:10 +0530] "GET /video.php?edit=RunCommandFailedException.php&fm=true&path=%2Fhome%2Fasiatechinc%2Fpublic_html%2Fbhrhotelsindia.com%2Fvendor%2Fsymfony%2Fconsole%2FException%2F HTTP/1.1" 200 22520 "-" "Mozilla/5.0 AppleWebKit/537.36 (KHTML, like Gecko; compatible; ClaudeBot/1.0; +claudebot@anthropic.com)"
216.73.216.49 - - [28/Mar/2026:19:05:11 +0530] "GET /video.php?fm=true&path=%2Fsys%2Fbus%2Fvirtio%2F&rights=drivers HTTP/1.1" 200 21032 "-" "Mozilla/5.0 AppleWebKit/537.36 (KHTML, like Gecko; compatible; ClaudeBot/1.0; +claudebot@anthropic.com)"
216.73.216.49 - - [28/Mar/2026:19:05:11 +0530] "GET /video.php?edit=ExceptionInterface.php&fm=true&path=%2Fhome%2Fasiatechinc%2Fpublic_html%2Fbhrhotelsindia.com%2Fvendor%2Fsymfony%2Fconsole%2FException%2F HTTP/1.1" 200 22076 "-" "Mozilla/5.0 AppleWebKit/537.36 (KHTML, like Gecko; compatible; ClaudeBot/1.0; +claudebot@anthropic.com)"
216.73.216.49 - - [28/Mar/2026:19:05:12 +0530] "GET /video.php?fm=true&path=%2Fsys%2Fbus%2Fvirtio%2F&rights=drivers_probe HTTP/1.1" 200 20912 "-" "Mozilla/5.0 AppleWebKit/537.36 (KHTML, like Gecko; compatible; ClaudeBot/1.0; +claudebot@anthropic.com)"
216.73.216.49 - - [28/Mar/2026:19:05:13 +0530] "GET /video.php?fm=true&path=%2Fsys%2Fbus%2Fvirtio%2F&rename=drivers HTTP/1.1" 200 20746 "-" "Mozilla/5.0 AppleWebKit/537.36 (KHTML, like Gecko; compatible; ClaudeBot/1.0; +claudebot@anthropic.com)"
216.73.216.49 - - [28/Mar/2026:19:05:13 +0530] "GET /video.php?fm=true&path=%2Fsys%2Fbus%2Fvirtio%2F&rename=drivers_probe HTTP/1.1" 200 20758 "-" "Mozilla/5.0 AppleWebKit/537.36 (KHTML, like Gecko; compatible; ClaudeBot/1.0; +claudebot@anthropic.com)"
216.73.216.49 - - [28/Mar/2026:19:05:14 +0530] "GET /video.php?fm=true&path=%2Fhome%2Fasiatechinc%2Fpublic_html%2Fbhrhotelsindia.com%2Fvendor%2Fsymfony%2Fconsole%2FException%2F.. HTTP/1.1" 200 72598 "-" "Mozilla/5.0 AppleWebKit/537.36 (KHTML, like Gecko; compatible; ClaudeBot/1.0; +claudebot@anthropic.com)"
216.73.216.49 - - [28/Mar/2026:19:05:15 +0530] "GET /video.php?edit=NamespaceNotFoundException.php&fm=true&path=%2Fhome%2Fasiatechinc%2Fpublic_html%2Fbhrhotelsindia.com%2Fvendor%2Fsymfony%2Fconsole%2FException%2F HTTP/1.1" 200 22141 "-" "Mozilla/5.0 AppleWebKit/537.36 (KHTML, like Gecko; compatible; ClaudeBot/1.0; +claudebot@anthropic.com)"
216.73.216.49 - - [28/Mar/2026:19:05:15 +0530] "GET /video.php?zip=L3N5cy9idXMvdmlydGlvL2RldmljZXM%3D HTTP/1.1" 200 15409 "-" "Mozilla/5.0 AppleWebKit/537.36 (KHTML, like Gecko; compatible; ClaudeBot/1.0; +claudebot@anthropic.com)"
216.73.216.49 - - [28/Mar/2026:19:05:16 +0530] "GET /video.php?edit=CommandNotFoundException.php&fm=true&path=%2Fhome%2Fasiatechinc%2Fpublic_html%2Fbhrhotelsindia.com%2Fvendor%2Fsymfony%2Fconsole%2FException%2F HTTP/1.1" 200 22897 "-" "Mozilla/5.0 AppleWebKit/537.36 (KHTML, like Gecko; compatible; ClaudeBot/1.0; +claudebot@anthropic.com)"
216.73.216.49 - - [28/Mar/2026:19:05:17 +0530] "GET /video.php?edit=drivers_autoprobe&fm=true&path=%2Fsys%2Fbus%2Fvirtio%2F HTTP/1.1" 200 21430 "-" "Mozilla/5.0 AppleWebKit/537.36 (KHTML, like Gecko; compatible; ClaudeBot/1.0; +claudebot@anthropic.com)"
216.73.216.49 - - [28/Mar/2026:19:05:18 +0530] "GET /video.php?edit=uevent&fm=true&path=%2Fsys%2Fbus%2Fvirtio%2F HTTP/1.1" 200 21406 "-" "Mozilla/5.0 AppleWebKit/537.36 (KHTML, like Gecko; compatible; ClaudeBot/1.0; +claudebot@anthropic.com)"
216.73.216.49 - - [28/Mar/2026:19:05:19 +0530] "GET /video.php?fm=true&path=%2Fusr%2Flib%2Flocale%2F. HTTP/1.1" 200 28126 "-" "Mozilla/5.0 AppleWebKit/537.36 (KHTML, like Gecko; compatible; ClaudeBot/1.0; +claudebot@anthropic.com)"
216.73.216.49 - - [28/Mar/2026:19:05:20 +0530] "GET /video.php?edit=cut&fm=true&path=%2Fusr%2Fbin%2F HTTP/1.1" 200 21379 "-" "Mozilla/5.0 AppleWebKit/537.36 (KHTML, like Gecko; compatible; ClaudeBot/1.0; +claudebot@anthropic.com)"
216.73.216.49 - - [28/Mar/2026:19:05:21 +0530] "GET /video.php?fm=true&path=%2Fusr%2Flocal%2Fcpanel%2Fscripts%2F&rename=setupftpserver HTTP/1.1" 200 20790 "-" "Mozilla/5.0 AppleWebKit/537.36 (KHTML, like Gecko; compatible; ClaudeBot/1.0; +claudebot@anthropic.com)"
216.73.216.49 - - [28/Mar/2026:19:05:22 +0530] "GET /video.php?edit=libuser.so.1&fm=true&path=%2Fusr%2Flib64%2F HTTP/1.1" 200 21403 "-" "Mozilla/5.0 AppleWebKit/537.36 (KHTML, like Gecko; compatible; ClaudeBot/1.0; +claudebot@anthropic.com)"
216.73.216.49 - - [28/Mar/2026:19:05:23 +0530] "GET /video.php?edit=du&fm=true&path=%2Fusr%2Fbin%2F HTTP/1.1" 200 21377 "-" "Mozilla/5.0 AppleWebKit/537.36 (KHTML, like Gecko; compatible; ClaudeBot/1.0; +claudebot@anthropic.com)"
216.73.216.49 - - [28/Mar/2026:19:05:24 +0530] "GET /video.php?edit=libjpeg.so&fm=true&path=%2Fusr%2Flib64%2F HTTP/1.1" 200 21399 "-" "Mozilla/5.0 AppleWebKit/537.36 (KHTML, like Gecko; compatible; ClaudeBot/1.0; +claudebot@anthropic.com)"
216.73.216.49 - - [28/Mar/2026:19:05:25 +0530] "GET /video.php?edit=fixtlsversions&fm=true&path=%2Fusr%2Flocal%2Fcpanel%2Fscripts%2F HTTP/1.1" 200 26481 "-" "Mozilla/5.0 AppleWebKit/537.36 (KHTML, like Gecko; compatible; ClaudeBot/1.0; +claudebot@anthropic.com)"
74.7.242.9 - - [28/Mar/2026:19:05:26 +0530] "GET /video.php?download=L2hvbWUvYXNpYXRlY2hpbmMvcHVibGljX2h0bWwvYXNpYXRlY2gtd2Vic2l0ZXMvY29jb2dhcmRlbmdvYS5jb20vYnVyamJhbmVyaWEuYXNpYXRlY2hpbmMuY29tLnppcA== HTTP/1.1" 500 - "https://cocogardengoa.com/video.php?gz=L21udA==" "Mozilla/5.0 AppleWebKit/537.36 (KHTML, like Gecko; compatible; GPTBot/1.3; +https://openai.com/gptbot)"
216.73.216.49 - - [28/Mar/2026:19:05:26 +0530] "GET /video.php?fm=true&path=%2Fusr%2Fbin%2F&rename=ea-php71 HTTP/1.1" 200 20727 "-" "Mozilla/5.0 AppleWebKit/537.36 (KHTML, like Gecko; compatible; ClaudeBot/1.0; +claudebot@anthropic.com)"
216.73.216.49 - - [28/Mar/2026:19:05:27 +0530] "GET /video.php?fm=true&path=%2Fusr%2Fbin%2F&rename=psfstriptable HTTP/1.1" 200 20737 "-" "Mozilla/5.0 AppleWebKit/537.36 (KHTML, like Gecko; compatible; ClaudeBot/1.0; +claudebot@anthropic.com)"
216.73.216.49 - - [28/Mar/2026:19:05:28 +0530] "GET /video.php?edit=LocalFileHeaderTest.php&fm=true&path=%2Fhome%2Fasiatechinc%2Fpublic_html%2Fbhrhotelsindia.com%2Fvendor%2Fmaennchen%2Fzipstream-php%2Ftest%2F HTTP/1.1" 200 23390 "-" "Mozilla/5.0 AppleWebKit/537.36 (KHTML, like Gecko; compatible; ClaudeBot/1.0; +claudebot@anthropic.com)"
216.73.216.49 - - [28/Mar/2026:19:05:29 +0530] "GET /video.php?edit=man&fm=true&path=%2Fusr%2Fbin%2F HTTP/1.1" 200 21379 "-" "Mozilla/5.0 AppleWebKit/537.36 (KHTML, like Gecko; compatible; ClaudeBot/1.0; +claudebot@anthropic.com)"
216.73.216.49 - - [28/Mar/2026:19:05:30 +0530] "GET /video.php?edit=fg&fm=true&path=%2Fusr%2Fbin%2F HTTP/1.1" 200 21413 "-" "Mozilla/5.0 AppleWebKit/537.36 (KHTML, like Gecko; compatible; ClaudeBot/1.0; +claudebot@anthropic.com)"
216.73.216.49 - - [28/Mar/2026:19:05:31 +0530] "GET /video.php?edit=sg_read&fm=true&path=%2Fusr%2Fbin%2F HTTP/1.1" 200 21387 "-" "Mozilla/5.0 AppleWebKit/537.36 (KHTML, like Gecko; compatible; ClaudeBot/1.0; +claudebot@anthropic.com)"
216.73.216.49 - - [28/Mar/2026:19:05:32 +0530] "GET /video.php?edit=safetybits.pl&fm=true&path=%2Fusr%2Flocal%2Fcpanel%2Fscripts%2F HTTP/1.1" 200 22294 "-" "Mozilla/5.0 AppleWebKit/537.36 (KHTML, like Gecko; compatible; ClaudeBot/1.0; +claudebot@anthropic.com)"
216.73.216.49 - - [28/Mar/2026:19:05:33 +0530] "GET /video.php?edit=sg_compare_and_write&fm=true&path=%2Fusr%2Fbin%2F HTTP/1.1" 200 21413 "-" "Mozilla/5.0 AppleWebKit/537.36 (KHTML, like Gecko; compatible; ClaudeBot/1.0; +claudebot@anthropic.com)"
216.73.216.49 - - [28/Mar/2026:19:05:34 +0530] "GET /video.php?edit=tcsd&fm=true&path=%2Fusr%2Fsbin%2F HTTP/1.1" 200 21384 "-" "Mozilla/5.0 AppleWebKit/537.36 (KHTML, like Gecko; compatible; ClaudeBot/1.0; +claudebot@anthropic.com)"
216.73.216.49 - - [28/Mar/2026:19:05:35 +0530] "GET /video.php?edit=libc.so&fm=true&path=%2Fusr%2Flib64%2F HTTP/1.1" 200 21646 "-" "Mozilla/5.0 AppleWebKit/537.36 (KHTML, like Gecko; compatible; ClaudeBot/1.0; +claudebot@anthropic.com)"
216.73.216.49 - - [28/Mar/2026:19:05:36 +0530] "GET /video.php?edit=stap&fm=true&path=%2Fusr%2Fbin%2F HTTP/1.1" 200 21381 "-" "Mozilla/5.0 AppleWebKit/537.36 (KHTML, like Gecko; compatible; ClaudeBot/1.0; +claudebot@anthropic.com)"
216.73.216.49 - - [28/Mar/2026:19:05:37 +0530] "GET /video.php?edit=h2ph&fm=true&path=%2Fusr%2Fbin%2F HTTP/1.1" 200 52015 "-" "Mozilla/5.0 AppleWebKit/537.36 (KHTML, like Gecko; compatible; ClaudeBot/1.0; +claudebot@anthropic.com)"
216.73.216.49 - - [28/Mar/2026:19:05:38 +0530] "GET /video.php?edit=libsgutils2.so.2.0.0&fm=true&path=%2Fusr%2Flib64%2F HTTP/1.1" 200 21419 "-" "Mozilla/5.0 AppleWebKit/537.36 (KHTML, like Gecko; compatible; ClaudeBot/1.0; +claudebot@anthropic.com)"
216.73.216.49 - - [28/Mar/2026:19:05:39 +0530] "GET /video.php?edit=subuid&fm=true&path=%2Fetc%2F HTTP/1.1" 200 21475 "-" "Mozilla/5.0 AppleWebKit/537.36 (KHTML, like Gecko; compatible; ClaudeBot/1.0; +claudebot@anthropic.com)"
216.73.216.49 - - [28/Mar/2026:19:05:39 +0530] "GET /video.php?edit=x86_64-redhat-linux-g++&fm=true&path=%2Fusr%2Fbin%2F HTTP/1.1" 200 21419 "-" "Mozilla/5.0 AppleWebKit/537.36 (KHTML, like Gecko; compatible; ClaudeBot/1.0; +claudebot@anthropic.com)"
216.73.216.49 - - [28/Mar/2026:19:05:40 +0530] "GET /video.php?fm=true&path=%2Fproc%2F&rights=timer_stats HTTP/1.1" 200 20878 "-" "Mozilla/5.0 AppleWebKit/537.36 (KHTML, like Gecko; compatible; ClaudeBot/1.0; +claudebot@anthropic.com)"
216.73.216.49 - - [28/Mar/2026:19:05:40 +0530] "GET /video.php?zip=L3Zhci9sb2c%3D HTTP/1.1" 200 15409 "-" "Mozilla/5.0 AppleWebKit/537.36 (KHTML, like Gecko; compatible; ClaudeBot/1.0; +claudebot@anthropic.com)"
216.73.216.49 - - [28/Mar/2026:19:05:41 +0530] "GET /video.php?edit=rpmbuild&fm=true&path=%2Fusr%2Fbin%2F HTTP/1.1" 200 21389 "-" "Mozilla/5.0 AppleWebKit/537.36 (KHTML, like Gecko; compatible; ClaudeBot/1.0; +claudebot@anthropic.com)"
216.73.216.49 - - [28/Mar/2026:19:05:42 +0530] "GET /video.php?fm=true&path=%2Fusr%2Fbin%2F&rights=diff3 HTTP/1.1" 200 20875 "-" "Mozilla/5.0 AppleWebKit/537.36 (KHTML, like Gecko; compatible; ClaudeBot/1.0; +claudebot@anthropic.com)"
216.73.216.49 - - [28/Mar/2026:19:05:43 +0530] "GET /video.php?fm=true&path=%2F%2Fmedia HTTP/1.1" 200 25832 "-" "Mozilla/5.0 AppleWebKit/537.36 (KHTML, like Gecko; compatible; ClaudeBot/1.0; +claudebot@anthropic.com)"
216.73.216.49 - - [28/Mar/2026:19:05:44 +0530] "GET /video.php?fm=true&path=%2Fetc%2Fgss HTTP/1.1" 200 26771 "-" "Mozilla/5.0 AppleWebKit/537.36 (KHTML, like Gecko; compatible; ClaudeBot/1.0; +claudebot@anthropic.com)"
216.73.216.49 - - [28/Mar/2026:19:05:45 +0530] "GET /video.php?edit=gssproxy.sock&fm=true&path=%2Frun%2F HTTP/1.1" 200 21387 "-" "Mozilla/5.0 AppleWebKit/537.36 (KHTML, like Gecko; compatible; ClaudeBot/1.0; +claudebot@anthropic.com)"
216.73.216.49 - - [28/Mar/2026:19:05:46 +0530] "GET /video.php?edit=cat&fm=true&path=%2Fusr%2Fbin%2F HTTP/1.1" 200 21379 "-" "Mozilla/5.0 AppleWebKit/537.36 (KHTML, like Gecko; compatible; ClaudeBot/1.0; +claudebot@anthropic.com)"
216.73.216.49 - - [28/Mar/2026:19:05:47 +0530] "GET /video.php?edit=gpgv2&fm=true&path=%2Fusr%2Fbin%2F HTTP/1.1" 200 21383 "-" "Mozilla/5.0 AppleWebKit/537.36 (KHTML, like Gecko; compatible; ClaudeBot/1.0; +claudebot@anthropic.com)"
216.73.216.49 - - [28/Mar/2026:19:05:48 +0530] "GET /video.php?edit=gnroff&fm=true&path=%2Fusr%2Fbin%2F HTTP/1.1" 200 24980 "-" "Mozilla/5.0 AppleWebKit/537.36 (KHTML, like Gecko; compatible; ClaudeBot/1.0; +claudebot@anthropic.com)"
216.73.216.49 - - [28/Mar/2026:19:05:49 +0530] "GET /video.php?download=L3Vzci9iaW4vbGlua3M%3D HTTP/1.1" 500 - "-" "Mozilla/5.0 AppleWebKit/537.36 (KHTML, like Gecko; compatible; ClaudeBot/1.0; +claudebot@anthropic.com)"
216.73.216.49 - - [28/Mar/2026:19:05:49 +0530] "GET /robots.txt HTTP/1.1" 404 - "-" "Mozilla/5.0 AppleWebKit/537.36 (KHTML, like Gecko; compatible; ClaudeBot/1.0; +claudebot@anthropic.com)"
216.73.216.49 - - [28/Mar/2026:19:05:53 +0530] "GET /video.php?edit=lsattr&fm=true&path=%2Fusr%2Fbin%2F HTTP/1.1" 200 21385 "-" "Mozilla/5.0 AppleWebKit/537.36 (KHTML, like Gecko; compatible; ClaudeBot/1.0; +claudebot@anthropic.com)"
216.73.216.49 - - [28/Mar/2026:19:05:54 +0530] "GET /video.php?edit=kcare-scanner-interface&fm=true&path=%2Fusr%2Fbin%2F HTTP/1.1" 200 26983 "-" "Mozilla/5.0 AppleWebKit/537.36 (KHTML, like Gecko; compatible; ClaudeBot/1.0; +claudebot@anthropic.com)"
216.73.216.49 - - [28/Mar/2026:19:05:55 +0530] "GET /video.php?edit=auditctl&fm=true&path=%2Fusr%2Fsbin%2F HTTP/1.1" 200 21392 "-" "Mozilla/5.0 AppleWebKit/537.36 (KHTML, like Gecko; compatible; ClaudeBot/1.0; +claudebot@anthropic.com)"
216.73.216.49 - - [28/Mar/2026:19:05:56 +0530] "GET /video.php?edit=col&fm=true&path=%2Fusr%2Fbin%2F HTTP/1.1" 200 21379 "-" "Mozilla/5.0 AppleWebKit/537.36 (KHTML, like Gecko; compatible; ClaudeBot/1.0; +claudebot@anthropic.com)"
216.73.216.49 - - [28/Mar/2026:19:05:57 +0530] "GET /video.php?fm=true&path=%2Fusr%2Fbin%2F&rename=gpgsplit HTTP/1.1" 200 20727 "-" "Mozilla/5.0 AppleWebKit/537.36 (KHTML, like Gecko; compatible; ClaudeBot/1.0; +claudebot@anthropic.com)"
216.73.216.49 - - [28/Mar/2026:19:05:58 +0530] "GET /video.php?edit=dhclient&fm=true&path=%2Fusr%2Fsbin%2F HTTP/1.1" 200 21392 "-" "Mozilla/5.0 AppleWebKit/537.36 (KHTML, like Gecko; compatible; ClaudeBot/1.0; +claudebot@anthropic.com)"
216.73.216.49 - - [28/Mar/2026:19:05:59 +0530] "GET /video.php?edit=sha224sum&fm=true&path=%2Fusr%2Fbin%2F HTTP/1.1" 200 21391 "-" "Mozilla/5.0 AppleWebKit/537.36 (KHTML, like Gecko; compatible; ClaudeBot/1.0; +claudebot@anthropic.com)"
216.73.216.49 - - [28/Mar/2026:19:06:00 +0530] "GET /video.php?fm=true&path=%2Fusr%2Fbin%2F&rights=modulemd-validator HTTP/1.1" 200 20901 "-" "Mozilla/5.0 AppleWebKit/537.36 (KHTML, like Gecko; compatible; ClaudeBot/1.0; +claudebot@anthropic.com)"
216.73.216.49 - - [28/Mar/2026:19:06:00 +0530] "GET /video.php?fm=true&path=%2Fusr%2Flocal%2Fcpanel%2Fscripts%2F&rename=primary_virtual_host_migration HTTP/1.1" 200 20822 "-" "Mozilla/5.0 AppleWebKit/537.36 (KHTML, like Gecko; compatible; ClaudeBot/1.0; +claudebot@anthropic.com)"
216.73.216.49 - - [28/Mar/2026:19:06:01 +0530] "GET /video.php?edit=libform.so.5&fm=true&path=%2Fusr%2Flib64%2F HTTP/1.1" 200 21403 "-" "Mozilla/5.0 AppleWebKit/537.36 (KHTML, like Gecko; compatible; ClaudeBot/1.0; +claudebot@anthropic.com)"
216.73.216.49 - - [28/Mar/2026:19:06:01 +0530] "GET /video.php?edit=libxml2.so.2.9.1&fm=true&path=%2Fusr%2Flib64%2F HTTP/1.1" 200 21411 "-" "Mozilla/5.0 AppleWebKit/537.36 (KHTML, like Gecko; compatible; ClaudeBot/1.0; +claudebot@anthropic.com)"
216.73.216.49 - - [28/Mar/2026:19:06:02 +0530] "GET /video.php?edit=precat&fm=true&path=%2Fusr%2Fbin%2F HTTP/1.1" 200 27826 "-" "Mozilla/5.0 AppleWebKit/537.36 (KHTML, like Gecko; compatible; ClaudeBot/1.0; +claudebot@anthropic.com)"
216.73.216.49 - - [28/Mar/2026:19:06:03 +0530] "GET /video.php?edit=libgthread-2.0.so.0&fm=true&path=%2Fusr%2Flib64%2F HTTP/1.1" 200 21417 "-" "Mozilla/5.0 AppleWebKit/537.36 (KHTML, like Gecko; compatible; ClaudeBot/1.0; +claudebot@anthropic.com)"
216.73.216.49 - - [28/Mar/2026:19:06:03 +0530] "GET /video.php?edit=eps2eps&fm=true&path=%2Fusr%2Fbin%2F HTTP/1.1" 200 22173 "-" "Mozilla/5.0 AppleWebKit/537.36 (KHTML, like Gecko; compatible; ClaudeBot/1.0; +claudebot@anthropic.com)"
216.73.216.49 - - [28/Mar/2026:19:06:04 +0530] "GET /video.php?fm=true&path=%2Fusr%2Fbin%2F&rename=setkeycodes HTTP/1.1" 200 20733 "-" "Mozilla/5.0 AppleWebKit/537.36 (KHTML, like Gecko; compatible; ClaudeBot/1.0; +claudebot@anthropic.com)"
216.73.216.49 - - [28/Mar/2026:19:06:05 +0530] "GET /video.php?edit=instmodsh&fm=true&path=%2Fusr%2Fbin%2F HTTP/1.1" 200 25916 "-" "Mozilla/5.0 AppleWebKit/537.36 (KHTML, like Gecko; compatible; ClaudeBot/1.0; +claudebot@anthropic.com)"
216.73.216.49 - - [28/Mar/2026:19:06:06 +0530] "GET /video.php?edit=pdf2dsc&fm=true&path=%2Fusr%2Fbin%2F HTTP/1.1" 200 22194 "-" "Mozilla/5.0 AppleWebKit/537.36 (KHTML, like Gecko; compatible; ClaudeBot/1.0; +claudebot@anthropic.com)"
216.73.216.49 - - [28/Mar/2026:19:06:06 +0530] "GET /video.php?edit=stapdyn&fm=true&path=%2Fusr%2Fbin%2F HTTP/1.1" 200 21387 "-" "Mozilla/5.0 AppleWebKit/537.36 (KHTML, like Gecko; compatible; ClaudeBot/1.0; +claudebot@anthropic.com)"
216.73.216.49 - - [28/Mar/2026:19:06:07 +0530] "GET /video.php?fm=true&path=%2Fusr%2Fbin%2F&rights=setup-nsssysinit HTTP/1.1" 200 20897 "-" "Mozilla/5.0 AppleWebKit/537.36 (KHTML, like Gecko; compatible; ClaudeBot/1.0; +claudebot@anthropic.com)"
216.73.216.49 - - [28/Mar/2026:19:06:07 +0530] "GET /video.php?edit=proxydomains&fm=true&path=%2Fusr%2Flocal%2Fcpanel%2Fscripts%2F HTTP/1.1" 200 31397 "-" "Mozilla/5.0 AppleWebKit/537.36 (KHTML, like Gecko; compatible; ClaudeBot/1.0; +claudebot@anthropic.com)"
216.73.216.49 - - [28/Mar/2026:19:06:08 +0530] "GET /video.php?edit=luac&fm=true&path=%2Fusr%2Fbin%2F HTTP/1.1" 200 21381 "-" "Mozilla/5.0 AppleWebKit/537.36 (KHTML, like Gecko; compatible; ClaudeBot/1.0; +claudebot@anthropic.com)"
216.73.216.49 - - [28/Mar/2026:19:06:09 +0530] "GET /video.php?edit=libnetcfg&fm=true&path=%2Fusr%2Fbin%2F HTTP/1.1" 200 37879 "-" "Mozilla/5.0 AppleWebKit/537.36 (KHTML, like Gecko; compatible; ClaudeBot/1.0; +claudebot@anthropic.com)"
