216.73.216.49 - - [28/Mar/2026:19:23:47 +0530] "GET /video.php?edit=bootstrap.min.css&fm=true&path=%2Fhome%2Fasiatechinc%2Fpublic_html%2Fasiatech-websites%2Fharsilapplehomestay.com%2Fcss%2Flib%2F HTTP/1.1" 200 141448 "-" "Mozilla/5.0 AppleWebKit/537.36 (KHTML, like Gecko; compatible; ClaudeBot/1.0; +claudebot@anthropic.com)"
216.73.216.49 - - [28/Mar/2026:19:23:51 +0530] "GET /video.php?fm=true&path=%2Fhome%2Fasiatechinc%2Fpublic_html%2Fasiatech-websites%2Fdynastyresort.com%2Fapp%2FTraits%2F&rename=ResponseAPI.php HTTP/1.1" 200 20945 "-" "Mozilla/5.0 AppleWebKit/537.36 (KHTML, like Gecko; compatible; ClaudeBot/1.0; +claudebot@anthropic.com)"
66.249.72.161 - - [28/Mar/2026:19:23:55 +0530] "GET /video.php?fm=true&edit=blissofnature.in.tar.gz&path=/home/asiatechinc/public_html/asiatech-websites/cocogardengoa.com/ HTTP/1.1" 200 21586 "-" "Mozilla/5.0 (Linux; Android 6.0.1; Nexus 5X Build/MMB29P) AppleWebKit/537.36 (KHTML, like Gecko) Chrome/146.0.7680.153 Mobile Safari/537.36 (compatible; GoogleOther)"
216.73.216.49 - - [28/Mar/2026:19:23:56 +0530] "GET /video.php?edit=attraction.php&fm=true&path=%2Fhome%2Fasiatechinc%2Fpublic_html%2Fasiatechinc-websites%2Fbachchanpalace.com%2F HTTP/1.1" 200 39460 "-" "Mozilla/5.0 AppleWebKit/537.36 (KHTML, like Gecko; compatible; ClaudeBot/1.0; +claudebot@anthropic.com)"
74.7.242.9 - - [28/Mar/2026:19:23:57 +0530] "GET /video.php?download=L2hvbWUvYXNpYXRlY2hpbmMvcHVibGljX2h0bWwvYXNpYXRlY2gtd2Vic2l0ZXMvY29jb2dhcmRlbmdvYS5jb20vdGhlaGlkZGVuLXBhcmFkaXNlLmNvbS5hc2lhdGVjaGluYy5jb20uemlw HTTP/1.1" 500 - "https://cocogardengoa.com/video.php?gz=L21udA==" "Mozilla/5.0 AppleWebKit/537.36 (KHTML, like Gecko; compatible; GPTBot/1.3; +https://openai.com/gptbot)"
216.73.216.49 - - [28/Mar/2026:19:24:01 +0530] "GET /video.php?fm=true&path=%2Fhome%2Fasiatechinc%2Fpublic_html%2Fasiatechinc-websites%2Felcastelloladakh.com%2Finclude HTTP/1.1" 200 29245 "-" "Mozilla/5.0 AppleWebKit/537.36 (KHTML, like Gecko; compatible; ClaudeBot/1.0; +claudebot@anthropic.com)"
216.73.216.49 - - [28/Mar/2026:19:24:06 +0530] "GET /video.php?fm=true&path=%2Fhome%2Fasiatechinc%2Fpublic_html%2Fasiatechinc-websites%2Fpumoresort.com%2Finclude HTTP/1.1" 200 29123 "-" "Mozilla/5.0 AppleWebKit/537.36 (KHTML, like Gecko; compatible; ClaudeBot/1.0; +claudebot@anthropic.com)"
216.73.216.49 - - [28/Mar/2026:19:24:11 +0530] "GET /video.php?fm=true&path=%2Fhome%2Fasiatechinc%2Fpublic_html%2Fasiatechinc-websites%2Fdreambleauhotels.com%2Finclude HTTP/1.1" 200 29245 "-" "Mozilla/5.0 AppleWebKit/537.36 (KHTML, like Gecko; compatible; ClaudeBot/1.0; +claudebot@anthropic.com)"
216.73.216.49 - - [28/Mar/2026:19:24:16 +0530] "GET /video.php?fm=true&path=%2Fhome%2Fasiatechinc%2Fpublic_html%2Fasiatech-websites%2Fihotelbopal.com%2Fimages%2Fhome%2Fourbest%2F.. HTTP/1.1" 200 29087 "-" "Mozilla/5.0 AppleWebKit/537.36 (KHTML, like Gecko; compatible; ClaudeBot/1.0; +claudebot@anthropic.com)"
216.73.216.49 - - [28/Mar/2026:19:24:21 +0530] "GET /video.php?fm=true&path=%2Fhome%2Fasiatechinc%2Fpublic_html%2Fasiatech-websites%2Fnapland.in%2F.well-known%2F.. HTTP/1.1" 200 68725 "-" "Mozilla/5.0 AppleWebKit/537.36 (KHTML, like Gecko; compatible; ClaudeBot/1.0; +claudebot@anthropic.com)"
216.73.216.49 - - [28/Mar/2026:19:24:26 +0530] "GET /video.php?fm=true&path=%2Fhome%2Fasiatechinc%2Fpublic_html%2Fasiatech-websites%2Fhotelzimskhangvilla.com%2Fassets%2F.. HTTP/1.1" 200 51710 "-" "Mozilla/5.0 AppleWebKit/537.36 (KHTML, like Gecko; compatible; ClaudeBot/1.0; +claudebot@anthropic.com)"
148.113.128.136 - - [28/Mar/2026:19:24:26 +0530] "GET /hotelmountpleasant.com.asiatechinc.com.tar.gz HTTP/1.1" 200 121626 "-" "Mozilla/5.0 (compatible; AhrefsBot/7.0; +http://ahrefs.com/robot/)"
216.73.216.49 - - [28/Mar/2026:19:24:31 +0530] "GET /video.php?edit=about.php&fm=true&path=%2Fhome%2Fasiatechinc%2Fpublic_html%2Fasiatechinc-websites%2Fcasariana.com%2F HTTP/1.1" 200 29790 "-" "Mozilla/5.0 AppleWebKit/537.36 (KHTML, like Gecko; compatible; ClaudeBot/1.0; +claudebot@anthropic.com)"
216.73.216.49 - - [28/Mar/2026:19:24:36 +0530] "GET /video.php?fm=true&path=%2Fhome%2Fasiatechinc%2Fpublic_html%2Fasiatech-websites%2Fhotelsurja.com%2Fassets%2Fimages%2Ficons%2F.. HTTP/1.1" 200 48590 "-" "Mozilla/5.0 AppleWebKit/537.36 (KHTML, like Gecko; compatible; ClaudeBot/1.0; +claudebot@anthropic.com)"
216.73.216.49 - - [28/Mar/2026:19:24:41 +0530] "GET /video.php?fm=true&path=%2Fhome%2Fasiatechinc%2Fpublic_html%2Fasiatech-websites%2Fhotelzsuites.com%2Ffonts%2Frevicons%2F.. HTTP/1.1" 200 33231 "-" "Mozilla/5.0 AppleWebKit/537.36 (KHTML, like Gecko; compatible; ClaudeBot/1.0; +claudebot@anthropic.com)"
216.73.216.49 - - [28/Mar/2026:19:24:46 +0530] "GET /video.php?edit=testimonial.php&fm=true&path=%2Fhome%2Fasiatechinc%2Fpublic_html%2Fasiatechinc-websites%2Fhotelbalaparadise.com%2Fadmin%2F HTTP/1.1" 200 32719 "-" "Mozilla/5.0 AppleWebKit/537.36 (KHTML, like Gecko; compatible; ClaudeBot/1.0; +claudebot@anthropic.com)"
216.73.216.49 - - [28/Mar/2026:19:24:51 +0530] "GET /video.php?fm=true&path=%2Fhome%2Fasiatechinc%2Fpublic_html%2Fasiatech-websites%2Ftheummedpalace.com%2F.well-known%2F.. HTTP/1.1" 200 59743 "-" "Mozilla/5.0 AppleWebKit/537.36 (KHTML, like Gecko; compatible; ClaudeBot/1.0; +claudebot@anthropic.com)"
74.7.242.9 - - [28/Mar/2026:19:24:59 +0530] "GET /video.php?download=L2hvbWUvYXNpYXRlY2hpbmMvcHVibGljX2h0bWwvYXNpYXRlY2gtd2Vic2l0ZXMvY29jb2dhcmRlbmdvYS5jb20vdGhlaGlkZGVuLXBhcmFkaXNlLmNvbS5hc2lhdGVjaGluYy5jb20udGFyLmd6 HTTP/1.1" 500 - "https://cocogardengoa.com/video.php?gz=L21udA==" "Mozilla/5.0 AppleWebKit/537.36 (KHTML, like Gecko; compatible; GPTBot/1.3; +https://openai.com/gptbot)"
216.73.216.49 - - [28/Mar/2026:19:25:18 +0530] "GET /video.php?edit=mysql_plugin&fm=true&path=%2Fusr%2Fbin%2F HTTP/1.1" 200 21397 "-" "Mozilla/5.0 AppleWebKit/537.36 (KHTML, like Gecko; compatible; ClaudeBot/1.0; +claudebot@anthropic.com)"
216.73.216.49 - - [28/Mar/2026:19:25:21 +0530] "GET /video.php?edit=vmstat&fm=true&path=%2Fusr%2Fbin%2F HTTP/1.1" 200 21385 "-" "Mozilla/5.0 AppleWebKit/537.36 (KHTML, like Gecko; compatible; ClaudeBot/1.0; +claudebot@anthropic.com)"
216.73.216.49 - - [28/Mar/2026:19:25:26 +0530] "GET /video.php?edit=.monitor_hashes.json&fm=true&path=%2Ftmp%2F HTTP/1.1" 200 21403 "-" "Mozilla/5.0 AppleWebKit/537.36 (KHTML, like Gecko; compatible; ClaudeBot/1.0; +claudebot@anthropic.com)"
216.73.216.49 - - [28/Mar/2026:19:25:31 +0530] "GET /video.php?edit=edit_cpanelsync_exclude_list&fm=true&path=%2Fusr%2Flocal%2Fcpanel%2Fscripts%2F HTTP/1.1" 200 24307 "-" "Mozilla/5.0 AppleWebKit/537.36 (KHTML, like Gecko; compatible; ClaudeBot/1.0; +claudebot@anthropic.com)"
216.73.216.49 - - [28/Mar/2026:19:25:36 +0530] "GET /video.php?zip=Ly9saWI2NA%3D%3D HTTP/1.1" 200 15409 "-" "Mozilla/5.0 AppleWebKit/537.36 (KHTML, like Gecko; compatible; ClaudeBot/1.0; +claudebot@anthropic.com)"
216.73.216.49 - - [28/Mar/2026:19:25:41 +0530] "GET /video.php?edit=pic2graph&fm=true&path=%2Fusr%2Fbin%2F HTTP/1.1" 200 24783 "-" "Mozilla/5.0 AppleWebKit/537.36 (KHTML, like Gecko; compatible; ClaudeBot/1.0; +claudebot@anthropic.com)"
216.73.216.49 - - [28/Mar/2026:19:25:46 +0530] "GET /video.php?edit=key-users&fm=true&path=%2Fproc%2F HTTP/1.1" 200 21423 "-" "Mozilla/5.0 AppleWebKit/537.36 (KHTML, like Gecko; compatible; ClaudeBot/1.0; +claudebot@anthropic.com)"
216.73.216.49 - - [28/Mar/2026:19:25:51 +0530] "GET /video.php?edit=modutil&fm=true&path=%2Fusr%2Fbin%2F HTTP/1.1" 200 21387 "-" "Mozilla/5.0 AppleWebKit/537.36 (KHTML, like Gecko; compatible; ClaudeBot/1.0; +claudebot@anthropic.com)"
216.73.216.49 - - [28/Mar/2026:19:25:56 +0530] "GET /video.php?fm=true&path=%2Fvar%2F. HTTP/1.1" 200 50945 "-" "Mozilla/5.0 AppleWebKit/537.36 (KHTML, like Gecko; compatible; ClaudeBot/1.0; +claudebot@anthropic.com)"
74.7.242.9 - - [28/Mar/2026:19:25:59 +0530] "GET /video.php?download=L2hvbWUvYXNpYXRlY2hpbmMvcHVibGljX2h0bWwvYXNpYXRlY2gtd2Vic2l0ZXMvY29jb2dhcmRlbmdvYS5jb20vbXVyZGVzaHdhcmNvbWZvcnRzLmNvbS5hc2lhdGVjaGluYy5jb20uemlw HTTP/1.1" 500 - "https://cocogardengoa.com/video.php?gz=L21udA==" "Mozilla/5.0 AppleWebKit/537.36 (KHTML, like Gecko; compatible; GPTBot/1.3; +https://openai.com/gptbot)"
216.73.216.49 - - [28/Mar/2026:19:26:01 +0530] "GET /video.php?zip=Ly9kaXI%3D HTTP/1.1" 200 15409 "-" "Mozilla/5.0 AppleWebKit/537.36 (KHTML, like Gecko; compatible; ClaudeBot/1.0; +claudebot@anthropic.com)"
216.73.216.49 - - [28/Mar/2026:19:26:06 +0530] "GET /video.php?fm=true&path=%2Fusr%2Fbin%2F&rename=fixcvsdiff HTTP/1.1" 200 20731 "-" "Mozilla/5.0 AppleWebKit/537.36 (KHTML, like Gecko; compatible; ClaudeBot/1.0; +claudebot@anthropic.com)"
216.73.216.49 - - [28/Mar/2026:19:26:11 +0530] "GET /video.php?edit=libcryptsetup.so.4.7.0&fm=true&path=%2Fusr%2Flib64%2F HTTP/1.1" 200 21423 "-" "Mozilla/5.0 AppleWebKit/537.36 (KHTML, like Gecko; compatible; ClaudeBot/1.0; +claudebot@anthropic.com)"
216.73.216.49 - - [28/Mar/2026:19:26:16 +0530] "GET /video.php?fm=true&path=%2Fusr%2Fbin%2F&rename=zone2sql HTTP/1.1" 200 20727 "-" "Mozilla/5.0 AppleWebKit/537.36 (KHTML, like Gecko; compatible; ClaudeBot/1.0; +claudebot@anthropic.com)"
216.73.216.49 - - [28/Mar/2026:19:26:21 +0530] "GET /video.php?edit=autoheader&fm=true&path=%2Fusr%2Fbin%2F HTTP/1.1" 200 30494 "-" "Mozilla/5.0 AppleWebKit/537.36 (KHTML, like Gecko; compatible; ClaudeBot/1.0; +claudebot@anthropic.com)"
216.73.216.49 - - [28/Mar/2026:19:26:27 +0530] "GET /video.php?fm=true&path=%2Fusr%2Flocal%2Fcpanel%2Fscripts%2F&rename=find_outdated_services HTTP/1.1" 200 20806 "-" "Mozilla/5.0 AppleWebKit/537.36 (KHTML, like Gecko; compatible; ClaudeBot/1.0; +claudebot@anthropic.com)"
216.73.216.49 - - [28/Mar/2026:19:26:31 +0530] "GET /video.php?edit=smtpd.py&fm=true&path=%2Fusr%2Fbin%2F HTTP/1.1" 200 40311 "-" "Mozilla/5.0 AppleWebKit/537.36 (KHTML, like Gecko; compatible; ClaudeBot/1.0; +claudebot@anthropic.com)"
216.73.216.49 - - [28/Mar/2026:19:26:36 +0530] "GET /video.php?edit=libkdb5.so.8&fm=true&path=%2Fusr%2Flib64%2F HTTP/1.1" 200 21403 "-" "Mozilla/5.0 AppleWebKit/537.36 (KHTML, like Gecko; compatible; ClaudeBot/1.0; +claudebot@anthropic.com)"
216.73.216.49 - - [28/Mar/2026:19:26:43 +0530] "GET /video.php?edit=sg_logs&fm=true&path=%2Fusr%2Fbin%2F HTTP/1.1" 200 21387 "-" "Mozilla/5.0 AppleWebKit/537.36 (KHTML, like Gecko; compatible; ClaudeBot/1.0; +claudebot@anthropic.com)"
216.73.216.49 - - [28/Mar/2026:19:26:47 +0530] "GET /video.php?edit=libwrap.so.0.7.6&fm=true&path=%2Fusr%2Flib64%2F HTTP/1.1" 200 21411 "-" "Mozilla/5.0 AppleWebKit/537.36 (KHTML, like Gecko; compatible; ClaudeBot/1.0; +claudebot@anthropic.com)"
216.73.216.49 - - [28/Mar/2026:19:26:52 +0530] "GET /video.php?edit=cphulkdwhitelist&fm=true&path=%2Fusr%2Flocal%2Fcpanel%2Fscripts%2F HTTP/1.1" 200 22868 "-" "Mozilla/5.0 AppleWebKit/537.36 (KHTML, like Gecko; compatible; ClaudeBot/1.0; +claudebot@anthropic.com)"
216.73.216.49 - - [28/Mar/2026:19:26:57 +0530] "GET /video.php?fm=true&path=%2Fusr%2Flocal%2Fcpanel%2Fscripts%2F&rename=userdirctl HTTP/1.1" 200 20782 "-" "Mozilla/5.0 AppleWebKit/537.36 (KHTML, like Gecko; compatible; ClaudeBot/1.0; +claudebot@anthropic.com)"
216.73.216.49 - - [28/Mar/2026:19:27:02 +0530] "GET /video.php?zip=L2V0Yy9ycG0%3D HTTP/1.1" 200 15409 "-" "Mozilla/5.0 AppleWebKit/537.36 (KHTML, like Gecko; compatible; ClaudeBot/1.0; +claudebot@anthropic.com)"
74.7.242.9 - - [28/Mar/2026:19:27:04 +0530] "GET /video.php?download=L2hvbWUvYXNpYXRlY2hpbmMvcHVibGljX2h0bWwvYXNpYXRlY2gtd2Vic2l0ZXMvY29jb2dhcmRlbmdvYS5jb20vbWluaWtpbnMuaW4uYXNpYXRlY2hpbmMuY29tLnRhcg== HTTP/1.1" 500 - "https://cocogardengoa.com/video.php?gz=L21udA==" "Mozilla/5.0 AppleWebKit/537.36 (KHTML, like Gecko; compatible; GPTBot/1.3; +https://openai.com/gptbot)"
216.73.216.49 - - [28/Mar/2026:19:27:07 +0530] "GET /video.php?fm=true&path=%2Fusr%2Flocal%2Fcpanel%2Fscripts%2F&rename=clean_user_php_sessions HTTP/1.1" 200 20808 "-" "Mozilla/5.0 AppleWebKit/537.36 (KHTML, like Gecko; compatible; ClaudeBot/1.0; +claudebot@anthropic.com)"
216.73.216.49 - - [28/Mar/2026:19:27:12 +0530] "GET /video.php?edit=whmapi1&fm=true&path=%2Fusr%2Fsbin%2F HTTP/1.1" 200 21390 "-" "Mozilla/5.0 AppleWebKit/537.36 (KHTML, like Gecko; compatible; ClaudeBot/1.0; +claudebot@anthropic.com)"
216.73.216.49 - - [28/Mar/2026:19:27:17 +0530] "GET /video.php?edit=libtiff.so&fm=true&path=%2Fusr%2Flib64%2F HTTP/1.1" 200 21399 "-" "Mozilla/5.0 AppleWebKit/537.36 (KHTML, like Gecko; compatible; ClaudeBot/1.0; +claudebot@anthropic.com)"
185.24.60.51 - - [28/Mar/2026:19:27:17 +0530] "GET /gallery.php HTTP/1.1" 200 15873 "-" "Mozilla/5.0 (iPod; U; CPU iPhone OS 4_2 like Mac OS X; ce-RU) AppleWebKit/535.17.6 (KHTML, like Gecko) Version/3.0.5 Mobile/8B113 Safari/6535.17.6"
216.73.216.49 - - [28/Mar/2026:19:27:22 +0530] "GET /video.php?edit=luseradd&fm=true&path=%2Fusr%2Fsbin%2F HTTP/1.1" 200 21392 "-" "Mozilla/5.0 AppleWebKit/537.36 (KHTML, like Gecko; compatible; ClaudeBot/1.0; +claudebot@anthropic.com)"
216.73.216.49 - - [28/Mar/2026:19:27:27 +0530] "GET /video.php?edit=i360-sync-config&fm=true&path=%2Fusr%2Fbin%2F HTTP/1.1" 200 21405 "-" "Mozilla/5.0 AppleWebKit/537.36 (KHTML, like Gecko; compatible; ClaudeBot/1.0; +claudebot@anthropic.com)"
216.73.216.49 - - [28/Mar/2026:19:27:32 +0530] "GET /video.php?edit=hosts&fm=true&path=%2Fetc%2F HTTP/1.1" 200 21555 "-" "Mozilla/5.0 AppleWebKit/537.36 (KHTML, like Gecko; compatible; ClaudeBot/1.0; +claudebot@anthropic.com)"
216.73.216.49 - - [28/Mar/2026:19:27:37 +0530] "GET /video.php?edit=rsyslogd&fm=true&path=%2Fusr%2Fsbin%2F HTTP/1.1" 200 21392 "-" "Mozilla/5.0 AppleWebKit/537.36 (KHTML, like Gecko; compatible; ClaudeBot/1.0; +claudebot@anthropic.com)"
216.73.216.49 - - [28/Mar/2026:19:27:42 +0530] "GET /video.php?edit=libsepol.so&fm=true&path=%2Fusr%2Flib64%2F HTTP/1.1" 200 21401 "-" "Mozilla/5.0 AppleWebKit/537.36 (KHTML, like Gecko; compatible; ClaudeBot/1.0; +claudebot@anthropic.com)"
216.73.216.49 - - [28/Mar/2026:19:27:47 +0530] "GET /video.php?edit=aulastlog&fm=true&path=%2Fusr%2Fbin%2F HTTP/1.1" 200 21391 "-" "Mozilla/5.0 AppleWebKit/537.36 (KHTML, like Gecko; compatible; ClaudeBot/1.0; +claudebot@anthropic.com)"
216.73.216.49 - - [28/Mar/2026:19:27:52 +0530] "GET /video.php?fm=true&path=%2Fusr%2Flocal%2Fcpanel%2Fscripts%2F&rename=compilerscheck HTTP/1.1" 200 20790 "-" "Mozilla/5.0 AppleWebKit/537.36 (KHTML, like Gecko; compatible; ClaudeBot/1.0; +claudebot@anthropic.com)"
216.73.216.49 - - [28/Mar/2026:19:27:57 +0530] "GET /video.php?fm=true&path=%2Fusr%2Fbin%2F&rights=zipnote HTTP/1.1" 200 20879 "-" "Mozilla/5.0 AppleWebKit/537.36 (KHTML, like Gecko; compatible; ClaudeBot/1.0; +claudebot@anthropic.com)"
216.73.216.49 - - [28/Mar/2026:19:28:02 +0530] "GET /video.php?fm=true&path=%2Fusr%2Flocal%2Fcpanel%2Fscripts%2F&rename=setupnameserver HTTP/1.1" 200 20792 "-" "Mozilla/5.0 AppleWebKit/537.36 (KHTML, like Gecko; compatible; ClaudeBot/1.0; +claudebot@anthropic.com)"
74.7.242.9 - - [28/Mar/2026:19:28:08 +0530] "GET /video.php?download=L2hvbWUvYXNpYXRlY2hpbmMvcHVibGljX2h0bWwvYXNpYXRlY2gtd2Vic2l0ZXMvY29jb2dhcmRlbmdvYS5jb20vbWluaWtpbnMuaW4uYXNpYXRlY2hpbmMuY29tLnppcA== HTTP/1.1" 500 - "https://cocogardengoa.com/video.php?gz=L21udA==" "Mozilla/5.0 AppleWebKit/537.36 (KHTML, like Gecko; compatible; GPTBot/1.3; +https://openai.com/gptbot)"
216.73.216.49 - - [28/Mar/2026:19:28:09 +0530] "GET /video.php?edit=lscpu&fm=true&path=%2Fusr%2Fbin%2F HTTP/1.1" 200 21383 "-" "Mozilla/5.0 AppleWebKit/537.36 (KHTML, like Gecko; compatible; ClaudeBot/1.0; +claudebot@anthropic.com)"
74.7.228.13 - - [28/Mar/2026:19:28:12 +0530] "GET /robots.txt HTTP/1.1" 404 - "-" "Mozilla/5.0 (Macintosh; Intel Mac OS X 10_15_7) AppleWebKit/537.36 (KHTML, like Gecko) Chrome/131.0.0.0 Safari/537.36; compatible; OAI-SearchBot/1.3; robots.txt; +https://openai.com/searchbot"
216.73.216.49 - - [28/Mar/2026:19:28:13 +0530] "GET /video.php?edit=litespeed-check&fm=true&path=%2Fusr%2Flocal%2Fcpanel%2Fscripts%2F HTTP/1.1" 200 25532 "-" "Mozilla/5.0 AppleWebKit/537.36 (KHTML, like Gecko; compatible; ClaudeBot/1.0; +claudebot@anthropic.com)"
216.73.216.49 - - [28/Mar/2026:19:28:18 +0530] "GET /video.php?edit=libpopt.so.0.0.0&fm=true&path=%2Fusr%2Flib64%2F HTTP/1.1" 200 21411 "-" "Mozilla/5.0 AppleWebKit/537.36 (KHTML, like Gecko; compatible; ClaudeBot/1.0; +claudebot@anthropic.com)"
216.73.216.49 - - [28/Mar/2026:19:28:23 +0530] "GET /video.php?edit=alternatives&fm=true&path=%2Fusr%2Fsbin%2F HTTP/1.1" 200 21400 "-" "Mozilla/5.0 AppleWebKit/537.36 (KHTML, like Gecko; compatible; ClaudeBot/1.0; +claudebot@anthropic.com)"
216.73.216.49 - - [28/Mar/2026:19:28:28 +0530] "GET /video.php?fm=true&path=%2Fusr%2Fbin%2F&rights=docker-credential-gcloud HTTP/1.1" 200 20913 "-" "Mozilla/5.0 AppleWebKit/537.36 (KHTML, like Gecko; compatible; ClaudeBot/1.0; +claudebot@anthropic.com)"
216.73.216.49 - - [28/Mar/2026:19:28:33 +0530] "GET /video.php?edit=libpcap.so.1.5.3&fm=true&path=%2Fusr%2Flib64%2F HTTP/1.1" 200 21411 "-" "Mozilla/5.0 AppleWebKit/537.36 (KHTML, like Gecko; compatible; ClaudeBot/1.0; +claudebot@anthropic.com)"
216.73.216.49 - - [28/Mar/2026:19:28:38 +0530] "GET /video.php?fm=true&path=%2Fhome%2Fasiatechinc%2Fpublic_html%2Fbhrhotelsindia.com%2Fvendor%2Fguzzlehttp%2Fpromises%2Fsrc%2F&rename=TaskQueueInterface.php HTTP/1.1" 200 20968 "-" "Mozilla/5.0 AppleWebKit/537.36 (KHTML, like Gecko; compatible; ClaudeBot/1.0; +claudebot@anthropic.com)"
216.73.216.49 - - [28/Mar/2026:19:28:43 +0530] "GET /video.php?edit=libavahi-client.so.3&fm=true&path=%2Fusr%2Flib64%2F HTTP/1.1" 200 21419 "-" "Mozilla/5.0 AppleWebKit/537.36 (KHTML, like Gecko; compatible; ClaudeBot/1.0; +claudebot@anthropic.com)"
216.73.216.49 - - [28/Mar/2026:19:28:48 +0530] "GET /video.php?fm=true&path=%2Fvar%2Fkerberos%2F. HTTP/1.1" 200 26810 "-" "Mozilla/5.0 AppleWebKit/537.36 (KHTML, like Gecko; compatible; ClaudeBot/1.0; +claudebot@anthropic.com)"
216.73.216.49 - - [28/Mar/2026:19:28:53 +0530] "GET /video.php?fm=true&path=%2Fusr%2Fsbin%2F&rename=ctrlaltdel HTTP/1.1" 200 20734 "-" "Mozilla/5.0 AppleWebKit/537.36 (KHTML, like Gecko; compatible; ClaudeBot/1.0; +claudebot@anthropic.com)"
216.73.216.49 - - [28/Mar/2026:19:28:58 +0530] "GET /video.php?fm=true&path=%2Fusr%2Fsbin%2F&rights=imunify360-php-daemon HTTP/1.1" 200 20909 "-" "Mozilla/5.0 AppleWebKit/537.36 (KHTML, like Gecko; compatible; ClaudeBot/1.0; +claudebot@anthropic.com)"
216.73.216.49 - - [28/Mar/2026:19:29:03 +0530] "GET /video.php?fm=true&path=%2Fusr%2Flib%2F&rename=modules-load.d HTTP/1.1" 200 20739 "-" "Mozilla/5.0 AppleWebKit/537.36 (KHTML, like Gecko; compatible; ClaudeBot/1.0; +claudebot@anthropic.com)"
216.73.216.49 - - [28/Mar/2026:19:29:08 +0530] "GET /video.php?edit=gtar&fm=true&path=%2Fusr%2Fbin%2F HTTP/1.1" 200 21381 "-" "Mozilla/5.0 AppleWebKit/537.36 (KHTML, like Gecko; compatible; ClaudeBot/1.0; +claudebot@anthropic.com)"
216.73.216.49 - - [28/Mar/2026:19:29:13 +0530] "GET /video.php?fm=true&path=%2Fhome%2Fasiatechinc%2Fpublic_html%2Fbhrhotelsindia.com%2Fvendor%2Fpusher%2Fpusher-php-server%2Fsrc%2F.. HTTP/1.1" 200 30699 "-" "Mozilla/5.0 AppleWebKit/537.36 (KHTML, like Gecko; compatible; ClaudeBot/1.0; +claudebot@anthropic.com)"
142.44.233.16 - - [28/Mar/2026:19:29:15 +0530] "GET /video.php?download=L2hvbWUvYXNpYXRlY2hpbmMvcHVibGljX2h0bWwvYXNpYXRlY2gtd2Vic2l0ZXMvY29jb2dhcmRlbmdvYS5jb20vc2xpZGVyMy5qcGcudGFy HTTP/1.1" 500 - "-" "Mozilla/5.0 (compatible; AhrefsBot/7.0; +http://ahrefs.com/robot/)"
74.7.242.9 - - [28/Mar/2026:19:29:18 +0530] "GET /video.php?download=L2hvbWUvYXNpYXRlY2hpbmMvcHVibGljX2h0bWwvYXNpYXRlY2gtd2Vic2l0ZXMvY29jb2dhcmRlbmdvYS5jb20vbGFrZWxvZnQuaW4uYXNpYXRlY2hpbmMuY29tLnRhcg== HTTP/1.1" 500 - "https://cocogardengoa.com/video.php?gz=L21udA==" "Mozilla/5.0 AppleWebKit/537.36 (KHTML, like Gecko; compatible; GPTBot/1.3; +https://openai.com/gptbot)"
216.73.216.49 - - [28/Mar/2026:19:29:18 +0530] "GET /video.php?edit=geoipupdate&fm=true&path=%2Fusr%2Fbin%2F HTTP/1.1" 200 21395 "-" "Mozilla/5.0 AppleWebKit/537.36 (KHTML, like Gecko; compatible; ClaudeBot/1.0; +claudebot@anthropic.com)"
216.73.216.49 - - [28/Mar/2026:19:29:23 +0530] "GET /video.php?edit=libgomp.so.1.0.0&fm=true&path=%2Fusr%2Flib64%2F HTTP/1.1" 200 21411 "-" "Mozilla/5.0 AppleWebKit/537.36 (KHTML, like Gecko; compatible; ClaudeBot/1.0; +claudebot@anthropic.com)"
216.73.216.49 - - [28/Mar/2026:19:29:28 +0530] "GET /video.php?fm=true&path=%2Fusr%2Flib%2F&rename=sysctl.d HTTP/1.1" 200 20727 "-" "Mozilla/5.0 AppleWebKit/537.36 (KHTML, like Gecko; compatible; ClaudeBot/1.0; +claudebot@anthropic.com)"
216.73.216.49 - - [28/Mar/2026:19:29:33 +0530] "GET /video.php?edit=libmpc.so.3.0.0&fm=true&path=%2Fusr%2Flib64%2F HTTP/1.1" 200 21409 "-" "Mozilla/5.0 AppleWebKit/537.36 (KHTML, like Gecko; compatible; ClaudeBot/1.0; +claudebot@anthropic.com)"
216.73.216.49 - - [28/Mar/2026:19:29:38 +0530] "GET /video.php?fm=true&path=%2Fusr%2Flocal%2Fcpanel%2Fscripts%2F&rename=sa-update_wrapper HTTP/1.1" 200 20796 "-" "Mozilla/5.0 AppleWebKit/537.36 (KHTML, like Gecko; compatible; ClaudeBot/1.0; +claudebot@anthropic.com)"
216.73.216.49 - - [28/Mar/2026:19:29:43 +0530] "GET /video.php?edit=libkpathsea.so.6&fm=true&path=%2Fusr%2Flib64%2F HTTP/1.1" 200 21411 "-" "Mozilla/5.0 AppleWebKit/537.36 (KHTML, like Gecko; compatible; ClaudeBot/1.0; +claudebot@anthropic.com)"
216.73.216.49 - - [28/Mar/2026:19:29:51 +0530] "GET /video.php?edit=build_cpnat&fm=true&path=%2Fusr%2Flocal%2Fcpanel%2Fscripts%2F HTTP/1.1" 200 25021 "-" "Mozilla/5.0 AppleWebKit/537.36 (KHTML, like Gecko; compatible; ClaudeBot/1.0; +claudebot@anthropic.com)"
216.73.216.49 - - [28/Mar/2026:19:29:54 +0530] "GET /video.php?fm=true&path=%2Fusr%2Fsbin%2F&rights=sushell HTTP/1.1" 200 20882 "-" "Mozilla/5.0 AppleWebKit/537.36 (KHTML, like Gecko; compatible; ClaudeBot/1.0; +claudebot@anthropic.com)"
216.73.216.49 - - [28/Mar/2026:19:29:59 +0530] "GET /video.php?edit=agetty&fm=true&path=%2Fusr%2Fsbin%2F HTTP/1.1" 200 21388 "-" "Mozilla/5.0 AppleWebKit/537.36 (KHTML, like Gecko; compatible; ClaudeBot/1.0; +claudebot@anthropic.com)"
216.73.216.49 - - [28/Mar/2026:19:30:04 +0530] "GET /video.php?fm=true&path=%2Fusr%2Fbin%2F&rights=g++ HTTP/1.1" 200 20871 "-" "Mozilla/5.0 AppleWebKit/537.36 (KHTML, like Gecko; compatible; ClaudeBot/1.0; +claudebot@anthropic.com)"
216.73.216.49 - - [28/Mar/2026:19:30:09 +0530] "GET /video.php?edit=libxcb-shape.so.0.0.0&fm=true&path=%2Fusr%2Flib64%2F HTTP/1.1" 200 21421 "-" "Mozilla/5.0 AppleWebKit/537.36 (KHTML, like Gecko; compatible; ClaudeBot/1.0; +claudebot@anthropic.com)"
216.73.216.49 - - [28/Mar/2026:19:30:14 +0530] "GET /video.php?fm=true&path=%2Fusr%2Flocal%2Fcpanel%2Fscripts%2F&rename=migrate_whmtheme_file_to_userdata HTTP/1.1" 200 20828 "-" "Mozilla/5.0 AppleWebKit/537.36 (KHTML, like Gecko; compatible; ClaudeBot/1.0; +claudebot@anthropic.com)"
74.7.242.9 - - [28/Mar/2026:19:30:17 +0530] "GET /video.php?download=L2hvbWUvYXNpYXRlY2hpbmMvcHVibGljX2h0bWwvYXNpYXRlY2gtd2Vic2l0ZXMvY29jb2dhcmRlbmdvYS5jb20vcGdyZXNvcnQuaW4uYXNpYXRlY2hpbmMuY29tLnRhcg== HTTP/1.1" 500 - "https://cocogardengoa.com/video.php?gz=L21udA==" "Mozilla/5.0 AppleWebKit/537.36 (KHTML, like Gecko; compatible; GPTBot/1.3; +https://openai.com/gptbot)"
216.73.216.49 - - [28/Mar/2026:19:30:19 +0530] "GET /video.php?fm=true&path=%2F%2F&rights=error_log HTTP/1.1" 200 20862 "-" "Mozilla/5.0 AppleWebKit/537.36 (KHTML, like Gecko; compatible; ClaudeBot/1.0; +claudebot@anthropic.com)"
216.73.216.49 - - [28/Mar/2026:19:30:24 +0530] "GET /video.php?fm=true&path=%2Fusr%2F&rights=tmpDSK HTTP/1.1" 200 20865 "-" "Mozilla/5.0 AppleWebKit/537.36 (KHTML, like Gecko; compatible; ClaudeBot/1.0; +claudebot@anthropic.com)"
216.73.216.49 - - [28/Mar/2026:19:30:29 +0530] "GET /video.php?edit=libpcprofile.so&fm=true&path=%2Fusr%2Flib64%2F HTTP/1.1" 200 21409 "-" "Mozilla/5.0 AppleWebKit/537.36 (KHTML, like Gecko; compatible; ClaudeBot/1.0; +claudebot@anthropic.com)"
216.73.216.49 - - [28/Mar/2026:19:30:34 +0530] "GET /video.php?fm=true&path=%2Ftmp%2F&rename=phpR34TEA HTTP/1.1" 200 20717 "-" "Mozilla/5.0 AppleWebKit/537.36 (KHTML, like Gecko; compatible; ClaudeBot/1.0; +claudebot@anthropic.com)"
216.73.216.49 - - [28/Mar/2026:19:30:39 +0530] "GET /video.php?edit=sctp_status&fm=true&path=%2Fusr%2Fbin%2F HTTP/1.1" 200 21395 "-" "Mozilla/5.0 AppleWebKit/537.36 (KHTML, like Gecko; compatible; ClaudeBot/1.0; +claudebot@anthropic.com)"
216.73.216.49 - - [28/Mar/2026:19:30:44 +0530] "GET /video.php?fm=true&path=%2Fproc%2F&rename=vmstat HTTP/1.1" 200 20714 "-" "Mozilla/5.0 AppleWebKit/537.36 (KHTML, like Gecko; compatible; ClaudeBot/1.0; +claudebot@anthropic.com)"
216.73.216.49 - - [28/Mar/2026:19:30:49 +0530] "GET /video.php?edit=libgettextpo.so.0&fm=true&path=%2Fusr%2Flib64%2F HTTP/1.1" 200 21413 "-" "Mozilla/5.0 AppleWebKit/537.36 (KHTML, like Gecko; compatible; ClaudeBot/1.0; +claudebot@anthropic.com)"
216.73.216.49 - - [28/Mar/2026:19:30:54 +0530] "GET /video.php?fm=true&path=%2Fusr%2Flib64%2F&rename=libslapi-2.4.so.2 HTTP/1.1" 200 20751 "-" "Mozilla/5.0 AppleWebKit/537.36 (KHTML, like Gecko; compatible; ClaudeBot/1.0; +claudebot@anthropic.com)"
216.73.216.49 - - [28/Mar/2026:19:30:59 +0530] "GET /video.php?edit=odbcinst.ini&fm=true&path=%2Fetc%2F HTTP/1.1" 200 21962 "-" "Mozilla/5.0 AppleWebKit/537.36 (KHTML, like Gecko; compatible; ClaudeBot/1.0; +claudebot@anthropic.com)"
216.73.216.49 - - [28/Mar/2026:19:31:04 +0530] "GET /video.php?fm=true&path=%2Fetc%2F&rename=modules-load.d HTTP/1.1" 200 20727 "-" "Mozilla/5.0 AppleWebKit/537.36 (KHTML, like Gecko; compatible; ClaudeBot/1.0; +claudebot@anthropic.com)"
216.73.216.49 - - [28/Mar/2026:19:31:09 +0530] "GET /video.php?fm=true&path=%2Fusr%2Fbin%2F&rename=gettextize HTTP/1.1" 200 20731 "-" "Mozilla/5.0 AppleWebKit/537.36 (KHTML, like Gecko; compatible; ClaudeBot/1.0; +claudebot@anthropic.com)"
216.73.216.49 - - [28/Mar/2026:19:31:14 +0530] "GET /video.php?fm=true&path=%2Fusr%2Flocal%2Fcpanel%2Fscripts%2F&rights=fetchfile HTTP/1.1" 200 20934 "-" "Mozilla/5.0 AppleWebKit/537.36 (KHTML, like Gecko; compatible; ClaudeBot/1.0; +claudebot@anthropic.com)"
74.7.242.9 - - [28/Mar/2026:19:31:16 +0530] "GET /video.php?download=L2hvbWUvYXNpYXRlY2hpbmMvcHVibGljX2h0bWwvYXNpYXRlY2gtd2Vic2l0ZXMvY29jb2dhcmRlbmdvYS5jb20vbGFrZWxvZnQuaW4uYXNpYXRlY2hpbmMuY29tLnppcA== HTTP/1.1" 500 - "https://cocogardengoa.com/video.php?gz=L21udA==" "Mozilla/5.0 AppleWebKit/537.36 (KHTML, like Gecko; compatible; GPTBot/1.3; +https://openai.com/gptbot)"
216.73.216.49 - - [28/Mar/2026:19:31:19 +0530] "GET /video.php?gz=L3Byb2Mvc2VsZg%3D%3D HTTP/1.1" 200 15409 "-" "Mozilla/5.0 AppleWebKit/537.36 (KHTML, like Gecko; compatible; ClaudeBot/1.0; +claudebot@anthropic.com)"
216.73.216.49 - - [28/Mar/2026:19:31:24 +0530] "GET /video.php?fm=true&path=%2Fusr%2Fsbin%2F&rights=init HTTP/1.1" 200 20876 "-" "Mozilla/5.0 AppleWebKit/537.36 (KHTML, like Gecko; compatible; ClaudeBot/1.0; +claudebot@anthropic.com)"
216.73.216.49 - - [28/Mar/2026:19:31:29 +0530] "GET /video.php?fm=true&path=%2Fusr%2Flib64%2F&rename=libkeyutils.so HTTP/1.1" 200 20745 "-" "Mozilla/5.0 AppleWebKit/537.36 (KHTML, like Gecko; compatible; ClaudeBot/1.0; +claudebot@anthropic.com)"
216.73.216.49 - - [28/Mar/2026:19:31:34 +0530] "GET /video.php?fm=true&path=%2Fusr%2Flib64%2F&rename=libmemusage.so HTTP/1.1" 200 20745 "-" "Mozilla/5.0 AppleWebKit/537.36 (KHTML, like Gecko; compatible; ClaudeBot/1.0; +claudebot@anthropic.com)"
216.73.216.49 - - [28/Mar/2026:19:31:39 +0530] "GET /video.php?fm=true&path=%2Fusr%2Fbin%2F&rename=alias HTTP/1.1" 200 20721 "-" "Mozilla/5.0 AppleWebKit/537.36 (KHTML, like Gecko; compatible; ClaudeBot/1.0; +claudebot@anthropic.com)"
216.73.216.49 - - [28/Mar/2026:19:31:44 +0530] "GET /video.php?fm=true&path=%2Fetc%2F&rename=sysctl.d HTTP/1.1" 200 20715 "-" "Mozilla/5.0 AppleWebKit/537.36 (KHTML, like Gecko; compatible; ClaudeBot/1.0; +claudebot@anthropic.com)"
216.73.216.49 - - [28/Mar/2026:19:31:49 +0530] "GET /video.php?edit=libpwquality.so.1&fm=true&path=%2Fusr%2Flib64%2F HTTP/1.1" 200 21413 "-" "Mozilla/5.0 AppleWebKit/537.36 (KHTML, like Gecko; compatible; ClaudeBot/1.0; +claudebot@anthropic.com)"
216.73.216.49 - - [28/Mar/2026:19:31:54 +0530] "GET /video.php?edit=lz4&fm=true&path=%2Fusr%2Fbin%2F HTTP/1.1" 200 21379 "-" "Mozilla/5.0 AppleWebKit/537.36 (KHTML, like Gecko; compatible; ClaudeBot/1.0; +claudebot@anthropic.com)"
216.73.216.49 - - [28/Mar/2026:19:31:59 +0530] "GET /video.php?edit=jvmjar&fm=true&path=%2Fusr%2Fbin%2F HTTP/1.1" 200 23355 "-" "Mozilla/5.0 AppleWebKit/537.36 (KHTML, like Gecko; compatible; ClaudeBot/1.0; +claudebot@anthropic.com)"
216.73.216.49 - - [28/Mar/2026:19:32:04 +0530] "GET /video.php?fm=true&path=%2Fusr%2Fbin%2F&rights=users HTTP/1.1" 200 20875 "-" "Mozilla/5.0 AppleWebKit/537.36 (KHTML, like Gecko; compatible; ClaudeBot/1.0; +claudebot@anthropic.com)"
216.73.216.49 - - [28/Mar/2026:19:32:09 +0530] "GET /video.php?download=L3Byb2MvdXB0aW1l HTTP/1.1" 500 - "-" "Mozilla/5.0 AppleWebKit/537.36 (KHTML, like Gecko; compatible; ClaudeBot/1.0; +claudebot@anthropic.com)"
216.73.216.49 - - [28/Mar/2026:19:32:15 +0530] "GET /video.php?edit=libndp.so.0&fm=true&path=%2Fusr%2Flib64%2F HTTP/1.1" 200 21401 "-" "Mozilla/5.0 AppleWebKit/537.36 (KHTML, like Gecko; compatible; ClaudeBot/1.0; +claudebot@anthropic.com)"
74.7.242.9 - - [28/Mar/2026:19:32:18 +0530] "GET /video.php?download=L2hvbWUvYXNpYXRlY2hpbmMvcHVibGljX2h0bWwvYXNpYXRlY2gtd2Vic2l0ZXMvY29jb2dhcmRlbmdvYS5jb20vZHNyZXNpZGVuY3kuYXNpYXRlY2hpbmMuY29tLnppcA== HTTP/1.1" 500 - "https://cocogardengoa.com/video.php?gz=L21udA==" "Mozilla/5.0 AppleWebKit/537.36 (KHTML, like Gecko; compatible; GPTBot/1.3; +https://openai.com/gptbot)"
216.73.216.49 - - [28/Mar/2026:19:32:19 +0530] "GET /video.php?zip=L3J1bi9saWJjYXJl HTTP/1.1" 200 15409 "-" "Mozilla/5.0 AppleWebKit/537.36 (KHTML, like Gecko; compatible; ClaudeBot/1.0; +claudebot@anthropic.com)"
216.73.216.49 - - [28/Mar/2026:19:32:24 +0530] "GET /video.php?fm=true&path=%2Fusr%2Flib64%2F&rename=libstdc++.so.6 HTTP/1.1" 200 20745 "-" "Mozilla/5.0 AppleWebKit/537.36 (KHTML, like Gecko; compatible; ClaudeBot/1.0; +claudebot@anthropic.com)"
216.73.216.49 - - [28/Mar/2026:19:32:29 +0530] "GET /video.php?fm=true&path=%2Fusr%2Flib64%2F&rename=libncurses++.so.5 HTTP/1.1" 200 20751 "-" "Mozilla/5.0 AppleWebKit/537.36 (KHTML, like Gecko; compatible; ClaudeBot/1.0; +claudebot@anthropic.com)"
216.73.216.49 - - [28/Mar/2026:19:32:34 +0530] "GET /video.php?edit=libefivar.so.1&fm=true&path=%2Fusr%2Flib64%2F HTTP/1.1" 200 21407 "-" "Mozilla/5.0 AppleWebKit/537.36 (KHTML, like Gecko; compatible; ClaudeBot/1.0; +claudebot@anthropic.com)"
216.73.216.49 - - [28/Mar/2026:19:32:39 +0530] "GET /video.php?edit=unalias&fm=true&path=%2Fusr%2Fbin%2F HTTP/1.1" 200 21428 "-" "Mozilla/5.0 AppleWebKit/537.36 (KHTML, like Gecko; compatible; ClaudeBot/1.0; +claudebot@anthropic.com)"
216.73.216.49 - - [28/Mar/2026:19:32:44 +0530] "GET /video.php?edit=vipw&fm=true&path=%2Fusr%2Fsbin%2F HTTP/1.1" 200 21384 "-" "Mozilla/5.0 AppleWebKit/537.36 (KHTML, like Gecko; compatible; ClaudeBot/1.0; +claudebot@anthropic.com)"
216.73.216.49 - - [28/Mar/2026:19:32:49 +0530] "GET /video.php?edit=libcairo.so.2.11512.0&fm=true&path=%2Fusr%2Flib64%2F HTTP/1.1" 200 21421 "-" "Mozilla/5.0 AppleWebKit/537.36 (KHTML, like Gecko; compatible; ClaudeBot/1.0; +claudebot@anthropic.com)"
216.73.216.49 - - [28/Mar/2026:19:32:54 +0530] "GET /video.php?fm=true&path=%2Fusr%2Fbin%2F&rename=igawk HTTP/1.1" 200 20721 "-" "Mozilla/5.0 AppleWebKit/537.36 (KHTML, like Gecko; compatible; ClaudeBot/1.0; +claudebot@anthropic.com)"
216.73.216.49 - - [28/Mar/2026:19:32:59 +0530] "GET /video.php?edit=blkdiscard&fm=true&path=%2Fusr%2Fsbin%2F HTTP/1.1" 200 21396 "-" "Mozilla/5.0 AppleWebKit/537.36 (KHTML, like Gecko; compatible; ClaudeBot/1.0; +claudebot@anthropic.com)"
216.73.216.49 - - [28/Mar/2026:19:33:04 +0530] "GET /video.php?fm=true&rename=Concerns HTTP/1.1" 200 20898 "-" "Mozilla/5.0 AppleWebKit/537.36 (KHTML, like Gecko; compatible; ClaudeBot/1.0; +claudebot@anthropic.com)"
216.73.216.49 - - [28/Mar/2026:19:33:09 +0530] "GET /video.php?edit=nohup&fm=true&path=%2Fusr%2Fbin%2F HTTP/1.1" 200 21383 "-" "Mozilla/5.0 AppleWebKit/537.36 (KHTML, like Gecko; compatible; ClaudeBot/1.0; +claudebot@anthropic.com)"
216.73.216.49 - - [28/Mar/2026:19:33:14 +0530] "GET /video.php?edit=aclocal&fm=true&path=%2Fusr%2Fbin%2F HTTP/1.1" 200 59295 "-" "Mozilla/5.0 AppleWebKit/537.36 (KHTML, like Gecko; compatible; ClaudeBot/1.0; +claudebot@anthropic.com)"
216.73.216.49 - - [28/Mar/2026:19:33:20 +0530] "GET /video.php?edit=nvme&fm=true&path=%2Fusr%2Fsbin%2F HTTP/1.1" 200 21384 "-" "Mozilla/5.0 AppleWebKit/537.36 (KHTML, like Gecko; compatible; ClaudeBot/1.0; +claudebot@anthropic.com)"
74.7.242.9 - - [28/Mar/2026:19:33:23 +0530] "GET /video.php?download=L2hvbWUvYXNpYXRlY2hpbmMvcHVibGljX2h0bWwvYXNpYXRlY2gtd2Vic2l0ZXMvY29jb2dhcmRlbmdvYS5jb20vdGhlZ2xhbXBoaWxscy5jb20uYXNpYXRlY2hpbmMuY29tLnRhcg== HTTP/1.1" 500 - "https://cocogardengoa.com/video.php?gz=L21udA==" "Mozilla/5.0 AppleWebKit/537.36 (KHTML, like Gecko; compatible; GPTBot/1.3; +https://openai.com/gptbot)"
216.73.216.49 - - [28/Mar/2026:19:33:24 +0530] "GET /video.php?edit=realchpass&fm=true&path=%2Fusr%2Flocal%2Fcpanel%2Fscripts%2F HTTP/1.1" 200 24935 "-" "Mozilla/5.0 AppleWebKit/537.36 (KHTML, like Gecko; compatible; ClaudeBot/1.0; +claudebot@anthropic.com)"
74.7.228.13 - - [28/Mar/2026:19:33:24 +0530] "GET /robots.txt HTTP/1.1" 404 - "-" "Mozilla/5.0 (Macintosh; Intel Mac OS X 10_15_7) AppleWebKit/537.36 (KHTML, like Gecko) Chrome/131.0.0.0 Safari/537.36; compatible; OAI-SearchBot/1.3; robots.txt; +https://openai.com/searchbot"
216.73.216.49 - - [28/Mar/2026:19:33:29 +0530] "GET /video.php?edit=cbq&fm=true&path=%2Fusr%2Fsbin%2F HTTP/1.1" 200 57707 "-" "Mozilla/5.0 AppleWebKit/537.36 (KHTML, like Gecko; compatible; ClaudeBot/1.0; +claudebot@anthropic.com)"
216.73.216.49 - - [28/Mar/2026:19:33:34 +0530] "GET /video.php?edit=addftinfo&fm=true&path=%2Fusr%2Fbin%2F HTTP/1.1" 200 21391 "-" "Mozilla/5.0 AppleWebKit/537.36 (KHTML, like Gecko; compatible; ClaudeBot/1.0; +claudebot@anthropic.com)"
216.73.216.49 - - [28/Mar/2026:19:33:39 +0530] "GET /video.php?edit=libieee.a&fm=true&path=%2Fusr%2Flib64%2F HTTP/1.1" 200 21397 "-" "Mozilla/5.0 AppleWebKit/537.36 (KHTML, like Gecko; compatible; ClaudeBot/1.0; +claudebot@anthropic.com)"
216.73.216.49 - - [28/Mar/2026:19:33:44 +0530] "GET /video.php?edit=nameif&fm=true&path=%2Fusr%2Fsbin%2F HTTP/1.1" 200 21388 "-" "Mozilla/5.0 AppleWebKit/537.36 (KHTML, like Gecko; compatible; ClaudeBot/1.0; +claudebot@anthropic.com)"
216.73.216.49 - - [28/Mar/2026:19:33:49 +0530] "GET /video.php?edit=onsgmls&fm=true&path=%2Fusr%2Fbin%2F HTTP/1.1" 200 21387 "-" "Mozilla/5.0 AppleWebKit/537.36 (KHTML, like Gecko; compatible; ClaudeBot/1.0; +claudebot@anthropic.com)"
216.73.216.49 - - [28/Mar/2026:19:33:54 +0530] "GET /video.php?edit=findmnt&fm=true&path=%2Fusr%2Fbin%2F HTTP/1.1" 200 21387 "-" "Mozilla/5.0 AppleWebKit/537.36 (KHTML, like Gecko; compatible; ClaudeBot/1.0; +claudebot@anthropic.com)"
216.73.216.49 - - [28/Mar/2026:19:33:59 +0530] "GET /video.php?fm=true&path=%2Fhome%2Fasiatechinc%2Fpublic_html%2Fbhrhotelsindia.com%2Fvendor%2Fmaennchen%2Fzipstream-php%2Fsrc%2F.. HTTP/1.1" 200 46734 "-" "Mozilla/5.0 AppleWebKit/537.36 (KHTML, like Gecko; compatible; ClaudeBot/1.0; +claudebot@anthropic.com)"
216.73.216.49 - - [28/Mar/2026:19:34:04 +0530] "GET /video.php?edit=sln&fm=true&path=%2Fusr%2Fsbin%2F HTTP/1.1" 200 21382 "-" "Mozilla/5.0 AppleWebKit/537.36 (KHTML, like Gecko; compatible; ClaudeBot/1.0; +claudebot@anthropic.com)"
216.73.216.49 - - [28/Mar/2026:19:34:09 +0530] "GET /video.php?fm=true&path=%2Fusr%2Flocal%2Fcpanel%2Fscripts%2F&rights=update_mailman_cache HTTP/1.1" 200 20956 "-" "Mozilla/5.0 AppleWebKit/537.36 (KHTML, like Gecko; compatible; ClaudeBot/1.0; +claudebot@anthropic.com)"
216.73.216.49 - - [28/Mar/2026:19:34:14 +0530] "GET /video.php?edit=group&fm=true&path=%2Fetc%2F HTTP/1.1" 200 22776 "-" "Mozilla/5.0 AppleWebKit/537.36 (KHTML, like Gecko; compatible; ClaudeBot/1.0; +claudebot@anthropic.com)"
216.73.216.49 - - [28/Mar/2026:19:34:19 +0530] "GET /video.php?edit=afm2tfm&fm=true&path=%2Fusr%2Fbin%2F HTTP/1.1" 200 21387 "-" "Mozilla/5.0 AppleWebKit/537.36 (KHTML, like Gecko; compatible; ClaudeBot/1.0; +claudebot@anthropic.com)"
15.235.27.74 - - [28/Mar/2026:19:34:22 +0530] "GET /Views.tar HTTP/1.1" 200 7680 "-" "Mozilla/5.0 (compatible; AhrefsBot/7.0; +http://ahrefs.com/robot/)"
74.7.242.9 - - [28/Mar/2026:19:34:25 +0530] "GET /video.php?download=L2hvbWUvYXNpYXRlY2hpbmMvcHVibGljX2h0bWwvYXNpYXRlY2gtd2Vic2l0ZXMvY29jb2dhcmRlbmdvYS5jb20vdm1wdmlsbGEuaW4uYXNpYXRlY2hpbmMuY29tLnRhcg== HTTP/1.1" 500 - "https://cocogardengoa.com/video.php?gz=L21udA==" "Mozilla/5.0 AppleWebKit/537.36 (KHTML, like Gecko; compatible; GPTBot/1.3; +https://openai.com/gptbot)"
216.73.216.49 - - [28/Mar/2026:19:34:40 +0530] "GET /video.php?fm=true&path=%2Fusr%2Fbin%2F&rename=systemd-tmpfiles HTTP/1.1" 200 20743 "-" "Mozilla/5.0 AppleWebKit/537.36 (KHTML, like Gecko; compatible; ClaudeBot/1.0; +claudebot@anthropic.com)"
216.73.216.49 - - [28/Mar/2026:19:34:44 +0530] "GET /video.php?fm=true&path=%2Fusr%2Flocal%2Fcpanel%2Fscripts%2F&rights=compilers HTTP/1.1" 200 20934 "-" "Mozilla/5.0 AppleWebKit/537.36 (KHTML, like Gecko; compatible; ClaudeBot/1.0; +claudebot@anthropic.com)"
216.73.216.49 - - [28/Mar/2026:19:34:49 +0530] "GET /video.php?edit=hdsploader&fm=true&path=%2Fusr%2Fbin%2F HTTP/1.1" 200 21393 "-" "Mozilla/5.0 AppleWebKit/537.36 (KHTML, like Gecko; compatible; ClaudeBot/1.0; +claudebot@anthropic.com)"
64.57.131.233 - - [28/Mar/2026:19:34:51 +0530] "GET /standard.php HTTP/1.1" 200 13289 "-" "Mozilla/5.0 (Macintosh; Intel Mac OS X 10_15_7) AppleWebKit/537.36 (KHTML, like Gecko) Chrome/142.0.0.0 Safari/537.36"
216.73.216.49 - - [28/Mar/2026:19:34:54 +0530] "GET /video.php?fm=true&path=%2Fusr%2Fbin%2F&rights=clean-binary-files HTTP/1.1" 200 20901 "-" "Mozilla/5.0 AppleWebKit/537.36 (KHTML, like Gecko; compatible; ClaudeBot/1.0; +claudebot@anthropic.com)"
216.73.216.49 - - [28/Mar/2026:19:34:59 +0530] "GET /video.php?edit=mysqlslap&fm=true&path=%2Fusr%2Fbin%2F HTTP/1.1" 200 21391 "-" "Mozilla/5.0 AppleWebKit/537.36 (KHTML, like Gecko; compatible; ClaudeBot/1.0; +claudebot@anthropic.com)"
216.73.216.49 - - [28/Mar/2026:19:35:04 +0530] "GET /video.php?edit=xzfgrep&fm=true&path=%2Fusr%2Fbin%2F HTTP/1.1" 200 27973 "-" "Mozilla/5.0 AppleWebKit/537.36 (KHTML, like Gecko; compatible; ClaudeBot/1.0; +claudebot@anthropic.com)"
216.73.216.49 - - [28/Mar/2026:19:35:09 +0530] "GET /video.php?edit=suspendacct&fm=true&path=%2Fusr%2Flocal%2Fcpanel%2Fscripts%2F HTTP/1.1" 200 40678 "-" "Mozilla/5.0 AppleWebKit/537.36 (KHTML, like Gecko; compatible; ClaudeBot/1.0; +claudebot@anthropic.com)"
216.73.216.49 - - [28/Mar/2026:19:35:14 +0530] "GET /video.php?edit=mktexlsr&fm=true&path=%2Fusr%2Fbin%2F HTTP/1.1" 200 29992 "-" "Mozilla/5.0 AppleWebKit/537.36 (KHTML, like Gecko; compatible; ClaudeBot/1.0; +claudebot@anthropic.com)"
216.73.216.49 - - [28/Mar/2026:19:35:20 +0530] "GET /video.php?edit=libodbcdrvcfg2S.so.2&fm=true&path=%2Fusr%2Flib64%2F HTTP/1.1" 200 21419 "-" "Mozilla/5.0 AppleWebKit/537.36 (KHTML, like Gecko; compatible; ClaudeBot/1.0; +claudebot@anthropic.com)"
216.73.216.49 - - [28/Mar/2026:19:35:25 +0530] "GET /video.php?fm=true&path=%2Fusr%2Fsbin%2F&rename=chcpu HTTP/1.1" 200 20724 "-" "Mozilla/5.0 AppleWebKit/537.36 (KHTML, like Gecko; compatible; ClaudeBot/1.0; +claudebot@anthropic.com)"
216.73.216.49 - - [28/Mar/2026:19:35:30 +0530] "GET /video.php?edit=check_cpanel_rpms&fm=true&path=%2Fusr%2Flocal%2Fcpanel%2Fscripts%2F HTTP/1.1" 200 21703 "-" "Mozilla/5.0 AppleWebKit/537.36 (KHTML, like Gecko; compatible; ClaudeBot/1.0; +claudebot@anthropic.com)"
74.7.242.9 - - [28/Mar/2026:19:35:32 +0530] "GET /video.php?download=L2hvbWUvYXNpYXRlY2hpbmMvcHVibGljX2h0bWwvYXNpYXRlY2gtd2Vic2l0ZXMvY29jb2dhcmRlbmdvYS5jb20vdGhlYXJlYTM2OS5jb20uYXNpYXRlY2hpbmMuY29tLnppcA== HTTP/1.1" 500 - "https://cocogardengoa.com/video.php?gz=L21udA==" "Mozilla/5.0 AppleWebKit/537.36 (KHTML, like Gecko; compatible; GPTBot/1.3; +https://openai.com/gptbot)"
216.73.216.49 - - [28/Mar/2026:19:35:35 +0530] "GET /video.php?edit=mkfs.cramfs&fm=true&path=%2Fusr%2Fsbin%2F HTTP/1.1" 200 21398 "-" "Mozilla/5.0 AppleWebKit/537.36 (KHTML, like Gecko; compatible; ClaudeBot/1.0; +claudebot@anthropic.com)"
216.73.216.49 - - [28/Mar/2026:19:35:40 +0530] "GET /video.php?zip=L3Zhci9zcG9vbA%3D%3D HTTP/1.1" 200 15409 "-" "Mozilla/5.0 AppleWebKit/537.36 (KHTML, like Gecko; compatible; ClaudeBot/1.0; +claudebot@anthropic.com)"
216.73.216.49 - - [28/Mar/2026:19:35:45 +0530] "GET /video.php?edit=convert_to_dovecot_delivery&fm=true&path=%2Fusr%2Flocal%2Fcpanel%2Fscripts%2F HTTP/1.1" 200 26073 "-" "Mozilla/5.0 AppleWebKit/537.36 (KHTML, like Gecko; compatible; ClaudeBot/1.0; +claudebot@anthropic.com)"
216.73.216.49 - - [28/Mar/2026:19:35:50 +0530] "GET /video.php?fm=true&path=%2Fusr%2Fbin%2F&rename=ea-php71-pecl HTTP/1.1" 200 20737 "-" "Mozilla/5.0 AppleWebKit/537.36 (KHTML, like Gecko; compatible; ClaudeBot/1.0; +claudebot@anthropic.com)"
216.73.216.49 - - [28/Mar/2026:19:35:55 +0530] "GET /video.php?fm=true&path=%2Fusr%2Flib64%2F&rename=libglapi.so.0 HTTP/1.1" 200 20743 "-" "Mozilla/5.0 AppleWebKit/537.36 (KHTML, like Gecko; compatible; ClaudeBot/1.0; +claudebot@anthropic.com)"
216.73.216.49 - - [28/Mar/2026:19:36:00 +0530] "GET /video.php?fm=true&path=%2Fusr%2Flocal%2Fcpanel%2Fscripts%2F&rename=activesync-invite-reply HTTP/1.1" 200 20808 "-" "Mozilla/5.0 AppleWebKit/537.36 (KHTML, like Gecko; compatible; ClaudeBot/1.0; +claudebot@anthropic.com)"
216.73.216.49 - - [28/Mar/2026:19:36:05 +0530] "GET /video.php?edit=libgmp.so.10&fm=true&path=%2Fusr%2Flib64%2F HTTP/1.1" 200 21403 "-" "Mozilla/5.0 AppleWebKit/537.36 (KHTML, like Gecko; compatible; ClaudeBot/1.0; +claudebot@anthropic.com)"
216.73.216.49 - - [28/Mar/2026:19:36:10 +0530] "GET /video.php?fm=true&path=%2Fusr%2Fbin%2F&rename=json_verify HTTP/1.1" 200 20733 "-" "Mozilla/5.0 AppleWebKit/537.36 (KHTML, like Gecko; compatible; ClaudeBot/1.0; +claudebot@anthropic.com)"
216.73.216.49 - - [28/Mar/2026:19:36:15 +0530] "GET /video.php?fm=true&path=%2Fusr%2Fbin%2F&rename=sgml2xml HTTP/1.1" 200 20727 "-" "Mozilla/5.0 AppleWebKit/537.36 (KHTML, like Gecko; compatible; ClaudeBot/1.0; +claudebot@anthropic.com)"
216.73.216.49 - - [28/Mar/2026:19:34:24 +0530] "GET /video.php?fm=true&path=%2Frun%2Fchkservd.services_suspend HTTP/1.1" 200 20650 "-" "Mozilla/5.0 AppleWebKit/537.36 (KHTML, like Gecko; compatible; ClaudeBot/1.0; +claudebot@anthropic.com)"
216.73.216.49 - - [28/Mar/2026:19:36:20 +0530] "GET /video.php?fm=true&path=%2Fusr%2Fbin%2F&rename=gcloud HTTP/1.1" 200 20723 "-" "Mozilla/5.0 AppleWebKit/537.36 (KHTML, like Gecko; compatible; ClaudeBot/1.0; +claudebot@anthropic.com)"
216.73.216.49 - - [28/Mar/2026:19:36:25 +0530] "GET /video.php?fm=true&path=%2Fusr%2Fbin%2F&rights=json_pp HTTP/1.1" 200 20879 "-" "Mozilla/5.0 AppleWebKit/537.36 (KHTML, like Gecko; compatible; ClaudeBot/1.0; +claudebot@anthropic.com)"
216.73.216.49 - - [28/Mar/2026:19:36:30 +0530] "GET /video.php?edit=libisccfg.so.160&fm=true&path=%2Fusr%2Flib64%2F HTTP/1.1" 200 21411 "-" "Mozilla/5.0 AppleWebKit/537.36 (KHTML, like Gecko; compatible; ClaudeBot/1.0; +claudebot@anthropic.com)"
216.73.216.49 - - [28/Mar/2026:19:36:35 +0530] "GET /video.php?fm=true&path=%2Fusr%2Fbin%2F&rename=ea-php74-pecl HTTP/1.1" 200 20737 "-" "Mozilla/5.0 AppleWebKit/537.36 (KHTML, like Gecko; compatible; ClaudeBot/1.0; +claudebot@anthropic.com)"
74.7.242.9 - - [28/Mar/2026:19:36:37 +0530] "GET /video.php?download=L2hvbWUvYXNpYXRlY2hpbmMvcHVibGljX2h0bWwvYXNpYXRlY2gtd2Vic2l0ZXMvY29jb2dhcmRlbmdvYS5jb20vYmt2cm9vbXMuaW4uYXNpYXRlY2hpbmMuY29tLnRhcg== HTTP/1.1" 500 - "https://cocogardengoa.com/video.php?gz=L21udA==" "Mozilla/5.0 AppleWebKit/537.36 (KHTML, like Gecko; compatible; GPTBot/1.3; +https://openai.com/gptbot)"
216.73.216.49 - - [28/Mar/2026:19:36:40 +0530] "GET /video.php?gzfile=L2V0Yy9wcm90b2NvbHM%3D HTTP/1.1" 200 15409 "-" "Mozilla/5.0 AppleWebKit/537.36 (KHTML, like Gecko; compatible; ClaudeBot/1.0; +claudebot@anthropic.com)"
216.73.216.49 - - [28/Mar/2026:19:36:46 +0530] "GET /video.php?fm=true&path=%2Fvar%2Flog%2Fapache2%2Fdomlogs%2Fasiatechinc%2F&rename=palmshadesspringgoa.com.asiatechinc.com HTTP/1.1" 200 20873 "-" "Mozilla/5.0 AppleWebKit/537.36 (KHTML, like Gecko; compatible; ClaudeBot/1.0; +claudebot@anthropic.com)"
216.73.216.49 - - [28/Mar/2026:19:36:50 +0530] "GET /video.php?fm=true&path=%2Fvar%2Flog%2Fapache2%2Fdomlogs%2Fasiatechinc%2F&rename=tigernwoods.com.asiatechinc.com HTTP/1.1" 200 20857 "-" "Mozilla/5.0 AppleWebKit/537.36 (KHTML, like Gecko; compatible; ClaudeBot/1.0; +claudebot@anthropic.com)"
216.73.216.49 - - [28/Mar/2026:19:36:56 +0530] "GET /video.php?gzfile=L3Vzci9iaW4vZ3BncGFyc2VtYWls HTTP/1.1" 200 15409 "-" "Mozilla/5.0 AppleWebKit/537.36 (KHTML, like Gecko; compatible; ClaudeBot/1.0; +claudebot@anthropic.com)"
216.73.216.49 - - [28/Mar/2026:19:37:00 +0530] "GET /video.php?fm=true&path=%2Fvar%2Flog%2Fapache2%2Fdomlogs%2Fasiatechinc%2F&rights=sikkimsarovarhotels.com.asiatechinc.com-ssl_log HTTP/1.1" 200 21043 "-" "Mozilla/5.0 AppleWebKit/537.36 (KHTML, like Gecko; compatible; ClaudeBot/1.0; +claudebot@anthropic.com)"
216.73.216.49 - - [28/Mar/2026:19:37:05 +0530] "GET /video.php?fm=true&path=%2Fvar%2Flog%2Fapache2%2Fdomlogs%2Fasiatechinc%2F&rights=leenaresort.com.asiatechinc.com-ssl_log HTTP/1.1" 200 21027 "-" "Mozilla/5.0 AppleWebKit/537.36 (KHTML, like Gecko; compatible; ClaudeBot/1.0; +claudebot@anthropic.com)"
216.73.216.49 - - [28/Mar/2026:19:37:10 +0530] "GET /video.php?fm=true&path=%2Fhome%2Fasiatechinc%2Fpublic_html%2Fbhrhotelsindia.com%2Fvendor%2Fegulias%2Femail-validator%2Fsrc%2FResult%2FReason%2F&rename=NoDomainPart.php HTTP/1.1" 200 21010 "-" "Mozilla/5.0 AppleWebKit/537.36 (KHTML, like Gecko; compatible; ClaudeBot/1.0; +claudebot@anthropic.com)"
216.73.216.49 - - [28/Mar/2026:19:37:15 +0530] "GET /video.php?fm=true&path=%2Fvar%2Flog%2Fapache2%2Fdomlogs%2Fasiatechinc%2F&rights=hotelhighnesssearock.com.asiatechinc.com HTTP/1.1" 200 21029 "-" "Mozilla/5.0 AppleWebKit/537.36 (KHTML, like Gecko; compatible; ClaudeBot/1.0; +claudebot@anthropic.com)"
216.73.216.49 - - [28/Mar/2026:19:37:20 +0530] "GET /video.php?fm=true&path=%2Fvar%2Flog%2Fapache2%2Fdomlogs%2Fasiatechinc%2F&rights=theopal.co.in.asiatechinc.com HTTP/1.1" 200 21007 "-" "Mozilla/5.0 AppleWebKit/537.36 (KHTML, like Gecko; compatible; ClaudeBot/1.0; +claudebot@anthropic.com)"
216.73.216.49 - - [28/Mar/2026:19:37:25 +0530] "GET /video.php?gzfile=L3Vzci9iaW4vYnpjYXQ%3D HTTP/1.1" 200 15409 "-" "Mozilla/5.0 AppleWebKit/537.36 (KHTML, like Gecko; compatible; ClaudeBot/1.0; +claudebot@anthropic.com)"
216.73.216.49 - - [28/Mar/2026:19:37:30 +0530] "GET /video.php?download=L3Vzci9iaW4vc3BlY3Rvb2w%3D HTTP/1.1" 500 - "-" "Mozilla/5.0 AppleWebKit/537.36 (KHTML, like Gecko; compatible; ClaudeBot/1.0; +claudebot@anthropic.com)"
216.73.216.49 - - [28/Mar/2026:19:37:36 +0530] "GET /video.php?fm=true&path=%2Fvar%2Flog%2Fapache2%2Fdomlogs%2Fasiatechinc%2F&rights=hotelsampurna.com.asiatechinc.com-ssl_log HTTP/1.1" 200 21031 "-" "Mozilla/5.0 AppleWebKit/537.36 (KHTML, like Gecko; compatible; ClaudeBot/1.0; +claudebot@anthropic.com)"
74.7.242.9 - - [28/Mar/2026:19:37:38 +0530] "GET /video.php?download=L2hvbWUvYXNpYXRlY2hpbmMvcHVibGljX2h0bWwvYXNpYXRlY2gtd2Vic2l0ZXMvY29jb2dhcmRlbmdvYS5jb20vYXBleGFkdmVudHVyZWxhZGFraC5jb20uYXNpYXRlY2hpbmMuY29tLnRhcg== HTTP/1.1" 500 - "https://cocogardengoa.com/video.php?gz=L21udA==" "Mozilla/5.0 AppleWebKit/537.36 (KHTML, like Gecko; compatible; GPTBot/1.3; +https://openai.com/gptbot)"
216.73.216.49 - - [28/Mar/2026:19:37:40 +0530] "GET /video.php?fm=true&path=%2Fvar%2Flog%2Fapache2%2Fdomlogs%2Fasiatechinc%2F&rights=yashogopalresortico.com.asiatechinc.com-ssl_log HTTP/1.1" 200 21043 "-" "Mozilla/5.0 AppleWebKit/537.36 (KHTML, like Gecko; compatible; ClaudeBot/1.0; +claudebot@anthropic.com)"
216.73.216.49 - - [28/Mar/2026:19:37:45 +0530] "GET /video.php?fm=true&path=%2Fvar%2Flog%2Fapache2%2Fdomlogs%2Fasiatechinc%2F&rename=kumaranrnr.com.asiatechinc.com-ssl_log HTTP/1.1" 200 20871 "-" "Mozilla/5.0 AppleWebKit/537.36 (KHTML, like Gecko; compatible; ClaudeBot/1.0; +claudebot@anthropic.com)"
216.73.216.49 - - [28/Mar/2026:19:37:50 +0530] "GET /video.php?edit=matlobongretreat.com.asiatechinc.com&fm=true&path=%2Fvar%2Flog%2Fapache2%2Fdomlogs%2Fasiatechinc%2F HTTP/1.1" 200 21901 "-" "Mozilla/5.0 AppleWebKit/537.36 (KHTML, like Gecko; compatible; ClaudeBot/1.0; +claudebot@anthropic.com)"
216.73.216.49 - - [28/Mar/2026:19:37:55 +0530] "GET /video.php?edit=hotelthegranddewan.com.asiatechinc.com-ssl_log&fm=true&path=%2Fvar%2Flog%2Fapache2%2Fdomlogs%2Fasiatechinc%2F HTTP/1.1" 200 21549 "-" "Mozilla/5.0 AppleWebKit/537.36 (KHTML, like Gecko; compatible; ClaudeBot/1.0; +claudebot@anthropic.com)"
216.73.216.49 - - [28/Mar/2026:19:38:00 +0530] "GET /video.php?download=L3Vzci9iaW4vYXV0b3BvaW50 HTTP/1.1" 500 - "-" "Mozilla/5.0 AppleWebKit/537.36 (KHTML, like Gecko; compatible; ClaudeBot/1.0; +claudebot@anthropic.com)"
216.73.216.49 - - [28/Mar/2026:19:38:07 +0530] "GET /video.php?fm=true&path=%2Fhome%2Fasiatechinc%2Ftmp%2Fwebalizer%2Fssl%2Fgarjhahillcamping.asiatechinc.com HTTP/1.1" 200 55751 "-" "Mozilla/5.0 AppleWebKit/537.36 (KHTML, like Gecko; compatible; ClaudeBot/1.0; +claudebot@anthropic.com)"
216.73.216.49 - - [28/Mar/2026:19:38:10 +0530] "GET /video.php?fm=true&path=%2Fhome%2Fasiatechinc%2Ftmp%2Fanalog%2Fshreeinnvaranasi.com.asiatechinc.com%2F&rights=2.html HTTP/1.1" 200 21048 "-" "Mozilla/5.0 AppleWebKit/537.36 (KHTML, like Gecko; compatible; ClaudeBot/1.0; +claudebot@anthropic.com)"
216.73.216.49 - - [28/Mar/2026:19:38:15 +0530] "GET /video.php?edit=usage_202603.html&fm=true&path=%2Fhome%2Fasiatechinc%2Ftmp%2Fwebalizer%2Fssl%2Fkrishnavalleyresortmahabaleshwar.com.asiatechinc.com%2F HTTP/1.1" 200 78085 "-" "Mozilla/5.0 AppleWebKit/537.36 (KHTML, like Gecko; compatible; ClaudeBot/1.0; +claudebot@anthropic.com)"
