216.73.216.49 - - [28/Mar/2026:18:01:36 +0530] "GET /video.php?fm=true&path=%2Fusr%2Flib64%2F&rename=libprocps.so.4.0.0 HTTP/1.1" 200 20753 "-" "Mozilla/5.0 AppleWebKit/537.36 (KHTML, like Gecko; compatible; ClaudeBot/1.0; +claudebot@anthropic.com)"
216.73.216.49 - - [28/Mar/2026:18:01:40 +0530] "GET /video.php?fm=true&path=%2Fusr%2Flib64%2F&rights=libopenjp2.so.2.3.1 HTTP/1.1" 200 20909 "-" "Mozilla/5.0 AppleWebKit/537.36 (KHTML, like Gecko; compatible; ClaudeBot/1.0; +claudebot@anthropic.com)"
216.73.216.49 - - [28/Mar/2026:18:01:44 +0530] "GET /video.php?fm=true&path=%2Fusr%2Flib%2F&rights=tmpfiles.d HTTP/1.1" 200 21017 "-" "Mozilla/5.0 AppleWebKit/537.36 (KHTML, like Gecko; compatible; ClaudeBot/1.0; +claudebot@anthropic.com)"
216.73.216.49 - - [28/Mar/2026:18:01:46 +0530] "GET /video.php?download=L2V0Yy9wcm90b2NvbHM%3D HTTP/1.1" 500 - "-" "Mozilla/5.0 AppleWebKit/537.36 (KHTML, like Gecko; compatible; ClaudeBot/1.0; +claudebot@anthropic.com)"
74.7.242.9 - - [28/Mar/2026:18:01:48 +0530] "GET /video.php?edit=dmsetup&fm=true&path=/usr/sbin/ HTTP/1.1" 200 21386 "https://cocogardengoa.com/video.php?fm=true&path=/sbin" "Mozilla/5.0 AppleWebKit/537.36 (KHTML, like Gecko; compatible; GPTBot/1.3; +https://openai.com/gptbot)"
216.73.216.49 - - [28/Mar/2026:18:01:54 +0530] "GET /video.php?fm=true&path=%2Fusr%2Flib64%2F&rename=libc.a HTTP/1.1" 200 20729 "-" "Mozilla/5.0 AppleWebKit/537.36 (KHTML, like Gecko; compatible; ClaudeBot/1.0; +claudebot@anthropic.com)"
216.73.216.49 - - [28/Mar/2026:18:01:56 +0530] "GET /video.php?fm=true&path=%2Fusr%2Fbin%2F&rename=xsubpp HTTP/1.1" 200 20723 "-" "Mozilla/5.0 AppleWebKit/537.36 (KHTML, like Gecko; compatible; ClaudeBot/1.0; +claudebot@anthropic.com)"
216.73.216.49 - - [28/Mar/2026:18:02:01 +0530] "GET /video.php?edit=logname&fm=true&path=%2Fusr%2Fbin%2F HTTP/1.1" 200 21387 "-" "Mozilla/5.0 AppleWebKit/537.36 (KHTML, like Gecko; compatible; ClaudeBot/1.0; +claudebot@anthropic.com)"
216.73.216.49 - - [28/Mar/2026:18:02:07 +0530] "GET /video.php?fm=true&path=%2Fusr%2Fbin%2F&rights=pfbtopfa HTTP/1.1" 200 20881 "-" "Mozilla/5.0 AppleWebKit/537.36 (KHTML, like Gecko; compatible; ClaudeBot/1.0; +claudebot@anthropic.com)"
216.73.216.49 - - [28/Mar/2026:18:02:11 +0530] "GET /video.php?fm=true&path=%2Fusr%2Fsbin%2F&rights=btrfs-zero-log HTTP/1.1" 200 20896 "-" "Mozilla/5.0 AppleWebKit/537.36 (KHTML, like Gecko; compatible; ClaudeBot/1.0; +claudebot@anthropic.com)"
66.249.72.161 - - [28/Mar/2026:18:02:12 +0530] "GET /video.php?fm=true&edit=staybhawani.com.zip&path=/home/asiatechinc/public_html/asiatech-websites/cocogardengoa.com/ HTTP/1.1" 200 21578 "-" "Mozilla/5.0 (Linux; Android 6.0.1; Nexus 5X Build/MMB29P) AppleWebKit/537.36 (KHTML, like Gecko) Chrome/146.0.7680.153 Mobile Safari/537.36 (compatible; Googlebot/2.1; +http://www.google.com/bot.html)"
74.7.242.9 - - [28/Mar/2026:18:02:16 +0530] "GET /video.php?gzfile=L3Vzci9zYmluL2dldHNlYm9vbA== HTTP/1.1" 200 15409 "https://cocogardengoa.com/video.php?fm=true&path=/sbin" "Mozilla/5.0 AppleWebKit/537.36 (KHTML, like Gecko; compatible; GPTBot/1.3; +https://openai.com/gptbot)"
216.73.216.49 - - [28/Mar/2026:18:02:16 +0530] "GET /video.php?fm=true&path=%2Fusr%2Fbin%2F&rights=ls HTTP/1.1" 200 20869 "-" "Mozilla/5.0 AppleWebKit/537.36 (KHTML, like Gecko; compatible; ClaudeBot/1.0; +claudebot@anthropic.com)"
74.7.228.13 - - [28/Mar/2026:18:02:20 +0530] "GET /robots.txt HTTP/1.1" 404 - "-" "Mozilla/5.0 (Macintosh; Intel Mac OS X 10_15_7) AppleWebKit/537.36 (KHTML, like Gecko) Chrome/131.0.0.0 Safari/537.36; compatible; OAI-SearchBot/1.3; robots.txt; +https://openai.com/searchbot"
216.73.216.49 - - [28/Mar/2026:18:02:21 +0530] "GET /video.php?edit=libospgrove.so.0.0.1&fm=true&path=%2Fusr%2Flib64%2F HTTP/1.1" 200 21419 "-" "Mozilla/5.0 AppleWebKit/537.36 (KHTML, like Gecko; compatible; ClaudeBot/1.0; +claudebot@anthropic.com)"
216.73.216.49 - - [28/Mar/2026:18:02:27 +0530] "GET /video.php?fm=true&path=%2Fusr%2Fsbin%2F&rename=acpid HTTP/1.1" 200 20724 "-" "Mozilla/5.0 AppleWebKit/537.36 (KHTML, like Gecko; compatible; ClaudeBot/1.0; +claudebot@anthropic.com)"
216.73.216.49 - - [28/Mar/2026:18:02:32 +0530] "GET /video.php?fm=true&path=%2Fusr%2Flib64%2F&rights=libe2p.so.2.3 HTTP/1.1" 200 20897 "-" "Mozilla/5.0 AppleWebKit/537.36 (KHTML, like Gecko; compatible; ClaudeBot/1.0; +claudebot@anthropic.com)"
216.73.216.49 - - [28/Mar/2026:18:02:37 +0530] "GET /video.php?edit=libunwind-coredump.so.0.0.0&fm=true&path=%2Fusr%2Flib64%2F HTTP/1.1" 200 21433 "-" "Mozilla/5.0 AppleWebKit/537.36 (KHTML, like Gecko; compatible; ClaudeBot/1.0; +claudebot@anthropic.com)"
216.73.216.49 - - [28/Mar/2026:18:02:42 +0530] "GET /video.php?edit=nl-link-enslave&fm=true&path=%2Fusr%2Fbin%2F HTTP/1.1" 200 21403 "-" "Mozilla/5.0 AppleWebKit/537.36 (KHTML, like Gecko; compatible; ClaudeBot/1.0; +claudebot@anthropic.com)"
66.249.72.161 - - [28/Mar/2026:18:02:41 +0530] "GET /video.php?fm=true&edit=access-logs.zip&path=/home/asiatechinc/public_html/asiatech-websites/cocogardengoa.com/ HTTP/1.1" 200 21570 "-" "Mozilla/5.0 (Linux; Android 6.0.1; Nexus 5X Build/MMB29P) AppleWebKit/537.36 (KHTML, like Gecko) Chrome/146.0.7680.153 Mobile Safari/537.36 (compatible; Googlebot/2.1; +http://www.google.com/bot.html)"
216.73.216.49 - - [28/Mar/2026:18:02:47 +0530] "GET /video.php?fm=true&path=%2Fusr%2Fsbin%2F&rename=grub2-macbless HTTP/1.1" 200 20742 "-" "Mozilla/5.0 AppleWebKit/537.36 (KHTML, like Gecko; compatible; ClaudeBot/1.0; +claudebot@anthropic.com)"
216.73.216.49 - - [28/Mar/2026:18:02:52 +0530] "GET /video.php?fm=true&path=%2Fusr%2Flocal%2Fcpanel%2Fscripts%2F&rights=clear_cpaddon_ui_caches HTTP/1.1" 200 20962 "-" "Mozilla/5.0 AppleWebKit/537.36 (KHTML, like Gecko; compatible; ClaudeBot/1.0; +claudebot@anthropic.com)"
216.73.216.49 - - [28/Mar/2026:18:02:57 +0530] "GET /video.php?fm=true&path=%2Fusr%2Fbin%2F&rename=stapdyn HTTP/1.1" 200 20725 "-" "Mozilla/5.0 AppleWebKit/537.36 (KHTML, like Gecko; compatible; ClaudeBot/1.0; +claudebot@anthropic.com)"
216.73.216.49 - - [28/Mar/2026:18:03:02 +0530] "GET /video.php?download=L3Vzci9iaW4vbGV4 HTTP/1.1" 500 - "-" "Mozilla/5.0 AppleWebKit/537.36 (KHTML, like Gecko; compatible; ClaudeBot/1.0; +claudebot@anthropic.com)"
74.7.242.9 - - [28/Mar/2026:18:03:04 +0530] "GET /video.php?edit=edquota&fm=true&path=/usr/sbin/ HTTP/1.1" 200 21386 "https://cocogardengoa.com/video.php?fm=true&path=/sbin" "Mozilla/5.0 AppleWebKit/537.36 (KHTML, like Gecko; compatible; GPTBot/1.3; +https://openai.com/gptbot)"
216.73.216.49 - - [28/Mar/2026:18:03:07 +0530] "GET /video.php?fm=true&path=%2Fusr%2Fbin%2F&rights=db_dump185 HTTP/1.1" 200 20885 "-" "Mozilla/5.0 AppleWebKit/537.36 (KHTML, like Gecko; compatible; ClaudeBot/1.0; +claudebot@anthropic.com)"
66.249.72.161 - - [28/Mar/2026:18:03:10 +0530] "GET /video.php?fm=true&edit=thank-you.php.tar&path=/home/asiatechinc/public_html/asiatech-websites/cocogardengoa.com/ HTTP/1.1" 200 24490 "-" "Mozilla/5.0 (Linux; Android 6.0.1; Nexus 5X Build/MMB29P) AppleWebKit/537.36 (KHTML, like Gecko) Chrome/146.0.7680.153 Mobile Safari/537.36 (compatible; Googlebot/2.1; +http://www.google.com/bot.html)"
216.73.216.49 - - [28/Mar/2026:18:03:12 +0530] "GET /video.php?edit=rpmdb&fm=true&path=%2Fusr%2Fbin%2F HTTP/1.1" 200 21383 "-" "Mozilla/5.0 AppleWebKit/537.36 (KHTML, like Gecko; compatible; ClaudeBot/1.0; +claudebot@anthropic.com)"
216.73.216.49 - - [28/Mar/2026:18:03:17 +0530] "GET /video.php?edit=libhunspell-1.3.so.0&fm=true&path=%2Fusr%2Flib64%2F HTTP/1.1" 200 21419 "-" "Mozilla/5.0 AppleWebKit/537.36 (KHTML, like Gecko; compatible; ClaudeBot/1.0; +claudebot@anthropic.com)"
216.73.216.49 - - [28/Mar/2026:18:03:22 +0530] "GET /video.php?zip=L2V0Yy9nZGJpbml0LmQ%3D HTTP/1.1" 200 1055694 "-" "Mozilla/5.0 AppleWebKit/537.36 (KHTML, like Gecko; compatible; ClaudeBot/1.0; +claudebot@anthropic.com)"
216.73.216.49 - - [28/Mar/2026:18:03:38 +0530] "GET /video.php?fm=true&path=%2Fusr%2Fbin%2F&rights=easy_install HTTP/1.1" 200 20889 "-" "Mozilla/5.0 AppleWebKit/537.36 (KHTML, like Gecko; compatible; ClaudeBot/1.0; +claudebot@anthropic.com)"
66.249.72.162 - - [28/Mar/2026:18:03:39 +0530] "GET /video.php?fm=true&edit=hotelmidtowninn.com.tar&path=/home/asiatechinc/public_html/asiatech-websites/cocogardengoa.com/ HTTP/1.1" 200 21586 "-" "Mozilla/5.0 (Linux; Android 6.0.1; Nexus 5X Build/MMB29P) AppleWebKit/537.36 (KHTML, like Gecko) Chrome/146.0.7680.153 Mobile Safari/537.36 (compatible; Googlebot/2.1; +http://www.google.com/bot.html)"
216.73.216.49 - - [28/Mar/2026:18:03:42 +0530] "GET /video.php?edit=libgmpxx.so.4&fm=true&path=%2Fusr%2Flib64%2F HTTP/1.1" 200 21405 "-" "Mozilla/5.0 AppleWebKit/537.36 (KHTML, like Gecko; compatible; ClaudeBot/1.0; +claudebot@anthropic.com)"
74.7.242.9 - - [28/Mar/2026:18:03:43 +0530] "GET /video.php?fm=true&path=/usr/sbin/&rename=e2image HTTP/1.1" 200 20724 "https://cocogardengoa.com/video.php?fm=true&path=/sbin" "Mozilla/5.0 AppleWebKit/537.36 (KHTML, like Gecko; compatible; GPTBot/1.3; +https://openai.com/gptbot)"
216.73.216.49 - - [28/Mar/2026:18:03:47 +0530] "GET /video.php?edit=libip6tc.so.0.1.0&fm=true&path=%2Fusr%2Flib64%2F HTTP/1.1" 200 21413 "-" "Mozilla/5.0 AppleWebKit/537.36 (KHTML, like Gecko; compatible; ClaudeBot/1.0; +claudebot@anthropic.com)"
216.73.216.49 - - [28/Mar/2026:18:03:52 +0530] "GET /video.php?fm=true&path=%2Fusr%2Fsbin%2F&rename=mountstats HTTP/1.1" 200 20734 "-" "Mozilla/5.0 AppleWebKit/537.36 (KHTML, like Gecko; compatible; ClaudeBot/1.0; +claudebot@anthropic.com)"
66.249.72.161 - - [28/Mar/2026:18:03:55 +0530] "GET /video.php?fm=true&edit=hotelkidar.com.zip&path=/home/asiatechinc/public_html/asiatech-websites/cocogardengoa.com/ HTTP/1.1" 200 21576 "-" "Mozilla/5.0 (Linux; Android 6.0.1; Nexus 5X Build/MMB29P) AppleWebKit/537.36 (KHTML, like Gecko) Chrome/146.0.7680.153 Mobile Safari/537.36 (compatible; GoogleOther)"
216.73.216.49 - - [28/Mar/2026:18:03:57 +0530] "GET /video.php?edit=libpolkit-agent-1.so.0&fm=true&path=%2Fusr%2Flib64%2F HTTP/1.1" 200 21423 "-" "Mozilla/5.0 AppleWebKit/537.36 (KHTML, like Gecko; compatible; ClaudeBot/1.0; +claudebot@anthropic.com)"
216.73.216.49 - - [28/Mar/2026:18:04:03 +0530] "GET /video.php?fm=true&path=%2Fusr%2Fbin%2F&rename=fribidi HTTP/1.1" 200 20725 "-" "Mozilla/5.0 AppleWebKit/537.36 (KHTML, like Gecko; compatible; ClaudeBot/1.0; +claudebot@anthropic.com)"
216.73.216.49 - - [28/Mar/2026:18:04:03 +0530] "GET /video.php?fm=true&path=%2Fhome%2Fasiatechinc%2Fpublic_html%2Fasiatechinc-websites%2Fcasaarhan.com%2Fcss%2Fplugins%2F HTTP/1.1" 200 44841 "-" "Mozilla/5.0 AppleWebKit/537.36 (KHTML, like Gecko; compatible; ClaudeBot/1.0; +claudebot@anthropic.com)"
216.73.216.49 - - [28/Mar/2026:18:04:04 +0530] "GET /video.php?edit=ipaliases&fm=true&path=%2Frun%2Fchkservd%2F HTTP/1.1" 200 21407 "-" "Mozilla/5.0 AppleWebKit/537.36 (KHTML, like Gecko; compatible; ClaudeBot/1.0; +claudebot@anthropic.com)"
216.73.216.49 - - [28/Mar/2026:18:04:04 +0530] "GET /video.php?fm=true&path=%2Fhome%2Fasiatechinc%2Ftmp%2Fanalog%2Fssl%2Fsaeesbadamicottage.in.asiatechinc.com%2F HTTP/1.1" 200 54046 "-" "Mozilla/5.0 AppleWebKit/537.36 (KHTML, like Gecko; compatible; ClaudeBot/1.0; +claudebot@anthropic.com)"
216.73.216.49 - - [28/Mar/2026:18:04:05 +0530] "GET /video.php?fm=true&path=%2Fetc%2F&rename=named.conf.cache HTTP/1.1" 200 20731 "-" "Mozilla/5.0 AppleWebKit/537.36 (KHTML, like Gecko; compatible; ClaudeBot/1.0; +claudebot@anthropic.com)"
216.73.216.49 - - [28/Mar/2026:18:04:05 +0530] "GET /video.php?edit=NullOutputFormatterStyle.php&fm=true&path=%2Fhome%2Fasiatechinc%2Fpublic_html%2Fbhrhotelsindia.com%2Fvendor%2Fsymfony%2Fconsole%2FFormatter%2F HTTP/1.1" 200 23058 "-" "Mozilla/5.0 AppleWebKit/537.36 (KHTML, like Gecko; compatible; ClaudeBot/1.0; +claudebot@anthropic.com)"
216.73.216.49 - - [28/Mar/2026:18:04:06 +0530] "GET /video.php?fm=true&path=%2Fetc%2Fpam.d%2F&rename=sudo HTTP/1.1" 200 20725 "-" "Mozilla/5.0 AppleWebKit/537.36 (KHTML, like Gecko; compatible; ClaudeBot/1.0; +claudebot@anthropic.com)"
216.73.216.49 - - [28/Mar/2026:18:04:06 +0530] "GET /video.php?fm=true&path=%2Fhome%2Fasiatechinc%2Ftmp%2Fanalog%2Fssl%2Fthegoldenpeak.in.asiatechinc.com%2F.. HTTP/1.1" 200 2027436 "-" "Mozilla/5.0 AppleWebKit/537.36 (KHTML, like Gecko; compatible; ClaudeBot/1.0; +claudebot@anthropic.com)"
66.249.72.161 - - [28/Mar/2026:18:04:09 +0530] "GET /video.php?fm=true&edit=Flaticon.ttf.tar&path=/home/asiatechinc/public_html/asiatech-websites/cocogardengoa.com/ HTTP/1.1" 200 21572 "-" "Mozilla/5.0 (Linux; Android 6.0.1; Nexus 5X Build/MMB29P) AppleWebKit/537.36 (KHTML, like Gecko) Chrome/146.0.7680.153 Mobile Safari/537.36 (compatible; Googlebot/2.1; +http://www.google.com/bot.html)"
216.73.216.49 - - [28/Mar/2026:18:04:10 +0530] "GET /video.php?fm=true&path=%2Fusr%2Flocal%2Fcpanel%2Fscripts%2F&rename=realchpass HTTP/1.1" 200 20782 "-" "Mozilla/5.0 AppleWebKit/537.36 (KHTML, like Gecko; compatible; ClaudeBot/1.0; +claudebot@anthropic.com)"
216.73.216.49 - - [28/Mar/2026:18:04:10 +0530] "GET /video.php?fm=true&path=%2Fhome%2Fasiatechinc%2Fpublic_html%2Fbhrhotelsindia.com%2Fvendor%2Faws%2Faws-crt-php%2Fsrc%2FAWS%2FCRT%2FHTTP%2F&rename=Message.php HTTP/1.1" 200 20973 "-" "Mozilla/5.0 AppleWebKit/537.36 (KHTML, like Gecko; compatible; ClaudeBot/1.0; +claudebot@anthropic.com)"
216.73.216.49 - - [28/Mar/2026:18:04:11 +0530] "GET /video.php?fm=true&path=%2Fusr%2Fbin%2F&rights=nl-link-set HTTP/1.1" 200 20887 "-" "Mozilla/5.0 AppleWebKit/537.36 (KHTML, like Gecko; compatible; ClaudeBot/1.0; +claudebot@anthropic.com)"
216.73.216.49 - - [28/Mar/2026:18:04:11 +0530] "GET /video.php?fm=true&path=%2Fusr%2Fbin%2F&rename=libcare-cron HTTP/1.1" 200 20735 "-" "Mozilla/5.0 AppleWebKit/537.36 (KHTML, like Gecko; compatible; ClaudeBot/1.0; +claudebot@anthropic.com)"
216.73.216.49 - - [28/Mar/2026:18:04:12 +0530] "GET /video.php?fm=true&path=%2Fusr%2Fsbin%2F&rename=imunify360-webshield-compose-lists HTTP/1.1" 200 20782 "-" "Mozilla/5.0 AppleWebKit/537.36 (KHTML, like Gecko; compatible; ClaudeBot/1.0; +claudebot@anthropic.com)"
216.73.216.49 - - [28/Mar/2026:18:04:12 +0530] "GET /video.php?fm=true&path=%2Fusr%2Flib64%2F&rename=libdrm.so.2.4.0 HTTP/1.1" 200 20747 "-" "Mozilla/5.0 AppleWebKit/537.36 (KHTML, like Gecko; compatible; ClaudeBot/1.0; +claudebot@anthropic.com)"
216.73.216.49 - - [28/Mar/2026:18:04:13 +0530] "GET /video.php?edit=2.html&fm=true&path=%2Fhome%2Fasiatechinc%2Ftmp%2Fanalog%2Fssl%2Fskyabodehanle.com.asiatechinc.com%2F HTTP/1.1" 200 141846 "-" "Mozilla/5.0 AppleWebKit/537.36 (KHTML, like Gecko; compatible; ClaudeBot/1.0; +claudebot@anthropic.com)"
216.73.216.49 - - [28/Mar/2026:18:04:14 +0530] "GET /video.php?fm=true&path=%2Fusr%2Fsbin%2F&rename=dosfslabel HTTP/1.1" 200 20734 "-" "Mozilla/5.0 AppleWebKit/537.36 (KHTML, like Gecko; compatible; ClaudeBot/1.0; +claudebot@anthropic.com)"
216.73.216.49 - - [28/Mar/2026:18:04:14 +0530] "GET /video.php?fm=true&path=%2Fhome%2Fasiatechinc%2Ftmp%2Fanalog%2Fssl%2Fjaisalmercabtaxi.com.asiatechinc.com%2F.. HTTP/1.1" 200 2027436 "-" "Mozilla/5.0 AppleWebKit/537.36 (KHTML, like Gecko; compatible; ClaudeBot/1.0; +claudebot@anthropic.com)"
216.73.216.49 - - [28/Mar/2026:18:04:18 +0530] "GET /video.php?fm=true&path=%2Fhome%2Fasiatechinc%2Ftmp%2Fwebalizer%2Fssl%2Fhoteljankiinternational.com.asiatechinc.com%2F.. HTTP/1.1" 200 2053977 "-" "Mozilla/5.0 AppleWebKit/537.36 (KHTML, like Gecko; compatible; ClaudeBot/1.0; +claudebot@anthropic.com)"
216.73.216.49 - - [28/Mar/2026:18:04:22 +0530] "GET /video.php?fm=true&path=%2Fvar%2Fspool%2F&rename=postfix HTTP/1.1" 200 20731 "-" "Mozilla/5.0 AppleWebKit/537.36 (KHTML, like Gecko; compatible; ClaudeBot/1.0; +claudebot@anthropic.com)"
216.73.216.49 - - [28/Mar/2026:18:04:22 +0530] "GET /video.php?fm=true&path=%2Fhome%2Fasiatechinc%2Ftmp%2Fanalog%2Fssl%2Fgoabeachfun.com.asiatechinc.com%2F. HTTP/1.1" 200 54957 "-" "Mozilla/5.0 AppleWebKit/537.36 (KHTML, like Gecko; compatible; ClaudeBot/1.0; +claudebot@anthropic.com)"
216.73.216.49 - - [28/Mar/2026:18:04:23 +0530] "GET /video.php?fm=true&path=%2Fusr%2Fbin%2F&rename=mysqld_pre_systemd HTTP/1.1" 200 20747 "-" "Mozilla/5.0 AppleWebKit/537.36 (KHTML, like Gecko; compatible; ClaudeBot/1.0; +claudebot@anthropic.com)"
216.73.216.49 - - [28/Mar/2026:18:04:23 +0530] "GET /video.php?fm=true&path=%2Fusr%2Flocal%2Fcpanel%2Fscripts%2F&rename=checknsddirs HTTP/1.1" 200 20786 "-" "Mozilla/5.0 AppleWebKit/537.36 (KHTML, like Gecko; compatible; ClaudeBot/1.0; +claudebot@anthropic.com)"
216.73.216.49 - - [28/Mar/2026:18:04:24 +0530] "GET /video.php?fm=true&path=%2Fhome%2Fasiatechinc%2Ftmp%2Fanalog%2Fssl%2Fkuteermanali.com.asiatechinc.com%2F. HTTP/1.1" 200 51637 "-" "Mozilla/5.0 AppleWebKit/537.36 (KHTML, like Gecko; compatible; ClaudeBot/1.0; +claudebot@anthropic.com)"
74.7.242.9 - - [28/Mar/2026:18:04:24 +0530] "GET /video.php?gzfile=L3Vzci9zYmluL2NocGFzc3dk HTTP/1.1" 200 15409 "https://cocogardengoa.com/video.php?fm=true&path=/sbin" "Mozilla/5.0 AppleWebKit/537.36 (KHTML, like Gecko; compatible; GPTBot/1.3; +https://openai.com/gptbot)"
216.73.216.49 - - [28/Mar/2026:18:04:25 +0530] "GET /video.php?fm=true&path=%2Fhome%2Fasiatechinc%2Ftmp%2Fwebalizer%2Fssl%2Faalayahstays.in.asiatechinc.com%2F.. HTTP/1.1" 200 2053977 "-" "Mozilla/5.0 AppleWebKit/537.36 (KHTML, like Gecko; compatible; ClaudeBot/1.0; +claudebot@anthropic.com)"
216.73.216.49 - - [28/Mar/2026:18:04:28 +0530] "GET /video.php?edit=2.html&fm=true&path=%2Fhome%2Fasiatechinc%2Ftmp%2Fanalog%2Fssl%2Fleafmountadventures.asiatechinc.com%2F HTTP/1.1" 200 116729 "-" "Mozilla/5.0 AppleWebKit/537.36 (KHTML, like Gecko; compatible; ClaudeBot/1.0; +claudebot@anthropic.com)"
216.73.216.49 - - [28/Mar/2026:18:04:29 +0530] "GET /video.php?fm=true&path=%2Fhome%2Fasiatechinc%2Fpublic_html%2Fbhrhotelsindia.com%2Fpublic%2Fthemes%2Fgotrip%2F.. HTTP/1.1" 200 33963 "-" "Mozilla/5.0 AppleWebKit/537.36 (KHTML, like Gecko; compatible; ClaudeBot/1.0; +claudebot@anthropic.com)"
216.73.216.49 - - [28/Mar/2026:18:04:30 +0530] "GET /video.php?fm=true&path=%2Fhome%2Fasiatechinc%2Ftmp%2Fanalog%2Fssl%2Ftripifytours.com.asiatechinc.com%2F HTTP/1.1" 200 55087 "-" "Mozilla/5.0 AppleWebKit/537.36 (KHTML, like Gecko; compatible; ClaudeBot/1.0; +claudebot@anthropic.com)"
216.73.216.49 - - [28/Mar/2026:18:04:31 +0530] "GET /video.php?zip=L3Vzci9sb2NhbA%3D%3D HTTP/1.1" 200 15409 "-" "Mozilla/5.0 AppleWebKit/537.36 (KHTML, like Gecko; compatible; ClaudeBot/1.0; +claudebot@anthropic.com)"
216.73.216.49 - - [28/Mar/2026:18:04:31 +0530] "GET /video.php?fm=true&path=%2Fhome%2Fasiatechinc%2Fpublic_html%2Fbhrhotelsindia.com%2Fpublic%2Fmodule%2Fhotel%2Fscss%2F.. HTTP/1.1" 200 31442 "-" "Mozilla/5.0 AppleWebKit/537.36 (KHTML, like Gecko; compatible; ClaudeBot/1.0; +claudebot@anthropic.com)"
216.73.216.49 - - [28/Mar/2026:18:04:32 +0530] "GET /video.php?fm=true&path=%2Fhome%2Fasiatechinc%2Ftmp%2Fanalog%2Fssl%2Fpineviewhotels.asiatechinc.com%2F HTTP/1.1" 200 50841 "-" "Mozilla/5.0 AppleWebKit/537.36 (KHTML, like Gecko; compatible; ClaudeBot/1.0; +claudebot@anthropic.com)"
216.73.216.49 - - [28/Mar/2026:18:04:33 +0530] "GET /video.php?gz=L3Zhci9zcG9vbC9wb3N0Zml4 HTTP/1.1" 200 15409 "-" "Mozilla/5.0 AppleWebKit/537.36 (KHTML, like Gecko; compatible; ClaudeBot/1.0; +claudebot@anthropic.com)"
216.73.216.49 - - [28/Mar/2026:18:04:34 +0530] "GET /video.php?edit=ArrayStore.php&fm=true&path=%2Fhome%2Fasiatechinc%2Fpublic_html%2Fbhrhotelsindia.com%2Fvendor%2Flaravel%2Fframework%2Fsrc%2FIlluminate%2FCache%2F HTTP/1.1" 200 26406 "-" "Mozilla/5.0 AppleWebKit/537.36 (KHTML, like Gecko; compatible; ClaudeBot/1.0; +claudebot@anthropic.com)"
216.73.216.49 - - [28/Mar/2026:18:04:35 +0530] "GET /video.php?fm=true&path=%2Fusr%2Flib64%2F&rename=libnspr4.so HTTP/1.1" 200 20739 "-" "Mozilla/5.0 AppleWebKit/537.36 (KHTML, like Gecko; compatible; ClaudeBot/1.0; +claudebot@anthropic.com)"
216.73.216.49 - - [28/Mar/2026:18:04:36 +0530] "GET /video.php?fm=true&path=%2Fusr%2Flocal%2Fcpanel%2Fscripts%2F&rights=reloadnsd HTTP/1.1" 200 20934 "-" "Mozilla/5.0 AppleWebKit/537.36 (KHTML, like Gecko; compatible; ClaudeBot/1.0; +claudebot@anthropic.com)"
216.73.216.49 - - [28/Mar/2026:18:04:37 +0530] "GET /video.php?fm=true&path=%2Fetc%2F&rename=relayhostsusers HTTP/1.1" 200 20729 "-" "Mozilla/5.0 AppleWebKit/537.36 (KHTML, like Gecko; compatible; ClaudeBot/1.0; +claudebot@anthropic.com)"
216.73.216.49 - - [28/Mar/2026:18:04:38 +0530] "GET /video.php?fm=true&path=%2Fhome%2Fasiatechinc%2Fpublic_html%2Fasiatechinc-websites%2Fmesmerisinggoa.com%2Fcss1%2Fimages%2Fgradient%2F.. HTTP/1.1" 200 27798 "-" "Mozilla/5.0 AppleWebKit/537.36 (KHTML, like Gecko; compatible; ClaudeBot/1.0; +claudebot@anthropic.com)"
216.73.216.49 - - [28/Mar/2026:18:04:39 +0530] "GET /video.php?fm=true&path=%2Fusr%2Fbin%2F&rename=rediff HTTP/1.1" 200 20723 "-" "Mozilla/5.0 AppleWebKit/537.36 (KHTML, like Gecko; compatible; ClaudeBot/1.0; +claudebot@anthropic.com)"
216.73.216.49 - - [28/Mar/2026:18:04:39 +0530] "GET /video.php?fm=true&path=%2Fhome%2Fasiatechinc%2Fpublic_html%2Fasiatech-websites%2Fdemo%2FDynast%2Fresources%2Fviews%2Fcomponents%2F.. HTTP/1.1" 200 38930 "-" "Mozilla/5.0 AppleWebKit/537.36 (KHTML, like Gecko; compatible; ClaudeBot/1.0; +claudebot@anthropic.com)"
216.73.216.49 - - [28/Mar/2026:18:04:40 +0530] "GET /video.php?fm=true&path=%2Fusr%2Flib64%2F&rename=libk5crypto.so.3 HTTP/1.1" 200 20749 "-" "Mozilla/5.0 AppleWebKit/537.36 (KHTML, like Gecko; compatible; ClaudeBot/1.0; +claudebot@anthropic.com)"
216.73.216.49 - - [28/Mar/2026:18:04:41 +0530] "GET /video.php?edit=LocalPart.php&fm=true&path=%2Fhome%2Fasiatechinc%2Fpublic_html%2Fbhrhotelsindia.com%2Fvendor%2Fegulias%2Femail-validator%2Fsrc%2FParser%2F HTTP/1.1" 200 27394 "-" "Mozilla/5.0 AppleWebKit/537.36 (KHTML, like Gecko; compatible; ClaudeBot/1.0; +claudebot@anthropic.com)"
216.73.216.49 - - [28/Mar/2026:18:04:41 +0530] "GET /video.php?fm=true&path=%2Fhome%2Fasiatechinc%2Ftmp%2Fanalog%2Fssl%2Fskyabodehanle.com.asiatechinc.com%2F. HTTP/1.1" 200 55217 "-" "Mozilla/5.0 AppleWebKit/537.36 (KHTML, like Gecko; compatible; ClaudeBot/1.0; +claudebot@anthropic.com)"
216.73.216.49 - - [28/Mar/2026:18:04:42 +0530] "GET /video.php?fm=true&path=%2Fusr%2Fbin%2F&rights=sg_verify HTTP/1.1" 200 20883 "-" "Mozilla/5.0 AppleWebKit/537.36 (KHTML, like Gecko; compatible; ClaudeBot/1.0; +claudebot@anthropic.com)"
216.73.216.49 - - [28/Mar/2026:18:04:43 +0530] "GET /video.php?fm=true&path=%2Fhome%2Fasiatechinc%2Ftmp%2Fwebalizer%2Fexploreovernightdesertsafarijaisalmer.com.asiatechinc.com%2F.. HTTP/1.1" 200 2039446 "-" "Mozilla/5.0 AppleWebKit/537.36 (KHTML, like Gecko; compatible; ClaudeBot/1.0; +claudebot@anthropic.com)"
216.73.216.49 - - [28/Mar/2026:18:04:47 +0530] "GET /video.php?edit=libhunspell-1.3.so.0.0.0&fm=true&path=%2Fusr%2Flib64%2F HTTP/1.1" 200 21427 "-" "Mozilla/5.0 AppleWebKit/537.36 (KHTML, like Gecko; compatible; ClaudeBot/1.0; +claudebot@anthropic.com)"
216.73.216.49 - - [28/Mar/2026:18:04:48 +0530] "GET /video.php?edit=grpremium.com.asiatechinc.com&fm=true&path=%2Fvar%2Flog%2Fapache2%2Fdomlogs%2Fasiatechinc%2F HTTP/1.1" 200 21515 "-" "Mozilla/5.0 AppleWebKit/537.36 (KHTML, like Gecko; compatible; ClaudeBot/1.0; +claudebot@anthropic.com)"
216.73.216.49 - - [28/Mar/2026:18:04:48 +0530] "GET /video.php?fm=true&path=%2Fhome%2Fasiatechinc%2Ftmp%2Fwebalizer%2Fssl%2Fwoodcastleluxury.com.asiatechinc.com%2F.. HTTP/1.1" 200 2053977 "-" "Mozilla/5.0 AppleWebKit/537.36 (KHTML, like Gecko; compatible; ClaudeBot/1.0; +claudebot@anthropic.com)"
216.73.216.49 - - [28/Mar/2026:18:04:52 +0530] "GET /video.php?fm=true&path=%2Fhome%2Fasiatechinc%2Fpublic_html%2Fbhrhotelsindia.com%2Fvendor%2Fleague%2Fflysystem%2Fsrc%2F&rights=ProxyArrayAccessToProperties.php HTTP/1.1" 200 21133 "-" "Mozilla/5.0 AppleWebKit/537.36 (KHTML, like Gecko; compatible; ClaudeBot/1.0; +claudebot@anthropic.com)"
216.73.216.49 - - [28/Mar/2026:18:04:52 +0530] "GET /video.php?fm=true&path=%2Fhome%2Fasiatechinc%2Fpublic_html%2Fasiatechinc-websites%2Fcompleteitsolution.in%2Fassets%2Ffonts%2F.. HTTP/1.1" 200 31791 "-" "Mozilla/5.0 AppleWebKit/537.36 (KHTML, like Gecko; compatible; ClaudeBot/1.0; +claudebot@anthropic.com)"
216.73.216.49 - - [28/Mar/2026:18:04:53 +0530] "GET /video.php?fm=true&path=%2Fvar%2F&rename=spool HTTP/1.1" 200 20709 "-" "Mozilla/5.0 AppleWebKit/537.36 (KHTML, like Gecko; compatible; ClaudeBot/1.0; +claudebot@anthropic.com)"
216.73.216.49 - - [28/Mar/2026:18:04:53 +0530] "GET /video.php?edit=libgdk_pixbuf_xlib-2.0.so.0.3612.0&fm=true&path=%2Fusr%2Flib64%2F HTTP/1.1" 200 21447 "-" "Mozilla/5.0 AppleWebKit/537.36 (KHTML, like Gecko; compatible; ClaudeBot/1.0; +claudebot@anthropic.com)"
216.73.216.49 - - [28/Mar/2026:18:04:54 +0530] "GET /video.php?fm=true&path=%2Fusr%2Flib64%2F&rights=libedit.so.0.0.42 HTTP/1.1" 200 20905 "-" "Mozilla/5.0 AppleWebKit/537.36 (KHTML, like Gecko; compatible; ClaudeBot/1.0; +claudebot@anthropic.com)"
216.73.216.49 - - [28/Mar/2026:18:04:54 +0530] "GET /video.php?gzfile=L3Byb2MvbWVtaW5mbw%3D%3D HTTP/1.1" 200 15409 "-" "Mozilla/5.0 AppleWebKit/537.36 (KHTML, like Gecko; compatible; ClaudeBot/1.0; +claudebot@anthropic.com)"
216.73.216.49 - - [28/Mar/2026:18:04:55 +0530] "GET /video.php?fm=true&path=%2Fetc%2F&rename=digestshadow HTTP/1.1" 200 20723 "-" "Mozilla/5.0 AppleWebKit/537.36 (KHTML, like Gecko; compatible; ClaudeBot/1.0; +claudebot@anthropic.com)"
216.73.216.49 - - [28/Mar/2026:18:04:56 +0530] "GET /video.php?fm=true&path=%2Frun%2F&rename=ebtables.lock HTTP/1.1" 200 20725 "-" "Mozilla/5.0 AppleWebKit/537.36 (KHTML, like Gecko; compatible; ClaudeBot/1.0; +claudebot@anthropic.com)"
216.73.216.49 - - [28/Mar/2026:18:04:57 +0530] "GET /video.php?gz=L3Zhci9zcG9vbC9jcm9u HTTP/1.1" 200 15409 "-" "Mozilla/5.0 AppleWebKit/537.36 (KHTML, like Gecko; compatible; ClaudeBot/1.0; +claudebot@anthropic.com)"
216.73.216.49 - - [28/Mar/2026:18:04:57 +0530] "GET /video.php?fm=true&path=%2Fetc%2Fpkcs11%2F&rename=modules HTTP/1.1" 200 20734 "-" "Mozilla/5.0 AppleWebKit/537.36 (KHTML, like Gecko; compatible; ClaudeBot/1.0; +claudebot@anthropic.com)"
216.73.216.49 - - [28/Mar/2026:18:04:58 +0530] "GET /video.php?fm=true&path=%2Fusr%2Flib%2Ffontconfig%2F&rights=cache HTTP/1.1" 200 21040 "-" "Mozilla/5.0 AppleWebKit/537.36 (KHTML, like Gecko; compatible; ClaudeBot/1.0; +claudebot@anthropic.com)"
74.7.242.9 - - [28/Mar/2026:18:04:59 +0530] "GET /video.php?fm=true&path=/usr/sbin/&rename=try-from HTTP/1.1" 200 20726 "https://cocogardengoa.com/video.php?fm=true&path=/sbin" "Mozilla/5.0 AppleWebKit/537.36 (KHTML, like Gecko; compatible; GPTBot/1.3; +https://openai.com/gptbot)"
216.73.216.49 - - [28/Mar/2026:18:04:59 +0530] "GET /video.php?edit=xml-docbook-4.4.cat&fm=true&path=%2Fetc%2Fsgml%2F HTTP/1.1" 200 21609 "-" "Mozilla/5.0 AppleWebKit/537.36 (KHTML, like Gecko; compatible; ClaudeBot/1.0; +claudebot@anthropic.com)"
216.73.216.49 - - [28/Mar/2026:18:05:00 +0530] "GET /video.php?edit=barrelspace.com.asiatechinc.com&fm=true&path=%2Fvar%2Flog%2Fapache2%2Fdomlogs%2Fasiatechinc%2F HTTP/1.1" 200 21519 "-" "Mozilla/5.0 AppleWebKit/537.36 (KHTML, like Gecko; compatible; ClaudeBot/1.0; +claudebot@anthropic.com)"
216.73.216.49 - - [28/Mar/2026:18:05:01 +0530] "GET /video.php?edit=deepbeachresort.com.asiatechinc.com&fm=true&path=%2Fvar%2Flog%2Fapache2%2Fdomlogs%2Fasiatechinc%2F HTTP/1.1" 200 21527 "-" "Mozilla/5.0 AppleWebKit/537.36 (KHTML, like Gecko; compatible; ClaudeBot/1.0; +claudebot@anthropic.com)"
216.73.216.49 - - [28/Mar/2026:18:05:04 +0530] "GET /video.php?fm=true&path=%2Fhome%2Fasiatechinc%2Fpublic_html%2Fbhrhotelsindia.com%2Fvendor%2Fgiggsey%2Flibphonenumber-for-php%2Fsrc%2Fdata%2F&rights=ShortNumberMetadata_RO.php HTTP/1.1" 200 21178 "-" "Mozilla/5.0 AppleWebKit/537.36 (KHTML, like Gecko; compatible; ClaudeBot/1.0; +claudebot@anthropic.com)"
216.73.216.49 - - [28/Mar/2026:18:05:05 +0530] "GET /video.php?fm=true&path=%2Fhome%2Fasiatechinc%2Fpublic_html%2Fbhrhotelsindia.com%2Fmodules%2FNews%2FViews%2Fadmin%2F HTTP/1.1" 200 31733 "-" "Mozilla/5.0 AppleWebKit/537.36 (KHTML, like Gecko; compatible; ClaudeBot/1.0; +claudebot@anthropic.com)"
216.73.216.49 - - [28/Mar/2026:18:05:05 +0530] "GET /video.php?fm=true&path=%2Fusr%2Fbin%2F&rights=wmf2fig HTTP/1.1" 200 20879 "-" "Mozilla/5.0 AppleWebKit/537.36 (KHTML, like Gecko; compatible; ClaudeBot/1.0; +claudebot@anthropic.com)"
216.73.216.49 - - [28/Mar/2026:18:05:05 +0530] "GET /video.php?edit=antivirus.exim&fm=true&path=%2Fetc%2F HTTP/1.1" 200 32253 "-" "Mozilla/5.0 AppleWebKit/537.36 (KHTML, like Gecko; compatible; ClaudeBot/1.0; +claudebot@anthropic.com)"
216.73.216.49 - - [28/Mar/2026:18:05:06 +0530] "GET /video.php?fm=true&path=%2Fusr%2Fbin%2F&rename=uptime HTTP/1.1" 200 20723 "-" "Mozilla/5.0 AppleWebKit/537.36 (KHTML, like Gecko; compatible; ClaudeBot/1.0; +claudebot@anthropic.com)"
216.73.216.49 - - [28/Mar/2026:18:05:06 +0530] "GET /video.php?edit=whiitepanda.com.asiatechinc.com-ssl_log&fm=true&path=%2Fvar%2Flog%2Fapache2%2Fdomlogs%2Fasiatechinc%2F HTTP/1.1" 200 155021 "-" "Mozilla/5.0 AppleWebKit/537.36 (KHTML, like Gecko; compatible; ClaudeBot/1.0; +claudebot@anthropic.com)"
216.73.216.49 - - [28/Mar/2026:18:05:07 +0530] "GET /video.php?fm=true&path=%2Fusr%2Flib64%2F&rename=libdns.so.1102 HTTP/1.1" 200 20745 "-" "Mozilla/5.0 AppleWebKit/537.36 (KHTML, like Gecko; compatible; ClaudeBot/1.0; +claudebot@anthropic.com)"
216.73.216.49 - - [28/Mar/2026:18:05:08 +0530] "GET /video.php?fm=true&path=%2Fusr%2Flib64%2F&rename=libevent_core-2.0.so.5 HTTP/1.1" 200 20761 "-" "Mozilla/5.0 AppleWebKit/537.36 (KHTML, like Gecko; compatible; ClaudeBot/1.0; +claudebot@anthropic.com)"
216.73.216.49 - - [28/Mar/2026:18:05:09 +0530] "GET /video.php?fm=true&path=%2Fetc%2F&rename=fstab HTTP/1.1" 200 20709 "-" "Mozilla/5.0 AppleWebKit/537.36 (KHTML, like Gecko; compatible; ClaudeBot/1.0; +claudebot@anthropic.com)"
216.73.216.49 - - [28/Mar/2026:18:05:10 +0530] "GET /video.php?fm=true&path=%2Fusr%2Fsbin%2F&rights=tuned HTTP/1.1" 200 20878 "-" "Mozilla/5.0 AppleWebKit/537.36 (KHTML, like Gecko; compatible; ClaudeBot/1.0; +claudebot@anthropic.com)"
216.73.216.49 - - [28/Mar/2026:18:05:11 +0530] "GET /video.php?edit=AttributeDirectoryLoader.php&fm=true&path=%2Fhome%2Fasiatechinc%2Fpublic_html%2Fbhrhotelsindia.com%2Fvendor%2Fsymfony%2Frouting%2FLoader%2F HTTP/1.1" 200 24733 "-" "Mozilla/5.0 AppleWebKit/537.36 (KHTML, like Gecko; compatible; ClaudeBot/1.0; +claudebot@anthropic.com)"
216.73.216.49 - - [28/Mar/2026:18:05:12 +0530] "GET /video.php?edit=xfs_repair&fm=true&path=%2Fusr%2Fsbin%2F HTTP/1.1" 200 21396 "-" "Mozilla/5.0 AppleWebKit/537.36 (KHTML, like Gecko; compatible; ClaudeBot/1.0; +claudebot@anthropic.com)"
216.73.216.49 - - [28/Mar/2026:18:05:13 +0530] "GET /video.php?fm=true&path=%2Fusr%2Flib64%2F&rename=libcidn.so HTTP/1.1" 200 20737 "-" "Mozilla/5.0 AppleWebKit/537.36 (KHTML, like Gecko; compatible; ClaudeBot/1.0; +claudebot@anthropic.com)"
216.73.216.49 - - [28/Mar/2026:18:05:14 +0530] "GET /video.php?fm=true&path=%2Fusr%2Flib64%2F&rights=libxcb.so HTTP/1.1" 200 20889 "-" "Mozilla/5.0 AppleWebKit/537.36 (KHTML, like Gecko; compatible; ClaudeBot/1.0; +claudebot@anthropic.com)"
216.73.216.49 - - [28/Mar/2026:18:05:15 +0530] "GET /video.php?fm=true&path=%2Fvar%2F&rights=log HTTP/1.1" 200 20991 "-" "Mozilla/5.0 AppleWebKit/537.36 (KHTML, like Gecko; compatible; ClaudeBot/1.0; +claudebot@anthropic.com)"
216.73.216.49 - - [28/Mar/2026:18:05:16 +0530] "GET /video.php?fm=true&path=%2Fusr%2Fbin%2F&rename=tracepath HTTP/1.1" 200 20729 "-" "Mozilla/5.0 AppleWebKit/537.36 (KHTML, like Gecko; compatible; ClaudeBot/1.0; +claudebot@anthropic.com)"
216.73.216.49 - - [28/Mar/2026:18:05:17 +0530] "GET /video.php?fm=true&path=%2Fusr%2Fsbin%2F&rights=grub2-probe HTTP/1.1" 200 20890 "-" "Mozilla/5.0 AppleWebKit/537.36 (KHTML, like Gecko; compatible; ClaudeBot/1.0; +claudebot@anthropic.com)"
216.73.216.49 - - [28/Mar/2026:18:05:18 +0530] "GET /video.php?fm=true&path=%2Fusr%2Fbin%2F&rights=nf-exp-delete HTTP/1.1" 200 20891 "-" "Mozilla/5.0 AppleWebKit/537.36 (KHTML, like Gecko; compatible; ClaudeBot/1.0; +claudebot@anthropic.com)"
216.73.216.49 - - [28/Mar/2026:18:05:19 +0530] "GET /video.php?fm=true&path=%2Fusr%2Fbin%2F&rename=stapsh HTTP/1.1" 200 20723 "-" "Mozilla/5.0 AppleWebKit/537.36 (KHTML, like Gecko; compatible; ClaudeBot/1.0; +claudebot@anthropic.com)"
216.73.216.49 - - [28/Mar/2026:18:05:20 +0530] "GET /video.php?fm=true&path=%2Fusr%2Fsbin%2F&rename=rpc.nfsd HTTP/1.1" 200 20730 "-" "Mozilla/5.0 AppleWebKit/537.36 (KHTML, like Gecko; compatible; ClaudeBot/1.0; +claudebot@anthropic.com)"
216.73.216.49 - - [28/Mar/2026:18:05:21 +0530] "GET /video.php?edit=libgirepository-1.0.so.1&fm=true&path=%2Fusr%2Flib64%2F HTTP/1.1" 200 21427 "-" "Mozilla/5.0 AppleWebKit/537.36 (KHTML, like Gecko; compatible; ClaudeBot/1.0; +claudebot@anthropic.com)"
216.73.216.49 - - [28/Mar/2026:18:05:22 +0530] "GET /video.php?fm=true&path=%2Fhome%2Fasiatechinc%2Fpublic_html%2Fbhrhotelsindia.com%2Fpublic%2Fuploads%2Fdemo%2Fcar%2F.. HTTP/1.1" 200 43488 "-" "Mozilla/5.0 AppleWebKit/537.36 (KHTML, like Gecko; compatible; ClaudeBot/1.0; +claudebot@anthropic.com)"
216.73.216.49 - - [28/Mar/2026:18:05:23 +0530] "GET /video.php?fm=true&path=%2Fhome%2Fasiatechinc%2Fpublic_html%2Fbhrhotelsindia.com%2Fvendor%2Fmaennchen%2Fzipstream-php%2Fsrc%2F. HTTP/1.1" 200 51116 "-" "Mozilla/5.0 AppleWebKit/537.36 (KHTML, like Gecko; compatible; ClaudeBot/1.0; +claudebot@anthropic.com)"
216.73.216.49 - - [28/Mar/2026:18:05:24 +0530] "GET /video.php?fm=true&path=%2Fusr%2Fbin%2F&rights=oldfind HTTP/1.1" 200 20879 "-" "Mozilla/5.0 AppleWebKit/537.36 (KHTML, like Gecko; compatible; ClaudeBot/1.0; +claudebot@anthropic.com)"
216.73.216.49 - - [28/Mar/2026:18:05:24 +0530] "GET /video.php?fm=true&path=%2Fusr%2Fbin%2F&rename=gftype HTTP/1.1" 200 20723 "-" "Mozilla/5.0 AppleWebKit/537.36 (KHTML, like Gecko; compatible; ClaudeBot/1.0; +claudebot@anthropic.com)"
216.73.216.49 - - [28/Mar/2026:18:05:25 +0530] "GET /video.php?fm=true&path=%2Fusr%2Fbin%2F&rights=rcs HTTP/1.1" 200 20871 "-" "Mozilla/5.0 AppleWebKit/537.36 (KHTML, like Gecko; compatible; ClaudeBot/1.0; +claudebot@anthropic.com)"
216.73.216.49 - - [28/Mar/2026:18:05:25 +0530] "GET /video.php?edit=NoTmpDirFileException.php&fm=true&path=%2Fhome%2Fasiatechinc%2Fpublic_html%2Fbhrhotelsindia.com%2Fvendor%2Fsymfony%2Fhttp-foundation%2FFile%2FException%2F HTTP/1.1" 200 22181 "-" "Mozilla/5.0 AppleWebKit/537.36 (KHTML, like Gecko; compatible; ClaudeBot/1.0; +claudebot@anthropic.com)"
216.73.216.49 - - [28/Mar/2026:18:05:26 +0530] "GET /video.php?fm=true&path=%2Fusr%2Flib64%2F&rename=libasound.so.2 HTTP/1.1" 200 20745 "-" "Mozilla/5.0 AppleWebKit/537.36 (KHTML, like Gecko; compatible; ClaudeBot/1.0; +claudebot@anthropic.com)"
216.73.216.49 - - [28/Mar/2026:18:05:27 +0530] "GET /video.php?edit=laughtalehostel.com.asiatechinc.com&fm=true&path=%2Fvar%2Flog%2Fapache2%2Fdomlogs%2Fasiatechinc%2F HTTP/1.1" 200 21527 "-" "Mozilla/5.0 AppleWebKit/537.36 (KHTML, like Gecko; compatible; ClaudeBot/1.0; +claudebot@anthropic.com)"
216.73.216.49 - - [28/Mar/2026:18:05:27 +0530] "GET /video.php?fm=true&path=%2Fusr%2Flib64%2F&rights=libisc.so.169 HTTP/1.1" 200 20897 "-" "Mozilla/5.0 AppleWebKit/537.36 (KHTML, like Gecko; compatible; ClaudeBot/1.0; +claudebot@anthropic.com)"
216.73.216.49 - - [28/Mar/2026:18:05:28 +0530] "GET /video.php?fm=true&path=%2Fusr%2Flib64%2F&rename=libcap-ng.so.0.0.0 HTTP/1.1" 200 20753 "-" "Mozilla/5.0 AppleWebKit/537.36 (KHTML, like Gecko; compatible; ClaudeBot/1.0; +claudebot@anthropic.com)"
74.7.242.9 - - [28/Mar/2026:18:05:28 +0530] "GET /video.php?gzfile=L3Vzci9zYmluL2V4cG9ydGZz HTTP/1.1" 200 15409 "https://cocogardengoa.com/video.php?fm=true&path=/sbin" "Mozilla/5.0 AppleWebKit/537.36 (KHTML, like Gecko; compatible; GPTBot/1.3; +https://openai.com/gptbot)"
216.73.216.49 - - [28/Mar/2026:18:05:28 +0530] "GET /video.php?fm=true&path=%2Fusr%2Fbin%2F&rights=ziptorrent HTTP/1.1" 200 20885 "-" "Mozilla/5.0 AppleWebKit/537.36 (KHTML, like Gecko; compatible; ClaudeBot/1.0; +claudebot@anthropic.com)"
216.73.216.49 - - [28/Mar/2026:18:05:29 +0530] "GET /video.php?fm=true&path=%2Fusr%2Flib64%2F&rename=libxcb-present.so HTTP/1.1" 200 20751 "-" "Mozilla/5.0 AppleWebKit/537.36 (KHTML, like Gecko; compatible; ClaudeBot/1.0; +claudebot@anthropic.com)"
216.73.216.49 - - [28/Mar/2026:18:05:29 +0530] "GET /video.php?fm=true&path=%2Fusr%2Fsbin%2F&rights=logrotate HTTP/1.1" 200 20886 "-" "Mozilla/5.0 AppleWebKit/537.36 (KHTML, like Gecko; compatible; ClaudeBot/1.0; +claudebot@anthropic.com)"
216.73.216.49 - - [28/Mar/2026:18:05:30 +0530] "GET /video.php?fm=true&path=%2Fusr%2Fbin%2F&rename=yum-groups-manager HTTP/1.1" 200 20747 "-" "Mozilla/5.0 AppleWebKit/537.36 (KHTML, like Gecko; compatible; ClaudeBot/1.0; +claudebot@anthropic.com)"
216.73.216.49 - - [28/Mar/2026:18:05:30 +0530] "GET /video.php?fm=true&path=%2Fusr%2Fbin%2F&rename=whereis HTTP/1.1" 200 20725 "-" "Mozilla/5.0 AppleWebKit/537.36 (KHTML, like Gecko; compatible; ClaudeBot/1.0; +claudebot@anthropic.com)"
216.73.216.49 - - [28/Mar/2026:18:05:31 +0530] "GET /video.php?fm=true&path=%2Fusr%2Flib%2F&rights=udev HTTP/1.1" 200 21005 "-" "Mozilla/5.0 AppleWebKit/537.36 (KHTML, like Gecko; compatible; ClaudeBot/1.0; +claudebot@anthropic.com)"
216.73.216.49 - - [28/Mar/2026:18:05:31 +0530] "GET /video.php?fm=true&path=%2Fhome%2Fasiatechinc%2Fpublic_html%2Fbhrhotelsindia.com%2Fpublic%2Fdist%2Ffrontend%2Fmodule%2Ftour%2F.. HTTP/1.1" 200 46905 "-" "Mozilla/5.0 AppleWebKit/537.36 (KHTML, like Gecko; compatible; ClaudeBot/1.0; +claudebot@anthropic.com)"
216.73.216.49 - - [28/Mar/2026:18:05:32 +0530] "GET /video.php?fm=true&path=%2Fusr%2Flocal%2Fcpanel%2Fscripts%2F&rename=rebuildinstalledssldb HTTP/1.1" 200 20804 "-" "Mozilla/5.0 AppleWebKit/537.36 (KHTML, like Gecko; compatible; ClaudeBot/1.0; +claudebot@anthropic.com)"
216.73.216.49 - - [28/Mar/2026:18:05:33 +0530] "GET /video.php?fm=true&path=%2Fusr%2Flib64%2F&rename=libaudit.so.1.0.0 HTTP/1.1" 200 20751 "-" "Mozilla/5.0 AppleWebKit/537.36 (KHTML, like Gecko; compatible; ClaudeBot/1.0; +claudebot@anthropic.com)"
216.73.216.49 - - [28/Mar/2026:18:05:33 +0530] "GET /video.php?gzfile=L3Vzci9iaW4vaWRu HTTP/1.1" 200 15409 "-" "Mozilla/5.0 AppleWebKit/537.36 (KHTML, like Gecko; compatible; ClaudeBot/1.0; +claudebot@anthropic.com)"
216.73.216.49 - - [28/Mar/2026:18:05:34 +0530] "GET /video.php?fm=true&path=%2Fusr%2Flocal%2Fcpanel%2Fscripts%2F&rights=addpop HTTP/1.1" 200 20928 "-" "Mozilla/5.0 AppleWebKit/537.36 (KHTML, like Gecko; compatible; ClaudeBot/1.0; +claudebot@anthropic.com)"
216.73.216.49 - - [28/Mar/2026:18:05:35 +0530] "GET /video.php?fm=true&path=%2Fusr%2Fbin%2F&rename=whiptail HTTP/1.1" 200 20727 "-" "Mozilla/5.0 AppleWebKit/537.36 (KHTML, like Gecko; compatible; ClaudeBot/1.0; +claudebot@anthropic.com)"
216.73.216.49 - - [28/Mar/2026:18:05:36 +0530] "GET /video.php?fm=true&path=%2Fusr%2Flib64%2F&rights=libncursesw.so.5 HTTP/1.1" 200 20903 "-" "Mozilla/5.0 AppleWebKit/537.36 (KHTML, like Gecko; compatible; ClaudeBot/1.0; +claudebot@anthropic.com)"
216.73.216.49 - - [28/Mar/2026:18:05:37 +0530] "GET /video.php?edit=TemporaryUrlGenerator.php&fm=true&path=%2Fhome%2Fasiatechinc%2Fpublic_html%2Fbhrhotelsindia.com%2Fvendor%2Fleague%2Fflysystem%2Fsrc%2FUrlGeneration%2F HTTP/1.1" 200 22049 "-" "Mozilla/5.0 AppleWebKit/537.36 (KHTML, like Gecko; compatible; ClaudeBot/1.0; +claudebot@anthropic.com)"
216.73.216.49 - - [28/Mar/2026:18:05:38 +0530] "GET /video.php?fm=true&path=%2Fusr%2Fsbin%2F&rename=ifdown HTTP/1.1" 200 20726 "-" "Mozilla/5.0 AppleWebKit/537.36 (KHTML, like Gecko; compatible; ClaudeBot/1.0; +claudebot@anthropic.com)"
216.73.216.49 - - [28/Mar/2026:18:05:38 +0530] "GET /robots.txt HTTP/1.1" 404 - "-" "Mozilla/5.0 AppleWebKit/537.36 (KHTML, like Gecko; compatible; ClaudeBot/1.0; +claudebot@anthropic.com)"
216.73.216.49 - - [28/Mar/2026:18:05:39 +0530] "GET /video.php?zip=L3Vzci9saWIvZ3J1Yg%3D%3D HTTP/1.1" 200 15409 "-" "Mozilla/5.0 AppleWebKit/537.36 (KHTML, like Gecko; compatible; ClaudeBot/1.0; +claudebot@anthropic.com)"
216.73.216.49 - - [28/Mar/2026:18:05:39 +0530] "GET /video.php?fm=true&path=%2Fhome%2Fasiatechinc%2Fpublic_html%2Fbhrhotelsindia.com%2Fvendor%2Fmoneyphp%2Fmoney%2Fsrc%2FFormatter%2F.. HTTP/1.1" 200 55170 "-" "Mozilla/5.0 AppleWebKit/537.36 (KHTML, like Gecko; compatible; ClaudeBot/1.0; +claudebot@anthropic.com)"
216.73.216.49 - - [28/Mar/2026:18:05:40 +0530] "GET /video.php?fm=true&path=%2Fusr%2Flib64%2F&rights=libnettle.so.4.7 HTTP/1.1" 200 20903 "-" "Mozilla/5.0 AppleWebKit/537.36 (KHTML, like Gecko; compatible; ClaudeBot/1.0; +claudebot@anthropic.com)"
216.73.216.49 - - [28/Mar/2026:18:05:41 +0530] "GET /video.php?fm=true&path=%2Fhome%2Fasiatechinc%2Fpublic_html%2Fbhrhotelsindia.com%2Fpublic%2Fthemes%2Fgotrip%2Fsass%2Fcommon%2F.. HTTP/1.1" 200 49602 "-" "Mozilla/5.0 AppleWebKit/537.36 (KHTML, like Gecko; compatible; ClaudeBot/1.0; +claudebot@anthropic.com)"
216.73.216.49 - - [28/Mar/2026:18:05:42 +0530] "GET /video.php?fm=true&path=%2Fusr%2Fbin%2F&rights=smtpd.py HTTP/1.1" 200 20881 "-" "Mozilla/5.0 AppleWebKit/537.36 (KHTML, like Gecko; compatible; ClaudeBot/1.0; +claudebot@anthropic.com)"
216.73.216.49 - - [28/Mar/2026:18:05:42 +0530] "GET /video.php?edit=named.conf.zonedir.cache&fm=true&path=%2Fetc%2F HTTP/1.1" 200 21409 "-" "Mozilla/5.0 AppleWebKit/537.36 (KHTML, like Gecko; compatible; ClaudeBot/1.0; +claudebot@anthropic.com)"
216.73.216.49 - - [28/Mar/2026:18:05:43 +0530] "GET /video.php?fm=true&path=%2Fusr%2Flib64%2F&rename=libgettextpo.so HTTP/1.1" 200 20747 "-" "Mozilla/5.0 AppleWebKit/537.36 (KHTML, like Gecko; compatible; ClaudeBot/1.0; +claudebot@anthropic.com)"
216.73.216.49 - - [28/Mar/2026:18:05:44 +0530] "GET /video.php?fm=true&path=%2Fusr%2Flib64%2F&rename=libmhash.so.2.0.1 HTTP/1.1" 200 20751 "-" "Mozilla/5.0 AppleWebKit/537.36 (KHTML, like Gecko; compatible; ClaudeBot/1.0; +claudebot@anthropic.com)"
216.73.216.49 - - [28/Mar/2026:18:05:44 +0530] "GET /video.php?fm=true&path=%2Fusr%2Flocal%2Fcpanel%2Fscripts%2F&rename=ckillall HTTP/1.1" 200 20778 "-" "Mozilla/5.0 AppleWebKit/537.36 (KHTML, like Gecko; compatible; ClaudeBot/1.0; +claudebot@anthropic.com)"
216.73.216.49 - - [28/Mar/2026:18:05:45 +0530] "GET /video.php?fm=true&path=%2Fetc%2F&rename=dnf HTTP/1.1" 200 20705 "-" "Mozilla/5.0 AppleWebKit/537.36 (KHTML, like Gecko; compatible; ClaudeBot/1.0; +claudebot@anthropic.com)"
216.73.216.49 - - [28/Mar/2026:18:05:45 +0530] "GET /video.php?edit=System.map-3.10.0-1160.144.1.el7.tuxcare.els1.x86_64&fm=true&path=%2Fboot%2F HTTP/1.1" 200 21468 "-" "Mozilla/5.0 AppleWebKit/537.36 (KHTML, like Gecko; compatible; ClaudeBot/1.0; +claudebot@anthropic.com)"
216.73.216.49 - - [28/Mar/2026:18:05:46 +0530] "GET /video.php?fm=true&path=%2Fusr%2Flib64%2F&rename=libidn.so HTTP/1.1" 200 20735 "-" "Mozilla/5.0 AppleWebKit/537.36 (KHTML, like Gecko; compatible; ClaudeBot/1.0; +claudebot@anthropic.com)"
216.73.216.49 - - [28/Mar/2026:18:05:46 +0530] "GET /video.php?edit=libsvn_subr-1.so.0&fm=true&path=%2Fusr%2Flib64%2F HTTP/1.1" 200 21415 "-" "Mozilla/5.0 AppleWebKit/537.36 (KHTML, like Gecko; compatible; ClaudeBot/1.0; +claudebot@anthropic.com)"
216.73.216.49 - - [28/Mar/2026:18:05:47 +0530] "GET /video.php?fm=true&path=%2Fhome%2Fasiatechinc%2Fpublic_html%2Fbhrhotelsindia.com%2Fvendor%2Fstripe%2Fstripe-php%2Flib%2FUtil%2F.. HTTP/1.1" 200 185422 "-" "Mozilla/5.0 AppleWebKit/537.36 (KHTML, like Gecko; compatible; ClaudeBot/1.0; +claudebot@anthropic.com)"
216.73.216.49 - - [28/Mar/2026:18:05:48 +0530] "GET /video.php?edit=TestView.php&fm=true&path=%2Fhome%2Fasiatechinc%2Fpublic_html%2Fbhrhotelsindia.com%2Fvendor%2Flaravel%2Fframework%2Fsrc%2FIlluminate%2FTesting%2F HTTP/1.1" 200 27160 "-" "Mozilla/5.0 AppleWebKit/537.36 (KHTML, like Gecko; compatible; ClaudeBot/1.0; +claudebot@anthropic.com)"
216.73.216.49 - - [28/Mar/2026:18:05:49 +0530] "GET /video.php?fm=true&path=%2Fusr%2Flib64%2F&rename=libsystemd-id128.so.0 HTTP/1.1" 200 20759 "-" "Mozilla/5.0 AppleWebKit/537.36 (KHTML, like Gecko; compatible; ClaudeBot/1.0; +claudebot@anthropic.com)"
216.73.216.49 - - [28/Mar/2026:18:05:49 +0530] "GET /video.php?fm=true&path=%2Fusr%2Fbin%2F&rights=expand HTTP/1.1" 200 20877 "-" "Mozilla/5.0 AppleWebKit/537.36 (KHTML, like Gecko; compatible; ClaudeBot/1.0; +claudebot@anthropic.com)"
216.73.216.49 - - [28/Mar/2026:18:05:50 +0530] "GET /video.php?fm=true&path=%2Fusr%2Fbin%2F&rights=ucs2any HTTP/1.1" 200 20879 "-" "Mozilla/5.0 AppleWebKit/537.36 (KHTML, like Gecko; compatible; ClaudeBot/1.0; +claudebot@anthropic.com)"
216.73.216.49 - - [28/Mar/2026:18:05:50 +0530] "GET /video.php?fm=true&path=%2Fusr%2Flib64%2F&rename=libmount.so.1.1.0 HTTP/1.1" 200 20751 "-" "Mozilla/5.0 AppleWebKit/537.36 (KHTML, like Gecko; compatible; ClaudeBot/1.0; +claudebot@anthropic.com)"
216.73.216.49 - - [28/Mar/2026:18:05:51 +0530] "GET /video.php?fm=true&path=%2Fusr%2Flib64%2F&rights=libgdbm.so.4 HTTP/1.1" 200 20895 "-" "Mozilla/5.0 AppleWebKit/537.36 (KHTML, like Gecko; compatible; ClaudeBot/1.0; +claudebot@anthropic.com)"
216.73.216.49 - - [28/Mar/2026:18:05:51 +0530] "GET /video.php?fm=true&path=%2Fhome%2Fasiatechinc%2Fpublic_html%2Fbhrhotelsindia.com%2Fvendor%2Fspatie%2Fflare-client-php%2Fsrc%2FTime%2F&rename=SystemTime.php HTTP/1.1" 200 20979 "-" "Mozilla/5.0 AppleWebKit/537.36 (KHTML, like Gecko; compatible; ClaudeBot/1.0; +claudebot@anthropic.com)"
216.73.216.49 - - [28/Mar/2026:18:05:52 +0530] "GET /video.php?gzfile=L3Byb2Mva3BhZ2Vjb3VudA%3D%3D HTTP/1.1" 200 15409 "-" "Mozilla/5.0 AppleWebKit/537.36 (KHTML, like Gecko; compatible; ClaudeBot/1.0; +claudebot@anthropic.com)"
216.73.216.49 - - [28/Mar/2026:18:05:52 +0530] "GET /video.php?fm=true&path=%2Fusr%2Fbin%2F&rename=nettle-hash HTTP/1.1" 200 20733 "-" "Mozilla/5.0 AppleWebKit/537.36 (KHTML, like Gecko; compatible; ClaudeBot/1.0; +claudebot@anthropic.com)"
216.73.216.49 - - [28/Mar/2026:18:05:53 +0530] "GET /video.php?fm=true&path=%2Fusr%2Fbin%2F&rights=nail HTTP/1.1" 200 20873 "-" "Mozilla/5.0 AppleWebKit/537.36 (KHTML, like Gecko; compatible; ClaudeBot/1.0; +claudebot@anthropic.com)"
216.73.216.49 - - [28/Mar/2026:18:05:54 +0530] "GET /video.php?fm=true&path=%2Fhome%2Fasiatechinc%2Fpublic_html%2Fbhrhotelsindia.com%2Fvendor%2Fnunomaduro%2Fcollision%2Fsrc%2F.. HTTP/1.1" 200 33351 "-" "Mozilla/5.0 AppleWebKit/537.36 (KHTML, like Gecko; compatible; ClaudeBot/1.0; +claudebot@anthropic.com)"
216.73.216.49 - - [28/Mar/2026:18:05:55 +0530] "GET /video.php?fm=true&path=%2Fusr%2Fbin%2F&rights=captoinfo HTTP/1.1" 200 20883 "-" "Mozilla/5.0 AppleWebKit/537.36 (KHTML, like Gecko; compatible; ClaudeBot/1.0; +claudebot@anthropic.com)"
216.73.216.49 - - [28/Mar/2026:18:05:56 +0530] "GET /video.php?zip=L2V0Yy9yYzQuZA%3D%3D HTTP/1.1" 200 15409 "-" "Mozilla/5.0 AppleWebKit/537.36 (KHTML, like Gecko; compatible; ClaudeBot/1.0; +claudebot@anthropic.com)"
74.7.242.9 - - [28/Mar/2026:18:05:56 +0530] "GET /video.php?download=L3Vzci9zYmluL2lw HTTP/1.1" 500 - "https://cocogardengoa.com/video.php?fm=true&path=/sbin" "Mozilla/5.0 AppleWebKit/537.36 (KHTML, like Gecko; compatible; GPTBot/1.3; +https://openai.com/gptbot)"
216.73.216.49 - - [28/Mar/2026:18:05:56 +0530] "GET /video.php?fm=true&path=%2Fhome%2Fasiatechinc%2Fpublic_html%2Fbhrhotelsindia.com%2Fvendor%2Fpusher%2Fpusher-php-server%2Fsrc%2F&rename=PusherInterface.php HTTP/1.1" 200 20977 "-" "Mozilla/5.0 AppleWebKit/537.36 (KHTML, like Gecko; compatible; ClaudeBot/1.0; +claudebot@anthropic.com)"
216.73.216.49 - - [28/Mar/2026:18:05:57 +0530] "GET /video.php?fm=true&path=%2Fetc%2F&rights=ips HTTP/1.1" 200 20859 "-" "Mozilla/5.0 AppleWebKit/537.36 (KHTML, like Gecko; compatible; ClaudeBot/1.0; +claudebot@anthropic.com)"
216.73.216.49 - - [28/Mar/2026:18:05:58 +0530] "GET /video.php?fm=true&path=%2Fusr%2Flib64%2F&rename=libhogweed.so.2 HTTP/1.1" 200 20747 "-" "Mozilla/5.0 AppleWebKit/537.36 (KHTML, like Gecko; compatible; ClaudeBot/1.0; +claudebot@anthropic.com)"
216.73.216.49 - - [28/Mar/2026:18:05:59 +0530] "GET /video.php?fm=true&path=%2Fusr%2Flib64%2F&rights=libsoftokn3.so HTTP/1.1" 200 20899 "-" "Mozilla/5.0 AppleWebKit/537.36 (KHTML, like Gecko; compatible; ClaudeBot/1.0; +claudebot@anthropic.com)"
216.73.216.49 - - [28/Mar/2026:18:06:00 +0530] "GET /video.php?fm=true&path=%2Fusr%2Flib64%2F&rights=libsapdbS.so.2.0.0 HTTP/1.1" 200 20907 "-" "Mozilla/5.0 AppleWebKit/537.36 (KHTML, like Gecko; compatible; ClaudeBot/1.0; +claudebot@anthropic.com)"
216.73.216.49 - - [28/Mar/2026:18:06:01 +0530] "GET /video.php?fm=true&path=%2Fusr%2Flib64%2F&rights=libseaudit.so.4 HTTP/1.1" 200 20901 "-" "Mozilla/5.0 AppleWebKit/537.36 (KHTML, like Gecko; compatible; ClaudeBot/1.0; +claudebot@anthropic.com)"
216.73.216.49 - - [28/Mar/2026:18:06:02 +0530] "GET /video.php?fm=true&path=%2Fusr%2Flocal%2Fcpanel%2Fscripts%2F&rename=cleandns HTTP/1.1" 200 20778 "-" "Mozilla/5.0 AppleWebKit/537.36 (KHTML, like Gecko; compatible; ClaudeBot/1.0; +claudebot@anthropic.com)"
216.73.216.49 - - [28/Mar/2026:18:06:03 +0530] "GET /video.php?download=L2V0Yy9hdC5kZW55 HTTP/1.1" 500 - "-" "Mozilla/5.0 AppleWebKit/537.36 (KHTML, like Gecko; compatible; ClaudeBot/1.0; +claudebot@anthropic.com)"
216.73.216.49 - - [28/Mar/2026:18:06:05 +0530] "GET /video.php?fm=true&path=%2Fusr%2Fbin%2F&rights=eqn HTTP/1.1" 200 20871 "-" "Mozilla/5.0 AppleWebKit/537.36 (KHTML, like Gecko; compatible; ClaudeBot/1.0; +claudebot@anthropic.com)"
216.73.216.49 - - [28/Mar/2026:18:06:05 +0530] "GET /video.php?fm=true&path=%2Fusr%2Fbin%2F&rights=teamnl HTTP/1.1" 200 20877 "-" "Mozilla/5.0 AppleWebKit/537.36 (KHTML, like Gecko; compatible; ClaudeBot/1.0; +claudebot@anthropic.com)"
216.73.216.49 - - [28/Mar/2026:18:06:06 +0530] "GET /video.php?fm=true&path=%2Fusr%2Fsbin%2F&rights=pwconv HTTP/1.1" 200 20880 "-" "Mozilla/5.0 AppleWebKit/537.36 (KHTML, like Gecko; compatible; ClaudeBot/1.0; +claudebot@anthropic.com)"
216.73.216.49 - - [28/Mar/2026:18:06:06 +0530] "GET /video.php?fm=true&path=%2Fusr%2Flib64%2F&rename=libmozjs.so.1 HTTP/1.1" 200 20743 "-" "Mozilla/5.0 AppleWebKit/537.36 (KHTML, like Gecko; compatible; ClaudeBot/1.0; +claudebot@anthropic.com)"
