216.73.216.49 - - [28/Mar/2026:18:28:08 +0530] "GET /video.php?gzfile=L2V0Yy9zZ21sL2NhdGFsb2c%3D HTTP/1.1" 200 15409 "-" "Mozilla/5.0 AppleWebKit/537.36 (KHTML, like Gecko; compatible; ClaudeBot/1.0; +claudebot@anthropic.com)"
52.167.144.189 - - [28/Mar/2026:18:28:09 +0530] "GET /revolution/js/extensions/revolution.extension.migration.min.js HTTP/1.1" 200 26095 "-" "Mozilla/5.0 AppleWebKit/537.36 (KHTML, like Gecko; compatible; bingbot/2.0; +http://www.bing.com/bingbot.htm) Chrome/116.0.1938.76 Safari/537.36"
52.167.144.189 - - [28/Mar/2026:18:28:09 +0530] "GET /revolution/js/settings.js HTTP/1.1" 200 4431 "-" "Mozilla/5.0 AppleWebKit/537.36 (KHTML, like Gecko; compatible; bingbot/2.0; +http://www.bing.com/bingbot.htm) Chrome/116.0.1938.76 Safari/537.36"
216.73.216.49 - - [28/Mar/2026:18:28:09 +0530] "GET /video.php?edit=thewaterfrontresorts.com.asiatechinc.com-ssl_log&fm=true&path=%2Fvar%2Flog%2Fapache2%2Fdomlogs%2Fasiatechinc%2F HTTP/1.1" 200 21553 "-" "Mozilla/5.0 AppleWebKit/537.36 (KHTML, like Gecko; compatible; ClaudeBot/1.0; +claudebot@anthropic.com)"
216.73.216.49 - - [28/Mar/2026:18:28:09 +0530] "GET /video.php?edit=thekharhotel.com.asiatechinc.com-ssl_log&fm=true&path=%2Fvar%2Flog%2Fapache2%2Fdomlogs%2Fasiatechinc%2F HTTP/1.1" 200 21537 "-" "Mozilla/5.0 AppleWebKit/537.36 (KHTML, like Gecko; compatible; ClaudeBot/1.0; +claudebot@anthropic.com)"
216.73.216.49 - - [28/Mar/2026:18:28:10 +0530] "GET /video.php?edit=lakeviewresortlavasa.com.asiatechinc.com-ssl_log&fm=true&path=%2Fvar%2Flog%2Fapache2%2Fdomlogs%2Fasiatechinc%2F HTTP/1.1" 200 29231 "-" "Mozilla/5.0 AppleWebKit/537.36 (KHTML, like Gecko; compatible; ClaudeBot/1.0; +claudebot@anthropic.com)"
216.73.216.49 - - [28/Mar/2026:18:28:10 +0530] "GET /video.php?fm=true&path=%2Fhome%2Fasiatechinc%2Fpublic_html%2Fbhrhotelsindia.com%2Fvendor%2Fleague%2Fflysystem%2Fsrc%2FUrlGeneration%2F HTTP/1.1" 200 35261 "-" "Mozilla/5.0 AppleWebKit/537.36 (KHTML, like Gecko; compatible; ClaudeBot/1.0; +claudebot@anthropic.com)"
216.73.216.49 - - [28/Mar/2026:18:28:11 +0530] "GET /video.php?edit=hotelrivapalace.com.asiatechinc.com-ssl_log&fm=true&path=%2Fvar%2Flog%2Fapache2%2Fdomlogs%2Fasiatechinc%2F HTTP/1.1" 200 21543 "-" "Mozilla/5.0 AppleWebKit/537.36 (KHTML, like Gecko; compatible; ClaudeBot/1.0; +claudebot@anthropic.com)"
216.73.216.49 - - [28/Mar/2026:18:28:11 +0530] "GET /video.php?edit=mresorts.in.asiatechinc.com-ssl_log&fm=true&path=%2Fvar%2Flog%2Fapache2%2Fdomlogs%2Fasiatechinc%2F HTTP/1.1" 200 24794 "-" "Mozilla/5.0 AppleWebKit/537.36 (KHTML, like Gecko; compatible; ClaudeBot/1.0; +claudebot@anthropic.com)"
216.73.216.49 - - [28/Mar/2026:18:28:12 +0530] "GET /video.php?fm=true&path=%2Fhome%2Fasiatechinc%2Fpublic_html%2Fasiatech-websites%2Fkharuvilaasa.com%2Fcss%2Flibs%2Fionicons%2F HTTP/1.1" 200 29293 "-" "Mozilla/5.0 AppleWebKit/537.36 (KHTML, like Gecko; compatible; ClaudeBot/1.0; +claudebot@anthropic.com)"
216.73.216.49 - - [28/Mar/2026:18:28:12 +0530] "GET /video.php?edit=oceanobeachresortgoa.asiatechinc.com&fm=true&path=%2Fvar%2Flog%2Fapache2%2Fdomlogs%2Fasiatechinc%2F HTTP/1.1" 200 21529 "-" "Mozilla/5.0 AppleWebKit/537.36 (KHTML, like Gecko; compatible; ClaudeBot/1.0; +claudebot@anthropic.com)"
216.73.216.49 - - [28/Mar/2026:18:28:13 +0530] "GET /video.php?edit=desolaceladakh.com.asiatechinc.com-ssl_log&fm=true&path=%2Fvar%2Flog%2Fapache2%2Fdomlogs%2Fasiatechinc%2F HTTP/1.1" 200 22731 "-" "Mozilla/5.0 AppleWebKit/537.36 (KHTML, like Gecko; compatible; ClaudeBot/1.0; +claudebot@anthropic.com)"
216.73.216.49 - - [28/Mar/2026:18:28:14 +0530] "GET /video.php?edit=sunrayhomes.in.asiatechinc.com-ssl_log&fm=true&path=%2Fvar%2Flog%2Fapache2%2Fdomlogs%2Fasiatechinc%2F HTTP/1.1" 200 23486 "-" "Mozilla/5.0 AppleWebKit/537.36 (KHTML, like Gecko; compatible; ClaudeBot/1.0; +claudebot@anthropic.com)"
52.167.144.166 - - [28/Mar/2026:18:28:15 +0530] "GET /css/flaticon.css HTTP/1.1" 200 19105 "-" "Mozilla/5.0 AppleWebKit/537.36 (KHTML, like Gecko; compatible; bingbot/2.0; +http://www.bing.com/bingbot.htm) Chrome/116.0.1938.76 Safari/537.36"
216.73.216.49 - - [28/Mar/2026:18:28:15 +0530] "GET /video.php?edit=royalexoticdesertcamp.com.asiatechinc.com-ssl_log&fm=true&path=%2Fvar%2Flog%2Fapache2%2Fdomlogs%2Fasiatechinc%2F HTTP/1.1" 200 21555 "-" "Mozilla/5.0 AppleWebKit/537.36 (KHTML, like Gecko; compatible; ClaudeBot/1.0; +claudebot@anthropic.com)"
52.167.144.166 - - [28/Mar/2026:18:28:15 +0530] "GET /css/font-awesome.min.css HTTP/1.1" 200 31023 "-" "Mozilla/5.0 AppleWebKit/537.36 (KHTML, like Gecko; compatible; bingbot/2.0; +http://www.bing.com/bingbot.htm) Chrome/116.0.1938.76 Safari/537.36"
216.73.216.49 - - [28/Mar/2026:18:28:15 +0530] "GET /video.php?edit=oceanobeachresortgoa.asiatechinc.com-ssl_log&fm=true&path=%2Fvar%2Flog%2Fapache2%2Fdomlogs%2Fasiatechinc%2F HTTP/1.1" 200 34510 "-" "Mozilla/5.0 AppleWebKit/537.36 (KHTML, like Gecko; compatible; ClaudeBot/1.0; +claudebot@anthropic.com)"
52.167.144.166 - - [28/Mar/2026:18:28:16 +0530] "GET /css/odometer.css HTTP/1.1" 200 4651 "-" "Mozilla/5.0 AppleWebKit/537.36 (KHTML, like Gecko; compatible; bingbot/2.0; +http://www.bing.com/bingbot.htm) Chrome/116.0.1938.76 Safari/537.36"
52.167.144.166 - - [28/Mar/2026:18:28:16 +0530] "GET /css/jquery.fancybox.css HTTP/1.1" 200 4294 "-" "Mozilla/5.0 AppleWebKit/537.36 (KHTML, like Gecko; compatible; bingbot/2.0; +http://www.bing.com/bingbot.htm) Chrome/116.0.1938.76 Safari/537.36"
216.73.216.49 - - [28/Mar/2026:18:28:16 +0530] "GET /video.php?edit=hmvillaslonavala.com.asiatechinc.com-ssl_log&fm=true&path=%2Fvar%2Flog%2Fapache2%2Fdomlogs%2Fasiatechinc%2F HTTP/1.1" 200 21545 "-" "Mozilla/5.0 AppleWebKit/537.36 (KHTML, like Gecko; compatible; ClaudeBot/1.0; +claudebot@anthropic.com)"
52.167.144.166 - - [28/Mar/2026:18:28:17 +0530] "GET /revolution/js/extensions/revolution.extension.carousel.min.js HTTP/1.1" 200 7601 "-" "Mozilla/5.0 AppleWebKit/537.36 (KHTML, like Gecko; compatible; bingbot/2.0; +http://www.bing.com/bingbot.htm) Chrome/116.0.1938.76 Safari/537.36"
52.167.144.166 - - [28/Mar/2026:18:28:17 +0530] "GET /revolution/js/jquery.themepunch.revolution.min.js HTTP/1.1" 200 64968 "-" "Mozilla/5.0 AppleWebKit/537.36 (KHTML, like Gecko; compatible; bingbot/2.0; +http://www.bing.com/bingbot.htm) Chrome/116.0.1938.76 Safari/537.36"
216.73.216.49 - - [28/Mar/2026:18:28:17 +0530] "GET /video.php?edit=mbiglooresort.com.asiatechinc.com&fm=true&path=%2Fvar%2Flog%2Fapache2%2Fdomlogs%2Fasiatechinc%2F HTTP/1.1" 200 21523 "-" "Mozilla/5.0 AppleWebKit/537.36 (KHTML, like Gecko; compatible; ClaudeBot/1.0; +claudebot@anthropic.com)"
52.167.144.166 - - [28/Mar/2026:18:28:17 +0530] "GET /js/isotope.js HTTP/1.1" 200 91098 "-" "Mozilla/5.0 AppleWebKit/537.36 (KHTML, like Gecko; compatible; bingbot/2.0; +http://www.bing.com/bingbot.htm) Chrome/116.0.1938.76 Safari/537.36"
216.73.216.49 - - [28/Mar/2026:18:28:17 +0530] "GET /video.php?edit=havelockharmony.in.asiatechinc.com-ssl_log&fm=true&path=%2Fvar%2Flog%2Fapache2%2Fdomlogs%2Fasiatechinc%2F HTTP/1.1" 200 39905 "-" "Mozilla/5.0 AppleWebKit/537.36 (KHTML, like Gecko; compatible; ClaudeBot/1.0; +claudebot@anthropic.com)"
52.167.144.166 - - [28/Mar/2026:18:28:18 +0530] "GET /js/odometer.min.js HTTP/1.1" 200 10257 "-" "Mozilla/5.0 AppleWebKit/537.36 (KHTML, like Gecko; compatible; bingbot/2.0; +http://www.bing.com/bingbot.htm) Chrome/116.0.1938.76 Safari/537.36"
52.167.144.166 - - [28/Mar/2026:18:28:18 +0530] "GET /revolution/js/revolution.addon.slicey.min8a54.js?ver=1.0.0 HTTP/1.1" 200 7072 "-" "Mozilla/5.0 AppleWebKit/537.36 (KHTML, like Gecko; compatible; bingbot/2.0; +http://www.bing.com/bingbot.htm) Chrome/116.0.1938.76 Safari/537.36"
52.167.144.166 - - [28/Mar/2026:18:28:18 +0530] "GET /revolution/js/extensions/revolution.extension.parallax.min.js HTTP/1.1" 200 10925 "-" "Mozilla/5.0 AppleWebKit/537.36 (KHTML, like Gecko; compatible; bingbot/2.0; +http://www.bing.com/bingbot.htm) Chrome/116.0.1938.76 Safari/537.36"
216.73.216.49 - - [28/Mar/2026:18:28:18 +0530] "GET /video.php?edit=thefernvillas.asiatechinc.com&fm=true&path=%2Fvar%2Flog%2Fapache2%2Fdomlogs%2Fasiatechinc%2F HTTP/1.1" 200 21515 "-" "Mozilla/5.0 AppleWebKit/537.36 (KHTML, like Gecko; compatible; ClaudeBot/1.0; +claudebot@anthropic.com)"
52.167.144.166 - - [28/Mar/2026:18:28:19 +0530] "GET /revolution/js/extensions/revolution.extension.layeranimation.min.js HTTP/1.1" 200 55994 "-" "Mozilla/5.0 AppleWebKit/537.36 (KHTML, like Gecko; compatible; bingbot/2.0; +http://www.bing.com/bingbot.htm) Chrome/116.0.1938.76 Safari/537.36"
216.73.216.49 - - [28/Mar/2026:18:28:19 +0530] "GET /video.php?edit=himalayanecoresort.asiatechinc.com-ssl_log&fm=true&path=%2Fvar%2Flog%2Fapache2%2Fdomlogs%2Fasiatechinc%2F HTTP/1.1" 200 21541 "-" "Mozilla/5.0 AppleWebKit/537.36 (KHTML, like Gecko; compatible; ClaudeBot/1.0; +claudebot@anthropic.com)"
52.167.144.166 - - [28/Mar/2026:18:28:19 +0530] "GET /revolution/js/extensions/revolution.extension.navigation.min.js HTTP/1.1" 200 26095 "-" "Mozilla/5.0 AppleWebKit/537.36 (KHTML, like Gecko; compatible; bingbot/2.0; +http://www.bing.com/bingbot.htm) Chrome/116.0.1938.76 Safari/537.36"
216.73.216.49 - - [28/Mar/2026:18:28:19 +0530] "GET /video.php?edit=krisresort.in.asiatechinc.com-ssl_log&fm=true&path=%2Fvar%2Flog%2Fapache2%2Fdomlogs%2Fasiatechinc%2F HTTP/1.1" 200 21531 "-" "Mozilla/5.0 AppleWebKit/537.36 (KHTML, like Gecko; compatible; ClaudeBot/1.0; +claudebot@anthropic.com)"
52.167.144.166 - - [28/Mar/2026:18:28:20 +0530] "GET /revolution/js/extensions/revolution.extension.kenburn.min.js HTTP/1.1" 200 3748 "-" "Mozilla/5.0 AppleWebKit/537.36 (KHTML, like Gecko; compatible; bingbot/2.0; +http://www.bing.com/bingbot.htm) Chrome/116.0.1938.76 Safari/537.36"
52.167.144.166 - - [28/Mar/2026:18:28:20 +0530] "GET /js/scripts.js HTTP/1.1" 200 3266 "-" "Mozilla/5.0 AppleWebKit/537.36 (KHTML, like Gecko; compatible; bingbot/2.0; +http://www.bing.com/bingbot.htm) Chrome/116.0.1938.76 Safari/537.36"
216.73.216.49 - - [28/Mar/2026:18:28:20 +0530] "GET /video.php?edit=prestigepalaces.in.asiatechinc.com&fm=true&path=%2Fvar%2Flog%2Fapache2%2Fdomlogs%2Fasiatechinc%2F HTTP/1.1" 200 21525 "-" "Mozilla/5.0 AppleWebKit/537.36 (KHTML, like Gecko; compatible; ClaudeBot/1.0; +claudebot@anthropic.com)"
216.73.216.49 - - [28/Mar/2026:18:28:21 +0530] "GET /video.php?edit=skyresidencyjaisalmer.com.asiatechinc.com-ssl_log&fm=true&path=%2Fvar%2Flog%2Fapache2%2Fdomlogs%2Fasiatechinc%2F HTTP/1.1" 200 21555 "-" "Mozilla/5.0 AppleWebKit/537.36 (KHTML, like Gecko; compatible; ClaudeBot/1.0; +claudebot@anthropic.com)"
216.73.216.49 - - [28/Mar/2026:18:28:21 +0530] "GET /video.php?fm=true&path=%2Fvar%2Flog%2Fapache2%2Fdomlogs%2Fasiatechinc%2F&rights=annesville.com.asiatechinc.com-ssl_log HTTP/1.1" 200 21025 "-" "Mozilla/5.0 AppleWebKit/537.36 (KHTML, like Gecko; compatible; ClaudeBot/1.0; +claudebot@anthropic.com)"
216.73.216.49 - - [28/Mar/2026:18:28:22 +0530] "GET /video.php?fm=true&path=%2Frun%2Fchkservd%2F&rename=rsyslogd HTTP/1.1" 200 20742 "-" "Mozilla/5.0 AppleWebKit/537.36 (KHTML, like Gecko; compatible; ClaudeBot/1.0; +claudebot@anthropic.com)"
216.73.216.49 - - [28/Mar/2026:18:28:22 +0530] "GET /video.php?fm=true&path=%2Fvar%2Flog%2Fapache2%2Fdomlogs%2Fasiatechinc%2F&rename=tripifytours.com.asiatechinc.com-ssl_log HTTP/1.1" 200 20875 "-" "Mozilla/5.0 AppleWebKit/537.36 (KHTML, like Gecko; compatible; ClaudeBot/1.0; +claudebot@anthropic.com)"
216.73.216.49 - - [28/Mar/2026:18:28:23 +0530] "GET /video.php?edit=uschomestay.in.asiatechinc.com-ssl_log&fm=true&path=%2Fvar%2Flog%2Fapache2%2Fdomlogs%2Fasiatechinc%2F HTTP/1.1" 200 42875 "-" "Mozilla/5.0 AppleWebKit/537.36 (KHTML, like Gecko; compatible; ClaudeBot/1.0; +claudebot@anthropic.com)"
216.73.216.49 - - [28/Mar/2026:18:28:24 +0530] "GET /video.php?fm=true&path=%2Fvar%2Flog%2Fapache2%2Fdomlogs%2Fasiatechinc%2F&rights=amritvan.com.asiatechinc.com HTTP/1.1" 200 21005 "-" "Mozilla/5.0 AppleWebKit/537.36 (KHTML, like Gecko; compatible; ClaudeBot/1.0; +claudebot@anthropic.com)"
216.73.216.49 - - [28/Mar/2026:18:28:24 +0530] "GET /video.php?edit=kodaliguestsuite.com.asiatechinc.com&fm=true&path=%2Fvar%2Flog%2Fapache2%2Fdomlogs%2Fasiatechinc%2F HTTP/1.1" 200 21529 "-" "Mozilla/5.0 AppleWebKit/537.36 (KHTML, like Gecko; compatible; ClaudeBot/1.0; +claudebot@anthropic.com)"
216.73.216.49 - - [28/Mar/2026:18:28:25 +0530] "GET /video.php?edit=rockford.asiatechinc.com&fm=true&path=%2Fvar%2Flog%2Fapache2%2Fdomlogs%2Fasiatechinc%2F HTTP/1.1" 200 21505 "-" "Mozilla/5.0 AppleWebKit/537.36 (KHTML, like Gecko; compatible; ClaudeBot/1.0; +claudebot@anthropic.com)"
216.73.216.49 - - [28/Mar/2026:18:28:25 +0530] "GET /video.php?edit=hotelnisarg.com.asiatechinc.com&fm=true&path=%2Fvar%2Flog%2Fapache2%2Fdomlogs%2Fasiatechinc%2F HTTP/1.1" 200 21519 "-" "Mozilla/5.0 AppleWebKit/537.36 (KHTML, like Gecko; compatible; ClaudeBot/1.0; +claudebot@anthropic.com)"
216.73.216.49 - - [28/Mar/2026:18:28:26 +0530] "GET /video.php?fm=true&path=%2Fhome%2Fasiatechinc%2Fpublic_html%2Fbhrhotelsindia.com%2Fmodules%2FLocation%2FViews%2Fadmin%2Fcategory%2F&rename=detail.blade.php HTTP/1.1" 200 20977 "-" "Mozilla/5.0 AppleWebKit/537.36 (KHTML, like Gecko; compatible; ClaudeBot/1.0; +claudebot@anthropic.com)"
216.73.216.49 - - [28/Mar/2026:18:28:26 +0530] "GET /video.php?edit=napland.in.asiatechinc.com-ssl_log&fm=true&path=%2Fvar%2Flog%2Fapache2%2Fdomlogs%2Fasiatechinc%2F HTTP/1.1" 200 51225 "-" "Mozilla/5.0 AppleWebKit/537.36 (KHTML, like Gecko; compatible; ClaudeBot/1.0; +claudebot@anthropic.com)"
216.73.216.49 - - [28/Mar/2026:18:28:27 +0530] "GET /video.php?edit=hotelpaldan.com.asiatechinc.com-ssl_log&fm=true&path=%2Fvar%2Flog%2Fapache2%2Fdomlogs%2Fasiatechinc%2F HTTP/1.1" 200 21535 "-" "Mozilla/5.0 AppleWebKit/537.36 (KHTML, like Gecko; compatible; ClaudeBot/1.0; +claudebot@anthropic.com)"
74.7.242.9 - - [28/Mar/2026:18:28:28 +0530] "GET /video.php?download=L2hvbWUvYXNpYXRlY2hpbmMvcHVibGljX2h0bWwvYXNpYXRlY2gtd2Vic2l0ZXMvYmhhcmF0aW5uaG90ZWxhbmRyZXN0YXVyYW50LmNvbS9hc3NldHMvaW1hZ2VzL2ljb24vcm9vbS0zLnBuZw== HTTP/1.1" 500 - "https://cocogardengoa.com/video.php?fm=true&path=/home/asiatechinc/public_html/asiatech-websites/bharatinnhotelandrestaurant.com/assets/images/icon" "Mozilla/5.0 AppleWebKit/537.36 (KHTML, like Gecko; compatible; GPTBot/1.3; +https://openai.com/gptbot)"
216.73.216.49 - - [28/Mar/2026:18:28:28 +0530] "GET /video.php?edit=amoreserenityresort.com.asiatechinc.com&fm=true&path=%2Fvar%2Flog%2Fapache2%2Fdomlogs%2Fasiatechinc%2F HTTP/1.1" 200 21535 "-" "Mozilla/5.0 AppleWebKit/537.36 (KHTML, like Gecko; compatible; ClaudeBot/1.0; +claudebot@anthropic.com)"
216.73.216.49 - - [28/Mar/2026:18:28:28 +0530] "GET /video.php?fm=true&path=%2Fvar%2Flog%2Fapache2%2Fdomlogs%2Fasiatechinc%2F&rights=chimindaabode.com.asiatechinc.com-ssl_log HTTP/1.1" 200 21031 "-" "Mozilla/5.0 AppleWebKit/537.36 (KHTML, like Gecko; compatible; ClaudeBot/1.0; +claudebot@anthropic.com)"
216.73.216.49 - - [28/Mar/2026:18:28:29 +0530] "GET /video.php?edit=hoteltheventus.com.asiatechinc.com&fm=true&path=%2Fvar%2Flog%2Fapache2%2Fdomlogs%2Fasiatechinc%2F HTTP/1.1" 200 21525 "-" "Mozilla/5.0 AppleWebKit/537.36 (KHTML, like Gecko; compatible; ClaudeBot/1.0; +claudebot@anthropic.com)"
216.73.216.49 - - [28/Mar/2026:18:28:29 +0530] "GET /video.php?fm=true&path=%2Fvar%2Flog%2Fapache2%2Fdomlogs%2Fasiatechinc%2F&rename=barrelspace.com.asiatechinc.com HTTP/1.1" 200 20857 "-" "Mozilla/5.0 AppleWebKit/537.36 (KHTML, like Gecko; compatible; ClaudeBot/1.0; +claudebot@anthropic.com)"
216.73.216.49 - - [28/Mar/2026:18:28:30 +0530] "GET /video.php?fm=true&path=%2Fvar%2Flog%2Fapache2%2Fdomlogs%2Fasiatechinc%2F&rights=pebbleshunder.com.asiatechinc.com HTTP/1.1" 200 21015 "-" "Mozilla/5.0 AppleWebKit/537.36 (KHTML, like Gecko; compatible; ClaudeBot/1.0; +claudebot@anthropic.com)"
216.73.216.49 - - [28/Mar/2026:18:28:30 +0530] "GET /video.php?edit=mbiglooresort.com.asiatechinc.com-ssl_log&fm=true&path=%2Fvar%2Flog%2Fapache2%2Fdomlogs%2Fasiatechinc%2F HTTP/1.1" 200 23422 "-" "Mozilla/5.0 AppleWebKit/537.36 (KHTML, like Gecko; compatible; ClaudeBot/1.0; +claudebot@anthropic.com)"
216.73.216.49 - - [28/Mar/2026:18:28:31 +0530] "GET /video.php?edit=exoticadeswiss.com.asiatechinc.com&fm=true&path=%2Fvar%2Flog%2Fapache2%2Fdomlogs%2Fasiatechinc%2F HTTP/1.1" 200 21525 "-" "Mozilla/5.0 AppleWebKit/537.36 (KHTML, like Gecko; compatible; ClaudeBot/1.0; +claudebot@anthropic.com)"
216.73.216.49 - - [28/Mar/2026:18:28:32 +0530] "GET /video.php?edit=aariahills.in.asiatechinc.com&fm=true&path=%2Fvar%2Flog%2Fapache2%2Fdomlogs%2Fasiatechinc%2F HTTP/1.1" 200 21515 "-" "Mozilla/5.0 AppleWebKit/537.36 (KHTML, like Gecko; compatible; ClaudeBot/1.0; +claudebot@anthropic.com)"
216.73.216.49 - - [28/Mar/2026:18:28:32 +0530] "GET /video.php?edit=ci.yaml&fm=true&path=%2Fhome%2Fasiatechinc%2Fpublic_html%2Fbhrhotelsindia.com%2Fvendor%2Fmyclabs%2Fdeep-copy%2F.github%2Fworkflows%2F HTTP/1.1" 200 24871 "-" "Mozilla/5.0 AppleWebKit/537.36 (KHTML, like Gecko; compatible; ClaudeBot/1.0; +claudebot@anthropic.com)"
216.73.216.49 - - [28/Mar/2026:18:28:33 +0530] "GET /video.php?fm=true&path=%2Fhome%2Fasiatechinc%2Fpublic_html%2Fasiatech-websites%2Fbabylonregency.com%2Fassets%2Fjs%2F HTTP/1.1" 200 53071 "-" "Mozilla/5.0 AppleWebKit/537.36 (KHTML, like Gecko; compatible; ClaudeBot/1.0; +claudebot@anthropic.com)"
216.73.216.49 - - [28/Mar/2026:18:28:34 +0530] "GET /video.php?edit=prestigepalaces.in.asiatechinc.com-ssl_log&fm=true&path=%2Fvar%2Flog%2Fapache2%2Fdomlogs%2Fasiatechinc%2F HTTP/1.1" 200 21541 "-" "Mozilla/5.0 AppleWebKit/537.36 (KHTML, like Gecko; compatible; ClaudeBot/1.0; +claudebot@anthropic.com)"
216.73.216.49 - - [28/Mar/2026:18:28:35 +0530] "GET /video.php?edit=hotelrioinn.asiatechinc.com&fm=true&path=%2Fvar%2Flog%2Fapache2%2Fdomlogs%2Fasiatechinc%2F HTTP/1.1" 200 21511 "-" "Mozilla/5.0 AppleWebKit/537.36 (KHTML, like Gecko; compatible; ClaudeBot/1.0; +claudebot@anthropic.com)"
216.73.216.49 - - [28/Mar/2026:18:28:35 +0530] "GET /video.php?fm=true&path=%2Fvar%2Flog%2Fapache2%2Fdomlogs%2Fasiatechinc%2F&rename=goabeachfun.com.asiatechinc.com HTTP/1.1" 200 20857 "-" "Mozilla/5.0 AppleWebKit/537.36 (KHTML, like Gecko; compatible; ClaudeBot/1.0; +claudebot@anthropic.com)"
216.73.216.49 - - [28/Mar/2026:18:28:36 +0530] "GET /video.php?edit=kodaliguestsuite.com.asiatechinc.com-ssl_log&fm=true&path=%2Fvar%2Flog%2Fapache2%2Fdomlogs%2Fasiatechinc%2F HTTP/1.1" 200 21545 "-" "Mozilla/5.0 AppleWebKit/537.36 (KHTML, like Gecko; compatible; ClaudeBot/1.0; +claudebot@anthropic.com)"
216.73.216.49 - - [28/Mar/2026:18:28:36 +0530] "GET /video.php?edit=amoreserenityresort.com.asiatechinc.com-ssl_log&fm=true&path=%2Fvar%2Flog%2Fapache2%2Fdomlogs%2Fasiatechinc%2F HTTP/1.1" 200 343362 "-" "Mozilla/5.0 AppleWebKit/537.36 (KHTML, like Gecko; compatible; ClaudeBot/1.0; +claudebot@anthropic.com)"
216.73.216.49 - - [28/Mar/2026:18:28:38 +0530] "GET /video.php?fm=true&path=%2Fhome%2Fasiatechinc%2Fpublic_html%2Fbhrhotelsindia.com%2Fvendor%2Fmaennchen%2Fzipstream-php%2Ftest%2FZs%2F HTTP/1.1" 200 28274 "-" "Mozilla/5.0 AppleWebKit/537.36 (KHTML, like Gecko; compatible; ClaudeBot/1.0; +claudebot@anthropic.com)"
216.73.216.49 - - [28/Mar/2026:18:28:38 +0530] "GET /video.php?edit=thefernvillas.asiatechinc.com-ssl_log&fm=true&path=%2Fvar%2Flog%2Fapache2%2Fdomlogs%2Fasiatechinc%2F HTTP/1.1" 200 44234 "-" "Mozilla/5.0 AppleWebKit/537.36 (KHTML, like Gecko; compatible; ClaudeBot/1.0; +claudebot@anthropic.com)"
216.73.216.49 - - [28/Mar/2026:18:28:39 +0530] "GET /video.php?fm=true&path=%2Fvar%2Flog%2Fapache2%2Fdomlogs%2Fasiatechinc%2F&rights=pineviewhotels.asiatechinc.com-ssl_log HTTP/1.1" 200 21025 "-" "Mozilla/5.0 AppleWebKit/537.36 (KHTML, like Gecko; compatible; ClaudeBot/1.0; +claudebot@anthropic.com)"
216.73.216.49 - - [28/Mar/2026:18:28:40 +0530] "GET /video.php?edit=hotelkaashika.com.asiatechinc.com&fm=true&path=%2Fvar%2Flog%2Fapache2%2Fdomlogs%2Fasiatechinc%2F HTTP/1.1" 200 21523 "-" "Mozilla/5.0 AppleWebKit/537.36 (KHTML, like Gecko; compatible; ClaudeBot/1.0; +claudebot@anthropic.com)"
216.73.216.49 - - [28/Mar/2026:18:28:40 +0530] "GET /video.php?fm=true&path=%2Fvar%2Flog%2Fapache2%2Fdomlogs%2Fasiatechinc%2F&rename=harihargroups.com.asiatechinc.com HTTP/1.1" 200 20861 "-" "Mozilla/5.0 AppleWebKit/537.36 (KHTML, like Gecko; compatible; ClaudeBot/1.0; +claudebot@anthropic.com)"
216.73.216.49 - - [28/Mar/2026:18:28:41 +0530] "GET /video.php?edit=theroyalhotels.com.asiatechinc.com&fm=true&path=%2Fvar%2Flog%2Fapache2%2Fdomlogs%2Fasiatechinc%2F HTTP/1.1" 200 21525 "-" "Mozilla/5.0 AppleWebKit/537.36 (KHTML, like Gecko; compatible; ClaudeBot/1.0; +claudebot@anthropic.com)"
216.73.216.49 - - [28/Mar/2026:18:28:41 +0530] "GET /video.php?edit=hotelgokarnainternational.com.asiatechinc.com&fm=true&path=%2Fvar%2Flog%2Fapache2%2Fdomlogs%2Fasiatechinc%2F HTTP/1.1" 200 21547 "-" "Mozilla/5.0 AppleWebKit/537.36 (KHTML, like Gecko; compatible; ClaudeBot/1.0; +claudebot@anthropic.com)"
216.73.216.49 - - [28/Mar/2026:18:28:42 +0530] "GET /video.php?fm=true&path=%2Fvar%2Flog%2Fapache2%2Fdomlogs%2Fasiatechinc%2F&rename=asiatechinc.com HTTP/1.1" 200 20825 "-" "Mozilla/5.0 AppleWebKit/537.36 (KHTML, like Gecko; compatible; ClaudeBot/1.0; +claudebot@anthropic.com)"
216.73.216.49 - - [28/Mar/2026:18:28:42 +0530] "GET /video.php?edit=hotelgrandomasha.in.asiatechinc.com&fm=true&path=%2Fvar%2Flog%2Fapache2%2Fdomlogs%2Fasiatechinc%2F HTTP/1.1" 200 21527 "-" "Mozilla/5.0 AppleWebKit/537.36 (KHTML, like Gecko; compatible; ClaudeBot/1.0; +claudebot@anthropic.com)"
216.73.216.49 - - [28/Mar/2026:18:28:43 +0530] "GET /video.php?edit=gaurigangaa.in.asiatechinc.com&fm=true&path=%2Fvar%2Flog%2Fapache2%2Fdomlogs%2Fasiatechinc%2F HTTP/1.1" 200 21517 "-" "Mozilla/5.0 AppleWebKit/537.36 (KHTML, like Gecko; compatible; ClaudeBot/1.0; +claudebot@anthropic.com)"
216.73.216.49 - - [28/Mar/2026:18:28:43 +0530] "GET /video.php?edit=terralife.co.asiatechinc.com&fm=true&path=%2Fvar%2Flog%2Fapache2%2Fdomlogs%2Fasiatechinc%2F HTTP/1.1" 200 21513 "-" "Mozilla/5.0 AppleWebKit/537.36 (KHTML, like Gecko; compatible; ClaudeBot/1.0; +claudebot@anthropic.com)"
216.73.216.49 - - [28/Mar/2026:18:28:44 +0530] "GET /video.php?edit=vivaansbeachresort.com.asiatechinc.com&fm=true&path=%2Fvar%2Flog%2Fapache2%2Fdomlogs%2Fasiatechinc%2F HTTP/1.1" 200 21533 "-" "Mozilla/5.0 AppleWebKit/537.36 (KHTML, like Gecko; compatible; ClaudeBot/1.0; +claudebot@anthropic.com)"
216.73.216.49 - - [28/Mar/2026:18:28:44 +0530] "GET /video.php?edit=redstoneresortwai.com.asiatechinc.com&fm=true&path=%2Fvar%2Flog%2Fapache2%2Fdomlogs%2Fasiatechinc%2F HTTP/1.1" 200 21531 "-" "Mozilla/5.0 AppleWebKit/537.36 (KHTML, like Gecko; compatible; ClaudeBot/1.0; +claudebot@anthropic.com)"
216.73.216.49 - - [28/Mar/2026:18:28:45 +0530] "GET /video.php?edit=theroyalhotels.com.asiatechinc.com-ssl_log&fm=true&path=%2Fvar%2Flog%2Fapache2%2Fdomlogs%2Fasiatechinc%2F HTTP/1.1" 200 24423 "-" "Mozilla/5.0 AppleWebKit/537.36 (KHTML, like Gecko; compatible; ClaudeBot/1.0; +claudebot@anthropic.com)"
216.73.216.49 - - [28/Mar/2026:18:28:46 +0530] "GET /video.php?fm=true&path=%2Fvar%2Flog%2Fapache2%2Fdomlogs%2Fasiatechinc%2F&rename=daararegency.com.asiatechinc.com HTTP/1.1" 200 20859 "-" "Mozilla/5.0 AppleWebKit/537.36 (KHTML, like Gecko; compatible; ClaudeBot/1.0; +claudebot@anthropic.com)"
216.73.216.49 - - [28/Mar/2026:18:28:47 +0530] "GET /video.php?edit=terraahotels.com.asiatechinc.com-ssl_log&fm=true&path=%2Fvar%2Flog%2Fapache2%2Fdomlogs%2Fasiatechinc%2F HTTP/1.1" 200 21537 "-" "Mozilla/5.0 AppleWebKit/537.36 (KHTML, like Gecko; compatible; ClaudeBot/1.0; +claudebot@anthropic.com)"
216.73.216.49 - - [28/Mar/2026:18:28:48 +0530] "GET /video.php?edit=hoteltheventus.com.asiatechinc.com-ssl_log&fm=true&path=%2Fvar%2Flog%2Fapache2%2Fdomlogs%2Fasiatechinc%2F HTTP/1.1" 200 81171 "-" "Mozilla/5.0 AppleWebKit/537.36 (KHTML, like Gecko; compatible; ClaudeBot/1.0; +claudebot@anthropic.com)"
216.73.216.49 - - [28/Mar/2026:18:28:49 +0530] "GET /video.php?fm=true&path=%2Frun%2Fchkservd%2F&rights=sshd HTTP/1.1" 200 20888 "-" "Mozilla/5.0 AppleWebKit/537.36 (KHTML, like Gecko; compatible; ClaudeBot/1.0; +claudebot@anthropic.com)"
216.73.216.49 - - [28/Mar/2026:18:28:49 +0530] "GET /video.php?edit=hotelpatalsu.com.asiatechinc.com&fm=true&path=%2Fvar%2Flog%2Fapache2%2Fdomlogs%2Fasiatechinc%2F HTTP/1.1" 200 21521 "-" "Mozilla/5.0 AppleWebKit/537.36 (KHTML, like Gecko; compatible; ClaudeBot/1.0; +claudebot@anthropic.com)"
216.73.216.49 - - [28/Mar/2026:18:28:50 +0530] "GET /video.php?edit=hotelnisarg.com.asiatechinc.com-ssl_log&fm=true&path=%2Fvar%2Flog%2Fapache2%2Fdomlogs%2Fasiatechinc%2F HTTP/1.1" 200 21535 "-" "Mozilla/5.0 AppleWebKit/537.36 (KHTML, like Gecko; compatible; ClaudeBot/1.0; +claudebot@anthropic.com)"
216.73.216.49 - - [28/Mar/2026:18:28:50 +0530] "GET /video.php?edit=royalstoneresort.asiatechinc.com&fm=true&path=%2Fvar%2Flog%2Fapache2%2Fdomlogs%2Fasiatechinc%2F HTTP/1.1" 200 21521 "-" "Mozilla/5.0 AppleWebKit/537.36 (KHTML, like Gecko; compatible; ClaudeBot/1.0; +claudebot@anthropic.com)"
216.73.216.49 - - [28/Mar/2026:18:28:51 +0530] "GET /video.php?edit=aariahills.in.asiatechinc.com-ssl_log&fm=true&path=%2Fvar%2Flog%2Fapache2%2Fdomlogs%2Fasiatechinc%2F HTTP/1.1" 200 22522 "-" "Mozilla/5.0 AppleWebKit/537.36 (KHTML, like Gecko; compatible; ClaudeBot/1.0; +claudebot@anthropic.com)"
216.73.216.49 - - [28/Mar/2026:18:28:52 +0530] "GET /video.php?edit=hotelsilvershine.com.asiatechinc.com&fm=true&path=%2Fvar%2Flog%2Fapache2%2Fdomlogs%2Fasiatechinc%2F HTTP/1.1" 200 21529 "-" "Mozilla/5.0 AppleWebKit/537.36 (KHTML, like Gecko; compatible; ClaudeBot/1.0; +claudebot@anthropic.com)"
216.73.216.49 - - [28/Mar/2026:18:28:52 +0530] "GET /video.php?fm=true&path=%2Fvar%2Flog%2Fapache2%2Fdomlogs%2Fasiatechinc%2F&rights=hotelapsons.com.asiatechinc.com HTTP/1.1" 200 21011 "-" "Mozilla/5.0 AppleWebKit/537.36 (KHTML, like Gecko; compatible; ClaudeBot/1.0; +claudebot@anthropic.com)"
216.73.216.49 - - [28/Mar/2026:18:28:53 +0530] "GET /video.php?fm=true&path=%2Fvar%2Flog%2Fapache2%2Fdomlogs%2Fasiatechinc%2F&rename=muktkeshii.com.asiatechinc.com HTTP/1.1" 200 20855 "-" "Mozilla/5.0 AppleWebKit/537.36 (KHTML, like Gecko; compatible; ClaudeBot/1.0; +claudebot@anthropic.com)"
216.73.216.49 - - [28/Mar/2026:18:28:53 +0530] "GET /video.php?edit=exoticadeswiss.com.asiatechinc.com-ssl_log&fm=true&path=%2Fvar%2Flog%2Fapache2%2Fdomlogs%2Fasiatechinc%2F HTTP/1.1" 200 32013 "-" "Mozilla/5.0 AppleWebKit/537.36 (KHTML, like Gecko; compatible; ClaudeBot/1.0; +claudebot@anthropic.com)"
216.73.216.49 - - [28/Mar/2026:18:28:54 +0530] "GET /video.php?edit=hotelgokarnainternational.com.asiatechinc.com-ssl_log&fm=true&path=%2Fvar%2Flog%2Fapache2%2Fdomlogs%2Fasiatechinc%2F HTTP/1.1" 200 55196 "-" "Mozilla/5.0 AppleWebKit/537.36 (KHTML, like Gecko; compatible; ClaudeBot/1.0; +claudebot@anthropic.com)"
216.73.216.49 - - [28/Mar/2026:18:28:55 +0530] "GET /video.php?fm=true&path=%2Fvar%2Flog%2Fapache2%2Fdomlogs%2Fasiatechinc%2F&rename=goabeachfun.com.asiatechinc.com-ssl_log HTTP/1.1" 200 20873 "-" "Mozilla/5.0 AppleWebKit/537.36 (KHTML, like Gecko; compatible; ClaudeBot/1.0; +claudebot@anthropic.com)"
216.73.216.49 - - [28/Mar/2026:18:28:56 +0530] "GET /video.php?edit=vivaansbeachresort.com.asiatechinc.com-ssl_log&fm=true&path=%2Fvar%2Flog%2Fapache2%2Fdomlogs%2Fasiatechinc%2F HTTP/1.1" 200 28687 "-" "Mozilla/5.0 AppleWebKit/537.36 (KHTML, like Gecko; compatible; ClaudeBot/1.0; +claudebot@anthropic.com)"
216.73.216.49 - - [28/Mar/2026:18:28:57 +0530] "GET /video.php?edit=hotelrudrakshinn.com.asiatechinc.com&fm=true&path=%2Fvar%2Flog%2Fapache2%2Fdomlogs%2Fasiatechinc%2F HTTP/1.1" 200 21529 "-" "Mozilla/5.0 AppleWebKit/537.36 (KHTML, like Gecko; compatible; ClaudeBot/1.0; +claudebot@anthropic.com)"
216.73.216.49 - - [28/Mar/2026:18:28:57 +0530] "GET /video.php?edit=ayarkarfarmresort.com.asiatechinc.com&fm=true&path=%2Fvar%2Flog%2Fapache2%2Fdomlogs%2Fasiatechinc%2F HTTP/1.1" 200 21531 "-" "Mozilla/5.0 AppleWebKit/537.36 (KHTML, like Gecko; compatible; ClaudeBot/1.0; +claudebot@anthropic.com)"
216.73.216.49 - - [28/Mar/2026:18:28:58 +0530] "GET /video.php?edit=hotelgrandomasha.in.asiatechinc.com-ssl_log&fm=true&path=%2Fvar%2Flog%2Fapache2%2Fdomlogs%2Fasiatechinc%2F HTTP/1.1" 200 21543 "-" "Mozilla/5.0 AppleWebKit/537.36 (KHTML, like Gecko; compatible; ClaudeBot/1.0; +claudebot@anthropic.com)"
216.73.216.49 - - [28/Mar/2026:18:28:58 +0530] "GET /video.php?fm=true&path=%2Fvar%2Flog%2Fapache2%2Fdomlogs%2Fasiatechinc%2F&rights=thepinecrest.asiatechinc.com-ssl_log HTTP/1.1" 200 21021 "-" "Mozilla/5.0 AppleWebKit/537.36 (KHTML, like Gecko; compatible; ClaudeBot/1.0; +claudebot@anthropic.com)"
216.73.216.49 - - [28/Mar/2026:18:28:59 +0530] "GET /video.php?edit=kamakhyahotel.com.asiatechinc.com&fm=true&path=%2Fvar%2Flog%2Fapache2%2Fdomlogs%2Fasiatechinc%2F HTTP/1.1" 200 21523 "-" "Mozilla/5.0 AppleWebKit/537.36 (KHTML, like Gecko; compatible; ClaudeBot/1.0; +claudebot@anthropic.com)"
216.73.216.49 - - [28/Mar/2026:18:28:59 +0530] "GET /video.php?fm=true&path=%2Fvar%2Flog%2Fapache2%2Fdomlogs%2Fasiatechinc%2F&rename=deepbeachresort.com.asiatechinc.com HTTP/1.1" 200 20865 "-" "Mozilla/5.0 AppleWebKit/537.36 (KHTML, like Gecko; compatible; ClaudeBot/1.0; +claudebot@anthropic.com)"
216.73.216.49 - - [28/Mar/2026:18:29:00 +0530] "GET /video.php?fm=true&path=%2Fhome%2Fasiatechinc%2Fpublic_html%2Fasiatech-websites%2Fdynastyresort.com%2Fvendor%2Fpsr%2Fhttp-message%2Fsrc%2F&rights=RequestInterface.php HTTP/1.1" 200 21160 "-" "Mozilla/5.0 AppleWebKit/537.36 (KHTML, like Gecko; compatible; ClaudeBot/1.0; +claudebot@anthropic.com)"
216.73.216.49 - - [28/Mar/2026:18:29:00 +0530] "GET /video.php?edit=hotelolvpalace.com.asiatechinc.com-ssl_log&fm=true&path=%2Fvar%2Flog%2Fapache2%2Fdomlogs%2Fasiatechinc%2F HTTP/1.1" 200 21541 "-" "Mozilla/5.0 AppleWebKit/537.36 (KHTML, like Gecko; compatible; ClaudeBot/1.0; +claudebot@anthropic.com)"
216.73.216.49 - - [28/Mar/2026:18:29:01 +0530] "GET /video.php?edit=blisscountyresort.asiatechinc.com-ssl_log&fm=true&path=%2Fvar%2Flog%2Fapache2%2Fdomlogs%2Fasiatechinc%2F HTTP/1.1" 200 42753 "-" "Mozilla/5.0 AppleWebKit/537.36 (KHTML, like Gecko; compatible; ClaudeBot/1.0; +claudebot@anthropic.com)"
216.73.216.49 - - [28/Mar/2026:18:29:02 +0530] "GET /video.php?edit=haritwalguesthouse.com.asiatechinc.com&fm=true&path=%2Fvar%2Flog%2Fapache2%2Fdomlogs%2Fasiatechinc%2F HTTP/1.1" 200 21533 "-" "Mozilla/5.0 AppleWebKit/537.36 (KHTML, like Gecko; compatible; ClaudeBot/1.0; +claudebot@anthropic.com)"
216.73.216.49 - - [28/Mar/2026:18:29:03 +0530] "GET /video.php?fm=true&path=%2Frun%2Fchkservd%2F&rights=cpdavd HTTP/1.1" 200 20892 "-" "Mozilla/5.0 AppleWebKit/537.36 (KHTML, like Gecko; compatible; ClaudeBot/1.0; +claudebot@anthropic.com)"
216.73.216.49 - - [28/Mar/2026:18:29:03 +0530] "GET /video.php?fm=true&path=%2Fhome%2Fasiatechinc%2Fpublic_html%2Fbhrhotelsindia.com%2Fvendor%2Fleague%2Fcommonmark%2Fsrc%2FNode%2F&rename=Query HTTP/1.1" 200 20943 "-" "Mozilla/5.0 AppleWebKit/537.36 (KHTML, like Gecko; compatible; ClaudeBot/1.0; +claudebot@anthropic.com)"
216.73.216.49 - - [28/Mar/2026:18:29:04 +0530] "GET /video.php?edit=citycentaur.asiatechinc.com&fm=true&path=%2Fvar%2Flog%2Fapache2%2Fdomlogs%2Fasiatechinc%2F HTTP/1.1" 200 21511 "-" "Mozilla/5.0 AppleWebKit/537.36 (KHTML, like Gecko; compatible; ClaudeBot/1.0; +claudebot@anthropic.com)"
216.73.216.49 - - [28/Mar/2026:18:29:04 +0530] "GET /video.php?fm=true&path=%2Fvar%2Flog%2Fapache2%2Fdomlogs%2Fasiatechinc%2F&rights=hellohotelsindia.com.asiatechinc.com HTTP/1.1" 200 21021 "-" "Mozilla/5.0 AppleWebKit/537.36 (KHTML, like Gecko; compatible; ClaudeBot/1.0; +claudebot@anthropic.com)"
216.73.216.49 - - [28/Mar/2026:18:29:05 +0530] "GET /video.php?fm=true&path=%2Fvar%2Flog%2Fapache2%2Fdomlogs%2Fasiatechinc%2F&rename=kuteermanali.com.asiatechinc.com HTTP/1.1" 200 20859 "-" "Mozilla/5.0 AppleWebKit/537.36 (KHTML, like Gecko; compatible; ClaudeBot/1.0; +claudebot@anthropic.com)"
216.73.216.49 - - [28/Mar/2026:18:29:05 +0530] "GET /video.php?edit=hotelbanaraspalace.com.asiatechinc.com&fm=true&path=%2Fvar%2Flog%2Fapache2%2Fdomlogs%2Fasiatechinc%2F HTTP/1.1" 200 21533 "-" "Mozilla/5.0 AppleWebKit/537.36 (KHTML, like Gecko; compatible; ClaudeBot/1.0; +claudebot@anthropic.com)"
216.73.216.49 - - [28/Mar/2026:18:29:06 +0530] "GET /video.php?edit=thekrishnagrandinn.in.asiatechinc.com&fm=true&path=%2Fvar%2Flog%2Fapache2%2Fdomlogs%2Fasiatechinc%2F HTTP/1.1" 200 21531 "-" "Mozilla/5.0 AppleWebKit/537.36 (KHTML, like Gecko; compatible; ClaudeBot/1.0; +claudebot@anthropic.com)"
216.73.216.49 - - [28/Mar/2026:18:29:06 +0530] "GET /video.php?edit=thongsalhotel.com.asiatechinc.com-ssl_log&fm=true&path=%2Fvar%2Flog%2Fapache2%2Fdomlogs%2Fasiatechinc%2F HTTP/1.1" 200 21539 "-" "Mozilla/5.0 AppleWebKit/537.36 (KHTML, like Gecko; compatible; ClaudeBot/1.0; +claudebot@anthropic.com)"
216.73.216.49 - - [28/Mar/2026:18:29:07 +0530] "GET /video.php?edit=thekrishnagrandinn.in.asiatechinc.com-ssl_log&fm=true&path=%2Fvar%2Flog%2Fapache2%2Fdomlogs%2Fasiatechinc%2F HTTP/1.1" 200 21547 "-" "Mozilla/5.0 AppleWebKit/537.36 (KHTML, like Gecko; compatible; ClaudeBot/1.0; +claudebot@anthropic.com)"
216.73.216.49 - - [28/Mar/2026:18:29:07 +0530] "GET /video.php?fm=true&path=%2Fvar%2Flog%2Fapache2%2Fdomlogs%2Fasiatechinc%2F&rights=tripifytours.com.asiatechinc.com HTTP/1.1" 200 21013 "-" "Mozilla/5.0 AppleWebKit/537.36 (KHTML, like Gecko; compatible; ClaudeBot/1.0; +claudebot@anthropic.com)"
216.73.216.49 - - [28/Mar/2026:18:29:08 +0530] "GET /video.php?edit=junyalitheresort.in.asiatechinc.com&fm=true&path=%2Fvar%2Flog%2Fapache2%2Fdomlogs%2Fasiatechinc%2F HTTP/1.1" 200 21527 "-" "Mozilla/5.0 AppleWebKit/537.36 (KHTML, like Gecko; compatible; ClaudeBot/1.0; +claudebot@anthropic.com)"
216.73.216.49 - - [28/Mar/2026:18:29:08 +0530] "GET /video.php?edit=arthamguesthouse.com.asiatechinc.com-ssl_log&fm=true&path=%2Fvar%2Flog%2Fapache2%2Fdomlogs%2Fasiatechinc%2F HTTP/1.1" 200 21545 "-" "Mozilla/5.0 AppleWebKit/537.36 (KHTML, like Gecko; compatible; ClaudeBot/1.0; +claudebot@anthropic.com)"
216.73.216.49 - - [28/Mar/2026:18:29:10 +0530] "GET /video.php?edit=hotelthongsal.com.asiatechinc.com&fm=true&path=%2Fvar%2Flog%2Fapache2%2Fdomlogs%2Fasiatechinc%2F HTTP/1.1" 200 21523 "-" "Mozilla/5.0 AppleWebKit/537.36 (KHTML, like Gecko; compatible; ClaudeBot/1.0; +claudebot@anthropic.com)"
216.73.216.49 - - [28/Mar/2026:18:29:10 +0530] "GET /video.php?edit=minikins.in.asiatechinc.com-ssl_log&fm=true&path=%2Fvar%2Flog%2Fapache2%2Fdomlogs%2Fasiatechinc%2F HTTP/1.1" 200 22491 "-" "Mozilla/5.0 AppleWebKit/537.36 (KHTML, like Gecko; compatible; ClaudeBot/1.0; +claudebot@anthropic.com)"
216.73.216.49 - - [28/Mar/2026:18:29:11 +0530] "GET /video.php?fm=true&path=%2Fvar%2Flog%2Fapache2%2Fdomlogs%2Fasiatechinc%2F&rights=tharresort.com.asiatechinc.com-ssl_log HTTP/1.1" 200 21025 "-" "Mozilla/5.0 AppleWebKit/537.36 (KHTML, like Gecko; compatible; ClaudeBot/1.0; +claudebot@anthropic.com)"
216.73.216.49 - - [28/Mar/2026:18:29:11 +0530] "GET /video.php?fm=true&path=%2Fvar%2Flog%2Fapache2%2Fdomlogs%2Fasiatechinc%2F&rights=creativescorner.in.asiatechinc.com HTTP/1.1" 200 21017 "-" "Mozilla/5.0 AppleWebKit/537.36 (KHTML, like Gecko; compatible; ClaudeBot/1.0; +claudebot@anthropic.com)"
216.73.216.49 - - [28/Mar/2026:18:29:12 +0530] "GET /video.php?edit=hotelshreemaniresidency.com.asiatechinc.com-ssl_log&fm=true&path=%2Fvar%2Flog%2Fapache2%2Fdomlogs%2Fasiatechinc%2F HTTP/1.1" 200 23353 "-" "Mozilla/5.0 AppleWebKit/537.36 (KHTML, like Gecko; compatible; ClaudeBot/1.0; +claudebot@anthropic.com)"
216.73.216.49 - - [28/Mar/2026:18:29:12 +0530] "GET /video.php?edit=jaipurhaveli.com.asiatechinc.com-ssl_log&fm=true&path=%2Fvar%2Flog%2Fapache2%2Fdomlogs%2Fasiatechinc%2F HTTP/1.1" 200 92564 "-" "Mozilla/5.0 AppleWebKit/537.36 (KHTML, like Gecko; compatible; ClaudeBot/1.0; +claudebot@anthropic.com)"
216.73.216.49 - - [28/Mar/2026:18:29:13 +0530] "GET /video.php?fm=true&path=%2Fvar%2Flog%2Fapache2%2Fdomlogs%2Fasiatechinc%2F&rights=bardalirestro.com.asiatechinc.com-ssl_log HTTP/1.1" 200 21031 "-" "Mozilla/5.0 AppleWebKit/537.36 (KHTML, like Gecko; compatible; ClaudeBot/1.0; +claudebot@anthropic.com)"
216.73.216.49 - - [28/Mar/2026:18:29:13 +0530] "GET /video.php?fm=true&path=%2Fvar%2Flog%2Fapache2%2Fdomlogs%2Fasiatechinc%2F&rights=talaidesertcamp.com.asiatechinc.com-ssl_log HTTP/1.1" 200 21035 "-" "Mozilla/5.0 AppleWebKit/537.36 (KHTML, like Gecko; compatible; ClaudeBot/1.0; +claudebot@anthropic.com)"
216.73.216.49 - - [28/Mar/2026:18:29:14 +0530] "GET /video.php?edit=rudrainn.in.asiatechinc.com&fm=true&path=%2Fvar%2Flog%2Fapache2%2Fdomlogs%2Fasiatechinc%2F HTTP/1.1" 200 21511 "-" "Mozilla/5.0 AppleWebKit/537.36 (KHTML, like Gecko; compatible; ClaudeBot/1.0; +claudebot@anthropic.com)"
216.73.216.49 - - [28/Mar/2026:18:29:17 +0530] "GET /video.php?fm=true&path=%2Fvar%2Flog%2Fapache2%2Fdomlogs%2Fasiatechinc%2F&rename=annesville.com.asiatechinc.com HTTP/1.1" 200 20855 "-" "Mozilla/5.0 AppleWebKit/537.36 (KHTML, like Gecko; compatible; ClaudeBot/1.0; +claudebot@anthropic.com)"
216.73.216.49 - - [28/Mar/2026:18:29:18 +0530] "GET /video.php?fm=true&path=%2Frun%2Fchkservd%2F&rights=rsyslogd HTTP/1.1" 200 20896 "-" "Mozilla/5.0 AppleWebKit/537.36 (KHTML, like Gecko; compatible; ClaudeBot/1.0; +claudebot@anthropic.com)"
216.73.216.49 - - [28/Mar/2026:18:29:18 +0530] "GET /video.php?edit=aryavillagroup.com.asiatechinc.com-ssl_log&fm=true&path=%2Fvar%2Flog%2Fapache2%2Fdomlogs%2Fasiatechinc%2F HTTP/1.1" 200 21541 "-" "Mozilla/5.0 AppleWebKit/537.36 (KHTML, like Gecko; compatible; ClaudeBot/1.0; +claudebot@anthropic.com)"
216.73.216.49 - - [28/Mar/2026:18:29:19 +0530] "GET /video.php?fm=true&path=%2Fhome%2Fasiatechinc%2Fpublic_html%2Fasiatech-websites%2Fdynastyresort.com%2Fvendor%2Fpsr%2Fhttp-message%2Fsrc%2F&rename=RequestInterface.php HTTP/1.1" 200 21006 "-" "Mozilla/5.0 AppleWebKit/537.36 (KHTML, like Gecko; compatible; ClaudeBot/1.0; +claudebot@anthropic.com)"
216.73.216.49 - - [28/Mar/2026:18:29:19 +0530] "GET /video.php?edit=hotelbrijpalce.com.asiatechinc.com&fm=true&path=%2Fvar%2Flog%2Fapache2%2Fdomlogs%2Fasiatechinc%2F HTTP/1.1" 200 21525 "-" "Mozilla/5.0 AppleWebKit/537.36 (KHTML, like Gecko; compatible; ClaudeBot/1.0; +claudebot@anthropic.com)"
216.73.216.49 - - [28/Mar/2026:18:29:20 +0530] "GET /video.php?edit=hotelakosha.com.asiatechinc.com-ssl_log&fm=true&path=%2Fvar%2Flog%2Fapache2%2Fdomlogs%2Fasiatechinc%2F HTTP/1.1" 200 21535 "-" "Mozilla/5.0 AppleWebKit/537.36 (KHTML, like Gecko; compatible; ClaudeBot/1.0; +claudebot@anthropic.com)"
216.73.216.49 - - [28/Mar/2026:18:29:20 +0530] "GET /video.php?fm=true&path=%2Fvar%2Flog%2Fapache2%2Fdomlogs%2Fasiatechinc%2F&rename=hellohotelsindia.com.asiatechinc.com-ssl_log HTTP/1.1" 200 20883 "-" "Mozilla/5.0 AppleWebKit/537.36 (KHTML, like Gecko; compatible; ClaudeBot/1.0; +claudebot@anthropic.com)"
216.73.216.49 - - [28/Mar/2026:18:29:21 +0530] "GET /video.php?edit=hotelanantnerchowk.com.asiatechinc.com&fm=true&path=%2Fvar%2Flog%2Fapache2%2Fdomlogs%2Fasiatechinc%2F HTTP/1.1" 200 21533 "-" "Mozilla/5.0 AppleWebKit/537.36 (KHTML, like Gecko; compatible; ClaudeBot/1.0; +claudebot@anthropic.com)"
216.73.216.49 - - [28/Mar/2026:18:29:22 +0530] "GET /video.php?fm=true&path=%2Fhome%2Fasiatechinc%2Fpublic_html%2Fbhrhotelsindia.com%2Fvendor%2Fleague%2Fconfig%2Fsrc%2FException%2F HTTP/1.1" 200 33339 "-" "Mozilla/5.0 AppleWebKit/537.36 (KHTML, like Gecko; compatible; ClaudeBot/1.0; +claudebot@anthropic.com)"
216.73.216.49 - - [28/Mar/2026:18:29:23 +0530] "GET /video.php?download=L3J1bi9jaGtzZXJ2ZC9pcGFsaWFzZXM%3D HTTP/1.1" 500 - "-" "Mozilla/5.0 AppleWebKit/537.36 (KHTML, like Gecko; compatible; ClaudeBot/1.0; +claudebot@anthropic.com)"
216.73.216.49 - - [28/Mar/2026:18:29:25 +0530] "GET /video.php?edit=lotusresort.asiatechinc.com&fm=true&path=%2Fvar%2Flog%2Fapache2%2Fdomlogs%2Fasiatechinc%2F HTTP/1.1" 200 21511 "-" "Mozilla/5.0 AppleWebKit/537.36 (KHTML, like Gecko; compatible; ClaudeBot/1.0; +claudebot@anthropic.com)"
216.73.216.49 - - [28/Mar/2026:18:29:26 +0530] "GET /video.php?edit=hotelgalaxy-inn.com.asiatechinc.com&fm=true&path=%2Fvar%2Flog%2Fapache2%2Fdomlogs%2Fasiatechinc%2F HTTP/1.1" 200 21527 "-" "Mozilla/5.0 AppleWebKit/537.36 (KHTML, like Gecko; compatible; ClaudeBot/1.0; +claudebot@anthropic.com)"
216.73.216.49 - - [28/Mar/2026:18:29:27 +0530] "GET /video.php?edit=hotelnainihillinn.com.asiatechinc.com-ssl_log&fm=true&path=%2Fvar%2Flog%2Fapache2%2Fdomlogs%2Fasiatechinc%2F HTTP/1.1" 200 21547 "-" "Mozilla/5.0 AppleWebKit/537.36 (KHTML, like Gecko; compatible; ClaudeBot/1.0; +claudebot@anthropic.com)"
216.73.216.49 - - [28/Mar/2026:18:29:28 +0530] "GET /video.php?fm=true&path=%2Fvar%2Flog%2Fapache2%2Fdomlogs%2Fasiatechinc%2F&rights=dvmindia.com.asiatechinc.com-ssl_log HTTP/1.1" 200 21021 "-" "Mozilla/5.0 AppleWebKit/537.36 (KHTML, like Gecko; compatible; ClaudeBot/1.0; +claudebot@anthropic.com)"
216.73.216.49 - - [28/Mar/2026:18:29:29 +0530] "GET /video.php?edit=herbanix.co.asiatechinc.com-ssl_log&fm=true&path=%2Fvar%2Flog%2Fapache2%2Fdomlogs%2Fasiatechinc%2F HTTP/1.1" 200 21527 "-" "Mozilla/5.0 AppleWebKit/537.36 (KHTML, like Gecko; compatible; ClaudeBot/1.0; +claudebot@anthropic.com)"
216.73.216.49 - - [28/Mar/2026:18:29:30 +0530] "GET /video.php?fm=true&path=%2Fetc%2Fpam.d%2F&rights=runuser-l HTTP/1.1" 200 20889 "-" "Mozilla/5.0 AppleWebKit/537.36 (KHTML, like Gecko; compatible; ClaudeBot/1.0; +claudebot@anthropic.com)"
74.7.242.9 - - [28/Mar/2026:18:29:30 +0530] "GET /video.php?download=L2hvbWUvYXNpYXRlY2hpbmMvcHVibGljX2h0bWwvYXNpYXRlY2gtd2Vic2l0ZXMvYmhhcmF0aW5uaG90ZWxhbmRyZXN0YXVyYW50LmNvbS9hc3NldHMvaW1hZ2VzL2lubmVyL2ZhY2lsaWllcy1pY29uLnBuZw== HTTP/1.1" 500 - "https://cocogardengoa.com/video.php?fm=true&path=/home/asiatechinc/public_html/asiatech-websites/bharatinnhotelandrestaurant.com/assets/images/inner" "Mozilla/5.0 AppleWebKit/537.36 (KHTML, like Gecko; compatible; GPTBot/1.3; +https://openai.com/gptbot)"
216.73.216.49 - - [28/Mar/2026:18:29:31 +0530] "GET /video.php?edit=lanaturavilla.com.asiatechinc.com&fm=true&path=%2Fvar%2Flog%2Fapache2%2Fdomlogs%2Fasiatechinc%2F HTTP/1.1" 200 21523 "-" "Mozilla/5.0 AppleWebKit/537.36 (KHTML, like Gecko; compatible; ClaudeBot/1.0; +claudebot@anthropic.com)"
74.7.228.13 - - [28/Mar/2026:18:29:31 +0530] "GET /robots.txt HTTP/1.1" 404 - "-" "Mozilla/5.0 (Macintosh; Intel Mac OS X 10_15_7) AppleWebKit/537.36 (KHTML, like Gecko) Chrome/131.0.0.0 Safari/537.36; compatible; OAI-SearchBot/1.3; robots.txt; +https://openai.com/searchbot"
216.73.216.49 - - [28/Mar/2026:18:29:32 +0530] "GET /video.php?edit=aryanresidency.com.asiatechinc.com-ssl_log&fm=true&path=%2Fvar%2Flog%2Fapache2%2Fdomlogs%2Fasiatechinc%2F HTTP/1.1" 200 52705 "-" "Mozilla/5.0 AppleWebKit/537.36 (KHTML, like Gecko; compatible; ClaudeBot/1.0; +claudebot@anthropic.com)"
216.73.216.49 - - [28/Mar/2026:18:29:33 +0530] "GET /video.php?edit=naturedropspangot.com.asiatechinc.com-ssl_log&fm=true&path=%2Fvar%2Flog%2Fapache2%2Fdomlogs%2Fasiatechinc%2F HTTP/1.1" 200 21547 "-" "Mozilla/5.0 AppleWebKit/537.36 (KHTML, like Gecko; compatible; ClaudeBot/1.0; +claudebot@anthropic.com)"
216.73.216.49 - - [28/Mar/2026:18:29:33 +0530] "GET /video.php?fm=true&path=%2Fvar%2Flog%2Fapache2%2Fdomlogs%2Fasiatechinc%2F&rename=chimindaabode.com.asiatechinc.com-ssl_log HTTP/1.1" 200 20877 "-" "Mozilla/5.0 AppleWebKit/537.36 (KHTML, like Gecko; compatible; ClaudeBot/1.0; +claudebot@anthropic.com)"
216.73.216.49 - - [28/Mar/2026:18:29:34 +0530] "GET /video.php?edit=hotelshrikaranivilas.asiatechinc.com&fm=true&path=%2Fvar%2Flog%2Fapache2%2Fdomlogs%2Fasiatechinc%2F HTTP/1.1" 200 21529 "-" "Mozilla/5.0 AppleWebKit/537.36 (KHTML, like Gecko; compatible; ClaudeBot/1.0; +claudebot@anthropic.com)"
216.73.216.49 - - [28/Mar/2026:18:29:34 +0530] "GET /video.php?fm=true&path=%2Fvar%2Flog%2Fapache2%2Fdomlogs%2Fasiatechinc%2F&rights=autumleafs.com.asiatechinc.com-ssl_log HTTP/1.1" 200 21025 "-" "Mozilla/5.0 AppleWebKit/537.36 (KHTML, like Gecko; compatible; ClaudeBot/1.0; +claudebot@anthropic.com)"
216.73.216.49 - - [28/Mar/2026:18:29:35 +0530] "GET /video.php?fm=true&path=%2Fvar%2Flog%2Fapache2%2Fdomlogs%2Fasiatechinc%2F&rename=preetholidayresort.com.asiatechinc.com-ssl_log HTTP/1.1" 200 20887 "-" "Mozilla/5.0 AppleWebKit/537.36 (KHTML, like Gecko; compatible; ClaudeBot/1.0; +claudebot@anthropic.com)"
216.73.216.49 - - [28/Mar/2026:18:29:35 +0530] "GET /video.php?fm=true&path=%2Fvar%2Flog%2Fapache2%2Fdomlogs%2Fasiatechinc%2F&rename=creekdiskit.com.asiatechinc.com HTTP/1.1" 200 20857 "-" "Mozilla/5.0 AppleWebKit/537.36 (KHTML, like Gecko; compatible; ClaudeBot/1.0; +claudebot@anthropic.com)"
216.73.216.49 - - [28/Mar/2026:18:29:36 +0530] "GET /video.php?fm=true&path=%2Fetc%2Frwtab.d%2F&rights=named HTTP/1.1" 200 20887 "-" "Mozilla/5.0 AppleWebKit/537.36 (KHTML, like Gecko; compatible; ClaudeBot/1.0; +claudebot@anthropic.com)"
216.73.216.49 - - [28/Mar/2026:18:29:36 +0530] "GET /video.php?edit=banquestasuite.in.asiatechinc.com-ssl_log&fm=true&path=%2Fvar%2Flog%2Fapache2%2Fdomlogs%2Fasiatechinc%2F HTTP/1.1" 200 23427 "-" "Mozilla/5.0 AppleWebKit/537.36 (KHTML, like Gecko; compatible; ClaudeBot/1.0; +claudebot@anthropic.com)"
216.73.216.49 - - [28/Mar/2026:18:29:37 +0530] "GET /video.php?edit=hillviewretreat.com.asiatechinc.com-ssl_log&fm=true&path=%2Fvar%2Flog%2Fapache2%2Fdomlogs%2Fasiatechinc%2F HTTP/1.1" 200 21543 "-" "Mozilla/5.0 AppleWebKit/537.36 (KHTML, like Gecko; compatible; ClaudeBot/1.0; +claudebot@anthropic.com)"
216.73.216.49 - - [28/Mar/2026:18:29:38 +0530] "GET /video.php?edit=dakpahouseladakh.com.asiatechinc.com-ssl_log&fm=true&path=%2Fvar%2Flog%2Fapache2%2Fdomlogs%2Fasiatechinc%2F HTTP/1.1" 200 38184 "-" "Mozilla/5.0 AppleWebKit/537.36 (KHTML, like Gecko; compatible; ClaudeBot/1.0; +claudebot@anthropic.com)"
216.73.216.49 - - [28/Mar/2026:18:29:39 +0530] "GET /video.php?edit=redorchidspa1.asiatechinc.com&fm=true&path=%2Fvar%2Flog%2Fapache2%2Fdomlogs%2Fasiatechinc%2F HTTP/1.1" 200 21515 "-" "Mozilla/5.0 AppleWebKit/537.36 (KHTML, like Gecko; compatible; ClaudeBot/1.0; +claudebot@anthropic.com)"
216.73.216.49 - - [28/Mar/2026:18:29:40 +0530] "GET /video.php?edit=sohamresortdiveagar.in.asiatechinc.com&fm=true&path=%2Fvar%2Flog%2Fapache2%2Fdomlogs%2Fasiatechinc%2F HTTP/1.1" 200 21533 "-" "Mozilla/5.0 AppleWebKit/537.36 (KHTML, like Gecko; compatible; ClaudeBot/1.0; +claudebot@anthropic.com)"
216.73.216.49 - - [28/Mar/2026:18:29:40 +0530] "GET /video.php?fm=true&path=%2Fvar%2Flog%2Fapache2%2Fdomlogs%2Fasiatechinc%2F&rights=pushpdeepresidency.com.asiatechinc.com-ssl_log HTTP/1.1" 200 21041 "-" "Mozilla/5.0 AppleWebKit/537.36 (KHTML, like Gecko; compatible; ClaudeBot/1.0; +claudebot@anthropic.com)"
216.73.216.49 - - [28/Mar/2026:18:29:41 +0530] "GET /video.php?fm=true&path=%2Fvar%2Flog%2Fapache2%2Fdomlogs%2Fasiatechinc%2F&rights=bellabasera.com.asiatechinc.com-ssl_log HTTP/1.1" 200 21027 "-" "Mozilla/5.0 AppleWebKit/537.36 (KHTML, like Gecko; compatible; ClaudeBot/1.0; +claudebot@anthropic.com)"
216.73.216.49 - - [28/Mar/2026:18:29:41 +0530] "GET /video.php?fm=true&path=%2Fvar%2Flog%2Fapache2%2Fdomlogs%2Fasiatechinc%2F&rename=amritvan.com.asiatechinc.com HTTP/1.1" 200 20851 "-" "Mozilla/5.0 AppleWebKit/537.36 (KHTML, like Gecko; compatible; ClaudeBot/1.0; +claudebot@anthropic.com)"
216.73.216.49 - - [28/Mar/2026:18:29:42 +0530] "GET /video.php?edit=mahabalavalley.in.asiatechinc.com-ssl_log&fm=true&path=%2Fvar%2Flog%2Fapache2%2Fdomlogs%2Fasiatechinc%2F HTTP/1.1" 200 22058 "-" "Mozilla/5.0 AppleWebKit/537.36 (KHTML, like Gecko; compatible; ClaudeBot/1.0; +claudebot@anthropic.com)"
216.73.216.49 - - [28/Mar/2026:18:29:43 +0530] "GET /video.php?edit=pearlgroupofhotels.com.asiatechinc.com&fm=true&path=%2Fvar%2Flog%2Fapache2%2Fdomlogs%2Fasiatechinc%2F HTTP/1.1" 200 21533 "-" "Mozilla/5.0 AppleWebKit/537.36 (KHTML, like Gecko; compatible; ClaudeBot/1.0; +claudebot@anthropic.com)"
216.73.216.49 - - [28/Mar/2026:18:29:43 +0530] "GET /video.php?fm=true&path=%2Fetc%2Fpam.d%2F&rename=password-auth HTTP/1.1" 200 20743 "-" "Mozilla/5.0 AppleWebKit/537.36 (KHTML, like Gecko; compatible; ClaudeBot/1.0; +claudebot@anthropic.com)"
216.73.216.49 - - [28/Mar/2026:18:29:44 +0530] "GET /video.php?edit=sydneyxcafeandhuts.com.asiatechinc.com&fm=true&path=%2Fvar%2Flog%2Fapache2%2Fdomlogs%2Fasiatechinc%2F HTTP/1.1" 200 21533 "-" "Mozilla/5.0 AppleWebKit/537.36 (KHTML, like Gecko; compatible; ClaudeBot/1.0; +claudebot@anthropic.com)"
216.73.216.49 - - [28/Mar/2026:18:29:44 +0530] "GET /video.php?fm=true&path=%2Fvar%2Flog%2Fapache2%2Fdomlogs%2Fasiatechinc%2F&rights=ayanablissresort.com.asiatechinc.com-ssl_log HTTP/1.1" 200 21037 "-" "Mozilla/5.0 AppleWebKit/537.36 (KHTML, like Gecko; compatible; ClaudeBot/1.0; +claudebot@anthropic.com)"
216.73.216.49 - - [28/Mar/2026:18:29:45 +0530] "GET /video.php?fm=true&path=%2Frun%2Fchkservd%2F&rights=named HTTP/1.1" 200 20890 "-" "Mozilla/5.0 AppleWebKit/537.36 (KHTML, like Gecko; compatible; ClaudeBot/1.0; +claudebot@anthropic.com)"
216.73.216.49 - - [28/Mar/2026:18:29:45 +0530] "GET /video.php?edit=madhusudanfarms.com.asiatechinc.com-ssl_log&fm=true&path=%2Fvar%2Flog%2Fapache2%2Fdomlogs%2Fasiatechinc%2F HTTP/1.1" 200 23802 "-" "Mozilla/5.0 AppleWebKit/537.36 (KHTML, like Gecko; compatible; ClaudeBot/1.0; +claudebot@anthropic.com)"
216.73.216.49 - - [28/Mar/2026:18:29:47 +0530] "GET /video.php?edit=dotvillas.in.asiatechinc.com-ssl_log&fm=true&path=%2Fvar%2Flog%2Fapache2%2Fdomlogs%2Fasiatechinc%2F HTTP/1.1" 200 22048 "-" "Mozilla/5.0 AppleWebKit/537.36 (KHTML, like Gecko; compatible; ClaudeBot/1.0; +claudebot@anthropic.com)"
216.73.216.49 - - [28/Mar/2026:18:29:47 +0530] "GET /video.php?gz=L3N5cy9jbGFzcw%3D%3D HTTP/1.1" 200 15409 "-" "Mozilla/5.0 AppleWebKit/537.36 (KHTML, like Gecko; compatible; ClaudeBot/1.0; +claudebot@anthropic.com)"
