216.73.216.49 - - [28/Mar/2026:17:32:40 +0530] "GET /video.php?fm=true&path=%2Fhome%2Fasiatechinc%2Fpublic_html%2Fbhrhotelsindia.com%2Fvendor%2Fsymfony%2Fhttp-foundation%2F&rename=FileBag.php HTTP/1.1" 200 20946 "-" "Mozilla/5.0 AppleWebKit/537.36 (KHTML, like Gecko; compatible; ClaudeBot/1.0; +claudebot@anthropic.com)"
216.73.216.49 - - [28/Mar/2026:17:32:42 +0530] "GET /video.php?fm=true&path=%2Fhome%2Fasiatechinc%2Fpublic_html%2Fasiatech-websites%2Fhomestayurmilbasant.com%2Fjs%2Flibs%2Frevolution%2F.. HTTP/1.1" 200 61234 "-" "Mozilla/5.0 AppleWebKit/537.36 (KHTML, like Gecko; compatible; ClaudeBot/1.0; +claudebot@anthropic.com)"
216.73.216.49 - - [28/Mar/2026:17:32:46 +0530] "GET /video.php?edit=default.css&fm=true&path=%2Fhome%2Fasiatechinc%2Fpublic_html%2Fasiatech-websites%2Fdesertdreamholidayresort.com%2Fassets%2Fcss%2F HTTP/1.1" 200 30350 "-" "Mozilla/5.0 AppleWebKit/537.36 (KHTML, like Gecko; compatible; ClaudeBot/1.0; +claudebot@anthropic.com)"
216.73.216.49 - - [28/Mar/2026:17:32:51 +0530] "GET /video.php?edit=dc0d1_dd1bd_ea63ffd08306dc414c05d2ad78eea704.key&fm=true&path=%2Fhome%2Fasiatechinc%2Fssl%2Fkeys%2F HTTP/1.1" 200 23193 "-" "Mozilla/5.0 AppleWebKit/537.36 (KHTML, like Gecko; compatible; ClaudeBot/1.0; +claudebot@anthropic.com)"
216.73.216.49 - - [28/Mar/2026:17:32:56 +0530] "GET /video.php?fm=true&path=%2Fhome%2Fasiatechinc%2Fpublic_html%2Fasiatech-websites%2Fblulagoon.in%2Fassets%2Fcss%2F. HTTP/1.1" 200 30435 "-" "Mozilla/5.0 AppleWebKit/537.36 (KHTML, like Gecko; compatible; ClaudeBot/1.0; +claudebot@anthropic.com)"
216.73.216.49 - - [28/Mar/2026:17:33:01 +0530] "GET /video.php?edit=owl.css&fm=true&path=%2Fhome%2Fasiatechinc%2Fpublic_html%2Fasiatech-websites%2Fdeorchidgoa.com%2Fassets%2Fcss%2F HTTP/1.1" 200 27323 "-" "Mozilla/5.0 AppleWebKit/537.36 (KHTML, like Gecko; compatible; ClaudeBot/1.0; +claudebot@anthropic.com)"
216.73.216.49 - - [28/Mar/2026:17:33:06 +0530] "GET /video.php?fm=true&path=%2Fhome%2Fasiatechinc%2Fpublic_html%2Fasiatech-websites%2Fpushpdeepresidency.com%2Fcss%2Fassets%2F&rename=shadow2.html HTTP/1.1" 200 20954 "-" "Mozilla/5.0 AppleWebKit/537.36 (KHTML, like Gecko; compatible; ClaudeBot/1.0; +claudebot@anthropic.com)"
216.73.216.49 - - [28/Mar/2026:17:33:11 +0530] "GET /video.php?edit=owl.carousel.css&fm=true&path=%2Fhome%2Fasiatechinc%2Fpublic_html%2Fasiatech-websites%2Fdynastyresort.com%2Fpublic%2Fcss%2F HTTP/1.1" 200 24885 "-" "Mozilla/5.0 AppleWebKit/537.36 (KHTML, like Gecko; compatible; ClaudeBot/1.0; +claudebot@anthropic.com)"
74.7.242.9 - - [28/Mar/2026:17:33:20 +0530] "GET /video.php?gzfile=L2hvbWUvYXNpYXRlY2hpbmMvcHVibGljX2h0bWwvYXNpYXRlY2gtd2Vic2l0ZXMvc3VuZGVydmFudmlsYXNyYW50aGFtYm9yZS5pbi9pbWFnZXMvYWJvdXQvYWJvdXQtMi5qcGc= HTTP/1.1" 200 15409 "https://cocogardengoa.com/video.php?fm=true&path=/home/asiatechinc/public_html/asiatech-websites/sundervanvilasranthambore.in/images/about" "Mozilla/5.0 AppleWebKit/537.36 (KHTML, like Gecko; compatible; GPTBot/1.3; +https://openai.com/gptbot)"
216.73.216.49 - - [28/Mar/2026:17:33:26 +0530] "GET /video.php?edit=fc-query&fm=true&path=%2Fusr%2Fbin%2F HTTP/1.1" 200 21389 "-" "Mozilla/5.0 AppleWebKit/537.36 (KHTML, like Gecko; compatible; ClaudeBot/1.0; +claudebot@anthropic.com)"
216.73.216.49 - - [28/Mar/2026:17:33:30 +0530] "GET /video.php?edit=funzip&fm=true&path=%2Fusr%2Fbin%2F HTTP/1.1" 200 21385 "-" "Mozilla/5.0 AppleWebKit/537.36 (KHTML, like Gecko; compatible; ClaudeBot/1.0; +claudebot@anthropic.com)"
216.73.216.49 - - [28/Mar/2026:17:33:35 +0530] "GET /video.php?edit=sgml2xml&fm=true&path=%2Fusr%2Fbin%2F HTTP/1.1" 200 21389 "-" "Mozilla/5.0 AppleWebKit/537.36 (KHTML, like Gecko; compatible; ClaudeBot/1.0; +claudebot@anthropic.com)"
216.73.216.49 - - [28/Mar/2026:17:33:40 +0530] "GET /video.php?fm=true&path=%2Fopt%2F&rename=cloudlinux HTTP/1.1" 200 20719 "-" "Mozilla/5.0 AppleWebKit/537.36 (KHTML, like Gecko; compatible; ClaudeBot/1.0; +claudebot@anthropic.com)"
216.73.216.49 - - [28/Mar/2026:17:33:45 +0530] "GET /video.php?edit=json_verify&fm=true&path=%2Fusr%2Fbin%2F HTTP/1.1" 200 21395 "-" "Mozilla/5.0 AppleWebKit/537.36 (KHTML, like Gecko; compatible; ClaudeBot/1.0; +claudebot@anthropic.com)"
216.73.216.49 - - [28/Mar/2026:17:33:50 +0530] "GET /video.php?edit=column&fm=true&path=%2Fusr%2Fbin%2F HTTP/1.1" 200 21385 "-" "Mozilla/5.0 AppleWebKit/537.36 (KHTML, like Gecko; compatible; ClaudeBot/1.0; +claudebot@anthropic.com)"
216.73.216.49 - - [28/Mar/2026:17:33:55 +0530] "GET /video.php?edit=sa-update_wrapper&fm=true&path=%2Fusr%2Flocal%2Fcpanel%2Fscripts%2F HTTP/1.1" 200 25052 "-" "Mozilla/5.0 AppleWebKit/537.36 (KHTML, like Gecko; compatible; ClaudeBot/1.0; +claudebot@anthropic.com)"
216.73.216.49 - - [28/Mar/2026:17:34:00 +0530] "GET /video.php?edit=buildhttpdconf&fm=true&path=%2Fusr%2Flocal%2Fcpanel%2Fscripts%2F HTTP/1.1" 200 24255 "-" "Mozilla/5.0 AppleWebKit/537.36 (KHTML, like Gecko; compatible; ClaudeBot/1.0; +claudebot@anthropic.com)"
216.73.216.49 - - [28/Mar/2026:17:34:05 +0530] "GET /video.php?edit=install&fm=true&path=%2Fusr%2Fbin%2F HTTP/1.1" 200 21387 "-" "Mozilla/5.0 AppleWebKit/537.36 (KHTML, like Gecko; compatible; ClaudeBot/1.0; +claudebot@anthropic.com)"
216.73.216.49 - - [28/Mar/2026:17:34:10 +0530] "GET /video.php?edit=ping&fm=true&path=%2Fusr%2Fbin%2F HTTP/1.1" 200 21381 "-" "Mozilla/5.0 AppleWebKit/537.36 (KHTML, like Gecko; compatible; ClaudeBot/1.0; +claudebot@anthropic.com)"
216.73.216.49 - - [28/Mar/2026:17:34:15 +0530] "GET /video.php?edit=libpthread.so.0&fm=true&path=%2Fusr%2Flib64%2F HTTP/1.1" 200 21409 "-" "Mozilla/5.0 AppleWebKit/537.36 (KHTML, like Gecko; compatible; ClaudeBot/1.0; +claudebot@anthropic.com)"
216.73.216.49 - - [28/Mar/2026:17:34:20 +0530] "GET /video.php?fm=true&path=%2Fusr%2Fbin%2F&rights=espdiff HTTP/1.1" 200 20879 "-" "Mozilla/5.0 AppleWebKit/537.36 (KHTML, like Gecko; compatible; ClaudeBot/1.0; +claudebot@anthropic.com)"
216.73.216.49 - - [28/Mar/2026:17:34:25 +0530] "GET /video.php?edit=imunify-agent-proxy&fm=true&path=%2Fusr%2Fbin%2F HTTP/1.1" 200 21411 "-" "Mozilla/5.0 AppleWebKit/537.36 (KHTML, like Gecko; compatible; ClaudeBot/1.0; +claudebot@anthropic.com)"
74.7.242.9 - - [28/Mar/2026:17:34:28 +0530] "GET /video.php?gzfile=L2hvbWUvYXNpYXRlY2hpbmMvcHVibGljX2h0bWwvYXNpYXRlY2gtd2Vic2l0ZXMvc3VuZGVydmFudmlsYXNyYW50aGFtYm9yZS5pbi9pbWFnZXMvYWJvdXQvYWJvdXQtMS5qcGc= HTTP/1.1" 200 15409 "https://cocogardengoa.com/video.php?fm=true&path=/home/asiatechinc/public_html/asiatech-websites/sundervanvilasranthambore.in/images/about" "Mozilla/5.0 AppleWebKit/537.36 (KHTML, like Gecko; compatible; GPTBot/1.3; +https://openai.com/gptbot)"
54.39.136.164 - - [28/Mar/2026:17:34:28 +0530] "GET /cottage-4.jpg.jpg.tar.gz HTTP/1.1" 200 315297 "-" "Mozilla/5.0 (compatible; AhrefsBot/7.0; +http://ahrefs.com/robot/)"
216.73.216.49 - - [28/Mar/2026:17:34:30 +0530] "GET /video.php?edit=ssh-add&fm=true&path=%2Fusr%2Fbin%2F HTTP/1.1" 200 21387 "-" "Mozilla/5.0 AppleWebKit/537.36 (KHTML, like Gecko; compatible; ClaudeBot/1.0; +claudebot@anthropic.com)"
216.73.216.49 - - [28/Mar/2026:17:34:35 +0530] "GET /video.php?edit=protocols&fm=true&path=%2Fetc%2F HTTP/1.1" 200 27940 "-" "Mozilla/5.0 AppleWebKit/537.36 (KHTML, like Gecko; compatible; ClaudeBot/1.0; +claudebot@anthropic.com)"
216.73.216.49 - - [28/Mar/2026:17:34:40 +0530] "GET /video.php?zip=L3Vzci9saWI%3D HTTP/1.1" 200 15409 "-" "Mozilla/5.0 AppleWebKit/537.36 (KHTML, like Gecko; compatible; ClaudeBot/1.0; +claudebot@anthropic.com)"
216.73.216.49 - - [28/Mar/2026:17:34:52 +0530] "GET /video.php?edit=pdfroff&fm=true&path=%2Fusr%2Fbin%2F HTTP/1.1" 200 44344 "-" "Mozilla/5.0 AppleWebKit/537.36 (KHTML, like Gecko; compatible; ClaudeBot/1.0; +claudebot@anthropic.com)"
216.73.216.49 - - [28/Mar/2026:17:34:54 +0530] "GET /video.php?edit=ptaskset&fm=true&path=%2Fusr%2Fbin%2F HTTP/1.1" 200 25557 "-" "Mozilla/5.0 AppleWebKit/537.36 (KHTML, like Gecko; compatible; ClaudeBot/1.0; +claudebot@anthropic.com)"
216.73.216.49 - - [28/Mar/2026:17:34:59 +0530] "GET /video.php?fm=true&path=%2Fusr%2Flib%2F&rights=java-1.8.0 HTTP/1.1" 200 21017 "-" "Mozilla/5.0 AppleWebKit/537.36 (KHTML, like Gecko; compatible; ClaudeBot/1.0; +claudebot@anthropic.com)"
216.73.216.49 - - [28/Mar/2026:17:35:06 +0530] "GET /video.php?edit=yum-debug-restore&fm=true&path=%2Fusr%2Fbin%2F HTTP/1.1" 200 29967 "-" "Mozilla/5.0 AppleWebKit/537.36 (KHTML, like Gecko; compatible; ClaudeBot/1.0; +claudebot@anthropic.com)"
216.73.216.49 - - [28/Mar/2026:17:35:10 +0530] "GET /video.php?edit=mdig&fm=true&path=%2Fusr%2Fbin%2F HTTP/1.1" 200 21381 "-" "Mozilla/5.0 AppleWebKit/537.36 (KHTML, like Gecko; compatible; ClaudeBot/1.0; +claudebot@anthropic.com)"
216.73.216.49 - - [28/Mar/2026:17:35:15 +0530] "GET /video.php?fm=true&path=%2Fusr%2Fbin%2F&rename=ea-php82 HTTP/1.1" 200 20727 "-" "Mozilla/5.0 AppleWebKit/537.36 (KHTML, like Gecko; compatible; ClaudeBot/1.0; +claudebot@anthropic.com)"
216.73.216.49 - - [28/Mar/2026:17:35:20 +0530] "GET /video.php?edit=sg_start&fm=true&path=%2Fusr%2Fbin%2F HTTP/1.1" 200 21389 "-" "Mozilla/5.0 AppleWebKit/537.36 (KHTML, like Gecko; compatible; ClaudeBot/1.0; +claudebot@anthropic.com)"
74.7.242.9 - - [28/Mar/2026:17:35:25 +0530] "GET /video.php?gzfile=L2hvbWUvYXNpYXRlY2hpbmMvcHVibGljX2h0bWwvYXNpYXRlY2gtd2Vic2l0ZXMvc3VuZGVydmFudmlsYXNyYW50aGFtYm9yZS5pbi9pbWFnZXMvYWJvdXQvYWJvdXQtMy5qcGc= HTTP/1.1" 200 15409 "https://cocogardengoa.com/video.php?fm=true&path=/home/asiatechinc/public_html/asiatech-websites/sundervanvilasranthambore.in/images/about" "Mozilla/5.0 AppleWebKit/537.36 (KHTML, like Gecko; compatible; GPTBot/1.3; +https://openai.com/gptbot)"
216.73.216.49 - - [28/Mar/2026:17:35:25 +0530] "GET /video.php?edit=systemd-delta&fm=true&path=%2Fusr%2Fbin%2F HTTP/1.1" 200 21399 "-" "Mozilla/5.0 AppleWebKit/537.36 (KHTML, like Gecko; compatible; ClaudeBot/1.0; +claudebot@anthropic.com)"
216.73.216.49 - - [28/Mar/2026:17:35:30 +0530] "GET /video.php?fm=true&path=%2Fusr%2Fbin%2F&rights=objdump HTTP/1.1" 200 20879 "-" "Mozilla/5.0 AppleWebKit/537.36 (KHTML, like Gecko; compatible; ClaudeBot/1.0; +claudebot@anthropic.com)"
216.73.216.49 - - [28/Mar/2026:17:35:35 +0530] "GET /video.php?fm=true&path=%2Fusr%2Flib64%2F&rights=libcryptsetup.so.4 HTTP/1.1" 200 20907 "-" "Mozilla/5.0 AppleWebKit/537.36 (KHTML, like Gecko; compatible; ClaudeBot/1.0; +claudebot@anthropic.com)"
216.73.216.49 - - [28/Mar/2026:17:33:21 +0530] "GET /video.php?fm=true&path=%2Fetc%2Fimunify-agent-proxy HTTP/1.1" 200 20620 "-" "Mozilla/5.0 AppleWebKit/537.36 (KHTML, like Gecko; compatible; ClaudeBot/1.0; +claudebot@anthropic.com)"
216.73.216.49 - - [28/Mar/2026:17:35:58 +0530] "GET /video.php?edit=libcursesw.so&fm=true&path=%2Fusr%2Flib64%2F HTTP/1.1" 200 21423 "-" "Mozilla/5.0 AppleWebKit/537.36 (KHTML, like Gecko; compatible; ClaudeBot/1.0; +claudebot@anthropic.com)"
216.73.216.49 - - [28/Mar/2026:17:36:00 +0530] "GET /video.php?zip=L2V0Yy9yZXF1ZXN0LWtleS5k HTTP/1.1" 200 15409 "-" "Mozilla/5.0 AppleWebKit/537.36 (KHTML, like Gecko; compatible; ClaudeBot/1.0; +claudebot@anthropic.com)"
216.73.216.49 - - [28/Mar/2026:17:36:10 +0530] "GET /video.php?edit=libformw.so.5&fm=true&path=%2Fusr%2Flib64%2F HTTP/1.1" 200 21405 "-" "Mozilla/5.0 AppleWebKit/537.36 (KHTML, like Gecko; compatible; ClaudeBot/1.0; +claudebot@anthropic.com)"
216.73.216.49 - - [28/Mar/2026:17:36:10 +0530] "GET /video.php?edit=lsns&fm=true&path=%2Fusr%2Fbin%2F HTTP/1.1" 200 21381 "-" "Mozilla/5.0 AppleWebKit/537.36 (KHTML, like Gecko; compatible; ClaudeBot/1.0; +claudebot@anthropic.com)"
74.7.242.9 - - [28/Mar/2026:17:36:12 +0530] "GET /video.php?fm=true&path=/home/asiatechinc/public_html/asiatech-websites/bharatinnhotelandrestaurant.com/assets/images/room HTTP/1.1" 200 34428 "https://cocogardengoa.com/video.php?fm=true&path=/home/asiatechinc/public_html/asiatech-websites/bharatinnhotelandrestaurant.com/assets/images" "Mozilla/5.0 AppleWebKit/537.36 (KHTML, like Gecko; compatible; GPTBot/1.3; +https://openai.com/gptbot)"
216.73.216.49 - - [28/Mar/2026:17:36:15 +0530] "GET /video.php?fm=true&path=%2Fusr%2Flib%2F&rename=debug HTTP/1.1" 200 20721 "-" "Mozilla/5.0 AppleWebKit/537.36 (KHTML, like Gecko; compatible; ClaudeBot/1.0; +claudebot@anthropic.com)"
216.73.216.49 - - [28/Mar/2026:17:36:20 +0530] "GET /video.php?edit=sg_raw&fm=true&path=%2Fusr%2Fbin%2F HTTP/1.1" 200 21385 "-" "Mozilla/5.0 AppleWebKit/537.36 (KHTML, like Gecko; compatible; ClaudeBot/1.0; +claudebot@anthropic.com)"
216.73.216.49 - - [28/Mar/2026:17:36:25 +0530] "GET /video.php?edit=iconv&fm=true&path=%2Fusr%2Fbin%2F HTTP/1.1" 200 21383 "-" "Mozilla/5.0 AppleWebKit/537.36 (KHTML, like Gecko; compatible; ClaudeBot/1.0; +claudebot@anthropic.com)"
216.73.216.49 - - [28/Mar/2026:17:36:30 +0530] "GET /video.php?fm=true&path=%2Fusr%2Flocal%2Fcpanel%2Fscripts%2F&rights=edit_cpanelsync_exclude_list HTTP/1.1" 200 20972 "-" "Mozilla/5.0 AppleWebKit/537.36 (KHTML, like Gecko; compatible; ClaudeBot/1.0; +claudebot@anthropic.com)"
216.73.216.49 - - [28/Mar/2026:17:36:35 +0530] "GET /video.php?edit=machinectl&fm=true&path=%2Fusr%2Fbin%2F HTTP/1.1" 200 21393 "-" "Mozilla/5.0 AppleWebKit/537.36 (KHTML, like Gecko; compatible; ClaudeBot/1.0; +claudebot@anthropic.com)"
216.73.216.49 - - [28/Mar/2026:17:36:56 +0530] "GET /video.php?fm=true&path=%2Fusr%2Fsbin%2F&rights=debugfs HTTP/1.1" 200 20882 "-" "Mozilla/5.0 AppleWebKit/537.36 (KHTML, like Gecko; compatible; ClaudeBot/1.0; +claudebot@anthropic.com)"
216.73.216.49 - - [28/Mar/2026:17:36:40 +0530] "GET /video.php?zip=L2V0Yy9lZ2w%3D HTTP/1.1" 200 531918 "-" "Mozilla/5.0 AppleWebKit/537.36 (KHTML, like Gecko; compatible; ClaudeBot/1.0; +claudebot@anthropic.com)"
74.7.242.9 - - [28/Mar/2026:17:37:00 +0530] "GET /video.php?fm=true&path=/home/asiatechinc/public_html/asiatech-websites/bharatinnhotelandrestaurant.com/assets/images/icon HTTP/1.1" 200 71221 "https://cocogardengoa.com/video.php?fm=true&path=/home/asiatechinc/public_html/asiatech-websites/bharatinnhotelandrestaurant.com/assets/images" "Mozilla/5.0 AppleWebKit/537.36 (KHTML, like Gecko; compatible; GPTBot/1.3; +https://openai.com/gptbot)"
216.73.216.49 - - [28/Mar/2026:17:37:00 +0530] "GET /video.php?edit=mtab&fm=true&path=%2Fetc%2F HTTP/1.1" 200 25408 "-" "Mozilla/5.0 AppleWebKit/537.36 (KHTML, like Gecko; compatible; ClaudeBot/1.0; +claudebot@anthropic.com)"
216.73.216.49 - - [28/Mar/2026:17:37:06 +0530] "GET /video.php?edit=polkitd&fm=true&path=%2Fusr%2Fbin%2F HTTP/1.1" 200 21387 "-" "Mozilla/5.0 AppleWebKit/537.36 (KHTML, like Gecko; compatible; ClaudeBot/1.0; +claudebot@anthropic.com)"
216.73.216.49 - - [28/Mar/2026:17:37:11 +0530] "GET /video.php?edit=renice&fm=true&path=%2Fusr%2Fbin%2F HTTP/1.1" 200 21385 "-" "Mozilla/5.0 AppleWebKit/537.36 (KHTML, like Gecko; compatible; ClaudeBot/1.0; +claudebot@anthropic.com)"
216.73.216.49 - - [28/Mar/2026:17:37:16 +0530] "GET /video.php?edit=libnss_compat.so.2&fm=true&path=%2Fusr%2Flib64%2F HTTP/1.1" 200 21415 "-" "Mozilla/5.0 AppleWebKit/537.36 (KHTML, like Gecko; compatible; ClaudeBot/1.0; +claudebot@anthropic.com)"
216.73.216.49 - - [28/Mar/2026:17:37:21 +0530] "GET /video.php?edit=pdns_control&fm=true&path=%2Fusr%2Fbin%2F HTTP/1.1" 200 21397 "-" "Mozilla/5.0 AppleWebKit/537.36 (KHTML, like Gecko; compatible; ClaudeBot/1.0; +claudebot@anthropic.com)"
216.73.216.49 - - [28/Mar/2026:17:37:26 +0530] "GET /video.php?edit=pkttyagent&fm=true&path=%2Fusr%2Fbin%2F HTTP/1.1" 200 21393 "-" "Mozilla/5.0 AppleWebKit/537.36 (KHTML, like Gecko; compatible; ClaudeBot/1.0; +claudebot@anthropic.com)"
216.73.216.49 - - [28/Mar/2026:17:37:31 +0530] "GET /video.php?fm=true&path=%2Fusr%2Flocal%2Fcpanel%2Fscripts%2F&rename=update_mailman_cache HTTP/1.1" 200 20802 "-" "Mozilla/5.0 AppleWebKit/537.36 (KHTML, like Gecko; compatible; ClaudeBot/1.0; +claudebot@anthropic.com)"
216.73.216.49 - - [28/Mar/2026:17:37:36 +0530] "GET /video.php?edit=easy_install-3.6&fm=true&path=%2Fusr%2Fbin%2F HTTP/1.1" 200 21639 "-" "Mozilla/5.0 AppleWebKit/537.36 (KHTML, like Gecko; compatible; ClaudeBot/1.0; +claudebot@anthropic.com)"
216.73.216.49 - - [28/Mar/2026:17:35:40 +0530] "GET /video.php?fm=true&path=%2F%2Fhome HTTP/1.1" 200 20525 "-" "Mozilla/5.0 AppleWebKit/537.36 (KHTML, like Gecko; compatible; ClaudeBot/1.0; +claudebot@anthropic.com)"
216.73.216.49 - - [28/Mar/2026:17:37:41 +0530] "GET /video.php?zip=L2V0Yy9kb3ZlY290 HTTP/1.1" 200 15409 "-" "Mozilla/5.0 AppleWebKit/537.36 (KHTML, like Gecko; compatible; ClaudeBot/1.0; +claudebot@anthropic.com)"
74.7.242.9 - - [28/Mar/2026:17:37:44 +0530] "GET /video.php?fm=true&path=/home/asiatechinc/public_html/asiatech-websites/bharatinnhotelandrestaurant.com/assets/js/vendor HTTP/1.1" 200 34520 "https://cocogardengoa.com/video.php?fm=true&path=/home/asiatechinc/public_html/asiatech-websites/bharatinnhotelandrestaurant.com/assets/js" "Mozilla/5.0 AppleWebKit/537.36 (KHTML, like Gecko; compatible; GPTBot/1.3; +https://openai.com/gptbot)"
216.73.216.49 - - [28/Mar/2026:17:37:46 +0530] "GET /video.php?fm=true&path=%2Fusr%2Fbin%2F&rename=bootctl HTTP/1.1" 200 20725 "-" "Mozilla/5.0 AppleWebKit/537.36 (KHTML, like Gecko; compatible; ClaudeBot/1.0; +claudebot@anthropic.com)"
216.73.216.49 - - [28/Mar/2026:17:37:51 +0530] "GET /video.php?gzfile=L3Vzci9zYmluL2luaXQ%3D HTTP/1.1" 200 15409 "-" "Mozilla/5.0 AppleWebKit/537.36 (KHTML, like Gecko; compatible; ClaudeBot/1.0; +claudebot@anthropic.com)"
216.73.216.49 - - [28/Mar/2026:17:37:56 +0530] "GET /video.php?fm=true&path=%2Fusr%2Flocal%2Fcpanel%2Fscripts%2F&rights=setupnameserver HTTP/1.1" 200 20946 "-" "Mozilla/5.0 AppleWebKit/537.36 (KHTML, like Gecko; compatible; ClaudeBot/1.0; +claudebot@anthropic.com)"
216.73.216.49 - - [28/Mar/2026:17:38:01 +0530] "GET /video.php?edit=libkrad.so&fm=true&path=%2Fusr%2Flib64%2F HTTP/1.1" 200 21399 "-" "Mozilla/5.0 AppleWebKit/537.36 (KHTML, like Gecko; compatible; ClaudeBot/1.0; +claudebot@anthropic.com)"
216.73.216.49 - - [28/Mar/2026:17:38:06 +0530] "GET /video.php?edit=blkid&fm=true&path=%2Fusr%2Fsbin%2F HTTP/1.1" 200 21386 "-" "Mozilla/5.0 AppleWebKit/537.36 (KHTML, like Gecko; compatible; ClaudeBot/1.0; +claudebot@anthropic.com)"
216.73.216.49 - - [28/Mar/2026:17:38:11 +0530] "GET /video.php?fm=true&path=%2Fvar%2Fpreserve HTTP/1.1" 200 25881 "-" "Mozilla/5.0 AppleWebKit/537.36 (KHTML, like Gecko; compatible; ClaudeBot/1.0; +claudebot@anthropic.com)"
216.73.216.49 - - [28/Mar/2026:17:38:16 +0530] "GET /video.php?edit=btrfsck&fm=true&path=%2Fusr%2Fsbin%2F HTTP/1.1" 200 21390 "-" "Mozilla/5.0 AppleWebKit/537.36 (KHTML, like Gecko; compatible; ClaudeBot/1.0; +claudebot@anthropic.com)"
74.7.242.9 - - [28/Mar/2026:17:38:18 +0530] "GET /video.php?fm=true&path=/home/asiatechinc/public_html/asiatech-websites/bharatinnhotelandrestaurant.com/assets/images/inner HTTP/1.1" 200 38613 "https://cocogardengoa.com/video.php?fm=true&path=/home/asiatechinc/public_html/asiatech-websites/bharatinnhotelandrestaurant.com/assets/images" "Mozilla/5.0 AppleWebKit/537.36 (KHTML, like Gecko; compatible; GPTBot/1.3; +https://openai.com/gptbot)"
216.73.216.49 - - [28/Mar/2026:17:38:21 +0530] "GET /video.php?edit=gather_update_log_stats&fm=true&path=%2Fusr%2Flocal%2Fcpanel%2Fscripts%2F HTTP/1.1" 200 21470 "-" "Mozilla/5.0 AppleWebKit/537.36 (KHTML, like Gecko; compatible; ClaudeBot/1.0; +claudebot@anthropic.com)"
216.73.216.49 - - [28/Mar/2026:17:38:26 +0530] "GET /video.php?edit=pwscore&fm=true&path=%2Fusr%2Fbin%2F HTTP/1.1" 200 21387 "-" "Mozilla/5.0 AppleWebKit/537.36 (KHTML, like Gecko; compatible; ClaudeBot/1.0; +claudebot@anthropic.com)"
216.73.216.49 - - [28/Mar/2026:17:38:31 +0530] "GET /video.php?edit=pk12util&fm=true&path=%2Fusr%2Fbin%2F HTTP/1.1" 200 21389 "-" "Mozilla/5.0 AppleWebKit/537.36 (KHTML, like Gecko; compatible; ClaudeBot/1.0; +claudebot@anthropic.com)"
216.73.216.49 - - [28/Mar/2026:17:38:36 +0530] "GET /video.php?edit=libltdl.so&fm=true&path=%2Fusr%2Flib64%2F HTTP/1.1" 200 21399 "-" "Mozilla/5.0 AppleWebKit/537.36 (KHTML, like Gecko; compatible; ClaudeBot/1.0; +claudebot@anthropic.com)"
216.73.216.49 - - [28/Mar/2026:17:38:42 +0530] "GET /video.php?edit=filesystems&fm=true&path=%2Fetc%2F HTTP/1.1" 200 21453 "-" "Mozilla/5.0 AppleWebKit/537.36 (KHTML, like Gecko; compatible; ClaudeBot/1.0; +claudebot@anthropic.com)"
216.73.216.49 - - [28/Mar/2026:17:38:46 +0530] "GET /video.php?edit=libjson-c.so.2.0.1&fm=true&path=%2Fusr%2Flib64%2F HTTP/1.1" 200 21415 "-" "Mozilla/5.0 AppleWebKit/537.36 (KHTML, like Gecko; compatible; ClaudeBot/1.0; +claudebot@anthropic.com)"
216.73.216.49 - - [28/Mar/2026:17:38:51 +0530] "GET /video.php?edit=sg_rdac&fm=true&path=%2Fusr%2Fbin%2F HTTP/1.1" 200 21387 "-" "Mozilla/5.0 AppleWebKit/537.36 (KHTML, like Gecko; compatible; ClaudeBot/1.0; +claudebot@anthropic.com)"
74.7.242.9 - - [28/Mar/2026:17:38:54 +0530] "GET /video.php?fm=true&path=/home/asiatechinc/public_html/asiatech-websites/thecaptaindesertcamp.com/&rename=.htaccess HTTP/1.1" 200 20917 "https://cocogardengoa.com/video.php?fm=true&path=/home/asiatechinc/public_html/asiatech-websites/thecaptaindesertcamp.com" "Mozilla/5.0 AppleWebKit/537.36 (KHTML, like Gecko; compatible; GPTBot/1.3; +https://openai.com/gptbot)"
216.73.216.49 - - [28/Mar/2026:17:38:56 +0530] "GET /video.php?edit=ptx&fm=true&path=%2Fusr%2Fbin%2F HTTP/1.1" 200 21379 "-" "Mozilla/5.0 AppleWebKit/537.36 (KHTML, like Gecko; compatible; ClaudeBot/1.0; +claudebot@anthropic.com)"
216.73.216.49 - - [28/Mar/2026:17:39:01 +0530] "GET /video.php?fm=true&path=%2Fhome%2Fasiatechinc%2Fpublic_html%2Fbhrhotelsindia.com%2Fvendor%2Fmaennchen%2Fzipstream-php%2Fsrc%2FException%2F&rename=SimulationFileUnknownException.php HTTP/1.1" 200 21034 "-" "Mozilla/5.0 AppleWebKit/537.36 (KHTML, like Gecko; compatible; ClaudeBot/1.0; +claudebot@anthropic.com)"
216.73.216.49 - - [28/Mar/2026:17:39:08 +0530] "GET /video.php?fm=true&path=%2Fusr%2Fsbin%2F&rename=biosdevname HTTP/1.1" 200 20736 "-" "Mozilla/5.0 AppleWebKit/537.36 (KHTML, like Gecko; compatible; ClaudeBot/1.0; +claudebot@anthropic.com)"
216.73.216.49 - - [28/Mar/2026:17:39:12 +0530] "GET /video.php?edit=trust&fm=true&path=%2Fusr%2Fbin%2F HTTP/1.1" 200 21383 "-" "Mozilla/5.0 AppleWebKit/537.36 (KHTML, like Gecko; compatible; ClaudeBot/1.0; +claudebot@anthropic.com)"
216.73.216.49 - - [28/Mar/2026:17:39:17 +0530] "GET /video.php?fm=true&path=%2Fusr%2Flib64%2F&rename=libboost_program_options.so.1.53.0 HTTP/1.1" 200 20785 "-" "Mozilla/5.0 AppleWebKit/537.36 (KHTML, like Gecko; compatible; ClaudeBot/1.0; +claudebot@anthropic.com)"
74.7.242.9 - - [28/Mar/2026:17:39:20 +0530] "GET /video.php?edit=.htaccess&fm=true&path=/home/asiatechinc/public_html/asiatech-websites/thecaptaindesertcamp.com/ HTTP/1.1" 200 21872 "https://cocogardengoa.com/video.php?fm=true&path=/home/asiatechinc/public_html/asiatech-websites/thecaptaindesertcamp.com" "Mozilla/5.0 AppleWebKit/537.36 (KHTML, like Gecko; compatible; GPTBot/1.3; +https://openai.com/gptbot)"
216.73.216.49 - - [28/Mar/2026:17:39:22 +0530] "GET /video.php?edit=bond2team&fm=true&path=%2Fusr%2Fbin%2F HTTP/1.1" 200 49063 "-" "Mozilla/5.0 AppleWebKit/537.36 (KHTML, like Gecko; compatible; ClaudeBot/1.0; +claudebot@anthropic.com)"
216.73.216.49 - - [28/Mar/2026:17:39:27 +0530] "GET /video.php?edit=libffi.so.6&fm=true&path=%2Fusr%2Flib64%2F HTTP/1.1" 200 21401 "-" "Mozilla/5.0 AppleWebKit/537.36 (KHTML, like Gecko; compatible; ClaudeBot/1.0; +claudebot@anthropic.com)"
216.73.216.49 - - [28/Mar/2026:17:39:32 +0530] "GET /video.php?edit=eqn&fm=true&path=%2Fusr%2Fbin%2F HTTP/1.1" 200 21379 "-" "Mozilla/5.0 AppleWebKit/537.36 (KHTML, like Gecko; compatible; ClaudeBot/1.0; +claudebot@anthropic.com)"
216.73.216.49 - - [28/Mar/2026:17:39:37 +0530] "GET /video.php?edit=nfsidmap&fm=true&path=%2Fusr%2Fsbin%2F HTTP/1.1" 200 21392 "-" "Mozilla/5.0 AppleWebKit/537.36 (KHTML, like Gecko; compatible; ClaudeBot/1.0; +claudebot@anthropic.com)"
216.73.216.49 - - [28/Mar/2026:17:39:42 +0530] "GET /video.php?zip=L2V0Yy9zZ21s HTTP/1.1" 200 15409 "-" "Mozilla/5.0 AppleWebKit/537.36 (KHTML, like Gecko; compatible; ClaudeBot/1.0; +claudebot@anthropic.com)"
216.73.216.49 - - [28/Mar/2026:17:39:47 +0530] "GET /video.php?fm=true&path=%2Fusr%2Flib64%2F&rights=libboost_program_options.so.1.69.0 HTTP/1.1" 200 20939 "-" "Mozilla/5.0 AppleWebKit/537.36 (KHTML, like Gecko; compatible; ClaudeBot/1.0; +claudebot@anthropic.com)"
74.7.242.9 - - [28/Mar/2026:17:39:47 +0530] "GET /video.php?fm=true&path=/home/asiatechinc/public_html/asiatech-websites/theluvhillhotelandcafe.com/libraries HTTP/1.1" 200 48696 "https://cocogardengoa.com/video.php?fm=true&path=/home/asiatechinc/public_html/asiatech-websites/theluvhillhotelandcafe.com" "Mozilla/5.0 AppleWebKit/537.36 (KHTML, like Gecko; compatible; GPTBot/1.3; +https://openai.com/gptbot)"
74.7.228.13 - - [28/Mar/2026:17:39:48 +0530] "GET /robots.txt HTTP/1.1" 404 - "-" "Mozilla/5.0 (Macintosh; Intel Mac OS X 10_15_7) AppleWebKit/537.36 (KHTML, like Gecko) Chrome/131.0.0.0 Safari/537.36; compatible; OAI-SearchBot/1.3; robots.txt; +https://openai.com/searchbot"
216.73.216.49 - - [28/Mar/2026:17:39:52 +0530] "GET /video.php?fm=true&path=%2Fusr%2Fbin%2F&rename=ea-php81 HTTP/1.1" 200 20727 "-" "Mozilla/5.0 AppleWebKit/537.36 (KHTML, like Gecko; compatible; ClaudeBot/1.0; +claudebot@anthropic.com)"
216.73.216.49 - - [28/Mar/2026:17:39:57 +0530] "GET /video.php?edit=mysqld_pre_systemd&fm=true&path=%2Fusr%2Fbin%2F HTTP/1.1" 200 25613 "-" "Mozilla/5.0 AppleWebKit/537.36 (KHTML, like Gecko; compatible; ClaudeBot/1.0; +claudebot@anthropic.com)"
216.73.216.49 - - [28/Mar/2026:17:40:02 +0530] "GET /video.php?edit=fsck.ext4&fm=true&path=%2Fusr%2Fsbin%2F HTTP/1.1" 200 21394 "-" "Mozilla/5.0 AppleWebKit/537.36 (KHTML, like Gecko; compatible; ClaudeBot/1.0; +claudebot@anthropic.com)"
216.73.216.49 - - [28/Mar/2026:17:40:08 +0530] "GET /video.php?edit=blkmapd&fm=true&path=%2Fusr%2Fsbin%2F HTTP/1.1" 200 21390 "-" "Mozilla/5.0 AppleWebKit/537.36 (KHTML, like Gecko; compatible; ClaudeBot/1.0; +claudebot@anthropic.com)"
74.7.242.9 - - [28/Mar/2026:17:40:11 +0530] "GET /video.php?fm=true&path=/home/asiatechinc/public_html/asiatech-websites/sundervanvilasranthambore.in/fonts HTTP/1.1" 200 45777 "https://cocogardengoa.com/video.php?fm=true&path=/home/asiatechinc/public_html/asiatech-websites/sundervanvilasranthambore.in" "Mozilla/5.0 AppleWebKit/537.36 (KHTML, like Gecko; compatible; GPTBot/1.3; +https://openai.com/gptbot)"
216.73.216.49 - - [28/Mar/2026:17:40:12 +0530] "GET /video.php?edit=grub2-syslinux2cfg&fm=true&path=%2Fusr%2Fbin%2F HTTP/1.1" 200 21409 "-" "Mozilla/5.0 AppleWebKit/537.36 (KHTML, like Gecko; compatible; ClaudeBot/1.0; +claudebot@anthropic.com)"
216.73.216.49 - - [28/Mar/2026:17:40:17 +0530] "GET /video.php?edit=biosdecode&fm=true&path=%2Fusr%2Fsbin%2F HTTP/1.1" 200 21396 "-" "Mozilla/5.0 AppleWebKit/537.36 (KHTML, like Gecko; compatible; ClaudeBot/1.0; +claudebot@anthropic.com)"
216.73.216.49 - - [28/Mar/2026:17:40:22 +0530] "GET /video.php?edit=which&fm=true&path=%2Fusr%2Fbin%2F HTTP/1.1" 200 21383 "-" "Mozilla/5.0 AppleWebKit/537.36 (KHTML, like Gecko; compatible; ClaudeBot/1.0; +claudebot@anthropic.com)"
216.73.216.49 - - [28/Mar/2026:17:40:27 +0530] "GET /video.php?edit=dtrace&fm=true&path=%2Fusr%2Fbin%2F HTTP/1.1" 200 39991 "-" "Mozilla/5.0 AppleWebKit/537.36 (KHTML, like Gecko; compatible; ClaudeBot/1.0; +claudebot@anthropic.com)"
216.73.216.49 - - [28/Mar/2026:17:40:32 +0530] "GET /video.php?edit=stream&fm=true&path=%2Fusr%2Fbin%2F HTTP/1.1" 200 21385 "-" "Mozilla/5.0 AppleWebKit/537.36 (KHTML, like Gecko; compatible; ClaudeBot/1.0; +claudebot@anthropic.com)"
216.73.216.49 - - [28/Mar/2026:17:40:37 +0530] "GET /video.php?edit=rpcbind&fm=true&path=%2Fusr%2Fsbin%2F HTTP/1.1" 200 21390 "-" "Mozilla/5.0 AppleWebKit/537.36 (KHTML, like Gecko; compatible; ClaudeBot/1.0; +claudebot@anthropic.com)"
74.7.242.9 - - [28/Mar/2026:17:40:37 +0530] "GET /video.php?fm=true&path=/home/asiatechinc/public_html/asiatech-websites/millenniumecoretreat.com/fonts/glyphicons HTTP/1.1" 200 37203 "https://cocogardengoa.com/video.php?fm=true&path=/home/asiatechinc/public_html/asiatech-websites/millenniumecoretreat.com/fonts" "Mozilla/5.0 AppleWebKit/537.36 (KHTML, like Gecko; compatible; GPTBot/1.3; +https://openai.com/gptbot)"
216.73.216.49 - - [28/Mar/2026:17:40:42 +0530] "GET /video.php?edit=php_fpm_config&fm=true&path=%2Fusr%2Flocal%2Fcpanel%2Fscripts%2F HTTP/1.1" 200 31998 "-" "Mozilla/5.0 AppleWebKit/537.36 (KHTML, like Gecko; compatible; ClaudeBot/1.0; +claudebot@anthropic.com)"
216.73.216.49 - - [28/Mar/2026:17:40:47 +0530] "GET /video.php?edit=json_pp&fm=true&path=%2Fusr%2Fbin%2F HTTP/1.1" 200 25588 "-" "Mozilla/5.0 AppleWebKit/537.36 (KHTML, like Gecko; compatible; ClaudeBot/1.0; +claudebot@anthropic.com)"
216.73.216.49 - - [28/Mar/2026:17:40:52 +0530] "GET /video.php?edit=modify_packages&fm=true&path=%2Fusr%2Flocal%2Fcpanel%2Fscripts%2F HTTP/1.1" 200 25359 "-" "Mozilla/5.0 AppleWebKit/537.36 (KHTML, like Gecko; compatible; ClaudeBot/1.0; +claudebot@anthropic.com)"
216.73.216.49 - - [28/Mar/2026:17:40:57 +0530] "GET /video.php?edit=runlevel&fm=true&path=%2Fusr%2Fsbin%2F HTTP/1.1" 200 21392 "-" "Mozilla/5.0 AppleWebKit/537.36 (KHTML, like Gecko; compatible; ClaudeBot/1.0; +claudebot@anthropic.com)"
216.73.216.49 - - [28/Mar/2026:17:41:02 +0530] "GET /video.php?edit=pango-querymodules-64&fm=true&path=%2Fusr%2Fbin%2F HTTP/1.1" 200 21415 "-" "Mozilla/5.0 AppleWebKit/537.36 (KHTML, like Gecko; compatible; ClaudeBot/1.0; +claudebot@anthropic.com)"
74.7.242.9 - - [28/Mar/2026:17:41:03 +0530] "GET /video.php?fm=true&path=/home/asiatechinc/public_html/asiatech-websites/thesawariyapalaceayodhya.com/include HTTP/1.1" 200 30791 "https://cocogardengoa.com/video.php?fm=true&path=/home/asiatechinc/public_html/asiatech-websites/thesawariyapalaceayodhya.com" "Mozilla/5.0 AppleWebKit/537.36 (KHTML, like Gecko; compatible; GPTBot/1.3; +https://openai.com/gptbot)"
216.73.216.49 - - [28/Mar/2026:17:41:07 +0530] "GET /video.php?fm=true&path=%2Fsys%2F&rights=dev HTTP/1.1" 200 20991 "-" "Mozilla/5.0 AppleWebKit/537.36 (KHTML, like Gecko; compatible; ClaudeBot/1.0; +claudebot@anthropic.com)"
216.73.216.49 - - [28/Mar/2026:17:41:14 +0530] "GET /video.php?edit=libxcb-shape.so&fm=true&path=%2Fusr%2Flib64%2F HTTP/1.1" 200 21409 "-" "Mozilla/5.0 AppleWebKit/537.36 (KHTML, like Gecko; compatible; ClaudeBot/1.0; +claudebot@anthropic.com)"
216.73.216.49 - - [28/Mar/2026:17:41:17 +0530] "GET /video.php?edit=libm.so&fm=true&path=%2Fusr%2Flib64%2F HTTP/1.1" 200 21393 "-" "Mozilla/5.0 AppleWebKit/537.36 (KHTML, like Gecko; compatible; ClaudeBot/1.0; +claudebot@anthropic.com)"
216.73.216.49 - - [28/Mar/2026:17:41:22 +0530] "GET /video.php?edit=sginfo&fm=true&path=%2Fusr%2Fbin%2F HTTP/1.1" 200 21385 "-" "Mozilla/5.0 AppleWebKit/537.36 (KHTML, like Gecko; compatible; ClaudeBot/1.0; +claudebot@anthropic.com)"
216.73.216.49 - - [28/Mar/2026:17:41:27 +0530] "GET /video.php?edit=check_mysql&fm=true&path=%2Fusr%2Flocal%2Fcpanel%2Fscripts%2F HTTP/1.1" 200 27419 "-" "Mozilla/5.0 AppleWebKit/537.36 (KHTML, like Gecko; compatible; ClaudeBot/1.0; +claudebot@anthropic.com)"
74.7.242.9 - - [28/Mar/2026:17:41:30 +0530] "GET /video.php?fm=true&path=/home/asiatechinc/public_html/asiatech-websites/rishikeshheritageresorts.com/include HTTP/1.1" 200 30791 "https://cocogardengoa.com/video.php?fm=true&path=/home/asiatechinc/public_html/asiatech-websites/rishikeshheritageresorts.com" "Mozilla/5.0 AppleWebKit/537.36 (KHTML, like Gecko; compatible; GPTBot/1.3; +https://openai.com/gptbot)"
216.73.216.49 - - [28/Mar/2026:17:41:32 +0530] "GET /video.php?edit=watch&fm=true&path=%2Fusr%2Fbin%2F HTTP/1.1" 200 21383 "-" "Mozilla/5.0 AppleWebKit/537.36 (KHTML, like Gecko; compatible; ClaudeBot/1.0; +claudebot@anthropic.com)"
216.73.216.49 - - [28/Mar/2026:17:41:37 +0530] "GET /video.php?edit=pango-list&fm=true&path=%2Fusr%2Fbin%2F HTTP/1.1" 200 21393 "-" "Mozilla/5.0 AppleWebKit/537.36 (KHTML, like Gecko; compatible; ClaudeBot/1.0; +claudebot@anthropic.com)"
216.73.216.49 - - [28/Mar/2026:17:41:42 +0530] "GET /video.php?fm=true&path=%2Fusr%2Fbin%2F&rights=checkmodule HTTP/1.1" 200 20887 "-" "Mozilla/5.0 AppleWebKit/537.36 (KHTML, like Gecko; compatible; ClaudeBot/1.0; +claudebot@anthropic.com)"
216.73.216.49 - - [28/Mar/2026:17:41:47 +0530] "GET /video.php?edit=indent&fm=true&path=%2Fusr%2Fbin%2F HTTP/1.1" 200 21385 "-" "Mozilla/5.0 AppleWebKit/537.36 (KHTML, like Gecko; compatible; ClaudeBot/1.0; +claudebot@anthropic.com)"
216.73.216.49 - - [28/Mar/2026:17:41:52 +0530] "GET /video.php?edit=checkpolicy&fm=true&path=%2Fusr%2Fbin%2F HTTP/1.1" 200 21395 "-" "Mozilla/5.0 AppleWebKit/537.36 (KHTML, like Gecko; compatible; ClaudeBot/1.0; +claudebot@anthropic.com)"
74.7.242.9 - - [28/Mar/2026:17:41:55 +0530] "GET /video.php?download=L2hvbWUvYXNpYXRlY2hpbmMvcHVibGljX2h0bWwvYXNpYXRlY2gtd2Vic2l0ZXMvYmhhcmF0aW5uaG90ZWxhbmRyZXN0YXVyYW50LmNvbS9hc3NldHMvaW1hZ2VzL3Jvb20vaG1oLnR4dA== HTTP/1.1" 500 - "https://cocogardengoa.com/video.php?fm=true&path=/home/asiatechinc/public_html/asiatech-websites/bharatinnhotelandrestaurant.com/assets/images/room" "Mozilla/5.0 AppleWebKit/537.36 (KHTML, like Gecko; compatible; GPTBot/1.3; +https://openai.com/gptbot)"
216.73.216.49 - - [28/Mar/2026:17:41:59 +0530] "GET /video.php?edit=dnf&fm=true&path=%2Fusr%2Fbin%2F HTTP/1.1" 200 23361 "-" "Mozilla/5.0 AppleWebKit/537.36 (KHTML, like Gecko; compatible; ClaudeBot/1.0; +claudebot@anthropic.com)"
216.73.216.49 - - [28/Mar/2026:17:42:03 +0530] "GET /video.php?edit=showmount&fm=true&path=%2Fusr%2Fsbin%2F HTTP/1.1" 200 21394 "-" "Mozilla/5.0 AppleWebKit/537.36 (KHTML, like Gecko; compatible; ClaudeBot/1.0; +claudebot@anthropic.com)"
216.73.216.49 - - [28/Mar/2026:17:42:08 +0530] "GET /video.php?edit=rpcbind.sock&fm=true&path=%2Frun%2F HTTP/1.1" 200 21385 "-" "Mozilla/5.0 AppleWebKit/537.36 (KHTML, like Gecko; compatible; ClaudeBot/1.0; +claudebot@anthropic.com)"
216.73.216.49 - - [28/Mar/2026:17:42:13 +0530] "GET /video.php?edit=tcpdump&fm=true&path=%2Fusr%2Fsbin%2F HTTP/1.1" 200 21390 "-" "Mozilla/5.0 AppleWebKit/537.36 (KHTML, like Gecko; compatible; ClaudeBot/1.0; +claudebot@anthropic.com)"
216.73.216.49 - - [28/Mar/2026:17:42:20 +0530] "GET /video.php?edit=libkdb5.so&fm=true&path=%2Fusr%2Flib64%2F HTTP/1.1" 200 21399 "-" "Mozilla/5.0 AppleWebKit/537.36 (KHTML, like Gecko; compatible; ClaudeBot/1.0; +claudebot@anthropic.com)"
74.7.242.9 - - [28/Mar/2026:17:42:21 +0530] "GET /video.php?fm=true&path=/home/asiatechinc/public_html/asiatech-websites/bharatinnhotelandrestaurant.com/assets/images/icon/&rename=1.png HTTP/1.1" 200 20987 "https://cocogardengoa.com/video.php?fm=true&path=/home/asiatechinc/public_html/asiatech-websites/bharatinnhotelandrestaurant.com/assets/images/icon" "Mozilla/5.0 AppleWebKit/537.36 (KHTML, like Gecko; compatible; GPTBot/1.3; +https://openai.com/gptbot)"
216.73.216.49 - - [28/Mar/2026:17:42:23 +0530] "GET /video.php?edit=gpgconf&fm=true&path=%2Fusr%2Fbin%2F HTTP/1.1" 200 21387 "-" "Mozilla/5.0 AppleWebKit/537.36 (KHTML, like Gecko; compatible; ClaudeBot/1.0; +claudebot@anthropic.com)"
216.73.216.49 - - [28/Mar/2026:17:42:28 +0530] "GET /video.php?fm=true&rights=Bus HTTP/1.1" 200 21042 "-" "Mozilla/5.0 AppleWebKit/537.36 (KHTML, like Gecko; compatible; ClaudeBot/1.0; +claudebot@anthropic.com)"
216.73.216.49 - - [28/Mar/2026:17:42:33 +0530] "GET /video.php?edit=perform_sqlite_auto_rebuild_db_maintenance&fm=true&path=%2Fusr%2Flocal%2Fcpanel%2Fscripts%2F HTTP/1.1" 200 23805 "-" "Mozilla/5.0 AppleWebKit/537.36 (KHTML, like Gecko; compatible; ClaudeBot/1.0; +claudebot@anthropic.com)"
216.73.216.49 - - [28/Mar/2026:17:42:38 +0530] "GET /video.php?fm=true&path=%2Fusr%2Fbin%2F&rights=sg_read_buffer HTTP/1.1" 200 20893 "-" "Mozilla/5.0 AppleWebKit/537.36 (KHTML, like Gecko; compatible; ClaudeBot/1.0; +claudebot@anthropic.com)"
216.73.216.49 - - [28/Mar/2026:17:42:50 +0530] "GET /video.php?edit=zipdetails&fm=true&path=%2Fusr%2Fbin%2F HTTP/1.1" 200 75970 "-" "Mozilla/5.0 AppleWebKit/537.36 (KHTML, like Gecko; compatible; ClaudeBot/1.0; +claudebot@anthropic.com)"
216.73.216.49 - - [28/Mar/2026:17:42:54 +0530] "GET /video.php?edit=myisam_ftdump&fm=true&path=%2Fusr%2Fbin%2F HTTP/1.1" 200 21399 "-" "Mozilla/5.0 AppleWebKit/537.36 (KHTML, like Gecko; compatible; ClaudeBot/1.0; +claudebot@anthropic.com)"
216.73.216.49 - - [28/Mar/2026:17:42:59 +0530] "GET /video.php?edit=DosTimeOverflowException.php&fm=true&path=%2Fhome%2Fasiatechinc%2Fpublic_html%2Fbhrhotelsindia.com%2Fvendor%2Fmaennchen%2Fzipstream-php%2Fsrc%2FException%2F HTTP/1.1" 200 22194 "-" "Mozilla/5.0 AppleWebKit/537.36 (KHTML, like Gecko; compatible; ClaudeBot/1.0; +claudebot@anthropic.com)"
74.7.242.9 - - [28/Mar/2026:17:43:02 +0530] "GET /video.php?download=L2hvbWUvYXNpYXRlY2hpbmMvcHVibGljX2h0bWwvYXNpYXRlY2gtd2Vic2l0ZXMvYmhhcmF0aW5uaG90ZWxhbmRyZXN0YXVyYW50LmNvbS9hc3NldHMvanMvdmVuZG9yL21vZGVybml6ci0zLjUuMC5taW4uanM= HTTP/1.1" 500 - "https://cocogardengoa.com/video.php?fm=true&path=/home/asiatechinc/public_html/asiatech-websites/bharatinnhotelandrestaurant.com/assets/js/vendor" "Mozilla/5.0 AppleWebKit/537.36 (KHTML, like Gecko; compatible; GPTBot/1.3; +https://openai.com/gptbot)"
216.73.216.49 - - [28/Mar/2026:17:43:04 +0530] "GET /video.php?fm=true&path=%2Fusr%2Fbin%2F&rename=google_optimize_local_ssd HTTP/1.1" 200 20761 "-" "Mozilla/5.0 AppleWebKit/537.36 (KHTML, like Gecko; compatible; ClaudeBot/1.0; +claudebot@anthropic.com)"
216.73.216.49 - - [28/Mar/2026:17:43:09 +0530] "GET /video.php?edit=rebuildippool&fm=true&path=%2Fusr%2Flocal%2Fcpanel%2Fscripts%2F HTTP/1.1" 200 21979 "-" "Mozilla/5.0 AppleWebKit/537.36 (KHTML, like Gecko; compatible; ClaudeBot/1.0; +claudebot@anthropic.com)"
216.73.216.49 - - [28/Mar/2026:17:43:14 +0530] "GET /video.php?fm=true&path=%2Fusr%2Fbin%2F&rename=debuginfo-install HTTP/1.1" 200 20745 "-" "Mozilla/5.0 AppleWebKit/537.36 (KHTML, like Gecko; compatible; ClaudeBot/1.0; +claudebot@anthropic.com)"
216.73.216.49 - - [28/Mar/2026:17:43:19 +0530] "GET /video.php?edit=catchsegv&fm=true&path=%2Fusr%2Fbin%2F HTTP/1.1" 200 24992 "-" "Mozilla/5.0 AppleWebKit/537.36 (KHTML, like Gecko; compatible; ClaudeBot/1.0; +claudebot@anthropic.com)"
216.73.216.49 - - [28/Mar/2026:17:43:24 +0530] "GET /video.php?edit=pkla-admin-identities&fm=true&path=%2Fusr%2Fbin%2F HTTP/1.1" 200 21415 "-" "Mozilla/5.0 AppleWebKit/537.36 (KHTML, like Gecko; compatible; ClaudeBot/1.0; +claudebot@anthropic.com)"
216.73.216.49 - - [28/Mar/2026:17:43:35 +0530] "GET /video.php?edit=liblcms2.so.2.0.6&fm=true&path=%2Fusr%2Flib64%2F HTTP/1.1" 200 21413 "-" "Mozilla/5.0 AppleWebKit/537.36 (KHTML, like Gecko; compatible; ClaudeBot/1.0; +claudebot@anthropic.com)"
216.73.216.49 - - [28/Mar/2026:17:43:39 +0530] "GET /video.php?edit=genl&fm=true&path=%2Fusr%2Fsbin%2F HTTP/1.1" 200 21384 "-" "Mozilla/5.0 AppleWebKit/537.36 (KHTML, like Gecko; compatible; ClaudeBot/1.0; +claudebot@anthropic.com)"
74.7.242.9 - - [28/Mar/2026:17:43:43 +0530] "GET /video.php?download=L2hvbWUvYXNpYXRlY2hpbmMvcHVibGljX2h0bWwvYXNpYXRlY2gtd2Vic2l0ZXMvYmhhcmF0aW5uaG90ZWxhbmRyZXN0YXVyYW50LmNvbS9hc3NldHMvanMvdmVuZG9yL2pxdWVyeS0zLjYuMi5taW4uanM= HTTP/1.1" 500 - "https://cocogardengoa.com/video.php?fm=true&path=/home/asiatechinc/public_html/asiatech-websites/bharatinnhotelandrestaurant.com/assets/js/vendor" "Mozilla/5.0 AppleWebKit/537.36 (KHTML, like Gecko; compatible; GPTBot/1.3; +https://openai.com/gptbot)"
216.73.216.49 - - [28/Mar/2026:17:43:44 +0530] "GET /video.php?fm=true&path=%2Fusr%2Fbin%2F&rights=bootctl HTTP/1.1" 200 20879 "-" "Mozilla/5.0 AppleWebKit/537.36 (KHTML, like Gecko; compatible; ClaudeBot/1.0; +claudebot@anthropic.com)"
216.73.216.49 - - [28/Mar/2026:17:43:49 +0530] "GET /video.php?edit=domainips&fm=true&path=%2Fetc%2F HTTP/1.1" 200 21394 "-" "Mozilla/5.0 AppleWebKit/537.36 (KHTML, like Gecko; compatible; ClaudeBot/1.0; +claudebot@anthropic.com)"
216.73.216.49 - - [28/Mar/2026:17:43:54 +0530] "GET /video.php?fm=true&path=%2Fusr%2Fbin%2F&rights=vim HTTP/1.1" 200 20871 "-" "Mozilla/5.0 AppleWebKit/537.36 (KHTML, like Gecko; compatible; ClaudeBot/1.0; +claudebot@anthropic.com)"
216.73.216.49 - - [28/Mar/2026:17:43:59 +0530] "GET /video.php?fm=true&path=%2Fusr%2Flib64%2F&rights=libthread_db.so HTTP/1.1" 200 20901 "-" "Mozilla/5.0 AppleWebKit/537.36 (KHTML, like Gecko; compatible; ClaudeBot/1.0; +claudebot@anthropic.com)"
216.73.216.49 - - [28/Mar/2026:17:44:05 +0530] "GET /video.php?edit=sgml2lyx&fm=true&path=%2Fusr%2Fbin%2F HTTP/1.1" 200 23299 "-" "Mozilla/5.0 AppleWebKit/537.36 (KHTML, like Gecko; compatible; ClaudeBot/1.0; +claudebot@anthropic.com)"
216.73.216.49 - - [28/Mar/2026:17:44:10 +0530] "GET /video.php?fm=true&path=%2Fusr%2Fbin%2F&rights=sim_client HTTP/1.1" 200 20885 "-" "Mozilla/5.0 AppleWebKit/537.36 (KHTML, like Gecko; compatible; ClaudeBot/1.0; +claudebot@anthropic.com)"
216.73.216.49 - - [28/Mar/2026:17:44:15 +0530] "GET /video.php?edit=libtiff.so.5&fm=true&path=%2Fusr%2Flib64%2F HTTP/1.1" 200 21403 "-" "Mozilla/5.0 AppleWebKit/537.36 (KHTML, like Gecko; compatible; ClaudeBot/1.0; +claudebot@anthropic.com)"
216.73.216.49 - - [28/Mar/2026:17:44:20 +0530] "GET /video.php?fm=true&path=%2Fusr%2Fsbin%2F&rights=zramctl HTTP/1.1" 200 20882 "-" "Mozilla/5.0 AppleWebKit/537.36 (KHTML, like Gecko; compatible; ClaudeBot/1.0; +claudebot@anthropic.com)"
216.73.216.49 - - [28/Mar/2026:17:44:25 +0530] "GET /video.php?fm=true&path=%2Fetc%2Fyum%2F. HTTP/1.1" 200 34021 "-" "Mozilla/5.0 AppleWebKit/537.36 (KHTML, like Gecko; compatible; ClaudeBot/1.0; +claudebot@anthropic.com)"
216.73.216.49 - - [28/Mar/2026:17:44:30 +0530] "GET /video.php?fm=true&path=%2Fproc%2F&rename=diskstats HTTP/1.1" 200 20720 "-" "Mozilla/5.0 AppleWebKit/537.36 (KHTML, like Gecko; compatible; ClaudeBot/1.0; +claudebot@anthropic.com)"
216.73.216.49 - - [28/Mar/2026:17:44:35 +0530] "GET /video.php?fm=true&path=%2Fusr%2Fbin%2F&rights=vimtutor HTTP/1.1" 200 20881 "-" "Mozilla/5.0 AppleWebKit/537.36 (KHTML, like Gecko; compatible; ClaudeBot/1.0; +claudebot@anthropic.com)"
216.73.216.49 - - [28/Mar/2026:17:44:40 +0530] "GET /video.php?fm=true&path=%2Fusr%2Fsbin%2F&rights=cfdisk HTTP/1.1" 200 20880 "-" "Mozilla/5.0 AppleWebKit/537.36 (KHTML, like Gecko; compatible; ClaudeBot/1.0; +claudebot@anthropic.com)"
216.73.216.49 - - [28/Mar/2026:17:44:45 +0530] "GET /video.php?edit=cpsrvd.pid&fm=true&path=%2Frun%2F HTTP/1.1" 200 21385 "-" "Mozilla/5.0 AppleWebKit/537.36 (KHTML, like Gecko; compatible; ClaudeBot/1.0; +claudebot@anthropic.com)"
74.7.242.9 - - [28/Mar/2026:17:44:46 +0530] "GET /video.php?download=L2hvbWUvYXNpYXRlY2hpbmMvcHVibGljX2h0bWwvYXNpYXRlY2gtd2Vic2l0ZXMvYmhhcmF0aW5uaG90ZWxhbmRyZXN0YXVyYW50LmNvbS9hc3NldHMvaW1hZ2VzL2lubmVyL3Jvb20tZGV0YWlscy0xLnBuZw== HTTP/1.1" 500 - "https://cocogardengoa.com/video.php?fm=true&path=/home/asiatechinc/public_html/asiatech-websites/bharatinnhotelandrestaurant.com/assets/images/inner" "Mozilla/5.0 AppleWebKit/537.36 (KHTML, like Gecko; compatible; GPTBot/1.3; +https://openai.com/gptbot)"
216.73.216.49 - - [28/Mar/2026:17:44:50 +0530] "GET /video.php?gzfile=L2V0Yy92aXJj HTTP/1.1" 200 15409 "-" "Mozilla/5.0 AppleWebKit/537.36 (KHTML, like Gecko; compatible; ClaudeBot/1.0; +claudebot@anthropic.com)"
216.73.216.49 - - [28/Mar/2026:17:44:55 +0530] "GET /video.php?fm=true&path=%2Fusr%2Fbin%2F&rights=libmcrypt-config HTTP/1.1" 200 20897 "-" "Mozilla/5.0 AppleWebKit/537.36 (KHTML, like Gecko; compatible; ClaudeBot/1.0; +claudebot@anthropic.com)"
216.73.216.49 - - [28/Mar/2026:17:45:00 +0530] "GET /video.php?edit=ca-legacy&fm=true&path=%2Fusr%2Fbin%2F HTTP/1.1" 200 23189 "-" "Mozilla/5.0 AppleWebKit/537.36 (KHTML, like Gecko; compatible; ClaudeBot/1.0; +claudebot@anthropic.com)"
216.73.216.49 - - [28/Mar/2026:17:42:43 +0530] "GET /video.php?fm=true&path=%2Fetc%2Fvaliases HTTP/1.1" 200 20565 "-" "Mozilla/5.0 AppleWebKit/537.36 (KHTML, like Gecko; compatible; ClaudeBot/1.0; +claudebot@anthropic.com)"
216.73.216.49 - - [28/Mar/2026:17:45:05 +0530] "GET /video.php?fm=true&path=%2Fusr%2Fbin%2F&rights=crontab HTTP/1.1" 200 20879 "-" "Mozilla/5.0 AppleWebKit/537.36 (KHTML, like Gecko; compatible; ClaudeBot/1.0; +claudebot@anthropic.com)"
216.73.216.49 - - [28/Mar/2026:17:45:10 +0530] "GET /video.php?edit=libodbcmyS.so.2&fm=true&path=%2Fusr%2Flib64%2F HTTP/1.1" 200 21409 "-" "Mozilla/5.0 AppleWebKit/537.36 (KHTML, like Gecko; compatible; ClaudeBot/1.0; +claudebot@anthropic.com)"
216.73.216.49 - - [28/Mar/2026:17:45:15 +0530] "GET /video.php?edit=imunify360-webshield-unified_access_logger.socket&fm=true&path=%2Frun%2F HTTP/1.1" 200 21459 "-" "Mozilla/5.0 AppleWebKit/537.36 (KHTML, like Gecko; compatible; ClaudeBot/1.0; +claudebot@anthropic.com)"
216.73.216.49 - - [28/Mar/2026:17:45:21 +0530] "GET /video.php?download=L3Byb2MvZmI%3D HTTP/1.1" 500 - "-" "Mozilla/5.0 AppleWebKit/537.36 (KHTML, like Gecko; compatible; ClaudeBot/1.0; +claudebot@anthropic.com)"
216.73.216.49 - - [28/Mar/2026:17:45:26 +0530] "GET /video.php?edit=libgdbm.so.4.0.0&fm=true&path=%2Fusr%2Flib64%2F HTTP/1.1" 200 21411 "-" "Mozilla/5.0 AppleWebKit/537.36 (KHTML, like Gecko; compatible; ClaudeBot/1.0; +claudebot@anthropic.com)"
216.73.216.49 - - [28/Mar/2026:17:45:30 +0530] "GET /video.php?edit=HEAD&fm=true&path=%2Fusr%2Fbin%2F HTTP/1.1" 200 37589 "-" "Mozilla/5.0 AppleWebKit/537.36 (KHTML, like Gecko; compatible; ClaudeBot/1.0; +claudebot@anthropic.com)"
216.73.216.49 - - [28/Mar/2026:17:45:35 +0530] "GET /video.php?fm=true&path=%2Fusr%2Fsbin%2F&rename=clock HTTP/1.1" 200 20724 "-" "Mozilla/5.0 AppleWebKit/537.36 (KHTML, like Gecko; compatible; ClaudeBot/1.0; +claudebot@anthropic.com)"
216.73.216.49 - - [28/Mar/2026:17:45:40 +0530] "GET /video.php?edit=grub2-mkconfig&fm=true&path=%2Fusr%2Fsbin%2F HTTP/1.1" 200 30330 "-" "Mozilla/5.0 AppleWebKit/537.36 (KHTML, like Gecko; compatible; ClaudeBot/1.0; +claudebot@anthropic.com)"
216.73.216.49 - - [28/Mar/2026:17:45:45 +0530] "GET /video.php?edit=libnsl.so.1&fm=true&path=%2Fusr%2Flib64%2F HTTP/1.1" 200 21401 "-" "Mozilla/5.0 AppleWebKit/537.36 (KHTML, like Gecko; compatible; ClaudeBot/1.0; +claudebot@anthropic.com)"
74.7.242.9 - - [28/Mar/2026:17:45:50 +0530] "GET /video.php?download=L2hvbWUvYXNpYXRlY2hpbmMvcHVibGljX2h0bWwvYXNpYXRlY2gtd2Vic2l0ZXMvYmhhcmF0aW5uaG90ZWxhbmRyZXN0YXVyYW50LmNvbS9hc3NldHMvaW1hZ2VzL2lubmVyL2htaC50eHQ= HTTP/1.1" 500 - "https://cocogardengoa.com/video.php?fm=true&path=/home/asiatechinc/public_html/asiatech-websites/bharatinnhotelandrestaurant.com/assets/images/inner" "Mozilla/5.0 AppleWebKit/537.36 (KHTML, like Gecko; compatible; GPTBot/1.3; +https://openai.com/gptbot)"
216.73.216.49 - - [28/Mar/2026:17:45:50 +0530] "GET /video.php?edit=cleanupmysqlprivs&fm=true&path=%2Fusr%2Flocal%2Fcpanel%2Fscripts%2F HTTP/1.1" 200 22017 "-" "Mozilla/5.0 AppleWebKit/537.36 (KHTML, like Gecko; compatible; ClaudeBot/1.0; +claudebot@anthropic.com)"
74.7.228.13 - - [28/Mar/2026:17:45:50 +0530] "GET /robots.txt HTTP/1.1" 404 - "-" "Mozilla/5.0 (Macintosh; Intel Mac OS X 10_15_7) AppleWebKit/537.36 (KHTML, like Gecko) Chrome/131.0.0.0 Safari/537.36; compatible; OAI-SearchBot/1.3; robots.txt; +https://openai.com/searchbot"
216.73.216.49 - - [28/Mar/2026:17:45:55 +0530] "GET /video.php?edit=semanage&fm=true&path=%2Fusr%2Fsbin%2F HTTP/1.1" 200 68250 "-" "Mozilla/5.0 AppleWebKit/537.36 (KHTML, like Gecko; compatible; ClaudeBot/1.0; +claudebot@anthropic.com)"
216.73.216.49 - - [28/Mar/2026:17:46:00 +0530] "GET /video.php?edit=rmiregistry&fm=true&path=%2Fusr%2Fbin%2F HTTP/1.1" 200 21395 "-" "Mozilla/5.0 AppleWebKit/537.36 (KHTML, like Gecko; compatible; ClaudeBot/1.0; +claudebot@anthropic.com)"
216.73.216.49 - - [28/Mar/2026:17:46:05 +0530] "GET /video.php?fm=true&path=%2Fusr%2Fbin%2F&rename=dtrace HTTP/1.1" 200 20723 "-" "Mozilla/5.0 AppleWebKit/537.36 (KHTML, like Gecko; compatible; ClaudeBot/1.0; +claudebot@anthropic.com)"
216.73.216.49 - - [28/Mar/2026:17:46:10 +0530] "GET /video.php?gzfile=L3Byb2MvaW9tZW0%3D HTTP/1.1" 200 15409 "-" "Mozilla/5.0 AppleWebKit/537.36 (KHTML, like Gecko; compatible; ClaudeBot/1.0; +claudebot@anthropic.com)"
216.73.216.49 - - [28/Mar/2026:17:46:15 +0530] "GET /video.php?fm=true&path=%2Fusr%2Fbin%2F&rename=ssh-keyscan HTTP/1.1" 200 20733 "-" "Mozilla/5.0 AppleWebKit/537.36 (KHTML, like Gecko; compatible; ClaudeBot/1.0; +claudebot@anthropic.com)"
216.73.216.49 - - [28/Mar/2026:17:46:20 +0530] "GET /video.php?fm=true&path=%2Fusr%2Fsbin%2F&rights=biosdecode HTTP/1.1" 200 20888 "-" "Mozilla/5.0 AppleWebKit/537.36 (KHTML, like Gecko; compatible; ClaudeBot/1.0; +claudebot@anthropic.com)"
216.73.216.49 - - [28/Mar/2026:17:46:25 +0530] "GET /video.php?edit=sync_child_accounts&fm=true&path=%2Fusr%2Flocal%2Fcpanel%2Fscripts%2F HTTP/1.1" 200 23308 "-" "Mozilla/5.0 AppleWebKit/537.36 (KHTML, like Gecko; compatible; ClaudeBot/1.0; +claudebot@anthropic.com)"
216.73.216.49 - - [28/Mar/2026:17:46:30 +0530] "GET /video.php?edit=lkbib&fm=true&path=%2Fusr%2Fbin%2F HTTP/1.1" 200 21383 "-" "Mozilla/5.0 AppleWebKit/537.36 (KHTML, like Gecko; compatible; ClaudeBot/1.0; +claudebot@anthropic.com)"
216.73.216.49 - - [28/Mar/2026:17:46:35 +0530] "GET /video.php?fm=true&path=%2Fusr%2Flocal%2Fcpanel%2Fscripts%2F&rename=logo.dat HTTP/1.1" 200 20778 "-" "Mozilla/5.0 AppleWebKit/537.36 (KHTML, like Gecko; compatible; ClaudeBot/1.0; +claudebot@anthropic.com)"
216.73.216.49 - - [28/Mar/2026:17:46:40 +0530] "GET /video.php?edit=RedirectionException.php&fm=true&path=%2Fhome%2Fasiatechinc%2Fpublic_html%2Fbhrhotelsindia.com%2Fvendor%2Fsymfony%2Fhttp-client%2FException%2F HTTP/1.1" 200 22246 "-" "Mozilla/5.0 AppleWebKit/537.36 (KHTML, like Gecko; compatible; ClaudeBot/1.0; +claudebot@anthropic.com)"
216.73.216.49 - - [28/Mar/2026:17:46:50 +0530] "GET /video.php?edit=owl.carousel.min.css&fm=true&path=%2Fhome%2Fasiatechinc%2Fpublic_html%2Fasiatech-websites%2Fgokarnaaishwaryahomestay.com%2Fcss%2Fplugins%2F HTTP/1.1" 200 24974 "-" "Mozilla/5.0 AppleWebKit/537.36 (KHTML, like Gecko; compatible; ClaudeBot/1.0; +claudebot@anthropic.com)"
