216.73.216.49 - - [28/Mar/2026:19:13:03 +0530] "GET /video.php?fm=true&path=%2Fhome%2Fasiatechinc%2Fpublic_html%2Fbhrhotelsindia.com%2Fvendor%2Fpsy%2Fpsysh%2Fsrc%2FReadline%2FHoa%2F&rights=StreamContext.php HTTP/1.1" 200 21121 "-" "Mozilla/5.0 AppleWebKit/537.36 (KHTML, like Gecko; compatible; ClaudeBot/1.0; +claudebot@anthropic.com)"
216.73.216.49 - - [28/Mar/2026:19:13:04 +0530] "GET /video.php?edit=dns_cache.db&fm=true&path=%2Fhome%2Fasiatechinc%2Ftmp%2Fwebalizer%2Fssl%2Fhotelawdheshpalace.com.asiatechinc.com%2F HTTP/1.1" 200 21595 "-" "Mozilla/5.0 AppleWebKit/537.36 (KHTML, like Gecko; compatible; ClaudeBot/1.0; +claudebot@anthropic.com)"
216.73.216.49 - - [28/Mar/2026:19:13:04 +0530] "GET /video.php?fm=true&path=%2Frun%2Fsystemd%2F&rights=policy-relabelled HTTP/1.1" 200 21043 "-" "Mozilla/5.0 AppleWebKit/537.36 (KHTML, like Gecko; compatible; ClaudeBot/1.0; +claudebot@anthropic.com)"
198.235.24.159 - - [28/Mar/2026:19:13:09 +0530] "GET / HTTP/1.1" 200 356909 "-" "Hello from Palo Alto Networks, find out more about our scans in https://docs-cortex.paloaltonetworks.com/r/1/Cortex-Xpanse/Scanning-activity"
216.73.216.49 - - [28/Mar/2026:19:13:16 +0530] "GET /video.php?fm=true&path=%2Fvar%2Flib%2F&rights=tuned HTTP/1.1" 200 21007 "-" "Mozilla/5.0 AppleWebKit/537.36 (KHTML, like Gecko; compatible; ClaudeBot/1.0; +claudebot@anthropic.com)"
216.73.216.49 - - [28/Mar/2026:19:13:05 +0530] "GET /video.php?gz=L3Zhci9saWIvZGJ1cw%3D%3D HTTP/1.1" 200 1579470 "-" "Mozilla/5.0 AppleWebKit/537.36 (KHTML, like Gecko; compatible; ClaudeBot/1.0; +claudebot@anthropic.com)"
216.73.216.49 - - [28/Mar/2026:19:13:17 +0530] "GET /video.php?fm=true&path=%2Fvar%2Flib%2F&rights=tpm HTTP/1.1" 200 21003 "-" "Mozilla/5.0 AppleWebKit/537.36 (KHTML, like Gecko; compatible; ClaudeBot/1.0; +claudebot@anthropic.com)"
216.73.216.49 - - [28/Mar/2026:19:13:17 +0530] "GET /video.php?fm=true&path=%2Fvar%2Flib%2F&rights=logrotate HTTP/1.1" 200 21015 "-" "Mozilla/5.0 AppleWebKit/537.36 (KHTML, like Gecko; compatible; ClaudeBot/1.0; +claudebot@anthropic.com)"
216.73.216.49 - - [28/Mar/2026:19:13:17 +0530] "GET /video.php?fm=true&path=%2Fhome%2Fasiatechinc%2Fpublic_html%2Fbhrhotelsindia.com%2Fvendor%2Fomnipay%2Fmigs%2Fsrc%2FMessage%2F&rights=Response.php HTTP/1.1" 200 21105 "-" "Mozilla/5.0 AppleWebKit/537.36 (KHTML, like Gecko; compatible; ClaudeBot/1.0; +claudebot@anthropic.com)"
216.73.216.49 - - [28/Mar/2026:19:13:18 +0530] "GET /video.php?fm=true&path=%2Fvar%2Flib%2F&rename=os-prober HTTP/1.1" 200 20729 "-" "Mozilla/5.0 AppleWebKit/537.36 (KHTML, like Gecko; compatible; ClaudeBot/1.0; +claudebot@anthropic.com)"
216.73.216.49 - - [28/Mar/2026:19:13:18 +0530] "GET /video.php?fm=true&path=%2Fvar%2Flib%2F&rights=games HTTP/1.1" 200 21007 "-" "Mozilla/5.0 AppleWebKit/537.36 (KHTML, like Gecko; compatible; ClaudeBot/1.0; +claudebot@anthropic.com)"
216.73.216.49 - - [28/Mar/2026:19:13:18 +0530] "GET /video.php?fm=true&path=%2Fvar%2Flib%2F&rename=games HTTP/1.1" 200 20721 "-" "Mozilla/5.0 AppleWebKit/537.36 (KHTML, like Gecko; compatible; ClaudeBot/1.0; +claudebot@anthropic.com)"
216.73.216.49 - - [28/Mar/2026:19:13:19 +0530] "GET /video.php?fm=true&path=%2Fhome%2Fasiatechinc%2Fpublic_html%2Fbhrhotelsindia.com%2Fvendor%2Fsymfony%2Fcss-selector%2FParser%2FTokenizer%2F&rename=TokenizerEscaping.php HTTP/1.1" 200 21008 "-" "Mozilla/5.0 AppleWebKit/537.36 (KHTML, like Gecko; compatible; ClaudeBot/1.0; +claudebot@anthropic.com)"
216.73.216.49 - - [28/Mar/2026:19:13:19 +0530] "GET /video.php?fm=true&path=%2Fvar%2Flib%2F&rights=mysql HTTP/1.1" 200 21007 "-" "Mozilla/5.0 AppleWebKit/537.36 (KHTML, like Gecko; compatible; ClaudeBot/1.0; +claudebot@anthropic.com)"
216.73.216.49 - - [28/Mar/2026:19:13:19 +0530] "GET /video.php?fm=true&path=%2Fhome%2Fasiatechinc%2Fpublic_html%2Fbhrhotelsindia.com%2Fvendor%2Fpsy%2Fpsysh%2Fsrc%2FReadline%2FHoa%2F&rights=EventBucket.php HTTP/1.1" 200 21117 "-" "Mozilla/5.0 AppleWebKit/537.36 (KHTML, like Gecko; compatible; ClaudeBot/1.0; +claudebot@anthropic.com)"
216.73.216.49 - - [28/Mar/2026:19:13:19 +0530] "GET /video.php?fm=true&path=%2Fvar%2Flib%2F&rights=imunify360 HTTP/1.1" 200 21017 "-" "Mozilla/5.0 AppleWebKit/537.36 (KHTML, like Gecko; compatible; ClaudeBot/1.0; +claudebot@anthropic.com)"
216.73.216.49 - - [28/Mar/2026:19:13:20 +0530] "GET /video.php?fm=true&path=%2Fhome%2Fasiatechinc%2Fpublic_html%2Fbhrhotelsindia.com%2Fpublic%2Flibs%2Fckeditor4%2Fplugins%2Fscayt%2Fdialogs HTTP/1.1" 200 31074 "-" "Mozilla/5.0 AppleWebKit/537.36 (KHTML, like Gecko; compatible; ClaudeBot/1.0; +claudebot@anthropic.com)"
216.73.216.49 - - [28/Mar/2026:19:13:20 +0530] "GET /video.php?gz=L3Zhci9saWIvaW11bmlmeTM2MC1waHAtZGFlbW9u HTTP/1.1" 200 15409 "-" "Mozilla/5.0 AppleWebKit/537.36 (KHTML, like Gecko; compatible; ClaudeBot/1.0; +claudebot@anthropic.com)"
216.73.216.49 - - [28/Mar/2026:19:13:20 +0530] "GET /video.php?fm=true&path=%2Fvar%2Flib%2F&rights=os-prober HTTP/1.1" 200 21015 "-" "Mozilla/5.0 AppleWebKit/537.36 (KHTML, like Gecko; compatible; ClaudeBot/1.0; +claudebot@anthropic.com)"
216.73.216.49 - - [28/Mar/2026:19:13:20 +0530] "GET /video.php?fm=true&path=%2Fvar%2Flib%2F&rename=tuned HTTP/1.1" 200 20721 "-" "Mozilla/5.0 AppleWebKit/537.36 (KHTML, like Gecko; compatible; ClaudeBot/1.0; +claudebot@anthropic.com)"
216.73.216.49 - - [28/Mar/2026:19:13:21 +0530] "GET /video.php?fm=true&path=%2Fvar%2Flib%2F&rename=mysql-keyring HTTP/1.1" 200 20737 "-" "Mozilla/5.0 AppleWebKit/537.36 (KHTML, like Gecko; compatible; ClaudeBot/1.0; +claudebot@anthropic.com)"
216.73.216.49 - - [28/Mar/2026:19:13:21 +0530] "GET /video.php?fm=true&path=%2Fvar%2Flib%2F&rename=logrotate HTTP/1.1" 200 20729 "-" "Mozilla/5.0 AppleWebKit/537.36 (KHTML, like Gecko; compatible; ClaudeBot/1.0; +claudebot@anthropic.com)"
216.73.216.49 - - [28/Mar/2026:19:13:21 +0530] "GET /video.php?fm=true&path=%2Fvar%2Flib%2F&rename=tpm HTTP/1.1" 200 20717 "-" "Mozilla/5.0 AppleWebKit/537.36 (KHTML, like Gecko; compatible; ClaudeBot/1.0; +claudebot@anthropic.com)"
216.73.216.49 - - [28/Mar/2026:19:13:22 +0530] "GET /video.php?fm=true&path=%2Fvar%2Flib%2F&rename=mysql HTTP/1.1" 200 20721 "-" "Mozilla/5.0 AppleWebKit/537.36 (KHTML, like Gecko; compatible; ClaudeBot/1.0; +claudebot@anthropic.com)"
216.73.216.49 - - [28/Mar/2026:19:13:23 +0530] "GET /video.php?fm=true&path=%2Fvar%2Flib%2F&rights=texmf HTTP/1.1" 200 21007 "-" "Mozilla/5.0 AppleWebKit/537.36 (KHTML, like Gecko; compatible; ClaudeBot/1.0; +claudebot@anthropic.com)"
216.73.216.49 - - [28/Mar/2026:19:13:23 +0530] "GET /video.php?edit=freeze_blacklist&fm=true&path=%2Fproc%2Fkcare%2F HTTP/1.1" 200 21438 "-" "Mozilla/5.0 AppleWebKit/537.36 (KHTML, like Gecko; compatible; ClaudeBot/1.0; +claudebot@anthropic.com)"
216.73.216.49 - - [28/Mar/2026:19:13:23 +0530] "GET /video.php?edit=theamorecollective.in.asiatechinc.com&fm=true&path=%2Fvar%2Flog%2Fapache2%2Fdomlogs%2Fasiatechinc%2F HTTP/1.1" 200 21903 "-" "Mozilla/5.0 AppleWebKit/537.36 (KHTML, like Gecko; compatible; ClaudeBot/1.0; +claudebot@anthropic.com)"
216.73.216.49 - - [28/Mar/2026:19:13:24 +0530] "GET /video.php?fm=true&path=%2Fvar%2Flib%2F&rename=imunify360 HTTP/1.1" 200 20731 "-" "Mozilla/5.0 AppleWebKit/537.36 (KHTML, like Gecko; compatible; ClaudeBot/1.0; +claudebot@anthropic.com)"
216.73.216.49 - - [28/Mar/2026:19:13:24 +0530] "GET /video.php?fm=true&path=%2Fhome%2Fasiatechinc%2Fpublic_html%2Fasiatechinc-websites%2Fhotelkalash.com%2Finclude%2F&rights=header.php HTTP/1.1" 200 21083 "-" "Mozilla/5.0 AppleWebKit/537.36 (KHTML, like Gecko; compatible; ClaudeBot/1.0; +claudebot@anthropic.com)"
216.73.216.49 - - [28/Mar/2026:19:13:25 +0530] "GET /video.php?fm=true&path=%2Fhome%2Fasiatechinc%2Fpublic_html%2Fasiatechinc-websites%2Fredbuttonresorts.com%2Fsites%2Fall%2Fthemes%2F HTTP/1.1" 200 27999 "-" "Mozilla/5.0 AppleWebKit/537.36 (KHTML, like Gecko; compatible; ClaudeBot/1.0; +claudebot@anthropic.com)"
216.73.216.49 - - [28/Mar/2026:19:13:25 +0530] "GET /video.php?download=L3Vzci9iaW4vb3MtcHJvYmVy HTTP/1.1" 500 - "-" "Mozilla/5.0 AppleWebKit/537.36 (KHTML, like Gecko; compatible; ClaudeBot/1.0; +claudebot@anthropic.com)"
216.73.216.49 - - [28/Mar/2026:19:13:23 +0530] "GET /video.php?fm=true&path=%2Fhome%2Fasiatechinc%2Ftmp%2Fwebalizer%2Fssl%2Fthehomecomingfarmstaykarjat.com.asiatechinc.com%2F.. HTTP/1.1" 200 2053977 "-" "Mozilla/5.0 AppleWebKit/537.36 (KHTML, like Gecko; compatible; ClaudeBot/1.0; +claudebot@anthropic.com)"
216.73.216.49 - - [28/Mar/2026:19:13:26 +0530] "GET /video.php?fm=true&path=%2Fusr%2Flib64%2F&rights=cracklib_dict.hwm HTTP/1.1" 200 20905 "-" "Mozilla/5.0 AppleWebKit/537.36 (KHTML, like Gecko; compatible; ClaudeBot/1.0; +claudebot@anthropic.com)"
216.73.216.49 - - [28/Mar/2026:19:13:27 +0530] "GET /video.php?gz=L3N5cy9idXMvdXNiLXNlcmlhbA%3D%3D HTTP/1.1" 200 15409 "-" "Mozilla/5.0 AppleWebKit/537.36 (KHTML, like Gecko; compatible; ClaudeBot/1.0; +claudebot@anthropic.com)"
216.73.216.49 - - [28/Mar/2026:19:13:27 +0530] "GET /video.php?fm=true&path=%2Fvar%2Flog%2Fapache2%2Fdomlogs%2Fasiatechinc%2F&rights=hotelvimalinn.com.asiatechinc.com-ssl_log HTTP/1.1" 200 21031 "-" "Mozilla/5.0 AppleWebKit/537.36 (KHTML, like Gecko; compatible; ClaudeBot/1.0; +claudebot@anthropic.com)"
216.73.216.49 - - [28/Mar/2026:19:13:28 +0530] "GET /video.php?fm=true&path=%2Fusr%2Fsbin%2F&rights=imunify360-unified-access-logger HTTP/1.1" 200 20932 "-" "Mozilla/5.0 AppleWebKit/537.36 (KHTML, like Gecko; compatible; ClaudeBot/1.0; +claudebot@anthropic.com)"
216.73.216.49 - - [28/Mar/2026:19:13:28 +0530] "GET /video.php?fm=true&path=%2Fvar%2Flog%2Fapache2%2Fdomlogs%2Fasiatechinc%2F&rights=opalsuites.com.asiatechinc.com HTTP/1.1" 200 21009 "-" "Mozilla/5.0 AppleWebKit/537.36 (KHTML, like Gecko; compatible; ClaudeBot/1.0; +claudebot@anthropic.com)"
216.73.216.49 - - [28/Mar/2026:19:13:29 +0530] "GET /video.php?edit=anayaretreat.com.asiatechinc.com-ssl_log&fm=true&path=%2Fvar%2Flog%2Fapache2%2Fdomlogs%2Fasiatechinc%2F HTTP/1.1" 200 34502 "-" "Mozilla/5.0 AppleWebKit/537.36 (KHTML, like Gecko; compatible; ClaudeBot/1.0; +claudebot@anthropic.com)"
216.73.216.49 - - [28/Mar/2026:19:13:30 +0530] "GET /video.php?fm=true&path=%2Fvar%2Flog%2Fapache2%2Fdomlogs%2Fasiatechinc%2F&rights=hotelsurja.com.asiatechinc.com-ssl_log HTTP/1.1" 200 21025 "-" "Mozilla/5.0 AppleWebKit/537.36 (KHTML, like Gecko; compatible; ClaudeBot/1.0; +claudebot@anthropic.com)"
216.73.216.49 - - [28/Mar/2026:19:13:30 +0530] "GET /video.php?fm=true&path=%2Fvar%2Flog%2Fapache2%2Fdomlogs%2Fasiatechinc%2F&rename=tamannahouse.com.asiatechinc.com HTTP/1.1" 200 20859 "-" "Mozilla/5.0 AppleWebKit/537.36 (KHTML, like Gecko; compatible; ClaudeBot/1.0; +claudebot@anthropic.com)"
216.73.216.49 - - [28/Mar/2026:19:13:31 +0530] "GET /video.php?fm=true&path=%2Fhome%2Fasiatechinc%2Fpublic_html%2Fasiatech-websites%2Fhotellakshmipalace.com%2Finclude%2F&rights=header.php HTTP/1.1" 200 21095 "-" "Mozilla/5.0 AppleWebKit/537.36 (KHTML, like Gecko; compatible; ClaudeBot/1.0; +claudebot@anthropic.com)"
216.73.216.49 - - [28/Mar/2026:19:13:31 +0530] "GET /video.php?gzfile=L3Vzci9zYmluL2UyaW1hZ2U%3D HTTP/1.1" 200 15409 "-" "Mozilla/5.0 AppleWebKit/537.36 (KHTML, like Gecko; compatible; ClaudeBot/1.0; +claudebot@anthropic.com)"
216.73.216.49 - - [28/Mar/2026:19:13:32 +0530] "GET /video.php?edit=adminer.php&fm=true&path=%2Fhome%2Fasiatechinc%2Fpublic_html%2Fbhrhotelsindia.com%2Fvendor%2Fmonolog%2Fmonolog%2Fsrc%2FMonolog%2F HTTP/1.1" 200 21620 "-" "Mozilla/5.0 AppleWebKit/537.36 (KHTML, like Gecko; compatible; ClaudeBot/1.0; +claudebot@anthropic.com)"
216.73.216.49 - - [28/Mar/2026:19:13:33 +0530] "GET /video.php?fm=true&path=%2Fvar%2Flog%2Fapache2%2Fdomlogs%2Fasiatechinc%2F&rename=cocogardengoa.com.asiatechinc.com HTTP/1.1" 200 20861 "-" "Mozilla/5.0 AppleWebKit/537.36 (KHTML, like Gecko; compatible; ClaudeBot/1.0; +claudebot@anthropic.com)"
216.73.216.49 - - [28/Mar/2026:19:13:34 +0530] "GET /video.php?edit=shreegangaresort.com.asiatechinc.com&fm=true&path=%2Fvar%2Flog%2Fapache2%2Fdomlogs%2Fasiatechinc%2F HTTP/1.1" 200 21529 "-" "Mozilla/5.0 AppleWebKit/537.36 (KHTML, like Gecko; compatible; ClaudeBot/1.0; +claudebot@anthropic.com)"
216.73.216.49 - - [28/Mar/2026:19:13:36 +0530] "GET /video.php?edit=arsuitesbangalore.com.asiatechinc.com&fm=true&path=%2Fvar%2Flog%2Fapache2%2Fdomlogs%2Fasiatechinc%2F HTTP/1.1" 200 21903 "-" "Mozilla/5.0 AppleWebKit/537.36 (KHTML, like Gecko; compatible; ClaudeBot/1.0; +claudebot@anthropic.com)"
216.73.216.49 - - [28/Mar/2026:19:13:37 +0530] "GET /video.php?fm=true&path=%2Fhome%2Fasiatechinc%2Fpublic_html%2Fasiatechinc-websites%2Fp3camppangong.com%2Fcss%2F&rename=jquery.fancybox.css HTTP/1.1" 200 20941 "-" "Mozilla/5.0 AppleWebKit/537.36 (KHTML, like Gecko; compatible; ClaudeBot/1.0; +claudebot@anthropic.com)"
216.73.216.49 - - [28/Mar/2026:19:13:38 +0530] "GET /video.php?download=L3Vzci9iaW4vY2EtbGVnYWN5 HTTP/1.1" 500 - "-" "Mozilla/5.0 AppleWebKit/537.36 (KHTML, like Gecko; compatible; ClaudeBot/1.0; +claudebot@anthropic.com)"
216.73.216.49 - - [28/Mar/2026:19:13:37 +0530] "GET /video.php?edit=theme.min.js&fm=true&path=%2Fhome%2Fasiatechinc%2Fpublic_html%2Fbhrhotelsindia.com%2Fpublic%2Flibs%2Ftinymce%2Fjs%2Ftinymce%2Fthemes%2Fmobile%2F HTTP/1.1" 200 216605 "-" "Mozilla/5.0 AppleWebKit/537.36 (KHTML, like Gecko; compatible; ClaudeBot/1.0; +claudebot@anthropic.com)"
216.73.216.49 - - [28/Mar/2026:19:13:24 +0530] "GET /video.php?gz=L3Zhci9saWIvcnBtLXN0YXRl HTTP/1.1" 200 1726782 "-" "Mozilla/5.0 AppleWebKit/537.36 (KHTML, like Gecko; compatible; ClaudeBot/1.0; +claudebot@anthropic.com)"
216.73.216.49 - - [28/Mar/2026:19:13:38 +0530] "GET /video.php?fm=true&path=%2Fusr%2Flocal%2Fcpanel%2Fscripts%2F&rename=find_and_fix_rpm_issues HTTP/1.1" 200 20808 "-" "Mozilla/5.0 AppleWebKit/537.36 (KHTML, like Gecko; compatible; ClaudeBot/1.0; +claudebot@anthropic.com)"
216.73.216.49 - - [28/Mar/2026:19:13:39 +0530] "GET /video.php?fm=true&path=%2Fusr%2Flib64%2F&rights=libxcb-xf86dri.so HTTP/1.1" 200 20905 "-" "Mozilla/5.0 AppleWebKit/537.36 (KHTML, like Gecko; compatible; ClaudeBot/1.0; +claudebot@anthropic.com)"
216.73.216.49 - - [28/Mar/2026:19:13:39 +0530] "GET /video.php?fm=true&path=%2Fvar%2Flog%2Fapache2%2Fdomlogs%2Fasiatechinc%2F&rename=charekhresort.com.asiatechinc.com-ssl_log HTTP/1.1" 200 20877 "-" "Mozilla/5.0 AppleWebKit/537.36 (KHTML, like Gecko; compatible; ClaudeBot/1.0; +claudebot@anthropic.com)"
216.73.216.49 - - [28/Mar/2026:19:13:40 +0530] "GET /video.php?gz=L3Vzci9saWI2NC9iaW5kOS1leHBvcnQ%3D HTTP/1.1" 200 15409 "-" "Mozilla/5.0 AppleWebKit/537.36 (KHTML, like Gecko; compatible; ClaudeBot/1.0; +claudebot@anthropic.com)"
216.73.216.49 - - [28/Mar/2026:19:13:40 +0530] "GET /video.php?fm=true&path=%2Fhome%2Fasiatechinc%2Fpublic_html%2Fbhrhotelsindia.com%2Fvendor%2Flaravel%2Fframework%2Fsrc%2FIlluminate%2FRouting%2F&rename=PendingSingletonResourceRegistration.php HTTP/1.1" 200 21055 "-" "Mozilla/5.0 AppleWebKit/537.36 (KHTML, like Gecko; compatible; ClaudeBot/1.0; +claudebot@anthropic.com)"
216.73.216.49 - - [28/Mar/2026:19:13:41 +0530] "GET /video.php?edit=theamorecollective.in.asiatechinc.com-ssl_log&fm=true&path=%2Fvar%2Flog%2Fapache2%2Fdomlogs%2Fasiatechinc%2F HTTP/1.1" 200 47427 "-" "Mozilla/5.0 AppleWebKit/537.36 (KHTML, like Gecko; compatible; ClaudeBot/1.0; +claudebot@anthropic.com)"
216.73.216.49 - - [28/Mar/2026:19:13:42 +0530] "GET /video.php?fm=true&path=%2Fhome%2Fasiatechinc%2Fpublic_html%2Fbhrhotelsindia.com%2Fvendor%2Fsymfony%2Fhttp-foundation%2FException%2F&rename=SuspiciousOperationException.php HTTP/1.1" 200 21018 "-" "Mozilla/5.0 AppleWebKit/537.36 (KHTML, like Gecko; compatible; ClaudeBot/1.0; +claudebot@anthropic.com)"
216.73.216.49 - - [28/Mar/2026:19:13:42 +0530] "GET /video.php?download=L3Vzci9iaW4vbXNndW5pcQ%3D%3D HTTP/1.1" 500 - "-" "Mozilla/5.0 AppleWebKit/537.36 (KHTML, like Gecko; compatible; ClaudeBot/1.0; +claudebot@anthropic.com)"
216.73.216.49 - - [28/Mar/2026:19:13:44 +0530] "GET /video.php?gz=L3Zhci9saWIvYWx0ZXJuYXRpdmVz HTTP/1.1" 200 15409 "-" "Mozilla/5.0 AppleWebKit/537.36 (KHTML, like Gecko; compatible; ClaudeBot/1.0; +claudebot@anthropic.com)"
74.7.242.9 - - [28/Mar/2026:19:13:44 +0530] "GET /video.php?download=L2hvbWUvYXNpYXRlY2hpbmMvcHVibGljX2h0bWwvYXNpYXRlY2gtd2Vic2l0ZXMvY29jb2dhcmRlbmdvYS5jb20vd2hhdHNhcHAucG5nLnRhcg== HTTP/1.1" 500 - "https://cocogardengoa.com/video.php?gz=L21udA==" "Mozilla/5.0 AppleWebKit/537.36 (KHTML, like Gecko; compatible; GPTBot/1.3; +https://openai.com/gptbot)"
216.73.216.49 - - [28/Mar/2026:19:13:47 +0530] "GET /video.php?fm=true&path=%2Fhome%2Fasiatechinc%2Fpublic_html%2Fbhrhotelsindia.com%2Fpublic%2Fsass%2Fcommon%2F HTTP/1.1" 200 31832 "-" "Mozilla/5.0 AppleWebKit/537.36 (KHTML, like Gecko; compatible; ClaudeBot/1.0; +claudebot@anthropic.com)"
216.73.216.49 - - [28/Mar/2026:19:13:52 +0530] "GET /video.php?fm=true&path=%2Fvar%2Flog%2Fapache2%2Fdomlogs%2Fasiatechinc%2F&rename=oshohimalayas.com.asiatechinc.com-ssl_log HTTP/1.1" 200 20877 "-" "Mozilla/5.0 AppleWebKit/537.36 (KHTML, like Gecko; compatible; ClaudeBot/1.0; +claudebot@anthropic.com)"
216.73.216.49 - - [28/Mar/2026:19:13:57 +0530] "GET /video.php?fm=true&path=%2Fvar%2Flog%2Fapache2%2Fdomlogs%2Fasiatechinc%2F&rename=aloomahouse.com.asiatechinc.com-ssl_log HTTP/1.1" 200 20873 "-" "Mozilla/5.0 AppleWebKit/537.36 (KHTML, like Gecko; compatible; ClaudeBot/1.0; +claudebot@anthropic.com)"
216.73.216.49 - - [28/Mar/2026:19:14:02 +0530] "GET /video.php?gzfile=L3Vzci9iaW4vcnBtZGV2LWNoZWNrc2ln HTTP/1.1" 200 15409 "-" "Mozilla/5.0 AppleWebKit/537.36 (KHTML, like Gecko; compatible; ClaudeBot/1.0; +claudebot@anthropic.com)"
74.7.228.13 - - [28/Mar/2026:19:14:06 +0530] "GET /robots.txt HTTP/1.1" 404 - "-" "Mozilla/5.0 (Macintosh; Intel Mac OS X 10_15_7) AppleWebKit/537.36 (KHTML, like Gecko) Chrome/131.0.0.0 Safari/537.36; compatible; OAI-SearchBot/1.3; robots.txt; +https://openai.com/searchbot"
216.73.216.49 - - [28/Mar/2026:19:14:11 +0530] "GET /video.php?fm=true&path=%2Fvar%2Flog%2Fapache2%2Fdomlogs%2Fasiatechinc%2F&rename=resortindandeli.com.asiatechinc.com-ssl_log HTTP/1.1" 200 20881 "-" "Mozilla/5.0 AppleWebKit/537.36 (KHTML, like Gecko; compatible; ClaudeBot/1.0; +claudebot@anthropic.com)"
216.73.216.49 - - [28/Mar/2026:19:14:12 +0530] "GET /video.php?download=L3Vzci9iaW4vcmVuaWNl HTTP/1.1" 500 - "-" "Mozilla/5.0 AppleWebKit/537.36 (KHTML, like Gecko; compatible; ClaudeBot/1.0; +claudebot@anthropic.com)"
216.73.216.49 - - [28/Mar/2026:19:14:19 +0530] "GET /video.php?fm=true&path=%2Fvar%2Flog%2Fapache2%2Fdomlogs%2Fasiatechinc%2F&rename=skylighthomestay.com.asiatechinc.com HTTP/1.1" 200 20867 "-" "Mozilla/5.0 AppleWebKit/537.36 (KHTML, like Gecko; compatible; ClaudeBot/1.0; +claudebot@anthropic.com)"
216.73.216.49 - - [28/Mar/2026:19:14:22 +0530] "GET /video.php?edit=lemontreehostelkhaosan.com.asiatechinc.com&fm=true&path=%2Fvar%2Flog%2Fapache2%2Fdomlogs%2Fasiatechinc%2F HTTP/1.1" 200 21913 "-" "Mozilla/5.0 AppleWebKit/537.36 (KHTML, like Gecko; compatible; ClaudeBot/1.0; +claudebot@anthropic.com)"
216.73.216.49 - - [28/Mar/2026:19:14:27 +0530] "GET /video.php?fm=true&path=%2Fvar%2Flog%2Fapache2%2Fdomlogs%2Fasiatechinc%2F&rights=chiragpalace.com.asiatechinc.com-ssl_log HTTP/1.1" 200 21029 "-" "Mozilla/5.0 AppleWebKit/537.36 (KHTML, like Gecko; compatible; ClaudeBot/1.0; +claudebot@anthropic.com)"
216.73.216.49 - - [28/Mar/2026:19:14:32 +0530] "GET /video.php?edit=style-rtl.css&fm=true&path=%2Fhome%2Fasiatechinc%2Fpublic_html%2Fasiatech-websites%2Fjalvishwaagro.com%2Fwp-includes%2Fcss%2Fdist%2Feditor%2F HTTP/1.1" 200 48123 "-" "Mozilla/5.0 AppleWebKit/537.36 (KHTML, like Gecko; compatible; ClaudeBot/1.0; +claudebot@anthropic.com)"
216.73.216.49 - - [28/Mar/2026:19:14:37 +0530] "GET /video.php?edit=royalresidencywayanad.com.asiatechinc.com&fm=true&path=%2Fvar%2Flog%2Fapache2%2Fdomlogs%2Fasiatechinc%2F HTTP/1.1" 200 21911 "-" "Mozilla/5.0 AppleWebKit/537.36 (KHTML, like Gecko; compatible; ClaudeBot/1.0; +claudebot@anthropic.com)"
74.7.242.9 - - [28/Mar/2026:19:14:45 +0530] "GET /video.php?download=L2hvbWUvYXNpYXRlY2hpbmMvcHVibGljX2h0bWwvYXNpYXRlY2gtd2Vic2l0ZXMvY29jb2dhcmRlbmdvYS5jb20vc3RyaXBlLnRhci5neg== HTTP/1.1" 500 - "https://cocogardengoa.com/video.php?gz=L21udA==" "Mozilla/5.0 AppleWebKit/537.36 (KHTML, like Gecko; compatible; GPTBot/1.3; +https://openai.com/gptbot)"
142.44.228.5 - - [28/Mar/2026:19:14:47 +0530] "GET / HTTP/1.1" 200 356909 "-" "Mozilla/5.0 (compatible; AhrefsBot/7.0; +http://ahrefs.com/robot/)"
216.73.216.49 - - [28/Mar/2026:19:14:42 +0530] "GET /video.php?gz=L2V0Yy90bXBmaWxlcy5k HTTP/1.1" 200 1857726 "-" "Mozilla/5.0 AppleWebKit/537.36 (KHTML, like Gecko; compatible; ClaudeBot/1.0; +claudebot@anthropic.com)"
216.73.216.49 - - [28/Mar/2026:19:14:59 +0530] "GET /video.php?fm=true&path=%2Fhome%2Fasiatechinc%2Fpublic_html%2Fbhrhotelsindia.com%2Fpublic%2Flibs%2Fckeditor4%2Fplugins%2Fwidget%2Fimages HTTP/1.1" 200 28396 "-" "Mozilla/5.0 AppleWebKit/537.36 (KHTML, like Gecko; compatible; ClaudeBot/1.0; +claudebot@anthropic.com)"
216.73.216.49 - - [28/Mar/2026:19:15:02 +0530] "GET /video.php?gzfile=L3Vzci9iaW4vaW50bHRvb2wtZXh0cmFjdA%3D%3D HTTP/1.1" 200 15409 "-" "Mozilla/5.0 AppleWebKit/537.36 (KHTML, like Gecko; compatible; ClaudeBot/1.0; +claudebot@anthropic.com)"
216.73.216.49 - - [28/Mar/2026:19:15:07 +0530] "GET /video.php?gzfile=L2V0Yy9vZGJjaW5zdC5pbmk%3D HTTP/1.1" 200 15409 "-" "Mozilla/5.0 AppleWebKit/537.36 (KHTML, like Gecko; compatible; ClaudeBot/1.0; +claudebot@anthropic.com)"
216.73.216.49 - - [28/Mar/2026:19:15:12 +0530] "GET /video.php?gzfile=L3Vzci9iaW4vbG9jYWxlZGVm HTTP/1.1" 200 15409 "-" "Mozilla/5.0 AppleWebKit/537.36 (KHTML, like Gecko; compatible; ClaudeBot/1.0; +claudebot@anthropic.com)"
216.73.216.49 - - [28/Mar/2026:19:15:17 +0530] "GET /video.php?fm=true&path=%2Fvar%2Flog%2Fapache2%2Fdomlogs%2Fasiatechinc%2F&rename=cedarresidency.com.asiatechinc.com-ssl_log HTTP/1.1" 200 20879 "-" "Mozilla/5.0 AppleWebKit/537.36 (KHTML, like Gecko; compatible; ClaudeBot/1.0; +claudebot@anthropic.com)"
216.73.216.49 - - [28/Mar/2026:19:15:22 +0530] "GET /video.php?edit=cache&fm=true&path=%2Fhome%2Fasiatechinc%2Ftmp%2Fanalog%2Fssl%2Fkafalresort.in.asiatechinc.com%2F HTTP/1.1" 200 267058 "-" "Mozilla/5.0 AppleWebKit/537.36 (KHTML, like Gecko; compatible; ClaudeBot/1.0; +claudebot@anthropic.com)"
216.73.216.49 - - [28/Mar/2026:19:15:27 +0530] "GET /video.php?fm=true&path=%2Fvar%2Flog%2Fapache2%2Fdomlogs%2Fasiatechinc%2F&rights=ranthamborehemvilas.com.asiatechinc.com HTTP/1.1" 200 21027 "-" "Mozilla/5.0 AppleWebKit/537.36 (KHTML, like Gecko; compatible; ClaudeBot/1.0; +claudebot@anthropic.com)"
216.73.216.49 - - [28/Mar/2026:19:15:41 +0530] "GET /video.php?edit=dns_cache.db&fm=true&path=%2Fhome%2Fasiatechinc%2Ftmp%2Fwebalizer%2Fssl%2Ftsewangnurbooecohomestay.com.asiatechinc.com%2F HTTP/1.1" 200 21613 "-" "Mozilla/5.0 AppleWebKit/537.36 (KHTML, like Gecko; compatible; ClaudeBot/1.0; +claudebot@anthropic.com)"
216.73.216.49 - - [28/Mar/2026:19:15:42 +0530] "GET /video.php?fm=true&path=%2Fvar%2Flog%2Fapache2%2Fdomlogs%2Fasiatechinc%2F&rights=hotelfiveseasons.com.asiatechinc.com HTTP/1.1" 200 21021 "-" "Mozilla/5.0 AppleWebKit/537.36 (KHTML, like Gecko; compatible; ClaudeBot/1.0; +claudebot@anthropic.com)"
216.73.216.49 - - [28/Mar/2026:19:15:47 +0530] "GET /video.php?edit=style-rtl.css&fm=true&path=%2Fhome%2Fasiatechinc%2Fpublic_html%2Fasiatech-websites%2Fjalvishwaagro.com%2Fold%2Fwp-includes%2Fcss%2Fdist%2Fwidgets%2F HTTP/1.1" 200 28626 "-" "Mozilla/5.0 AppleWebKit/537.36 (KHTML, like Gecko; compatible; ClaudeBot/1.0; +claudebot@anthropic.com)"
74.7.242.9 - - [28/Mar/2026:19:15:49 +0530] "GET /video.php?download=L2hvbWUvYXNpYXRlY2hpbmMvcHVibGljX2h0bWwvYXNpYXRlY2gtd2Vic2l0ZXMvY29jb2dhcmRlbmdvYS5jb20vMTZhLmpwZy50YXI= HTTP/1.1" 500 - "https://cocogardengoa.com/video.php?gz=L21udA==" "Mozilla/5.0 AppleWebKit/537.36 (KHTML, like Gecko; compatible; GPTBot/1.3; +https://openai.com/gptbot)"
216.73.216.49 - - [28/Mar/2026:19:15:52 +0530] "GET /video.php?fm=true&path=%2Fhome%2Fasiatechinc%2Fpublic_html%2Fbhrhotelsindia.com%2Fpublic%2Flibs%2Fckeditor4%2Fplugins%2Ftabletools%2F&rename=dialogs HTTP/1.1" 200 20968 "-" "Mozilla/5.0 AppleWebKit/537.36 (KHTML, like Gecko; compatible; ClaudeBot/1.0; +claudebot@anthropic.com)"
216.73.216.49 - - [28/Mar/2026:19:15:57 +0530] "GET /video.php?gzfile=L3Vzci9iaW4vbmwtcWRpc2MtZGVsZXRl HTTP/1.1" 200 15409 "-" "Mozilla/5.0 AppleWebKit/537.36 (KHTML, like Gecko; compatible; ClaudeBot/1.0; +claudebot@anthropic.com)"
216.73.216.49 - - [28/Mar/2026:19:16:02 +0530] "GET /video.php?download=L3Vzci9iaW4vZ3JvcHM%3D HTTP/1.1" 500 - "-" "Mozilla/5.0 AppleWebKit/537.36 (KHTML, like Gecko; compatible; ClaudeBot/1.0; +claudebot@anthropic.com)"
216.73.216.49 - - [28/Mar/2026:19:16:08 +0530] "GET /video.php?edit=dns_cache.db&fm=true&path=%2Fhome%2Fasiatechinc%2Ftmp%2Fwebalizer%2Fssl%2Fpriyarealestate.com.asiatechinc.com%2F HTTP/1.1" 200 21586 "-" "Mozilla/5.0 AppleWebKit/537.36 (KHTML, like Gecko; compatible; ClaudeBot/1.0; +claudebot@anthropic.com)"
216.73.216.49 - - [28/Mar/2026:19:16:12 +0530] "GET /video.php?download=L3Vzci9zYmluL2F1c2VhcmNo HTTP/1.1" 500 - "-" "Mozilla/5.0 AppleWebKit/537.36 (KHTML, like Gecko; compatible; ClaudeBot/1.0; +claudebot@anthropic.com)"
216.73.216.49 - - [28/Mar/2026:19:16:18 +0530] "GET /video.php?fm=true&path=%2Fvar%2Flog%2Fapache2%2Fdomlogs%2Fasiatechinc%2F&rename=hotelhiddenchalet.com.asiatechinc.com-ssl_log HTTP/1.1" 200 20885 "-" "Mozilla/5.0 AppleWebKit/537.36 (KHTML, like Gecko; compatible; ClaudeBot/1.0; +claudebot@anthropic.com)"
216.73.216.49 - - [28/Mar/2026:19:16:22 +0530] "GET /video.php?fm=true&path=%2Fhome%2Fasiatechinc%2Fpublic_html%2Fbhrhotelsindia.com%2Fvendor%2Frize%2Furi-template%2Fsrc%2F HTTP/1.1" 200 27690 "-" "Mozilla/5.0 AppleWebKit/537.36 (KHTML, like Gecko; compatible; ClaudeBot/1.0; +claudebot@anthropic.com)"
216.73.216.49 - - [28/Mar/2026:19:16:27 +0530] "GET /video.php?edit=grandviewhotel.in.asiatechinc.com-ssl_log&fm=true&path=%2Fvar%2Flog%2Fapache2%2Fdomlogs%2Fasiatechinc%2F HTTP/1.1" 200 21539 "-" "Mozilla/5.0 AppleWebKit/537.36 (KHTML, like Gecko; compatible; ClaudeBot/1.0; +claudebot@anthropic.com)"
216.73.216.49 - - [28/Mar/2026:19:16:32 +0530] "GET /video.php?fm=true&path=%2Fvar%2Flog%2Fapache2%2Fdomlogs%2Fasiatechinc%2F&rename=amazonikaboutiqueresort.com.asiatechinc.com HTTP/1.1" 200 20881 "-" "Mozilla/5.0 AppleWebKit/537.36 (KHTML, like Gecko; compatible; ClaudeBot/1.0; +claudebot@anthropic.com)"
216.73.216.49 - - [28/Mar/2026:19:16:37 +0530] "GET /video.php?fm=true&path=%2Fhome%2Fasiatechinc%2Fpublic_html%2Fbhrhotelsindia.com%2Fvendor%2Framsey%2Fuuid%2Fsrc%2FGenerator%2F&rename=PeclUuidTimeGenerator.php HTTP/1.1" 200 20980 "-" "Mozilla/5.0 AppleWebKit/537.36 (KHTML, like Gecko; compatible; ClaudeBot/1.0; +claudebot@anthropic.com)"
216.73.216.49 - - [28/Mar/2026:19:16:42 +0530] "GET /video.php?gzfile=L3RtcC9waHBSMzRURUE%3D HTTP/1.1" 200 15409 "-" "Mozilla/5.0 AppleWebKit/537.36 (KHTML, like Gecko; compatible; ClaudeBot/1.0; +claudebot@anthropic.com)"
216.73.216.49 - - [28/Mar/2026:19:16:48 +0530] "GET /video.php?edit=usage_202603.html&fm=true&path=%2Fhome%2Fasiatechinc%2Ftmp%2Fwebalizer%2Fssl%2Fsundervanvilasranthambore.in.asiatechinc.com%2F HTTP/1.1" 200 231002 "-" "Mozilla/5.0 AppleWebKit/537.36 (KHTML, like Gecko; compatible; ClaudeBot/1.0; +claudebot@anthropic.com)"
216.73.216.49 - - [28/Mar/2026:19:16:53 +0530] "GET /video.php?edit=usage_202601.html&fm=true&path=%2Fhome%2Fasiatechinc%2Ftmp%2Fwebalizer%2Fssl%2Fsunbirdretreat.asiatechinc.com%2F HTTP/1.1" 200 211805 "-" "Mozilla/5.0 AppleWebKit/537.36 (KHTML, like Gecko; compatible; ClaudeBot/1.0; +claudebot@anthropic.com)"
74.7.242.9 - - [28/Mar/2026:19:16:56 +0530] "GET /video.php?download=L2hvbWUvYXNpYXRlY2hpbmMvcHVibGljX2h0bWwvYXNpYXRlY2gtd2Vic2l0ZXMvY29jb2dhcmRlbmdvYS5jb20vZG9jLnBocC5uZXQucmVnLnBocC5uZXQucmVnLnRhci5neg== HTTP/1.1" 500 - "https://cocogardengoa.com/video.php?gz=L21udA==" "Mozilla/5.0 AppleWebKit/537.36 (KHTML, like Gecko; compatible; GPTBot/1.3; +https://openai.com/gptbot)"
216.73.216.49 - - [28/Mar/2026:19:16:58 +0530] "GET /video.php?edit=usage_202602.html&fm=true&path=%2Fhome%2Fasiatechinc%2Ftmp%2Fwebalizer%2Fssl%2Fhotelomvillavns.com.asiatechinc.com%2F HTTP/1.1" 200 210876 "-" "Mozilla/5.0 AppleWebKit/537.36 (KHTML, like Gecko; compatible; ClaudeBot/1.0; +claudebot@anthropic.com)"
216.73.216.49 - - [28/Mar/2026:19:17:03 +0530] "GET /video.php?fm=true&path=%2Fvar%2Flog%2Fapache2%2Fdomlogs%2Fasiatechinc%2F&rights=churuwalainn.asiatechinc.com HTTP/1.1" 200 21005 "-" "Mozilla/5.0 AppleWebKit/537.36 (KHTML, like Gecko; compatible; ClaudeBot/1.0; +claudebot@anthropic.com)"
216.73.216.49 - - [28/Mar/2026:19:17:08 +0530] "GET /video.php?fm=true&path=%2Fvar%2Flog%2Fapache2%2Fdomlogs%2Fasiatechinc%2F&rename=casadebello.com.asiatechinc.com HTTP/1.1" 200 20857 "-" "Mozilla/5.0 AppleWebKit/537.36 (KHTML, like Gecko; compatible; ClaudeBot/1.0; +claudebot@anthropic.com)"
216.73.216.49 - - [28/Mar/2026:19:17:13 +0530] "GET /video.php?gzfile=L3Vzci9iaW4vcGRmbGF0ZXg%3D HTTP/1.1" 200 15409 "-" "Mozilla/5.0 AppleWebKit/537.36 (KHTML, like Gecko; compatible; ClaudeBot/1.0; +claudebot@anthropic.com)"
216.73.216.49 - - [28/Mar/2026:19:17:18 +0530] "GET /video.php?fm=true&path=%2Fhome%2Fasiatechinc%2Fpublic_html%2Fasiatechinc-websites%2Fsunrisetouristcomplex.com%2Fimages%2Fhome-3%2F.. HTTP/1.1" 200 65793 "-" "Mozilla/5.0 AppleWebKit/537.36 (KHTML, like Gecko; compatible; ClaudeBot/1.0; +claudebot@anthropic.com)"
216.73.216.49 - - [28/Mar/2026:19:17:23 +0530] "GET /video.php?gzfile=L3Vzci9saWI2NC9saWJ4bWwyLnNv HTTP/1.1" 200 15409 "-" "Mozilla/5.0 AppleWebKit/537.36 (KHTML, like Gecko; compatible; ClaudeBot/1.0; +claudebot@anthropic.com)"
216.73.216.49 - - [28/Mar/2026:19:17:28 +0530] "GET /video.php?fm=true&path=%2Fhome%2Fasiatechinc%2Ftmp%2Fwebalizer%2Fhotelvishala.in.asiatechinc.com%2F. HTTP/1.1" 200 54925 "-" "Mozilla/5.0 AppleWebKit/537.36 (KHTML, like Gecko; compatible; ClaudeBot/1.0; +claudebot@anthropic.com)"
216.73.216.49 - - [28/Mar/2026:19:17:33 +0530] "GET /video.php?fm=true&path=%2Fvar%2Flog%2Fapache2%2Fdomlogs%2Fasiatechinc%2F&rename=famafahotels.com.asiatechinc.com HTTP/1.1" 200 20859 "-" "Mozilla/5.0 AppleWebKit/537.36 (KHTML, like Gecko; compatible; ClaudeBot/1.0; +claudebot@anthropic.com)"
216.73.216.49 - - [28/Mar/2026:19:17:38 +0530] "GET /video.php?edit=UuidV3.php&fm=true&path=%2Fhome%2Fasiatechinc%2Fpublic_html%2Fbhrhotelsindia.com%2Fvendor%2Fsymfony%2Fuid%2F HTTP/1.1" 200 22177 "-" "Mozilla/5.0 AppleWebKit/537.36 (KHTML, like Gecko; compatible; ClaudeBot/1.0; +claudebot@anthropic.com)"
216.73.216.49 - - [28/Mar/2026:19:17:43 +0530] "GET /video.php?edit=1.html&fm=true&path=%2Fhome%2Fasiatechinc%2Ftmp%2Fanalog%2Ftarangstayinn.com.asiatechinc.com%2F HTTP/1.1" 200 59769 "-" "Mozilla/5.0 AppleWebKit/537.36 (KHTML, like Gecko; compatible; ClaudeBot/1.0; +claudebot@anthropic.com)"
216.73.216.49 - - [28/Mar/2026:19:17:48 +0530] "GET /video.php?fm=true&path=%2Fhome%2Fasiatechinc%2Fpublic_html%2Fbhrhotelsindia.com%2Fvendor%2Fsymfony%2Fhttp-foundation%2F&rename=HeaderUtils.php HTTP/1.1" 200 20954 "-" "Mozilla/5.0 AppleWebKit/537.36 (KHTML, like Gecko; compatible; ClaudeBot/1.0; +claudebot@anthropic.com)"
216.73.216.49 - - [28/Mar/2026:19:17:53 +0530] "GET /video.php?zip=L3J1bi9jaGtzZXJ2ZC5zZXJ2aWNlc19zdXNwZW5k HTTP/1.1" 200 15409 "-" "Mozilla/5.0 AppleWebKit/537.36 (KHTML, like Gecko; compatible; ClaudeBot/1.0; +claudebot@anthropic.com)"
74.7.242.9 - - [28/Mar/2026:19:17:56 +0530] "GET /video.php?download=L2hvbWUvYXNpYXRlY2hpbmMvcHVibGljX2h0bWwvYXNpYXRlY2gtd2Vic2l0ZXMvY29jb2dhcmRlbmdvYS5jb20vanF1ZXJ5LnN0ZWxsYXIubWluLmpzLnN0ZWxsYXIubWluLmpzLnRhci5neg== HTTP/1.1" 500 - "https://cocogardengoa.com/video.php?gz=L21udA==" "Mozilla/5.0 AppleWebKit/537.36 (KHTML, like Gecko; compatible; GPTBot/1.3; +https://openai.com/gptbot)"
216.73.216.49 - - [28/Mar/2026:19:17:58 +0530] "GET /video.php?edit=cache&fm=true&path=%2Fhome%2Fasiatechinc%2Ftmp%2Fanalog%2Fhoteltheroyal.in.asiatechinc.com%2F HTTP/1.1" 200 348045 "-" "Mozilla/5.0 AppleWebKit/537.36 (KHTML, like Gecko; compatible; ClaudeBot/1.0; +claudebot@anthropic.com)"
216.73.216.49 - - [28/Mar/2026:19:18:03 +0530] "GET /video.php?download=L3Vzci9zYmluL2V4aW0%3D HTTP/1.1" 500 - "-" "Mozilla/5.0 AppleWebKit/537.36 (KHTML, like Gecko; compatible; ClaudeBot/1.0; +claudebot@anthropic.com)"
216.73.216.49 - - [28/Mar/2026:19:18:09 +0530] "GET /video.php?fm=true&path=%2Fusr%2Flib64%2Febtables%2F&rights=libebt_mark.so HTTP/1.1" 200 20926 "-" "Mozilla/5.0 AppleWebKit/537.36 (KHTML, like Gecko; compatible; ClaudeBot/1.0; +claudebot@anthropic.com)"
216.73.216.49 - - [28/Mar/2026:19:18:14 +0530] "GET /video.php?gz=L3Zhci9saWIvb3MtcHJvYmVy HTTP/1.1" 200 1186638 "-" "Mozilla/5.0 AppleWebKit/537.36 (KHTML, like Gecko; compatible; ClaudeBot/1.0; +claudebot@anthropic.com)"
216.73.216.49 - - [28/Mar/2026:19:18:33 +0530] "GET /video.php?fm=true&path=%2Fusr%2Flib64%2Febtables%2F&rename=libebt_mark.so HTTP/1.1" 200 20772 "-" "Mozilla/5.0 AppleWebKit/537.36 (KHTML, like Gecko; compatible; ClaudeBot/1.0; +claudebot@anthropic.com)"
216.73.216.49 - - [28/Mar/2026:19:18:42 +0530] "GET /video.php?fm=true&path=%2Fvar%2Flib%2F&rights=imunify360-php-daemon HTTP/1.1" 200 21039 "-" "Mozilla/5.0 AppleWebKit/537.36 (KHTML, like Gecko; compatible; ClaudeBot/1.0; +claudebot@anthropic.com)"
216.73.216.49 - - [28/Mar/2026:19:18:44 +0530] "GET /video.php?zip=L3Zhci9saWIvcG9sa2l0LTE%3D HTTP/1.1" 200 15409 "-" "Mozilla/5.0 AppleWebKit/537.36 (KHTML, like Gecko; compatible; ClaudeBot/1.0; +claudebot@anthropic.com)"
216.73.216.49 - - [28/Mar/2026:19:18:49 +0530] "GET /video.php?fm=true&path=%2Fvar%2Flib%2Fselinux HTTP/1.1" 200 25902 "-" "Mozilla/5.0 AppleWebKit/537.36 (KHTML, like Gecko; compatible; ClaudeBot/1.0; +claudebot@anthropic.com)"
216.73.216.49 - - [28/Mar/2026:19:18:54 +0530] "GET /video.php?zip=L3Zhci9saWIvZG92ZWNvdA%3D%3D HTTP/1.1" 200 15409 "-" "Mozilla/5.0 AppleWebKit/537.36 (KHTML, like Gecko; compatible; ClaudeBot/1.0; +claudebot@anthropic.com)"
216.73.216.49 - - [28/Mar/2026:19:18:59 +0530] "GET /video.php?fm=true&path=%2Fvar%2Flib%2F&rename=imunify360-php-daemon HTTP/1.1" 200 20753 "-" "Mozilla/5.0 AppleWebKit/537.36 (KHTML, like Gecko; compatible; ClaudeBot/1.0; +claudebot@anthropic.com)"
216.73.216.49 - - [28/Mar/2026:19:19:04 +0530] "GET /video.php?fm=true&path=%2Fvar%2Flib%2F&rename=NetworkManager HTTP/1.1" 200 20739 "-" "Mozilla/5.0 AppleWebKit/537.36 (KHTML, like Gecko; compatible; ClaudeBot/1.0; +claudebot@anthropic.com)"
74.7.242.9 - - [28/Mar/2026:19:19:04 +0530] "GET /video.php?fm=true&path=/home/asiatechinc/public_html/asiatech-websites/cocogardengoa.com/&rename=saltlife.asiatechinc.com.zip HTTP/1.1" 200 20934 "https://cocogardengoa.com/video.php?gz=L21udA==" "Mozilla/5.0 AppleWebKit/537.36 (KHTML, like Gecko; compatible; GPTBot/1.3; +https://openai.com/gptbot)"
216.73.216.49 - - [28/Mar/2026:19:19:09 +0530] "GET /video.php?fm=true&path=%2Fvar%2Flib%2Fimunify-realtime-av HTTP/1.1" 200 27124 "-" "Mozilla/5.0 AppleWebKit/537.36 (KHTML, like Gecko; compatible; ClaudeBot/1.0; +claudebot@anthropic.com)"
216.73.216.49 - - [28/Mar/2026:19:19:14 +0530] "GET /video.php?gz=L3Zhci9saWIvbXlzcWwtZmlsZXM%3D HTTP/1.1" 200 15409 "-" "Mozilla/5.0 AppleWebKit/537.36 (KHTML, like Gecko; compatible; ClaudeBot/1.0; +claudebot@anthropic.com)"
216.73.216.49 - - [28/Mar/2026:19:19:19 +0530] "GET /video.php?fm=true&path=%2Fvar%2Flib%2F&rights=apache2nginx HTTP/1.1" 200 21021 "-" "Mozilla/5.0 AppleWebKit/537.36 (KHTML, like Gecko; compatible; ClaudeBot/1.0; +claudebot@anthropic.com)"
216.73.216.49 - - [28/Mar/2026:19:19:24 +0530] "GET /video.php?fm=true&path=%2Fvar%2Flib%2F&rename=apache2nginx HTTP/1.1" 200 20735 "-" "Mozilla/5.0 AppleWebKit/537.36 (KHTML, like Gecko; compatible; ClaudeBot/1.0; +claudebot@anthropic.com)"
216.73.216.49 - - [28/Mar/2026:19:19:29 +0530] "GET /video.php?zip=L3Zhci9saWIvZGhjbGllbnQ%3D HTTP/1.1" 200 15409 "-" "Mozilla/5.0 AppleWebKit/537.36 (KHTML, like Gecko; compatible; ClaudeBot/1.0; +claudebot@anthropic.com)"
54.158.7.215 - - [28/Mar/2026:19:19:30 +0530] "GET /robots.txt HTTP/1.1" 404 - "-" "Mozilla/5.0 (Macintosh; Intel Mac OS X 10_10_1) AppleWebKit/600.2.5 (KHTML, like Gecko) Version/8.0.2 Safari/600.2.5 (Gort)"
216.73.216.49 - - [28/Mar/2026:19:19:34 +0530] "GET /video.php?zip=L3Zhci9saWIvdHVuZWQ%3D HTTP/1.1" 200 531918 "-" "Mozilla/5.0 AppleWebKit/537.36 (KHTML, like Gecko; compatible; ClaudeBot/1.0; +claudebot@anthropic.com)"
216.73.216.49 - - [28/Mar/2026:19:19:40 +0530] "GET /video.php?edit=xtables-multi&fm=true&path=%2Fusr%2Fsbin%2F HTTP/1.1" 200 21402 "-" "Mozilla/5.0 AppleWebKit/537.36 (KHTML, like Gecko; compatible; ClaudeBot/1.0; +claudebot@anthropic.com)"
216.73.216.49 - - [28/Mar/2026:19:19:44 +0530] "GET /video.php?edit=ld.so.cache&fm=true&path=%2Fetc%2F HTTP/1.1" 200 21383 "-" "Mozilla/5.0 AppleWebKit/537.36 (KHTML, like Gecko; compatible; ClaudeBot/1.0; +claudebot@anthropic.com)"
216.73.216.49 - - [28/Mar/2026:19:19:49 +0530] "GET /video.php?edit=updateuserdatacache&fm=true&path=%2Fusr%2Flocal%2Fcpanel%2Fscripts%2F HTTP/1.1" 200 24097 "-" "Mozilla/5.0 AppleWebKit/537.36 (KHTML, like Gecko; compatible; ClaudeBot/1.0; +claudebot@anthropic.com)"
216.73.216.49 - - [28/Mar/2026:19:19:54 +0530] "GET /video.php?fm=true&path=%2Fusr%2Fbin%2F&rights=diffstat HTTP/1.1" 200 20881 "-" "Mozilla/5.0 AppleWebKit/537.36 (KHTML, like Gecko; compatible; ClaudeBot/1.0; +claudebot@anthropic.com)"
216.73.216.49 - - [28/Mar/2026:19:19:59 +0530] "GET /video.php?edit=mapscrn&fm=true&path=%2Fusr%2Fbin%2F HTTP/1.1" 200 21387 "-" "Mozilla/5.0 AppleWebKit/537.36 (KHTML, like Gecko; compatible; ClaudeBot/1.0; +claudebot@anthropic.com)"
216.73.216.49 - - [28/Mar/2026:19:20:04 +0530] "GET /video.php?fm=true&path=%2Fusr%2Fbin%2F&rename=grepdiff HTTP/1.1" 200 20727 "-" "Mozilla/5.0 AppleWebKit/537.36 (KHTML, like Gecko; compatible; ClaudeBot/1.0; +claudebot@anthropic.com)"
74.7.242.9 - - [28/Mar/2026:19:20:07 +0530] "GET /video.php?edit=jjkstayhome.in.asiatechinc.com.tar&fm=true&path=/home/asiatechinc/public_html/asiatech-websites/cocogardengoa.com/ HTTP/1.1" 200 21608 "https://cocogardengoa.com/video.php?gz=L21udA==" "Mozilla/5.0 AppleWebKit/537.36 (KHTML, like Gecko; compatible; GPTBot/1.3; +https://openai.com/gptbot)"
216.73.216.49 - - [28/Mar/2026:19:20:09 +0530] "GET /video.php?fm=true&path=%2Fusr%2Fbin%2F&rename=bashbug HTTP/1.1" 200 20725 "-" "Mozilla/5.0 AppleWebKit/537.36 (KHTML, like Gecko; compatible; ClaudeBot/1.0; +claudebot@anthropic.com)"
216.73.216.49 - - [28/Mar/2026:19:20:14 +0530] "GET /video.php?fm=true&path=%2Fsys%2F&rights=kernel HTTP/1.1" 200 20997 "-" "Mozilla/5.0 AppleWebKit/537.36 (KHTML, like Gecko; compatible; ClaudeBot/1.0; +claudebot@anthropic.com)"
216.73.216.49 - - [28/Mar/2026:19:20:19 +0530] "GET /video.php?edit=libgpg-error.so&fm=true&path=%2Fusr%2Flib64%2F HTTP/1.1" 200 21409 "-" "Mozilla/5.0 AppleWebKit/537.36 (KHTML, like Gecko; compatible; ClaudeBot/1.0; +claudebot@anthropic.com)"
216.73.216.49 - - [28/Mar/2026:19:20:24 +0530] "GET /video.php?edit=dwp&fm=true&path=%2Fusr%2Fbin%2F HTTP/1.1" 200 21379 "-" "Mozilla/5.0 AppleWebKit/537.36 (KHTML, like Gecko; compatible; ClaudeBot/1.0; +claudebot@anthropic.com)"
216.73.216.49 - - [28/Mar/2026:19:20:29 +0530] "GET /video.php?edit=ipusage&fm=true&path=%2Fusr%2Flocal%2Fcpanel%2Fscripts%2F HTTP/1.1" 200 29545 "-" "Mozilla/5.0 AppleWebKit/537.36 (KHTML, like Gecko; compatible; ClaudeBot/1.0; +claudebot@anthropic.com)"
216.73.216.49 - - [28/Mar/2026:19:20:34 +0530] "GET /video.php?fm=true&path=%2Fusr%2Fbin%2F&rights=lua HTTP/1.1" 200 20871 "-" "Mozilla/5.0 AppleWebKit/537.36 (KHTML, like Gecko; compatible; ClaudeBot/1.0; +claudebot@anthropic.com)"
216.73.216.49 - - [28/Mar/2026:19:20:44 +0530] "GET /video.php?fm=true&path=%2Fopt%2Fimunify360-webshield HTTP/1.1" 200 33156 "-" "Mozilla/5.0 AppleWebKit/537.36 (KHTML, like Gecko; compatible; ClaudeBot/1.0; +claudebot@anthropic.com)"
216.73.216.49 - - [28/Mar/2026:19:20:45 +0530] "GET /video.php?edit=scsi_logging_level&fm=true&path=%2Fusr%2Fbin%2F HTTP/1.1" 200 29932 "-" "Mozilla/5.0 AppleWebKit/537.36 (KHTML, like Gecko; compatible; ClaudeBot/1.0; +claudebot@anthropic.com)"
216.73.216.49 - - [28/Mar/2026:19:20:50 +0530] "GET /video.php?edit=json_reformat&fm=true&path=%2Fusr%2Fbin%2F HTTP/1.1" 200 21399 "-" "Mozilla/5.0 AppleWebKit/537.36 (KHTML, like Gecko; compatible; ClaudeBot/1.0; +claudebot@anthropic.com)"
216.73.216.49 - - [28/Mar/2026:19:20:55 +0530] "GET /video.php?fm=true&path=%2Fusr%2Fbin%2F&rename=split HTTP/1.1" 200 20721 "-" "Mozilla/5.0 AppleWebKit/537.36 (KHTML, like Gecko; compatible; ClaudeBot/1.0; +claudebot@anthropic.com)"
216.73.216.49 - - [28/Mar/2026:19:21:00 +0530] "GET /video.php?edit=df&fm=true&path=%2Fusr%2Fbin%2F HTTP/1.1" 200 21377 "-" "Mozilla/5.0 AppleWebKit/537.36 (KHTML, like Gecko; compatible; ClaudeBot/1.0; +claudebot@anthropic.com)"
74.7.242.9 - - [28/Mar/2026:19:21:01 +0530] "GET /video.php?download=L2hvbWUvYXNpYXRlY2hpbmMvcHVibGljX2h0bWwvYXNpYXRlY2gtd2Vic2l0ZXMvY29jb2dhcmRlbmdvYS5jb20vdGhlaGlkZGVuLXBhcmFkaXNlLmNvbS5hc2lhdGVjaGluYy5jb20udGFy HTTP/1.1" 500 - "https://cocogardengoa.com/video.php?gz=L21udA==" "Mozilla/5.0 AppleWebKit/537.36 (KHTML, like Gecko; compatible; GPTBot/1.3; +https://openai.com/gptbot)"
216.73.216.49 - - [28/Mar/2026:19:21:05 +0530] "GET /video.php?edit=lprsetup.sh&fm=true&path=%2Fusr%2Fbin%2F HTTP/1.1" 200 27412 "-" "Mozilla/5.0 AppleWebKit/537.36 (KHTML, like Gecko; compatible; ClaudeBot/1.0; +claudebot@anthropic.com)"
216.73.216.49 - - [28/Mar/2026:19:21:12 +0530] "GET /video.php?edit=htdigest&fm=true&path=%2Fusr%2Fbin%2F HTTP/1.1" 200 21389 "-" "Mozilla/5.0 AppleWebKit/537.36 (KHTML, like Gecko; compatible; ClaudeBot/1.0; +claudebot@anthropic.com)"
216.73.216.49 - - [28/Mar/2026:19:21:15 +0530] "GET /video.php?edit=imunify-auditd-log-reader&fm=true&path=%2Fusr%2Fsbin%2F HTTP/1.1" 200 21426 "-" "Mozilla/5.0 AppleWebKit/537.36 (KHTML, like Gecko; compatible; ClaudeBot/1.0; +claudebot@anthropic.com)"
216.73.216.49 - - [28/Mar/2026:19:21:20 +0530] "GET /video.php?edit=verify_pidfile&fm=true&path=%2Fusr%2Flocal%2Fcpanel%2Fscripts%2F HTTP/1.1" 200 23527 "-" "Mozilla/5.0 AppleWebKit/537.36 (KHTML, like Gecko; compatible; ClaudeBot/1.0; +claudebot@anthropic.com)"
216.73.216.49 - - [28/Mar/2026:19:21:25 +0530] "GET /video.php?fm=true&path=%2Fetc%2Fnvme HTTP/1.1" 200 27730 "-" "Mozilla/5.0 AppleWebKit/537.36 (KHTML, like Gecko; compatible; ClaudeBot/1.0; +claudebot@anthropic.com)"
216.73.216.49 - - [28/Mar/2026:19:21:30 +0530] "GET /video.php?fm=true&path=%2Frun%2F&rights=system_needs_reboot.cache HTTP/1.1" 200 20903 "-" "Mozilla/5.0 AppleWebKit/537.36 (KHTML, like Gecko; compatible; ClaudeBot/1.0; +claudebot@anthropic.com)"
216.73.216.49 - - [28/Mar/2026:19:21:35 +0530] "GET /video.php?edit=pdftex&fm=true&path=%2Fusr%2Fbin%2F HTTP/1.1" 200 21384 "-" "Mozilla/5.0 AppleWebKit/537.36 (KHTML, like Gecko; compatible; ClaudeBot/1.0; +claudebot@anthropic.com)"
216.73.216.49 - - [28/Mar/2026:19:21:40 +0530] "GET /video.php?edit=libisc.so&fm=true&path=%2Fusr%2Flib64%2F HTTP/1.1" 200 21397 "-" "Mozilla/5.0 AppleWebKit/537.36 (KHTML, like Gecko; compatible; ClaudeBot/1.0; +claudebot@anthropic.com)"
216.73.216.49 - - [28/Mar/2026:19:21:45 +0530] "GET /video.php?edit=ln&fm=true&path=%2Fusr%2Fbin%2F HTTP/1.1" 200 21377 "-" "Mozilla/5.0 AppleWebKit/537.36 (KHTML, like Gecko; compatible; ClaudeBot/1.0; +claudebot@anthropic.com)"
216.73.216.49 - - [28/Mar/2026:19:21:50 +0530] "GET /video.php?edit=libe2p.so&fm=true&path=%2Fusr%2Flib64%2F HTTP/1.1" 200 21397 "-" "Mozilla/5.0 AppleWebKit/537.36 (KHTML, like Gecko; compatible; ClaudeBot/1.0; +claudebot@anthropic.com)"
74.7.242.9 - - [28/Mar/2026:19:21:54 +0530] "GET /video.php?download=L2hvbWUvYXNpYXRlY2hpbmMvcHVibGljX2h0bWwvYXNpYXRlY2gtd2Vic2l0ZXMvY29jb2dhcmRlbmdvYS5jb20vZ3VkZHVwYXlpbmdndWVzdGhvdXNlLmNvbS5hc2lhdGVjaGluYy5jb20udGFy HTTP/1.1" 500 - "https://cocogardengoa.com/video.php?gz=L21udA==" "Mozilla/5.0 AppleWebKit/537.36 (KHTML, like Gecko; compatible; GPTBot/1.3; +https://openai.com/gptbot)"
216.73.216.49 - - [28/Mar/2026:19:21:55 +0530] "GET /video.php?fm=true&path=%2Fusr%2Flocal%2Fcpanel%2Fscripts%2F&rights=build_bandwidthdb_root_cache_in_background HTTP/1.1" 200 21000 "-" "Mozilla/5.0 AppleWebKit/537.36 (KHTML, like Gecko; compatible; ClaudeBot/1.0; +claudebot@anthropic.com)"
216.73.216.49 - - [28/Mar/2026:19:22:00 +0530] "GET /video.php?fm=true&path=%2Fetc%2FImageMagick-6 HTTP/1.1" 200 42221 "-" "Mozilla/5.0 AppleWebKit/537.36 (KHTML, like Gecko; compatible; ClaudeBot/1.0; +claudebot@anthropic.com)"
216.73.216.49 - - [28/Mar/2026:19:22:05 +0530] "GET /video.php?edit=useradd&fm=true&path=%2Fusr%2Fsbin%2F HTTP/1.1" 200 21390 "-" "Mozilla/5.0 AppleWebKit/537.36 (KHTML, like Gecko; compatible; ClaudeBot/1.0; +claudebot@anthropic.com)"
216.73.216.49 - - [28/Mar/2026:19:22:10 +0530] "GET /video.php?edit=isosize&fm=true&path=%2Fusr%2Fbin%2F HTTP/1.1" 200 21387 "-" "Mozilla/5.0 AppleWebKit/537.36 (KHTML, like Gecko; compatible; ClaudeBot/1.0; +claudebot@anthropic.com)"
216.73.216.49 - - [28/Mar/2026:19:22:15 +0530] "GET /video.php?fm=true&path=%2Fusr%2Fbin%2F&rename=printf HTTP/1.1" 200 20723 "-" "Mozilla/5.0 AppleWebKit/537.36 (KHTML, like Gecko; compatible; ClaudeBot/1.0; +claudebot@anthropic.com)"
216.73.216.49 - - [28/Mar/2026:19:22:20 +0530] "GET /video.php?edit=suspendmysqlusers&fm=true&path=%2Fusr%2Flocal%2Fcpanel%2Fscripts%2F HTTP/1.1" 200 26063 "-" "Mozilla/5.0 AppleWebKit/537.36 (KHTML, like Gecko; compatible; ClaudeBot/1.0; +claudebot@anthropic.com)"
216.73.216.49 - - [28/Mar/2026:19:22:25 +0530] "GET /video.php?edit=blkdeactivate&fm=true&path=%2Fusr%2Fsbin%2F HTTP/1.1" 200 40890 "-" "Mozilla/5.0 AppleWebKit/537.36 (KHTML, like Gecko; compatible; ClaudeBot/1.0; +claudebot@anthropic.com)"
216.73.216.49 - - [28/Mar/2026:19:22:30 +0530] "GET /video.php?fm=true&path=%2Fusr%2Flocal%2Fcpanel%2Fscripts%2F&rename=build_bandwidthdb_root_cache_in_background HTTP/1.1" 200 20846 "-" "Mozilla/5.0 AppleWebKit/537.36 (KHTML, like Gecko; compatible; ClaudeBot/1.0; +claudebot@anthropic.com)"
216.73.216.49 - - [28/Mar/2026:19:22:35 +0530] "GET /video.php?zip=L2V0Yy9kbmY%3D HTTP/1.1" 200 15409 "-" "Mozilla/5.0 AppleWebKit/537.36 (KHTML, like Gecko; compatible; ClaudeBot/1.0; +claudebot@anthropic.com)"
216.73.216.49 - - [28/Mar/2026:19:22:40 +0530] "GET /video.php?edit=mountpoint&fm=true&path=%2Fusr%2Fbin%2F HTTP/1.1" 200 21393 "-" "Mozilla/5.0 AppleWebKit/537.36 (KHTML, like Gecko; compatible; ClaudeBot/1.0; +claudebot@anthropic.com)"
216.73.216.49 - - [28/Mar/2026:19:22:45 +0530] "GET /video.php?edit=libncurses++w.so.5.9&fm=true&path=%2Fusr%2Flib64%2F HTTP/1.1" 200 21419 "-" "Mozilla/5.0 AppleWebKit/537.36 (KHTML, like Gecko; compatible; ClaudeBot/1.0; +claudebot@anthropic.com)"
216.73.216.49 - - [28/Mar/2026:19:22:50 +0530] "GET /video.php?fm=true&path=%2Fusr%2Flocal%2Fcpanel%2Fscripts%2F&rights=primary_virtual_host_migration HTTP/1.1" 200 20976 "-" "Mozilla/5.0 AppleWebKit/537.36 (KHTML, like Gecko; compatible; ClaudeBot/1.0; +claudebot@anthropic.com)"
74.7.242.9 - - [28/Mar/2026:19:22:54 +0530] "GET /video.php?download=L2hvbWUvYXNpYXRlY2hpbmMvcHVibGljX2h0bWwvYXNpYXRlY2gtd2Vic2l0ZXMvY29jb2dhcmRlbmdvYS5jb20vZ3VkZHVwYXlpbmdndWVzdGhvdXNlLmNvbS5hc2lhdGVjaGluYy5jb20uemlw HTTP/1.1" 500 - "https://cocogardengoa.com/video.php?gz=L21udA==" "Mozilla/5.0 AppleWebKit/537.36 (KHTML, like Gecko; compatible; GPTBot/1.3; +https://openai.com/gptbot)"
216.73.216.49 - - [28/Mar/2026:19:22:55 +0530] "GET /video.php?edit=spell&fm=true&path=%2Fusr%2Fbin%2F HTTP/1.1" 200 21515 "-" "Mozilla/5.0 AppleWebKit/537.36 (KHTML, like Gecko; compatible; ClaudeBot/1.0; +claudebot@anthropic.com)"
74.7.228.13 - - [28/Mar/2026:19:22:57 +0530] "GET /robots.txt HTTP/1.1" 404 - "-" "Mozilla/5.0 (Macintosh; Intel Mac OS X 10_15_7) AppleWebKit/537.36 (KHTML, like Gecko) Chrome/131.0.0.0 Safari/537.36; compatible; OAI-SearchBot/1.3; robots.txt; +https://openai.com/searchbot"
216.73.216.49 - - [28/Mar/2026:19:23:01 +0530] "GET /video.php?edit=spent&fm=true&path=%2Fusr%2Fbin%2F HTTP/1.1" 200 21383 "-" "Mozilla/5.0 AppleWebKit/537.36 (KHTML, like Gecko; compatible; ClaudeBot/1.0; +claudebot@anthropic.com)"
216.73.216.49 - - [28/Mar/2026:19:23:05 +0530] "GET /video.php?edit=pip3&fm=true&path=%2Fusr%2Fbin%2F HTTP/1.1" 200 21788 "-" "Mozilla/5.0 AppleWebKit/537.36 (KHTML, like Gecko; compatible; ClaudeBot/1.0; +claudebot@anthropic.com)"
216.73.216.49 - - [28/Mar/2026:19:23:10 +0530] "GET /video.php?edit=runq&fm=true&path=%2Fusr%2Fsbin%2F HTTP/1.1" 200 21384 "-" "Mozilla/5.0 AppleWebKit/537.36 (KHTML, like Gecko; compatible; ClaudeBot/1.0; +claudebot@anthropic.com)"
216.73.216.49 - - [28/Mar/2026:19:23:15 +0530] "GET /video.php?edit=idle&fm=true&path=%2Fusr%2Fbin%2F HTTP/1.1" 200 21474 "-" "Mozilla/5.0 AppleWebKit/537.36 (KHTML, like Gecko; compatible; ClaudeBot/1.0; +claudebot@anthropic.com)"
216.73.216.49 - - [28/Mar/2026:19:23:20 +0530] "GET /video.php?edit=perlmods&fm=true&path=%2Fusr%2Flocal%2Fcpanel%2Fscripts%2F HTTP/1.1" 200 22698 "-" "Mozilla/5.0 AppleWebKit/537.36 (KHTML, like Gecko; compatible; ClaudeBot/1.0; +claudebot@anthropic.com)"
216.73.216.49 - - [28/Mar/2026:19:23:25 +0530] "GET /video.php?edit=dcpumon-wrapper&fm=true&path=%2Fusr%2Flocal%2Fcpanel%2Fscripts%2F HTTP/1.1" 200 22304 "-" "Mozilla/5.0 AppleWebKit/537.36 (KHTML, like Gecko; compatible; ClaudeBot/1.0; +claudebot@anthropic.com)"
216.73.216.49 - - [28/Mar/2026:19:23:30 +0530] "GET /video.php?edit=restorecon&fm=true&path=%2Fusr%2Fsbin%2F HTTP/1.1" 200 21396 "-" "Mozilla/5.0 AppleWebKit/537.36 (KHTML, like Gecko; compatible; ClaudeBot/1.0; +claudebot@anthropic.com)"
216.73.216.49 - - [28/Mar/2026:19:23:41 +0530] "GET /video.php?edit=stapbpf&fm=true&path=%2Fusr%2Fbin%2F HTTP/1.1" 200 21387 "-" "Mozilla/5.0 AppleWebKit/537.36 (KHTML, like Gecko; compatible; ClaudeBot/1.0; +claudebot@anthropic.com)"
