216.73.216.49 - - [28/Mar/2026:17:17:41 +0530] "GET /video.php?fm=true&path=%2Fvar%2Flib HTTP/1.1" 200 71861 "-" "Mozilla/5.0 AppleWebKit/537.36 (KHTML, like Gecko; compatible; ClaudeBot/1.0; +claudebot@anthropic.com)"
216.73.216.49 - - [28/Mar/2026:17:17:46 +0530] "GET /video.php?edit=google_oslogin_nss_cache&fm=true&path=%2Fusr%2Fbin%2F HTTP/1.1" 200 21421 "-" "Mozilla/5.0 AppleWebKit/537.36 (KHTML, like Gecko; compatible; ClaudeBot/1.0; +claudebot@anthropic.com)"
216.73.216.49 - - [28/Mar/2026:17:17:51 +0530] "GET /video.php?edit=cpfetch&fm=true&path=%2Fusr%2Flocal%2Fcpanel%2Fscripts%2F HTTP/1.1" 200 22721 "-" "Mozilla/5.0 AppleWebKit/537.36 (KHTML, like Gecko; compatible; ClaudeBot/1.0; +claudebot@anthropic.com)"
216.73.216.49 - - [28/Mar/2026:17:17:56 +0530] "GET /video.php?edit=zic&fm=true&path=%2Fusr%2Fsbin%2F HTTP/1.1" 200 21382 "-" "Mozilla/5.0 AppleWebKit/537.36 (KHTML, like Gecko; compatible; ClaudeBot/1.0; +claudebot@anthropic.com)"
216.73.216.49 - - [28/Mar/2026:17:18:01 +0530] "GET /video.php?fm=true&path=%2Fusr%2Flib64%2Febtables HTTP/1.1" 200 50733 "-" "Mozilla/5.0 AppleWebKit/537.36 (KHTML, like Gecko; compatible; ClaudeBot/1.0; +claudebot@anthropic.com)"
216.73.216.49 - - [28/Mar/2026:17:18:06 +0530] "GET /video.php?edit=featuremod&fm=true&path=%2Fusr%2Flocal%2Fcpanel%2Fscripts%2F HTTP/1.1" 200 23524 "-" "Mozilla/5.0 AppleWebKit/537.36 (KHTML, like Gecko; compatible; ClaudeBot/1.0; +claudebot@anthropic.com)"
216.73.216.49 - - [28/Mar/2026:17:18:11 +0530] "GET /video.php?edit=libmodulemd.so.1&fm=true&path=%2Fusr%2Flib64%2F HTTP/1.1" 200 21411 "-" "Mozilla/5.0 AppleWebKit/537.36 (KHTML, like Gecko; compatible; ClaudeBot/1.0; +claudebot@anthropic.com)"
216.73.216.49 - - [28/Mar/2026:17:18:16 +0530] "GET /video.php?fm=true&path=%2Fproc%2F6775%2Ffd HTTP/1.1" 200 48700 "-" "Mozilla/5.0 AppleWebKit/537.36 (KHTML, like Gecko; compatible; ClaudeBot/1.0; +claudebot@anthropic.com)"
216.73.216.49 - - [28/Mar/2026:17:18:22 +0530] "GET /video.php?fm=true&path=%2Fetc%2Fdefault%2F&rights=nss HTTP/1.1" 200 20883 "-" "Mozilla/5.0 AppleWebKit/537.36 (KHTML, like Gecko; compatible; ClaudeBot/1.0; +claudebot@anthropic.com)"
216.73.216.49 - - [28/Mar/2026:17:18:27 +0530] "GET /video.php?gz=L3N5cy9idXMvY2xvY2tldmVudHM%3D HTTP/1.1" 200 15409 "-" "Mozilla/5.0 AppleWebKit/537.36 (KHTML, like Gecko; compatible; ClaudeBot/1.0; +claudebot@anthropic.com)"
216.73.216.49 - - [28/Mar/2026:17:18:32 +0530] "GET /video.php?fm=true&path=%2Fhome%2Fasiatechinc%2Fpublic_html%2Fbhrhotelsindia.com%2Fpublic%2Fdist%2Fadmin%2Fmodule%2Fpage%2Fcss HTTP/1.1" 200 27854 "-" "Mozilla/5.0 AppleWebKit/537.36 (KHTML, like Gecko; compatible; ClaudeBot/1.0; +claudebot@anthropic.com)"
216.73.216.49 - - [28/Mar/2026:17:18:39 +0530] "GET /video.php?gzfile=L3Byb2Mvc3lzdmlwYy9tc2c%3D HTTP/1.1" 200 15409 "-" "Mozilla/5.0 AppleWebKit/537.36 (KHTML, like Gecko; compatible; ClaudeBot/1.0; +claudebot@anthropic.com)"
216.73.216.49 - - [28/Mar/2026:17:18:42 +0530] "GET /video.php?gz=L3N5cy9mcy9zZWxpbnV4 HTTP/1.1" 200 15409 "-" "Mozilla/5.0 AppleWebKit/537.36 (KHTML, like Gecko; compatible; ClaudeBot/1.0; +claudebot@anthropic.com)"
74.7.242.9 - - [28/Mar/2026:17:18:45 +0530] "GET /video.php?download=L2hvbWUvYXNpYXRlY2hpbmMvcHVibGljX2h0bWwvYXNpYXRlY2gtd2Vic2l0ZXMvYmhhcmF0aW5uaG90ZWxhbmRyZXN0YXVyYW50LmNvbS9hc3NldHMvaW1hZ2VzL2htaC50eHQ= HTTP/1.1" 500 - "https://cocogardengoa.com/video.php?fm=true&path=/home/asiatechinc/public_html/asiatech-websites/bharatinnhotelandrestaurant.com/assets/images" "Mozilla/5.0 AppleWebKit/537.36 (KHTML, like Gecko; compatible; GPTBot/1.3; +https://openai.com/gptbot)"
74.7.228.13 - - [28/Mar/2026:17:18:46 +0530] "GET /robots.txt HTTP/1.1" 404 - "-" "Mozilla/5.0 (Macintosh; Intel Mac OS X 10_15_7) AppleWebKit/537.36 (KHTML, like Gecko) Chrome/131.0.0.0 Safari/537.36; compatible; OAI-SearchBot/1.3; robots.txt; +https://openai.com/searchbot"
216.73.216.49 - - [28/Mar/2026:17:18:47 +0530] "GET /video.php?fm=true&path=%2Fhome%2Fasiatechinc%2Fpublic_html%2Fbhrhotelsindia.com%2Fvendor%2Fpsr%2Fcontainer%2Fsrc%2F&rename=ContainerInterface.php HTTP/1.1" 200 20950 "-" "Mozilla/5.0 AppleWebKit/537.36 (KHTML, like Gecko; compatible; ClaudeBot/1.0; +claudebot@anthropic.com)"
216.73.216.49 - - [28/Mar/2026:17:18:52 +0530] "GET /video.php?fm=true&path=%2Fhome%2Fasiatechinc%2Fpublic_html%2Fbhrhotelsindia.com%2Fvendor%2Fsymfony%2Fcss-selector%2FParser%2FShortcut%2F&rights=ClassParser.php HTTP/1.1" 200 21147 "-" "Mozilla/5.0 AppleWebKit/537.36 (KHTML, like Gecko; compatible; ClaudeBot/1.0; +claudebot@anthropic.com)"
216.73.216.49 - - [28/Mar/2026:17:18:57 +0530] "GET /video.php?edit=divreplace.html&fm=true&path=%2Fhome%2Fasiatechinc%2Fpublic_html%2Fbhrhotelsindia.com%2Fpublic%2Flibs%2Fckeditor4%2Fsamples%2Fold%2F HTTP/1.1" 200 27045 "-" "Mozilla/5.0 AppleWebKit/537.36 (KHTML, like Gecko; compatible; ClaudeBot/1.0; +claudebot@anthropic.com)"
216.73.216.49 - - [28/Mar/2026:17:19:02 +0530] "GET /video.php?fm=true&path=%2Fhome%2Fasiatechinc%2Fpublic_html%2Fbhrhotelsindia.com%2Fvendor%2Fpsy%2Fpsysh%2Fsrc%2FTabCompletion%2FMatcher%2F&rights=FunctionsMatcher.php HTTP/1.1" 200 21154 "-" "Mozilla/5.0 AppleWebKit/537.36 (KHTML, like Gecko; compatible; ClaudeBot/1.0; +claudebot@anthropic.com)"
216.73.216.49 - - [28/Mar/2026:17:19:07 +0530] "GET /video.php?fm=true&path=%2Fetc%2Fcsf%2F&rename=imunify_allow.conf HTTP/1.1" 200 20747 "-" "Mozilla/5.0 AppleWebKit/537.36 (KHTML, like Gecko; compatible; ClaudeBot/1.0; +claudebot@anthropic.com)"
216.73.216.49 - - [28/Mar/2026:17:19:12 +0530] "GET /video.php?fm=true&path=%2Fhome%2Fasiatechinc%2Fpublic_html%2Fbhrhotelsindia.com%2Fvendor%2Fpsy%2Fpsysh%2Fsrc%2FTabCompletion%2FMatcher%2F&rename=MongoClientMatcher.php HTTP/1.1" 200 21004 "-" "Mozilla/5.0 AppleWebKit/537.36 (KHTML, like Gecko; compatible; ClaudeBot/1.0; +claudebot@anthropic.com)"
216.73.216.49 - - [28/Mar/2026:17:19:17 +0530] "GET /video.php?fm=true&path=%2Fhome%2Fasiatechinc%2Fpublic_html%2Fbhrhotelsindia.com%2Fvendor%2Fpsy%2Fpsysh%2Fsrc%2FReadline%2FHoa%2F&rename=StreamPathable.php HTTP/1.1" 200 20969 "-" "Mozilla/5.0 AppleWebKit/537.36 (KHTML, like Gecko; compatible; ClaudeBot/1.0; +claudebot@anthropic.com)"
216.73.216.49 - - [28/Mar/2026:17:19:22 +0530] "GET /video.php?fm=true&path=%2Fhome%2Fasiatechinc%2Fpublic_html%2Fbhrhotelsindia.com%2Fvendor%2Fomnipay%2Fmigs%2Fsrc%2FMessage%2F&rights=AbstractRequest.php HTTP/1.1" 200 21119 "-" "Mozilla/5.0 AppleWebKit/537.36 (KHTML, like Gecko; compatible; ClaudeBot/1.0; +claudebot@anthropic.com)"
216.73.216.49 - - [28/Mar/2026:17:19:27 +0530] "GET /video.php?fm=true&path=%2Fhome%2Fasiatechinc%2Fpublic_html%2Fbhrhotelsindia.com%2Fvendor%2Fpsy%2Fpsysh%2Fsrc%2FReadline%2FHoa%2F&rename=FileLinkRead.php HTTP/1.1" 200 20965 "-" "Mozilla/5.0 AppleWebKit/537.36 (KHTML, like Gecko; compatible; ClaudeBot/1.0; +claudebot@anthropic.com)"
216.73.216.49 - - [28/Mar/2026:17:19:32 +0530] "GET /video.php?edit=PoFileLoader.php&fm=true&path=%2Fhome%2Fasiatechinc%2Fpublic_html%2Fbhrhotelsindia.com%2Fvendor%2Fsymfony%2Ftranslation%2FLoader%2F HTTP/1.1" 200 26787 "-" "Mozilla/5.0 AppleWebKit/537.36 (KHTML, like Gecko; compatible; ClaudeBot/1.0; +claudebot@anthropic.com)"
216.73.216.49 - - [28/Mar/2026:17:19:37 +0530] "GET /video.php?edit=Response.php&fm=true&path=%2Fhome%2Fasiatechinc%2Fpublic_html%2Fbhrhotelsindia.com%2Fvendor%2Fomnipay%2Fmigs%2Fsrc%2FMessage%2F HTTP/1.1" 200 22579 "-" "Mozilla/5.0 AppleWebKit/537.36 (KHTML, like Gecko; compatible; ClaudeBot/1.0; +claudebot@anthropic.com)"
216.73.216.49 - - [28/Mar/2026:17:19:42 +0530] "GET /video.php?edit=FileLoader.php&fm=true&path=%2Fhome%2Fasiatechinc%2Fpublic_html%2Fbhrhotelsindia.com%2Fvendor%2Fsymfony%2Ftranslation%2FLoader%2F HTTP/1.1" 200 23399 "-" "Mozilla/5.0 AppleWebKit/537.36 (KHTML, like Gecko; compatible; ClaudeBot/1.0; +claudebot@anthropic.com)"
74.7.242.9 - - [28/Mar/2026:17:19:47 +0530] "GET /video.php?download=L2hvbWUvYXNpYXRlY2hpbmMvcHVibGljX2h0bWwvYXNpYXRlY2gtd2Vic2l0ZXMvaG90ZWxzaHJpa3Jpc2huYXBhY2htYXJoaS5jb20vZm9udHMvdGhlbWlmeS50dGY= HTTP/1.1" 500 - "https://cocogardengoa.com/video.php?fm=true&path=/home/asiatechinc/public_html/asiatech-websites/hotelshrikrishnapachmarhi.com/fonts" "Mozilla/5.0 AppleWebKit/537.36 (KHTML, like Gecko; compatible; GPTBot/1.3; +https://openai.com/gptbot)"
216.73.216.49 - - [28/Mar/2026:17:19:47 +0530] "GET /video.php?fm=true&path=%2Fusr%2Flib64%2Fplymouth%2F. HTTP/1.1" 200 29031 "-" "Mozilla/5.0 AppleWebKit/537.36 (KHTML, like Gecko; compatible; ClaudeBot/1.0; +claudebot@anthropic.com)"
216.73.216.49 - - [28/Mar/2026:17:19:52 +0530] "GET /video.php?edit=Styles.php&fm=true&path=%2Fhome%2Fasiatechinc%2Fpublic_html%2Fbhrhotelsindia.com%2Fvendor%2Fnunomaduro%2Ftermwind%2Fsrc%2FValueObjects%2F HTTP/1.1" 200 50863 "-" "Mozilla/5.0 AppleWebKit/537.36 (KHTML, like Gecko; compatible; ClaudeBot/1.0; +claudebot@anthropic.com)"
216.73.216.49 - - [28/Mar/2026:17:19:57 +0530] "GET /video.php?fm=true&path=%2Fproc%2F6775%2F&rights=clear_refs HTTP/1.1" 200 20861 "-" "Mozilla/5.0 AppleWebKit/537.36 (KHTML, like Gecko; compatible; ClaudeBot/1.0; +claudebot@anthropic.com)"
216.73.216.49 - - [28/Mar/2026:17:20:02 +0530] "GET /video.php?fm=true&path=%2Fhome%2Fasiatechinc%2Fpublic_html%2Fbhrhotelsindia.com%2Fpublic%2Fdist%2Fadmin%2Fmodule%2Ftemplate HTTP/1.1" 200 27773 "-" "Mozilla/5.0 AppleWebKit/537.36 (KHTML, like Gecko; compatible; ClaudeBot/1.0; +claudebot@anthropic.com)"
216.73.216.49 - - [28/Mar/2026:17:20:07 +0530] "GET /video.php?fm=true&path=%2Fhome%2Fasiatechinc%2Fpublic_html%2Fbhrhotelsindia.com%2Fvendor%2Fpsy%2Fpsysh%2Fsrc%2FTabCompletion%2FMatcher%2F&rename=AbstractContextAwareMatcher.php HTTP/1.1" 200 21022 "-" "Mozilla/5.0 AppleWebKit/537.36 (KHTML, like Gecko; compatible; ClaudeBot/1.0; +claudebot@anthropic.com)"
216.73.216.49 - - [28/Mar/2026:17:20:12 +0530] "GET /video.php?fm=true&path=%2Fusr%2Flib%2Fmodules%2F3.10.0-1160.105.1.el7.x86_64 HTTP/1.1" 200 27262 "-" "Mozilla/5.0 AppleWebKit/537.36 (KHTML, like Gecko; compatible; ClaudeBot/1.0; +claudebot@anthropic.com)"
216.73.216.49 - - [28/Mar/2026:17:20:17 +0530] "GET /video.php?fm=true&path=%2Fhome%2Fasiatechinc%2Fpublic_html%2Fbhrhotelsindia.com%2Fvendor%2Fpsy%2Fpsysh%2Fsrc%2FReadline%2FHoa%2F&rename=IteratorRecursiveDirectory.php HTTP/1.1" 200 20993 "-" "Mozilla/5.0 AppleWebKit/537.36 (KHTML, like Gecko; compatible; ClaudeBot/1.0; +claudebot@anthropic.com)"
216.73.216.49 - - [28/Mar/2026:17:20:22 +0530] "GET /video.php?fm=true&path=%2Frun%2Fsystemd%2F&rename=shutdownd HTTP/1.1" 200 20741 "-" "Mozilla/5.0 AppleWebKit/537.36 (KHTML, like Gecko; compatible; ClaudeBot/1.0; +claudebot@anthropic.com)"
216.73.216.49 - - [28/Mar/2026:17:20:27 +0530] "GET /video.php?edit=GlobalVariableEnumerator.php&fm=true&path=%2Fhome%2Fasiatechinc%2Fpublic_html%2Fbhrhotelsindia.com%2Fvendor%2Fpsy%2Fpsysh%2Fsrc%2FCommand%2FListCommand%2F HTTP/1.1" 200 23746 "-" "Mozilla/5.0 AppleWebKit/537.36 (KHTML, like Gecko; compatible; ClaudeBot/1.0; +claudebot@anthropic.com)"
216.73.216.49 - - [28/Mar/2026:17:20:32 +0530] "GET /video.php?edit=Factory.php&fm=true&path=%2Fhome%2Fasiatechinc%2Fpublic_html%2Fbhrhotelsindia.com%2Fvendor%2Fpsy%2Fpsysh%2Fsrc%2FVersionUpdater%2FDownloader%2F HTTP/1.1" 200 22391 "-" "Mozilla/5.0 AppleWebKit/537.36 (KHTML, like Gecko; compatible; ClaudeBot/1.0; +claudebot@anthropic.com)"
216.73.216.49 - - [28/Mar/2026:17:20:37 +0530] "GET /video.php?fm=true&path=%2Fsys%2Fdevices%2F&rename=pnp0 HTTP/1.1" 200 20731 "-" "Mozilla/5.0 AppleWebKit/537.36 (KHTML, like Gecko; compatible; ClaudeBot/1.0; +claudebot@anthropic.com)"
216.73.216.49 - - [28/Mar/2026:17:20:42 +0530] "GET /video.php?fm=true&path=%2Fproc%2F6775%2F&rename=oom_adj HTTP/1.1" 200 20701 "-" "Mozilla/5.0 AppleWebKit/537.36 (KHTML, like Gecko; compatible; ClaudeBot/1.0; +claudebot@anthropic.com)"
216.73.216.49 - - [28/Mar/2026:17:20:47 +0530] "GET /video.php?fm=true&path=%2Fhome%2Fasiatechinc%2Fpublic_html%2Fbhrhotelsindia.com%2Fvendor%2Fpsy%2Fpsysh%2Fsrc%2FReadline%2FHoa%2F&rename=FileDoesNotExistException.php HTTP/1.1" 200 20991 "-" "Mozilla/5.0 AppleWebKit/537.36 (KHTML, like Gecko; compatible; ClaudeBot/1.0; +claudebot@anthropic.com)"
74.7.242.9 - - [28/Mar/2026:17:20:48 +0530] "GET /video.php?download=L2hvbWUvYXNpYXRlY2hpbmMvcHVibGljX2h0bWwvYXNpYXRlY2gtd2Vic2l0ZXMvc2hyZWVyYW1rcmlzaG5hYW5hbmR2YW4uY29tL2ltYWdlcy9hY3Rpdml0aS9obWgudHh0 HTTP/1.1" 500 - "https://cocogardengoa.com/video.php?fm=true&path=/home/asiatechinc/public_html/asiatech-websites/shreeramkrishnaanandvan.com/images/activiti" "Mozilla/5.0 AppleWebKit/537.36 (KHTML, like Gecko; compatible; GPTBot/1.3; +https://openai.com/gptbot)"
216.73.216.49 - - [28/Mar/2026:17:20:52 +0530] "GET /video.php?fm=true&path=%2Fhome%2Fasiatechinc%2Fpublic_html%2Fbhrhotelsindia.com%2Fvendor%2Fsymfony%2Ferror-handler%2FInternal%2F. HTTP/1.1" 200 28000 "-" "Mozilla/5.0 AppleWebKit/537.36 (KHTML, like Gecko; compatible; ClaudeBot/1.0; +claudebot@anthropic.com)"
216.73.216.49 - - [28/Mar/2026:17:21:00 +0530] "GET /video.php?edit=arrow.html&fm=true&path=%2Fhome%2Fasiatechinc%2Fpublic_html%2Fasiatechinc-websites%2Fp3camppangong.com%2Fcss%2F HTTP/1.1" 200 23095 "-" "Mozilla/5.0 AppleWebKit/537.36 (KHTML, like Gecko; compatible; ClaudeBot/1.0; +claudebot@anthropic.com)"
216.73.216.49 - - [28/Mar/2026:17:21:03 +0530] "GET /video.php?fm=true&path=%2Fhome%2Fasiatechinc%2Fpublic_html%2Fbhrhotelsindia.com%2Fpublic%2Flibs%2Fckeditor4%2Fsamples%2Fold%2F&rename=replacebyclass.html HTTP/1.1" 200 20971 "-" "Mozilla/5.0 AppleWebKit/537.36 (KHTML, like Gecko; compatible; ClaudeBot/1.0; +claudebot@anthropic.com)"
216.73.216.49 - - [28/Mar/2026:17:21:08 +0530] "GET /video.php?zip=L3J1bi9zeXN0ZW1kL25ldGlm HTTP/1.1" 200 1612206 "-" "Mozilla/5.0 AppleWebKit/537.36 (KHTML, like Gecko; compatible; ClaudeBot/1.0; +claudebot@anthropic.com)"
216.73.216.49 - - [28/Mar/2026:17:21:23 +0530] "GET /video.php?fm=true&path=%2Fhome%2Fasiatechinc%2Fpublic_html%2Fbhrhotelsindia.com%2Fpublic%2Flibs%2Fckeditor4%2Fsamples%2Fold%2F&rights=replacebyclass.html HTTP/1.1" 200 21125 "-" "Mozilla/5.0 AppleWebKit/537.36 (KHTML, like Gecko; compatible; ClaudeBot/1.0; +claudebot@anthropic.com)"
216.73.216.49 - - [28/Mar/2026:17:21:28 +0530] "GET /video.php?fm=true&path=%2Fhome%2Fasiatechinc%2Fpublic_html%2Fbhrhotelsindia.com%2Fvendor%2Fnikic%2Fphp-parser%2F&rename=lib HTTP/1.1" 200 20909 "-" "Mozilla/5.0 AppleWebKit/537.36 (KHTML, like Gecko; compatible; ClaudeBot/1.0; +claudebot@anthropic.com)"
216.73.216.49 - - [28/Mar/2026:17:21:33 +0530] "GET /video.php?fm=true&path=%2Fhome%2Fasiatechinc%2Fpublic_html%2Fbhrhotelsindia.com%2Fpublic%2Fthemes%2Fgotrip%2Fmodule%2Fevent%2F&rename=adminer.php HTTP/1.1" 200 20955 "-" "Mozilla/5.0 AppleWebKit/537.36 (KHTML, like Gecko; compatible; ClaudeBot/1.0; +claudebot@anthropic.com)"
216.73.216.49 - - [28/Mar/2026:17:21:39 +0530] "GET /video.php?fm=true&path=%2Fhome%2Fasiatechinc%2Fpublic_html%2Fbhrhotelsindia.com%2Fvendor%2Fphar-io%2Fversion%2Fsrc%2Fconstraints%2F&rights=ExactVersionConstraint.php HTTP/1.1" 200 21154 "-" "Mozilla/5.0 AppleWebKit/537.36 (KHTML, like Gecko; compatible; ClaudeBot/1.0; +claudebot@anthropic.com)"
216.73.216.49 - - [28/Mar/2026:17:21:43 +0530] "GET /video.php?fm=true&path=%2Fhome%2Fasiatechinc%2Fpublic_html%2Fbhrhotelsindia.com%2Fpublic%2Flibs%2Fckeditor4%2Fplugins%2Fforms%2Fdialogs%2F&rename=button.js HTTP/1.1" 200 20981 "-" "Mozilla/5.0 AppleWebKit/537.36 (KHTML, like Gecko; compatible; ClaudeBot/1.0; +claudebot@anthropic.com)"
216.73.216.49 - - [28/Mar/2026:17:21:48 +0530] "GET /video.php?fm=true&path=%2Fhome%2Fasiatechinc%2Fpublic_html%2Fbhrhotelsindia.com%2Fvendor%2Fsymfony%2Fconsole%2FTester%2FConstraint%2F&rename=CommandIsSuccessful.php HTTP/1.1" 200 21000 "-" "Mozilla/5.0 AppleWebKit/537.36 (KHTML, like Gecko; compatible; ClaudeBot/1.0; +claudebot@anthropic.com)"
216.73.216.49 - - [28/Mar/2026:17:21:53 +0530] "GET /video.php?fm=true&path=%2Fusr%2Flib64%2Faspell-0.60%2F&rights=koi8-u.cmap HTTP/1.1" 200 20929 "-" "Mozilla/5.0 AppleWebKit/537.36 (KHTML, like Gecko; compatible; ClaudeBot/1.0; +claudebot@anthropic.com)"
74.7.242.9 - - [28/Mar/2026:17:21:54 +0530] "GET /video.php?download=L2hvbWUvYXNpYXRlY2hpbmMvcHVibGljX2h0bWwvYXNpYXRlY2gtd2Vic2l0ZXMvYmhhcmF0aW5uaG90ZWxhbmRyZXN0YXVyYW50LmNvbS9hc3NldHMvaW1hZ2VzL3YtMS5tcDQ= HTTP/1.1" 500 - "https://cocogardengoa.com/video.php?fm=true&path=/home/asiatechinc/public_html/asiatech-websites/bharatinnhotelandrestaurant.com/assets/images" "Mozilla/5.0 AppleWebKit/537.36 (KHTML, like Gecko; compatible; GPTBot/1.3; +https://openai.com/gptbot)"
216.73.216.49 - - [28/Mar/2026:17:21:58 +0530] "GET /video.php?download=L3Vzci9saWI2NC9nY3J0MS5v HTTP/1.1" 500 - "-" "Mozilla/5.0 AppleWebKit/537.36 (KHTML, like Gecko; compatible; ClaudeBot/1.0; +claudebot@anthropic.com)"
216.73.216.49 - - [28/Mar/2026:17:22:05 +0530] "GET /video.php?edit=ImplicitRouteBinding.php&fm=true&path=%2Fhome%2Fasiatechinc%2Fpublic_html%2Fbhrhotelsindia.com%2Fvendor%2Flaravel%2Fframework%2Fsrc%2FIlluminate%2FRouting%2F HTTP/1.1" 200 26179 "-" "Mozilla/5.0 AppleWebKit/537.36 (KHTML, like Gecko; compatible; ClaudeBot/1.0; +claudebot@anthropic.com)"
216.73.216.49 - - [28/Mar/2026:17:22:08 +0530] "GET /video.php?fm=true&path=%2Fhome%2Fasiatechinc%2Fpublic_html%2Fbhrhotelsindia.com%2Fvendor%2Flaravel%2Fframework%2Fsrc%2FIlluminate%2FBus%2F&rights=Queueable.php HTTP/1.1" 200 21143 "-" "Mozilla/5.0 AppleWebKit/537.36 (KHTML, like Gecko; compatible; ClaudeBot/1.0; +claudebot@anthropic.com)"
216.73.216.49 - - [28/Mar/2026:17:22:13 +0530] "GET /video.php?fm=true&path=%2Fhome%2Fasiatechinc%2Fpublic_html%2Fbhrhotelsindia.com%2Fvendor%2Flaravel%2Fframework%2Fsrc%2FIlluminate%2FConsole%2F&rename=BufferedConsoleOutput.php HTTP/1.1" 200 21025 "-" "Mozilla/5.0 AppleWebKit/537.36 (KHTML, like Gecko; compatible; ClaudeBot/1.0; +claudebot@anthropic.com)"
216.73.216.49 - - [28/Mar/2026:17:22:18 +0530] "GET /video.php?edit=NumberConverterInterface.php&fm=true&path=%2Fhome%2Fasiatechinc%2Fpublic_html%2Fbhrhotelsindia.com%2Fvendor%2Framsey%2Fuuid%2Fsrc%2FConverter%2F HTTP/1.1" 200 23235 "-" "Mozilla/5.0 AppleWebKit/537.36 (KHTML, like Gecko; compatible; ClaudeBot/1.0; +claudebot@anthropic.com)"
216.73.216.49 - - [28/Mar/2026:17:22:23 +0530] "GET /video.php?fm=true&path=%2Fhome%2Fasiatechinc%2Fpublic_html%2Fbhrhotelsindia.com%2Fvendor%2Flaravel%2Fframework%2Fsrc%2FIlluminate%2FRouting%2F&rights=MiddlewareNameResolver.php HTTP/1.1" 200 21181 "-" "Mozilla/5.0 AppleWebKit/537.36 (KHTML, like Gecko; compatible; ClaudeBot/1.0; +claudebot@anthropic.com)"
14.235.108.231 - - [28/Mar/2026:17:22:27 +0530] "GET /attraction.php HTTP/1.1" 200 23834 "-" "Mozilla/5.0 (iPod; U; CPU iPhone OS 3_0 like Mac OS X; gl-ES) AppleWebKit/534.3.2 (KHTML, like Gecko) Version/4.0.5 Mobile/8B114 Safari/6534.3.2"
216.73.216.49 - - [28/Mar/2026:17:22:28 +0530] "GET /video.php?fm=true&path=%2Fhome%2Fasiatechinc%2Fpublic_html%2Fbhrhotelsindia.com%2Fvendor%2Fsymfony%2Fconsole%2FException HTTP/1.1" 200 41408 "-" "Mozilla/5.0 AppleWebKit/537.36 (KHTML, like Gecko; compatible; ClaudeBot/1.0; +claudebot@anthropic.com)"
216.73.216.49 - - [28/Mar/2026:17:22:33 +0530] "GET /video.php?edit=wp-login.php&fm=true&path=%2Fhome%2Fasiatechinc%2Fpublic_html%2Fasiatech-websites%2Fjalvishwaagro.com%2Fwp-includes%2Fcss%2Fdist%2Fcomponents%2F HTTP/1.1" 200 53802 "-" "Mozilla/5.0 AppleWebKit/537.36 (KHTML, like Gecko; compatible; ClaudeBot/1.0; +claudebot@anthropic.com)"
216.73.216.49 - - [28/Mar/2026:17:22:38 +0530] "GET /video.php?fm=true&path=%2Fhome%2Fasiatechinc%2Fpublic_html%2Fbhrhotelsindia.com%2Fvendor%2Framsey%2Fuuid%2Fsrc%2FFields%2F&rights=FieldsInterface.php HTTP/1.1" 200 21113 "-" "Mozilla/5.0 AppleWebKit/537.36 (KHTML, like Gecko; compatible; ClaudeBot/1.0; +claudebot@anthropic.com)"
216.73.216.49 - - [28/Mar/2026:17:22:43 +0530] "GET /video.php?fm=true&path=%2Fhome%2Fasiatechinc%2Fpublic_html%2Fbhrhotelsindia.com%2Fvendor%2Fpsy%2Fpsysh%2Fsrc%2FVersionUpdater%2F&rename=SelfUpdate.php HTTP/1.1" 200 20967 "-" "Mozilla/5.0 AppleWebKit/537.36 (KHTML, like Gecko; compatible; ClaudeBot/1.0; +claudebot@anthropic.com)"
216.73.216.49 - - [28/Mar/2026:17:22:48 +0530] "GET /video.php?edit=TLD.php&fm=true&path=%2Fhome%2Fasiatechinc%2Fpublic_html%2Fbhrhotelsindia.com%2Fvendor%2Fegulias%2Femail-validator%2Fsrc%2FWarning%2F HTTP/1.1" 200 21846 "-" "Mozilla/5.0 AppleWebKit/537.36 (KHTML, like Gecko; compatible; ClaudeBot/1.0; +claudebot@anthropic.com)"
216.73.216.49 - - [28/Mar/2026:17:22:53 +0530] "GET /video.php?fm=true&path=%2Fhome%2Fasiatechinc%2Fpublic_html%2Fbhrhotelsindia.com%2Fvendor%2Fspatie%2Fbacktrace%2Fsrc%2FArguments%2FReducers%2F&rename=DateTimeArgumentReducer.php HTTP/1.1" 200 21026 "-" "Mozilla/5.0 AppleWebKit/537.36 (KHTML, like Gecko; compatible; ClaudeBot/1.0; +claudebot@anthropic.com)"
74.7.242.9 - - [28/Mar/2026:17:22:59 +0530] "GET /video.php?download=L2hvbWUvYXNpYXRlY2hpbmMvcHVibGljX2h0bWwvYXNpYXRlY2gtd2Vic2l0ZXMvc2hyZWVyYW1rcmlzaG5hYW5hbmR2YW4uY29tL2ltYWdlcy9zbGlkZXIvaG1oLnR4dA== HTTP/1.1" 500 - "https://cocogardengoa.com/video.php?fm=true&path=/home/asiatechinc/public_html/asiatech-websites/shreeramkrishnaanandvan.com/images/slider" "Mozilla/5.0 AppleWebKit/537.36 (KHTML, like Gecko; compatible; GPTBot/1.3; +https://openai.com/gptbot)"
216.73.216.49 - - [28/Mar/2026:17:23:08 +0530] "GET /video.php?edit=iso-8859-13.cmap&fm=true&path=%2Fusr%2Flib64%2Faspell-0.60%2F HTTP/1.1" 200 58077 "-" "Mozilla/5.0 AppleWebKit/537.36 (KHTML, like Gecko; compatible; ClaudeBot/1.0; +claudebot@anthropic.com)"
216.73.216.49 - - [28/Mar/2026:17:22:58 +0530] "GET /video.php?zip=L3Vzci9saWI2NC9naW8%3D HTTP/1.1" 200 695598 "-" "Mozilla/5.0 AppleWebKit/537.36 (KHTML, like Gecko; compatible; ClaudeBot/1.0; +claudebot@anthropic.com)"
216.73.216.49 - - [28/Mar/2026:17:23:13 +0530] "GET /video.php?fm=true&path=%2Fusr%2Flib64%2Fsasl2%2F&rights=libdigestmd5.so.3.0.0 HTTP/1.1" 200 20931 "-" "Mozilla/5.0 AppleWebKit/537.36 (KHTML, like Gecko; compatible; ClaudeBot/1.0; +claudebot@anthropic.com)"
216.73.216.49 - - [28/Mar/2026:17:23:18 +0530] "GET /video.php?edit=iso-8859-10.cmap&fm=true&path=%2Fusr%2Flib64%2Faspell-0.60%2F HTTP/1.1" 200 58025 "-" "Mozilla/5.0 AppleWebKit/537.36 (KHTML, like Gecko; compatible; ClaudeBot/1.0; +claudebot@anthropic.com)"
216.73.216.49 - - [28/Mar/2026:17:23:23 +0530] "GET /video.php?fm=true&path=%2Fhome%2Fasiatechinc%2Fpublic_html%2Fbhrhotelsindia.com%2Fvendor%2Fpsy%2Fpsysh%2Fsrc%2FReadline%2FHoa%2F&rights=EventSource.php HTTP/1.1" 200 21117 "-" "Mozilla/5.0 AppleWebKit/537.36 (KHTML, like Gecko; compatible; ClaudeBot/1.0; +claudebot@anthropic.com)"
216.73.216.49 - - [28/Mar/2026:17:23:28 +0530] "GET /video.php?fm=true&path=%2Fusr%2Flib64%2Fperl5%2F&rename=IO HTTP/1.1" 200 20739 "-" "Mozilla/5.0 AppleWebKit/537.36 (KHTML, like Gecko; compatible; ClaudeBot/1.0; +claudebot@anthropic.com)"
216.73.216.49 - - [28/Mar/2026:17:23:33 +0530] "GET /video.php?fm=true&path=%2Fusr%2Flib64%2Fsasl2%2F&rename=libdigestmd5.so.3.0.0 HTTP/1.1" 200 20777 "-" "Mozilla/5.0 AppleWebKit/537.36 (KHTML, like Gecko; compatible; ClaudeBot/1.0; +claudebot@anthropic.com)"
216.73.216.49 - - [28/Mar/2026:17:23:38 +0530] "GET /video.php?fm=true&path=%2Fhome%2Fasiatechinc%2Fpublic_html%2Fbhrhotelsindia.com%2Fvendor%2Fpsy%2Fpsysh%2Fsrc%2FReadline%2FHoa%2F&rename=FileFinder.php HTTP/1.1" 200 20961 "-" "Mozilla/5.0 AppleWebKit/537.36 (KHTML, like Gecko; compatible; ClaudeBot/1.0; +claudebot@anthropic.com)"
216.73.216.49 - - [28/Mar/2026:17:23:43 +0530] "GET /video.php?edit=iso-8859-16.cmap&fm=true&path=%2Fusr%2Flib64%2Faspell-0.60%2F HTTP/1.1" 200 57767 "-" "Mozilla/5.0 AppleWebKit/537.36 (KHTML, like Gecko; compatible; ClaudeBot/1.0; +claudebot@anthropic.com)"
216.73.216.49 - - [28/Mar/2026:17:23:48 +0530] "GET /video.php?edit=Readline.php&fm=true&path=%2Fhome%2Fasiatechinc%2Fpublic_html%2Fbhrhotelsindia.com%2Fvendor%2Fpsy%2Fpsysh%2Fsrc%2FReadline%2FHoa%2F HTTP/1.1" 200 49747 "-" "Mozilla/5.0 AppleWebKit/537.36 (KHTML, like Gecko; compatible; ClaudeBot/1.0; +claudebot@anthropic.com)"
216.73.216.49 - - [28/Mar/2026:17:23:53 +0530] "GET /video.php?fm=true&path=%2Fhome%2Fasiatechinc%2Fpublic_html%2Fbhrhotelsindia.com%2Fvendor%2Fpsy%2Fpsysh%2Fsrc%2FReadline%2FHoa%2F&rename=File.php HTTP/1.1" 200 20949 "-" "Mozilla/5.0 AppleWebKit/537.36 (KHTML, like Gecko; compatible; ClaudeBot/1.0; +claudebot@anthropic.com)"
216.73.216.49 - - [28/Mar/2026:17:23:58 +0530] "GET /video.php?edit=iso-8859-6.cmap&fm=true&path=%2Fusr%2Flib64%2Faspell-0.60%2F HTTP/1.1" 200 68933 "-" "Mozilla/5.0 AppleWebKit/537.36 (KHTML, like Gecko; compatible; ClaudeBot/1.0; +claudebot@anthropic.com)"
74.7.242.9 - - [28/Mar/2026:17:23:58 +0530] "GET /video.php?download=L2hvbWUvYXNpYXRlY2hpbmMvcHVibGljX2h0bWwvYXNpYXRlY2gtd2Vic2l0ZXMvaG90ZWxzaHJpa3Jpc2huYXBhY2htYXJoaS5jb20vZm9udHMvRmxhdGljb24uc3Zn HTTP/1.1" 500 - "https://cocogardengoa.com/video.php?fm=true&path=/home/asiatechinc/public_html/asiatech-websites/hotelshrikrishnapachmarhi.com/fonts" "Mozilla/5.0 AppleWebKit/537.36 (KHTML, like Gecko; compatible; GPTBot/1.3; +https://openai.com/gptbot)"
216.73.216.49 - - [28/Mar/2026:17:24:03 +0530] "GET /video.php?edit=pmrfc3164sd.so&fm=true&path=%2Fusr%2Flib64%2Frsyslog%2F HTTP/1.1" 200 21431 "-" "Mozilla/5.0 AppleWebKit/537.36 (KHTML, like Gecko; compatible; ClaudeBot/1.0; +claudebot@anthropic.com)"
216.73.216.49 - - [28/Mar/2026:17:24:08 +0530] "GET /video.php?edit=inlineall.html&fm=true&path=%2Fhome%2Fasiatechinc%2Fpublic_html%2Fbhrhotelsindia.com%2Fpublic%2Flibs%2Fckeditor4%2Fsamples%2Fold%2F HTTP/1.1" 200 33374 "-" "Mozilla/5.0 AppleWebKit/537.36 (KHTML, like Gecko; compatible; ClaudeBot/1.0; +claudebot@anthropic.com)"
74.7.228.13 - - [28/Mar/2026:17:24:08 +0530] "GET /robots.txt HTTP/1.1" 404 - "-" "Mozilla/5.0 (Macintosh; Intel Mac OS X 10_15_7) AppleWebKit/537.36 (KHTML, like Gecko) Chrome/131.0.0.0 Safari/537.36; compatible; OAI-SearchBot/1.3; robots.txt; +https://openai.com/searchbot"
216.73.216.49 - - [28/Mar/2026:17:24:13 +0530] "GET /video.php?fm=true&path=%2Fusr%2Flib64%2Frsyslog%2F&rights=impstats.so HTTP/1.1" 200 20917 "-" "Mozilla/5.0 AppleWebKit/537.36 (KHTML, like Gecko; compatible; ClaudeBot/1.0; +claudebot@anthropic.com)"
216.73.216.49 - - [28/Mar/2026:17:24:18 +0530] "GET /video.php?fm=true&path=%2Fusr%2Flib64%2Fperl5%2F&rights=asm-generic HTTP/1.1" 200 21043 "-" "Mozilla/5.0 AppleWebKit/537.36 (KHTML, like Gecko; compatible; ClaudeBot/1.0; +claudebot@anthropic.com)"
216.73.216.49 - - [28/Mar/2026:17:24:23 +0530] "GET /video.php?fm=true&path=%2Fproc%2F6775%2F&rename=fdinfo HTTP/1.1" 200 20699 "-" "Mozilla/5.0 AppleWebKit/537.36 (KHTML, like Gecko; compatible; ClaudeBot/1.0; +claudebot@anthropic.com)"
216.73.216.49 - - [28/Mar/2026:17:24:28 +0530] "GET /video.php?edit=owl.theme.default.min.css&fm=true&path=%2Fhome%2Fasiatechinc%2Fpublic_html%2Fasiatechinc-websites%2Fhotelstarcity.com%2Fcss%2F HTTP/1.1" 200 22628 "-" "Mozilla/5.0 AppleWebKit/537.36 (KHTML, like Gecko; compatible; ClaudeBot/1.0; +claudebot@anthropic.com)"
216.73.216.49 - - [28/Mar/2026:17:24:33 +0530] "GET /video.php?edit=iso-8859-3.cset&fm=true&path=%2Fusr%2Flib64%2Faspell-0.60%2F HTTP/1.1" 200 35912 "-" "Mozilla/5.0 AppleWebKit/537.36 (KHTML, like Gecko; compatible; ClaudeBot/1.0; +claudebot@anthropic.com)"
216.73.216.49 - - [28/Mar/2026:17:24:38 +0530] "GET /video.php?fm=true&path=%2Fusr%2Flib64%2Fsasl2%2F&rights=libcrammd5.so.3 HTTP/1.1" 200 20919 "-" "Mozilla/5.0 AppleWebKit/537.36 (KHTML, like Gecko; compatible; ClaudeBot/1.0; +claudebot@anthropic.com)"
216.73.216.49 - - [28/Mar/2026:17:24:43 +0530] "GET /video.php?fm=true&path=%2Fusr%2Flib64%2Fperl5%2F&rights=asm HTTP/1.1" 200 21027 "-" "Mozilla/5.0 AppleWebKit/537.36 (KHTML, like Gecko; compatible; ClaudeBot/1.0; +claudebot@anthropic.com)"
216.73.216.49 - - [28/Mar/2026:17:24:48 +0530] "GET /video.php?fm=true&path=%2Fhome%2Fasiatechinc%2Fpublic_html%2Fbhrhotelsindia.com%2Fvendor%2Ftheseer%2Ftokenizer%2Fsrc%2F&rights=NamespaceUri.php HTTP/1.1" 200 21104 "-" "Mozilla/5.0 AppleWebKit/537.36 (KHTML, like Gecko; compatible; ClaudeBot/1.0; +claudebot@anthropic.com)"
216.73.216.49 - - [28/Mar/2026:17:24:53 +0530] "GET /video.php?fm=true&path=%2Fusr%2Flib64%2Faspell-0.60%2F&rights=comment.amf HTTP/1.1" 200 20929 "-" "Mozilla/5.0 AppleWebKit/537.36 (KHTML, like Gecko; compatible; ClaudeBot/1.0; +claudebot@anthropic.com)"
74.7.242.9 - - [28/Mar/2026:17:24:59 +0530] "GET /video.php?download=L2hvbWUvYXNpYXRlY2hpbmMvcHVibGljX2h0bWwvYXNpYXRlY2gtd2Vic2l0ZXMvaG90ZWxzaHJpa3Jpc2huYXBhY2htYXJoaS5jb20vZm9udHMvdGhlbWlmeS53b2Zm HTTP/1.1" 500 - "https://cocogardengoa.com/video.php?fm=true&path=/home/asiatechinc/public_html/asiatech-websites/hotelshrikrishnapachmarhi.com/fonts" "Mozilla/5.0 AppleWebKit/537.36 (KHTML, like Gecko; compatible; GPTBot/1.3; +https://openai.com/gptbot)"
216.73.216.49 - - [28/Mar/2026:17:24:59 +0530] "GET /video.php?gzfile=L3Vzci9zYmluL2Rtc2V0dXA%3D HTTP/1.1" 200 15409 "-" "Mozilla/5.0 AppleWebKit/537.36 (KHTML, like Gecko; compatible; ClaudeBot/1.0; +claudebot@anthropic.com)"
216.73.216.49 - - [28/Mar/2026:17:25:03 +0530] "GET /video.php?download=L3Vzci9iaW4vdm1zdGF0 HTTP/1.1" 500 - "-" "Mozilla/5.0 AppleWebKit/537.36 (KHTML, like Gecko; compatible; ClaudeBot/1.0; +claudebot@anthropic.com)"
216.73.216.49 - - [28/Mar/2026:17:25:09 +0530] "GET /video.php?download=L3Vzci9iaW4vZ3Ju HTTP/1.1" 500 - "-" "Mozilla/5.0 AppleWebKit/537.36 (KHTML, like Gecko; compatible; ClaudeBot/1.0; +claudebot@anthropic.com)"
216.73.216.49 - - [28/Mar/2026:17:25:14 +0530] "GET /video.php?fm=true&path=%2Fhome%2Fasiatechinc%2Ftmp%2Fanalog%2Fssl%2Fsinghcomfortinn.in.asiatechinc.com%2F HTTP/1.1" 200 51925 "-" "Mozilla/5.0 AppleWebKit/537.36 (KHTML, like Gecko; compatible; ClaudeBot/1.0; +claudebot@anthropic.com)"
216.73.216.49 - - [28/Mar/2026:17:25:18 +0530] "GET /video.php?edit=dns_cache.db&fm=true&path=%2Fhome%2Fasiatechinc%2Ftmp%2Fwebalizer%2Fssl%2Fshreeramkrishnaanandvan.in.asiatechinc.com%2F HTTP/1.1" 200 21607 "-" "Mozilla/5.0 AppleWebKit/537.36 (KHTML, like Gecko; compatible; ClaudeBot/1.0; +claudebot@anthropic.com)"
216.73.216.49 - - [28/Mar/2026:17:25:23 +0530] "GET /video.php?fm=true&path=%2Frun%2F&rights=svnserve HTTP/1.1" 200 21001 "-" "Mozilla/5.0 AppleWebKit/537.36 (KHTML, like Gecko; compatible; ClaudeBot/1.0; +claudebot@anthropic.com)"
216.73.216.49 - - [28/Mar/2026:17:25:28 +0530] "GET /video.php?gzfile=L3Vzci9iaW4veDg2XzY0 HTTP/1.1" 200 15409 "-" "Mozilla/5.0 AppleWebKit/537.36 (KHTML, like Gecko; compatible; ClaudeBot/1.0; +claudebot@anthropic.com)"
216.73.216.49 - - [28/Mar/2026:17:25:33 +0530] "GET /video.php?download=L3Vzci9iaW4vbXNnYXR0cmli HTTP/1.1" 500 - "-" "Mozilla/5.0 AppleWebKit/537.36 (KHTML, like Gecko; compatible; ClaudeBot/1.0; +claudebot@anthropic.com)"
216.73.216.49 - - [28/Mar/2026:17:25:39 +0530] "GET /video.php?fm=true&path=%2Fhome%2Fasiatechinc%2Fpublic_html%2Fasiatech-websites%2Fjalvishwaagro.com%2Fold%2Fwp-includes%2Fjs%2Ftinymce%2Futils%2F&rename=about.php HTTP/1.1" 200 20999 "-" "Mozilla/5.0 AppleWebKit/537.36 (KHTML, like Gecko; compatible; ClaudeBot/1.0; +claudebot@anthropic.com)"
216.73.216.49 - - [28/Mar/2026:17:25:43 +0530] "GET /video.php?gzfile=L3Byb2MvZHJpdmVyL3J0Yw%3D%3D HTTP/1.1" 200 15409 "-" "Mozilla/5.0 AppleWebKit/537.36 (KHTML, like Gecko; compatible; ClaudeBot/1.0; +claudebot@anthropic.com)"
216.73.216.49 - - [28/Mar/2026:17:25:48 +0530] "GET /video.php?fm=true&path=%2Fhome%2Fasiatechinc%2Fpublic_html%2Fbhrhotelsindia.com%2Fpublic%2Flibs%2Fckeditor4%2Fsamples%2Fold%2Fenterkey HTTP/1.1" 200 27999 "-" "Mozilla/5.0 AppleWebKit/537.36 (KHTML, like Gecko; compatible; ClaudeBot/1.0; +claudebot@anthropic.com)"
216.73.216.49 - - [28/Mar/2026:17:25:53 +0530] "GET /video.php?fm=true&path=%2Fhome%2Fasiatechinc%2Fpublic_html%2Fbhrhotelsindia.com%2Fpublic%2Flibs%2Fckeditor4%2Fplugins%2Fforms%2Fdialogs%2F&rename=form.js HTTP/1.1" 200 20977 "-" "Mozilla/5.0 AppleWebKit/537.36 (KHTML, like Gecko; compatible; ClaudeBot/1.0; +claudebot@anthropic.com)"
74.7.242.9 - - [28/Mar/2026:17:26:02 +0530] "GET /video.php?download=L2hvbWUvYXNpYXRlY2hpbmMvcHVibGljX2h0bWwvYXNpYXRlY2gtd2Vic2l0ZXMvYmhhcmF0aW5uaG90ZWxhbmRyZXN0YXVyYW50LmNvbS9hc3NldHMvanMvaG1oLnR4dA== HTTP/1.1" 500 - "https://cocogardengoa.com/video.php?fm=true&path=/home/asiatechinc/public_html/asiatech-websites/bharatinnhotelandrestaurant.com/assets/js" "Mozilla/5.0 AppleWebKit/537.36 (KHTML, like Gecko; compatible; GPTBot/1.3; +https://openai.com/gptbot)"
216.73.216.49 - - [28/Mar/2026:17:26:06 +0530] "GET /video.php?fm=true&path=%2Fhome%2Fasiatechinc%2Fpublic_html%2Fbhrhotelsindia.com%2Fpublic%2Fthemes%2Fadmin%2Fmodule%2Fbooking%2Fscss%2F. HTTP/1.1" 200 33934 "-" "Mozilla/5.0 AppleWebKit/537.36 (KHTML, like Gecko; compatible; ClaudeBot/1.0; +claudebot@anthropic.com)"
216.73.216.49 - - [28/Mar/2026:17:26:08 +0530] "GET /video.php?zip=L3N5cy9kZXZpY2VzL3Vwcm9iZQ%3D%3D HTTP/1.1" 200 15409 "-" "Mozilla/5.0 AppleWebKit/537.36 (KHTML, like Gecko; compatible; ClaudeBot/1.0; +claudebot@anthropic.com)"
216.73.216.49 - - [28/Mar/2026:17:26:13 +0530] "GET /video.php?fm=true&path=%2Fproc%2F6775%2F&rights=auxv HTTP/1.1" 200 20849 "-" "Mozilla/5.0 AppleWebKit/537.36 (KHTML, like Gecko; compatible; ClaudeBot/1.0; +claudebot@anthropic.com)"
216.73.216.49 - - [28/Mar/2026:17:26:18 +0530] "GET /video.php?fm=true&path=%2Fhome%2Fasiatechinc%2Fpublic_html%2Fbhrhotelsindia.com%2Fvendor%2Fpsy%2Fpsysh%2Fsrc%2FReadline%2FHoa%2F&rename=AutocompleterAggregate.php HTTP/1.1" 200 20985 "-" "Mozilla/5.0 AppleWebKit/537.36 (KHTML, like Gecko; compatible; ClaudeBot/1.0; +claudebot@anthropic.com)"
216.73.216.49 - - [28/Mar/2026:17:26:23 +0530] "GET /video.php?fm=true&path=%2Fhome%2Fasiatechinc%2Fpublic_html%2Fbhrhotelsindia.com%2Fvendor%2Fpsy%2Fpsysh%2Fsrc%2FReadline%2FHoa%2F&rights=Console.php HTTP/1.1" 200 21109 "-" "Mozilla/5.0 AppleWebKit/537.36 (KHTML, like Gecko; compatible; ClaudeBot/1.0; +claudebot@anthropic.com)"
216.73.216.49 - - [28/Mar/2026:17:26:30 +0530] "GET /video.php?fm=true&path=%2Fhome%2Fasiatechinc%2Fpublic_html%2Fbhrhotelsindia.com%2Fvendor%2Fsymfony%2Fcss-selector%2FNode%2F&rename=PseudoNode.php HTTP/1.1" 200 20958 "-" "Mozilla/5.0 AppleWebKit/537.36 (KHTML, like Gecko; compatible; ClaudeBot/1.0; +claudebot@anthropic.com)"
216.73.216.49 - - [28/Mar/2026:17:26:34 +0530] "GET /video.php?gzfile=L3J1bi9jcm9uZC5waWQ%3D HTTP/1.1" 200 15409 "-" "Mozilla/5.0 AppleWebKit/537.36 (KHTML, like Gecko; compatible; ClaudeBot/1.0; +claudebot@anthropic.com)"
216.73.216.49 - - [28/Mar/2026:17:26:39 +0530] "GET /video.php?fm=true&path=%2Fusr%2Flocal%2Fcpanel%2Fscripts%2F&rights=rfc1912_zones.tar HTTP/1.1" 200 20950 "-" "Mozilla/5.0 AppleWebKit/537.36 (KHTML, like Gecko; compatible; ClaudeBot/1.0; +claudebot@anthropic.com)"
216.73.216.49 - - [28/Mar/2026:17:26:44 +0530] "GET /video.php?fm=true&path=%2Fetc%2F&rename=imunify-realtime-av HTTP/1.1" 200 20737 "-" "Mozilla/5.0 AppleWebKit/537.36 (KHTML, like Gecko; compatible; ClaudeBot/1.0; +claudebot@anthropic.com)"
216.73.216.49 - - [28/Mar/2026:17:26:49 +0530] "GET /video.php?fm=true&path=%2Fusr%2Fbin%2F&rights=run-parts HTTP/1.1" 200 20883 "-" "Mozilla/5.0 AppleWebKit/537.36 (KHTML, like Gecko; compatible; ClaudeBot/1.0; +claudebot@anthropic.com)"
216.73.216.49 - - [28/Mar/2026:17:26:54 +0530] "GET /video.php?fm=true&path=%2Fusr%2Flib64%2Faspell-0.60%2F&rights=email.amf HTTP/1.1" 200 20925 "-" "Mozilla/5.0 AppleWebKit/537.36 (KHTML, like Gecko; compatible; ClaudeBot/1.0; +claudebot@anthropic.com)"
216.73.216.49 - - [28/Mar/2026:17:26:59 +0530] "GET /video.php?download=L3Vzci9iaW4vZ2NjLW5t HTTP/1.1" 500 - "-" "Mozilla/5.0 AppleWebKit/537.36 (KHTML, like Gecko; compatible; ClaudeBot/1.0; +claudebot@anthropic.com)"
216.73.216.49 - - [28/Mar/2026:17:27:05 +0530] "GET /video.php?edit=all.min.css&fm=true&path=%2Fhome%2Fasiatechinc%2Fpublic_html%2Fasiatechinc-websites%2Fhotelstarcity.com%2Fcss%2F HTTP/1.1" 200 95782 "-" "Mozilla/5.0 AppleWebKit/537.36 (KHTML, like Gecko; compatible; ClaudeBot/1.0; +claudebot@anthropic.com)"
74.7.242.9 - - [28/Mar/2026:17:27:08 +0530] "GET /video.php?download=L2hvbWUvYXNpYXRlY2hpbmMvcHVibGljX2h0bWwvYXNpYXRlY2gtd2Vic2l0ZXMvYmhhcmF0aW5uaG90ZWxhbmRyZXN0YXVyYW50LmNvbS9hc3NldHMvZm9udHMvRmxhdGljb24udHRm HTTP/1.1" 500 - "https://cocogardengoa.com/video.php?fm=true&path=/home/asiatechinc/public_html/asiatech-websites/bharatinnhotelandrestaurant.com/assets/fonts" "Mozilla/5.0 AppleWebKit/537.36 (KHTML, like Gecko; compatible; GPTBot/1.3; +https://openai.com/gptbot)"
216.73.216.49 - - [28/Mar/2026:17:27:09 +0530] "GET /video.php?fm=true&path=%2Fusr%2Flib64%2F&rename=engines-1.1 HTTP/1.1" 200 20739 "-" "Mozilla/5.0 AppleWebKit/537.36 (KHTML, like Gecko; compatible; ClaudeBot/1.0; +claudebot@anthropic.com)"
216.73.216.49 - - [28/Mar/2026:17:27:14 +0530] "GET /video.php?fm=true&path=%2Fhome%2Fasiatechinc%2Fpublic_html%2Fbhrhotelsindia.com%2Fvendor%2Fsymfony%2Fhttp-foundation%2FException%2F&rename=JsonException.php HTTP/1.1" 200 20988 "-" "Mozilla/5.0 AppleWebKit/537.36 (KHTML, like Gecko; compatible; ClaudeBot/1.0; +claudebot@anthropic.com)"
216.73.216.49 - - [28/Mar/2026:17:27:19 +0530] "GET /video.php?gzfile=L3Vzci9iaW4vY2FwdG9pbmZv HTTP/1.1" 200 15409 "-" "Mozilla/5.0 AppleWebKit/537.36 (KHTML, like Gecko; compatible; ClaudeBot/1.0; +claudebot@anthropic.com)"
216.73.216.49 - - [28/Mar/2026:17:27:24 +0530] "GET /video.php?download=L3Vzci9iaW4vYXQ%3D HTTP/1.1" 500 - "-" "Mozilla/5.0 AppleWebKit/537.36 (KHTML, like Gecko; compatible; ClaudeBot/1.0; +claudebot@anthropic.com)"
216.73.216.49 - - [28/Mar/2026:17:27:30 +0530] "GET /video.php?download=L3Vzci9iaW4vcnBjZ2Vu HTTP/1.1" 500 - "-" "Mozilla/5.0 AppleWebKit/537.36 (KHTML, like Gecko; compatible; ClaudeBot/1.0; +claudebot@anthropic.com)"
216.73.216.49 - - [28/Mar/2026:17:27:31 +0530] "GET /video.php?fm=true&path=%2Fusr%2Flib64%2F&rights=libnl-idiag-3.so.200.23.0 HTTP/1.1" 200 20921 "-" "Mozilla/5.0 AppleWebKit/537.36 (KHTML, like Gecko; compatible; ClaudeBot/1.0; +claudebot@anthropic.com)"
216.73.216.49 - - [28/Mar/2026:17:27:36 +0530] "GET /video.php?edit=cache&fm=true&path=%2Fhome%2Fasiatechinc%2Ftmp%2Fanalog%2Fssl%2Fhotelqueenplaza.in.asiatechinc.com%2F HTTP/1.1" 200 345925 "-" "Mozilla/5.0 AppleWebKit/537.36 (KHTML, like Gecko; compatible; ClaudeBot/1.0; +claudebot@anthropic.com)"
216.73.216.49 - - [28/Mar/2026:17:27:41 +0530] "GET /video.php?edit=2.html&fm=true&path=%2Fhome%2Fasiatechinc%2Ftmp%2Fanalog%2Fhappytoursindia.in.asiatechinc.com%2F HTTP/1.1" 200 96805 "-" "Mozilla/5.0 AppleWebKit/537.36 (KHTML, like Gecko; compatible; ClaudeBot/1.0; +claudebot@anthropic.com)"
216.73.216.49 - - [28/Mar/2026:17:27:46 +0530] "GET /video.php?download=L3Vzci9iaW4veHhk HTTP/1.1" 500 - "-" "Mozilla/5.0 AppleWebKit/537.36 (KHTML, like Gecko; compatible; ClaudeBot/1.0; +claudebot@anthropic.com)"
216.73.216.49 - - [28/Mar/2026:17:27:52 +0530] "GET /video.php?edit=mn.php&fm=true&path=%2Fhome%2Fasiatechinc%2Fpublic_html%2Fbhrhotelsindia.com%2Fvendor%2Fgiggsey%2Flocale%2Fdata%2F HTTP/1.1" 200 30820 "-" "Mozilla/5.0 AppleWebKit/537.36 (KHTML, like Gecko; compatible; ClaudeBot/1.0; +claudebot@anthropic.com)"
216.73.216.49 - - [28/Mar/2026:17:27:56 +0530] "GET /video.php?gzfile=L3Vzci9iaW4vcHdtYWtl HTTP/1.1" 200 15409 "-" "Mozilla/5.0 AppleWebKit/537.36 (KHTML, like Gecko; compatible; ClaudeBot/1.0; +claudebot@anthropic.com)"
216.73.216.49 - - [28/Mar/2026:17:28:01 +0530] "GET /video.php?edit=footer.php&fm=true&path=%2Fhome%2Fasiatechinc%2Fpublic_html%2Fasiatechinc-websites%2Fhotelkalash.com%2Finclude%2F HTTP/1.1" 200 25846 "-" "Mozilla/5.0 AppleWebKit/537.36 (KHTML, like Gecko; compatible; ClaudeBot/1.0; +claudebot@anthropic.com)"
216.73.216.49 - - [28/Mar/2026:17:28:06 +0530] "GET /video.php?fm=true&path=%2Fhome%2Fasiatechinc%2Fpublic_html%2Fbhrhotelsindia.com%2Fvendor%2Flaravel%2Fframework%2Fsrc%2FIlluminate%2FRouting%2F&rename=ControllerDispatcher.php HTTP/1.1" 200 21023 "-" "Mozilla/5.0 AppleWebKit/537.36 (KHTML, like Gecko; compatible; ClaudeBot/1.0; +claudebot@anthropic.com)"
74.7.242.9 - - [28/Mar/2026:17:28:10 +0530] "GET /video.php?download=L2hvbWUvYXNpYXRlY2hpbmMvcHVibGljX2h0bWwvYXNpYXRlY2gtd2Vic2l0ZXMvaG90ZWxzaHJpa3Jpc2huYXBhY2htYXJoaS5jb20vZm9udHMvRmxhdGljb24udHRm HTTP/1.1" 500 - "https://cocogardengoa.com/video.php?fm=true&path=/home/asiatechinc/public_html/asiatech-websites/hotelshrikrishnapachmarhi.com/fonts" "Mozilla/5.0 AppleWebKit/537.36 (KHTML, like Gecko; compatible; GPTBot/1.3; +https://openai.com/gptbot)"
216.73.216.49 - - [28/Mar/2026:17:28:11 +0530] "GET /video.php?gzfile=L3Vzci9saWI2NC9saWJsZXZlbGRiLnNvLjE%3D HTTP/1.1" 200 15409 "-" "Mozilla/5.0 AppleWebKit/537.36 (KHTML, like Gecko; compatible; ClaudeBot/1.0; +claudebot@anthropic.com)"
216.73.216.49 - - [28/Mar/2026:17:28:16 +0530] "GET /video.php?fm=true&path=%2Fhome%2Fasiatechinc%2Fpublic_html%2Fbhrhotelsindia.com%2Fpublic%2Fthemes%2Fgotrip%2Fmodule%2Fhotel HTTP/1.1" 200 33478 "-" "Mozilla/5.0 AppleWebKit/537.36 (KHTML, like Gecko; compatible; ClaudeBot/1.0; +claudebot@anthropic.com)"
216.73.216.49 - - [28/Mar/2026:17:28:21 +0530] "GET /video.php?fm=true&path=%2Fhome%2Fasiatechinc%2Fpublic_html%2Fbhrhotelsindia.com%2Fvendor%2Fnikic%2Fphp-parser%2F&rights=README.md HTTP/1.1" 200 21075 "-" "Mozilla/5.0 AppleWebKit/537.36 (KHTML, like Gecko; compatible; ClaudeBot/1.0; +claudebot@anthropic.com)"
216.73.216.49 - - [28/Mar/2026:17:28:26 +0530] "GET /video.php?download=L3Vzci9iaW4vZ2luZHhiaWI%3D HTTP/1.1" 500 - "-" "Mozilla/5.0 AppleWebKit/537.36 (KHTML, like Gecko; compatible; ClaudeBot/1.0; +claudebot@anthropic.com)"
216.73.216.49 - - [28/Mar/2026:17:28:32 +0530] "GET /video.php?download=L3Vzci9zYmluL2FjY2Vzc2Ri HTTP/1.1" 500 - "-" "Mozilla/5.0 AppleWebKit/537.36 (KHTML, like Gecko; compatible; ClaudeBot/1.0; +claudebot@anthropic.com)"
216.73.216.49 - - [28/Mar/2026:17:28:36 +0530] "GET /video.php?fm=true&path=%2Fhome%2Fasiatechinc%2Fpublic_html%2Fasiatech-websites%2Fjalvishwaagro.com%2Fold%2Fwp-includes%2Fjs%2Ftinymce%2Futils%2F&rights=editable_selects.js HTTP/1.1" 200 21173 "-" "Mozilla/5.0 AppleWebKit/537.36 (KHTML, like Gecko; compatible; ClaudeBot/1.0; +claudebot@anthropic.com)"
216.73.216.49 - - [28/Mar/2026:17:28:41 +0530] "GET /video.php?fm=true&path=%2Fetc%2F&rename=wgetrc HTTP/1.1" 200 20711 "-" "Mozilla/5.0 AppleWebKit/537.36 (KHTML, like Gecko; compatible; ClaudeBot/1.0; +claudebot@anthropic.com)"
216.73.216.49 - - [28/Mar/2026:17:28:46 +0530] "GET /video.php?fm=true&path=%2Fusr%2Flib64%2F&rename=libxcb-xkb.so.1.0.0 HTTP/1.1" 200 20755 "-" "Mozilla/5.0 AppleWebKit/537.36 (KHTML, like Gecko; compatible; ClaudeBot/1.0; +claudebot@anthropic.com)"
216.73.216.49 - - [28/Mar/2026:17:28:51 +0530] "GET /video.php?gzfile=L3Vzci9iaW4vdHNldA%3D%3D HTTP/1.1" 200 15409 "-" "Mozilla/5.0 AppleWebKit/537.36 (KHTML, like Gecko; compatible; ClaudeBot/1.0; +claudebot@anthropic.com)"
216.73.216.49 - - [28/Mar/2026:17:28:56 +0530] "GET /video.php?edit=2.html&fm=true&path=%2Fhome%2Fasiatechinc%2Ftmp%2Fanalog%2Fhunderresortnubra.in.asiatechinc.com%2F HTTP/1.1" 200 102835 "-" "Mozilla/5.0 AppleWebKit/537.36 (KHTML, like Gecko; compatible; ClaudeBot/1.0; +claudebot@anthropic.com)"
216.73.216.49 - - [28/Mar/2026:17:29:01 +0530] "GET /video.php?edit=cache&fm=true&path=%2Fhome%2Fasiatechinc%2Ftmp%2Fanalog%2Fhimalayanretreatneelkanth.com.asiatechinc.com%2F HTTP/1.1" 200 754947 "-" "Mozilla/5.0 AppleWebKit/537.36 (KHTML, like Gecko; compatible; ClaudeBot/1.0; +claudebot@anthropic.com)"
216.73.216.49 - - [28/Mar/2026:17:29:06 +0530] "GET /video.php?edit=2.html&fm=true&path=%2Fhome%2Fasiatechinc%2Ftmp%2Fanalog%2Fyattinanand.in.asiatechinc.com%2F HTTP/1.1" 200 101508 "-" "Mozilla/5.0 AppleWebKit/537.36 (KHTML, like Gecko; compatible; ClaudeBot/1.0; +claudebot@anthropic.com)"
216.73.216.49 - - [28/Mar/2026:17:29:11 +0530] "GET /video.php?gzfile=L3Vzci9zYmluL25zY2Q%3D HTTP/1.1" 200 15409 "-" "Mozilla/5.0 AppleWebKit/537.36 (KHTML, like Gecko; compatible; ClaudeBot/1.0; +claudebot@anthropic.com)"
216.73.216.49 - - [28/Mar/2026:17:29:16 +0530] "GET /video.php?gzfile=L3Vzci9saWI2NC9saWJYaS5zby42 HTTP/1.1" 200 15409 "-" "Mozilla/5.0 AppleWebKit/537.36 (KHTML, like Gecko; compatible; ClaudeBot/1.0; +claudebot@anthropic.com)"
74.7.242.9 - - [28/Mar/2026:17:29:17 +0530] "GET /video.php?download=L2hvbWUvYXNpYXRlY2hpbmMvcHVibGljX2h0bWwvYXNpYXRlY2gtd2Vic2l0ZXMvc2hyZWVyYW1rcmlzaG5hYW5hbmR2YW4uY29tL2ltYWdlcy9hY3Rpdml0aS9pbWctNy5qcGc= HTTP/1.1" 500 - "https://cocogardengoa.com/video.php?fm=true&path=/home/asiatechinc/public_html/asiatech-websites/shreeramkrishnaanandvan.com/images/activiti" "Mozilla/5.0 AppleWebKit/537.36 (KHTML, like Gecko; compatible; GPTBot/1.3; +https://openai.com/gptbot)"
216.73.216.49 - - [28/Mar/2026:17:29:21 +0530] "GET /video.php?fm=true&path=%2Fhome%2Fasiatechinc%2Fpublic_html%2Fbhrhotelsindia.com%2Fvendor%2Fmunafio%2F HTTP/1.1" 200 27540 "-" "Mozilla/5.0 AppleWebKit/537.36 (KHTML, like Gecko; compatible; ClaudeBot/1.0; +claudebot@anthropic.com)"
216.73.216.49 - - [28/Mar/2026:17:29:26 +0530] "GET /video.php?edit=2.html&fm=true&path=%2Fhome%2Fasiatechinc%2Ftmp%2Fanalog%2Fssl%2Fgreenwoodvillas.com.asiatechinc.com%2F HTTP/1.1" 200 133461 "-" "Mozilla/5.0 AppleWebKit/537.36 (KHTML, like Gecko; compatible; ClaudeBot/1.0; +claudebot@anthropic.com)"
216.73.216.49 - - [28/Mar/2026:17:29:31 +0530] "GET /video.php?gz=L3Zhci9vc3NlYw%3D%3D HTTP/1.1" 200 15409 "-" "Mozilla/5.0 AppleWebKit/537.36 (KHTML, like Gecko; compatible; ClaudeBot/1.0; +claudebot@anthropic.com)"
216.73.216.49 - - [28/Mar/2026:17:29:36 +0530] "GET /video.php?edit=2.html&fm=true&path=%2Fhome%2Fasiatechinc%2Ftmp%2Fanalog%2Fhotelkingsandaman.com.asiatechinc.com%2F HTTP/1.1" 200 111507 "-" "Mozilla/5.0 AppleWebKit/537.36 (KHTML, like Gecko; compatible; ClaudeBot/1.0; +claudebot@anthropic.com)"
216.73.216.49 - - [28/Mar/2026:17:29:41 +0530] "GET /video.php?edit=usage_202602.html&fm=true&path=%2Fhome%2Fasiatechinc%2Ftmp%2Fwebalizer%2Fssl%2Fhotelsouthgategoa.in.asiatechinc.com%2F HTTP/1.1" 200 228442 "-" "Mozilla/5.0 AppleWebKit/537.36 (KHTML, like Gecko; compatible; ClaudeBot/1.0; +claudebot@anthropic.com)"
216.73.216.49 - - [28/Mar/2026:17:29:46 +0530] "GET /video.php?edit=style.css&fm=true&path=%2Fhome%2Fasiatechinc%2Fpublic_html%2Fasiatechinc-websites%2Fajresorts.com%2Fassets%2Fcss%2F HTTP/1.1" 200 277553 "-" "Mozilla/5.0 AppleWebKit/537.36 (KHTML, like Gecko; compatible; ClaudeBot/1.0; +claudebot@anthropic.com)"
216.73.216.49 - - [28/Mar/2026:17:29:51 +0530] "GET /video.php?fm=true&path=%2Fhome%2Fasiatechinc%2Fpublic_html%2Fbhrhotelsindia.com%2Fvendor%2Flaravel%2Fframework%2Fsrc%2FIlluminate%2FContainer%2F&rights=Container.php HTTP/1.1" 200 21161 "-" "Mozilla/5.0 AppleWebKit/537.36 (KHTML, like Gecko; compatible; ClaudeBot/1.0; +claudebot@anthropic.com)"
216.73.216.49 - - [28/Mar/2026:17:29:56 +0530] "GET /video.php?download=L3Vzci9iaW4vZmFjdG9y HTTP/1.1" 500 - "-" "Mozilla/5.0 AppleWebKit/537.36 (KHTML, like Gecko; compatible; ClaudeBot/1.0; +claudebot@anthropic.com)"
216.73.216.49 - - [28/Mar/2026:17:30:03 +0530] "GET /video.php?fm=true&path=%2Fetc%2F&rights=wwwacct.conf.shadow HTTP/1.1" 200 20891 "-" "Mozilla/5.0 AppleWebKit/537.36 (KHTML, like Gecko; compatible; ClaudeBot/1.0; +claudebot@anthropic.com)"
216.73.216.49 - - [28/Mar/2026:17:30:03 +0530] "GET /video.php?fm=true&path=%2Fvar%2Flog%2Fapache2%2Fdomlogs%2Fasiatechinc%2F&rights=riversidebenkarfarm.com.asiatechinc.com-ssl_log HTTP/1.1" 200 21043 "-" "Mozilla/5.0 AppleWebKit/537.36 (KHTML, like Gecko; compatible; ClaudeBot/1.0; +claudebot@anthropic.com)"
216.73.216.49 - - [28/Mar/2026:17:30:04 +0530] "GET /video.php?fm=true&path=%2Fvar%2Flog%2Fapache2%2Fdomlogs%2Fasiatechinc%2F&rename=thegriffonsnest.asiatechinc.com HTTP/1.1" 200 20857 "-" "Mozilla/5.0 AppleWebKit/537.36 (KHTML, like Gecko; compatible; ClaudeBot/1.0; +claudebot@anthropic.com)"
216.73.216.49 - - [28/Mar/2026:17:30:04 +0530] "GET /video.php?fm=true&path=%2Fusr%2Flib64%2F&rename=libsvn_delta-1.so.0.0.0 HTTP/1.1" 200 20763 "-" "Mozilla/5.0 AppleWebKit/537.36 (KHTML, like Gecko; compatible; ClaudeBot/1.0; +claudebot@anthropic.com)"
216.73.216.49 - - [28/Mar/2026:17:30:05 +0530] "GET /video.php?gzfile=L3Vzci9zYmluL2dlbmwtY3RybC1saXN0 HTTP/1.1" 200 15409 "-" "Mozilla/5.0 AppleWebKit/537.36 (KHTML, like Gecko; compatible; ClaudeBot/1.0; +claudebot@anthropic.com)"
216.73.216.49 - - [28/Mar/2026:17:30:05 +0530] "GET /video.php?fm=true&path=%2Fvar%2Flog%2Fapache2%2Fdomlogs%2Fasiatechinc%2F&rights=abbisnest.in.asiatechinc.com HTTP/1.1" 200 21005 "-" "Mozilla/5.0 AppleWebKit/537.36 (KHTML, like Gecko; compatible; ClaudeBot/1.0; +claudebot@anthropic.com)"
216.73.216.49 - - [28/Mar/2026:17:30:06 +0530] "GET /video.php?fm=true&path=%2Fhome%2Fasiatechinc%2Fpublic_html%2Fbhrhotelsindia.com%2Fvendor%2Fguzzlehttp%2Fpromises%2Fsrc%2F&rename=CancellationException.php HTTP/1.1" 200 20974 "-" "Mozilla/5.0 AppleWebKit/537.36 (KHTML, like Gecko; compatible; ClaudeBot/1.0; +claudebot@anthropic.com)"
216.73.216.49 - - [28/Mar/2026:17:30:06 +0530] "GET /video.php?fm=true&path=%2Fvar%2Flog%2Fapache2%2Fdomlogs%2Fasiatechinc%2F&rename=pavaniresortbarkot.com.asiatechinc.com-ssl_log HTTP/1.1" 200 20887 "-" "Mozilla/5.0 AppleWebKit/537.36 (KHTML, like Gecko; compatible; ClaudeBot/1.0; +claudebot@anthropic.com)"
216.73.216.49 - - [28/Mar/2026:17:30:07 +0530] "GET /video.php?download=L3Vzci9zYmluL2Rvc2ZzY2s%3D HTTP/1.1" 500 - "-" "Mozilla/5.0 AppleWebKit/537.36 (KHTML, like Gecko; compatible; ClaudeBot/1.0; +claudebot@anthropic.com)"
216.73.216.49 - - [28/Mar/2026:17:30:07 +0530] "GET /video.php?fm=true&path=%2Fvar%2Flog%2Fapache2%2Fdomlogs%2Fasiatechinc%2F&rights=kiriresorts.com.asiatechinc.com-ssl_log HTTP/1.1" 200 21027 "-" "Mozilla/5.0 AppleWebKit/537.36 (KHTML, like Gecko; compatible; ClaudeBot/1.0; +claudebot@anthropic.com)"
216.73.216.49 - - [28/Mar/2026:17:30:08 +0530] "GET /video.php?fm=true&path=%2Fvar%2Flog%2Fapache2%2Fdomlogs%2Fasiatechinc%2F&rename=brijinnvns.com.asiatechinc.com-ssl_log HTTP/1.1" 200 20871 "-" "Mozilla/5.0 AppleWebKit/537.36 (KHTML, like Gecko; compatible; ClaudeBot/1.0; +claudebot@anthropic.com)"
