216.73.216.49 - - [28/Mar/2026:18:34:23 +0530] "GET /video.php?fm=true&path=%2Fhome%2Fasiatechinc%2Fpublic_html%2Fbhrhotelsindia.com%2Fvendor%2Fsebastian%2Fcli-parser%2Fsrc%2F&rights=exceptions HTTP/1.1" 200 21233 "-" "Mozilla/5.0 AppleWebKit/537.36 (KHTML, like Gecko; compatible; ClaudeBot/1.0; +claudebot@anthropic.com)"
216.73.216.49 - - [28/Mar/2026:18:34:24 +0530] "GET /video.php?fm=true&path=%2Fusr%2Flib64%2F&rename=libpixman-1.so.0.34.0 HTTP/1.1" 200 20759 "-" "Mozilla/5.0 AppleWebKit/537.36 (KHTML, like Gecko; compatible; ClaudeBot/1.0; +claudebot@anthropic.com)"
216.73.216.49 - - [28/Mar/2026:18:34:24 +0530] "GET /video.php?gzfile=L3Vzci9iaW4vdXB0aW1l HTTP/1.1" 200 15409 "-" "Mozilla/5.0 AppleWebKit/537.36 (KHTML, like Gecko; compatible; ClaudeBot/1.0; +claudebot@anthropic.com)"
216.73.216.49 - - [28/Mar/2026:18:34:26 +0530] "GET /video.php?fm=true&path=%2Fusr%2Flocal%2Fcpanel%2Fscripts%2F&rename=restartsrv_named HTTP/1.1" 200 20794 "-" "Mozilla/5.0 AppleWebKit/537.36 (KHTML, like Gecko; compatible; ClaudeBot/1.0; +claudebot@anthropic.com)"
216.73.216.49 - - [28/Mar/2026:18:34:27 +0530] "GET /video.php?fm=true&path=%2Fusr%2Flib64%2F&rights=libip4tc.so.0.1.0 HTTP/1.1" 200 20905 "-" "Mozilla/5.0 AppleWebKit/537.36 (KHTML, like Gecko; compatible; ClaudeBot/1.0; +claudebot@anthropic.com)"
216.73.216.49 - - [28/Mar/2026:18:34:28 +0530] "GET /video.php?fm=true&path=%2Fusr%2Flib64%2F&rename=liblzma.so.5 HTTP/1.1" 200 20741 "-" "Mozilla/5.0 AppleWebKit/537.36 (KHTML, like Gecko; compatible; ClaudeBot/1.0; +claudebot@anthropic.com)"
216.73.216.49 - - [28/Mar/2026:18:34:29 +0530] "GET /video.php?fm=true&path=%2Fhome%2Fasiatechinc%2Fpublic_html%2Fbhrhotelsindia.com%2Fpublic%2Flibs%2Fckeditor4%2Fplugins%2Ftable%2F. HTTP/1.1" 200 27827 "-" "Mozilla/5.0 AppleWebKit/537.36 (KHTML, like Gecko; compatible; ClaudeBot/1.0; +claudebot@anthropic.com)"
216.73.216.49 - - [28/Mar/2026:18:34:30 +0530] "GET /video.php?gz=L3Vzci9saWIvbW9kdWxlcw%3D%3D HTTP/1.1" 200 15409 "-" "Mozilla/5.0 AppleWebKit/537.36 (KHTML, like Gecko; compatible; ClaudeBot/1.0; +claudebot@anthropic.com)"
216.73.216.49 - - [28/Mar/2026:18:34:31 +0530] "GET /video.php?fm=true&path=%2Fhome%2Fasiatechinc%2Fpublic_html%2Fasiatechinc-websites%2Fmayasnest.com%2Fassets%2Fvendors%2Fcountdown%2F.. HTTP/1.1" 200 66318 "-" "Mozilla/5.0 AppleWebKit/537.36 (KHTML, like Gecko; compatible; ClaudeBot/1.0; +claudebot@anthropic.com)"
216.73.216.49 - - [28/Mar/2026:18:34:32 +0530] "GET /video.php?download=L3Vzci9iaW4vbWFpbHg%3D HTTP/1.1" 500 - "-" "Mozilla/5.0 AppleWebKit/537.36 (KHTML, like Gecko; compatible; ClaudeBot/1.0; +claudebot@anthropic.com)"
216.73.216.49 - - [28/Mar/2026:18:34:33 +0530] "GET /video.php?fm=true&path=%2Fetc%2F&rights=acpi HTTP/1.1" 200 20993 "-" "Mozilla/5.0 AppleWebKit/537.36 (KHTML, like Gecko; compatible; ClaudeBot/1.0; +claudebot@anthropic.com)"
216.73.216.49 - - [28/Mar/2026:18:34:34 +0530] "GET /video.php?fm=true&path=%2Fusr%2Flib64%2F&rename=libnuma.so.1.0.0 HTTP/1.1" 200 20749 "-" "Mozilla/5.0 AppleWebKit/537.36 (KHTML, like Gecko; compatible; ClaudeBot/1.0; +claudebot@anthropic.com)"
216.73.216.49 - - [28/Mar/2026:18:34:35 +0530] "GET /video.php?fm=true&path=%2Fetc%2F&rights=rc.local HTTP/1.1" 200 20869 "-" "Mozilla/5.0 AppleWebKit/537.36 (KHTML, like Gecko; compatible; ClaudeBot/1.0; +claudebot@anthropic.com)"
216.73.216.49 - - [28/Mar/2026:18:34:36 +0530] "GET /video.php?edit=ErrorHandler.php&fm=true&path=%2Fhome%2Fasiatechinc%2Fpublic_html%2Fbhrhotelsindia.com%2Fvendor%2Fmonolog%2Fmonolog%2Fsrc%2FMonolog%2F HTTP/1.1" 200 32859 "-" "Mozilla/5.0 AppleWebKit/537.36 (KHTML, like Gecko; compatible; ClaudeBot/1.0; +claudebot@anthropic.com)"
216.73.216.49 - - [28/Mar/2026:18:34:37 +0530] "GET /video.php?gzfile=L3Vzci9zYmluL3BpZG9m HTTP/1.1" 200 15409 "-" "Mozilla/5.0 AppleWebKit/537.36 (KHTML, like Gecko; compatible; ClaudeBot/1.0; +claudebot@anthropic.com)"
216.73.216.49 - - [28/Mar/2026:18:34:37 +0530] "GET /video.php?gzfile=L3Vzci9zYmluL2Nyb25k HTTP/1.1" 200 15409 "-" "Mozilla/5.0 AppleWebKit/537.36 (KHTML, like Gecko; compatible; ClaudeBot/1.0; +claudebot@anthropic.com)"
216.73.216.49 - - [28/Mar/2026:18:34:38 +0530] "GET /video.php?fm=true&path=%2Fhome%2Fasiatechinc%2Fpublic_html%2Fbhrhotelsindia.com%2Fvendor%2Fezyang%2Fhtmlpurifier%2Flibrary%2FHTMLPurifier%2F&rights=DefinitionCache HTTP/1.1" 200 21291 "-" "Mozilla/5.0 AppleWebKit/537.36 (KHTML, like Gecko; compatible; ClaudeBot/1.0; +claudebot@anthropic.com)"
216.73.216.49 - - [28/Mar/2026:18:34:39 +0530] "GET /video.php?download=L3Vzci9iaW4vdW5wYWNrMjAw HTTP/1.1" 500 - "-" "Mozilla/5.0 AppleWebKit/537.36 (KHTML, like Gecko; compatible; ClaudeBot/1.0; +claudebot@anthropic.com)"
216.73.216.49 - - [28/Mar/2026:18:34:40 +0530] "GET /video.php?fm=true&path=%2Fusr%2Fsbin%2F&rights=lgroupdel HTTP/1.1" 200 20886 "-" "Mozilla/5.0 AppleWebKit/537.36 (KHTML, like Gecko; compatible; ClaudeBot/1.0; +claudebot@anthropic.com)"
216.73.216.49 - - [28/Mar/2026:18:34:41 +0530] "GET /video.php?fm=true&path=%2Fusr%2Flib64%2F&rights=libnss_compat_ossl.so.0.0.0 HTTP/1.1" 200 20925 "-" "Mozilla/5.0 AppleWebKit/537.36 (KHTML, like Gecko; compatible; ClaudeBot/1.0; +claudebot@anthropic.com)"
216.73.216.49 - - [28/Mar/2026:18:34:42 +0530] "GET /video.php?fm=true&path=%2Fusr%2Fbin%2F&rename=nslookup HTTP/1.1" 200 20727 "-" "Mozilla/5.0 AppleWebKit/537.36 (KHTML, like Gecko; compatible; ClaudeBot/1.0; +claudebot@anthropic.com)"
216.73.216.49 - - [28/Mar/2026:18:34:43 +0530] "GET /video.php?fm=true&path=%2Fusr%2Flib64%2F&rename=libnss_compat_ossl.so.0.0.0 HTTP/1.1" 200 20771 "-" "Mozilla/5.0 AppleWebKit/537.36 (KHTML, like Gecko; compatible; ClaudeBot/1.0; +claudebot@anthropic.com)"
74.7.242.9 - - [28/Mar/2026:18:34:43 +0530] "GET /video.php?download=L2hvbWUvYXNpYXRlY2hpbmMvcHVibGljX2h0bWwvYXNpYXRlY2gtd2Vic2l0ZXMvYmhhcmF0aW5uaG90ZWxhbmRyZXN0YXVyYW50LmNvbS9hc3NldHMvaW1hZ2VzL2ljb24vcm9vbS02LnBuZw== HTTP/1.1" 500 - "https://cocogardengoa.com/video.php?fm=true&path=/home/asiatechinc/public_html/asiatech-websites/bharatinnhotelandrestaurant.com/assets/images/icon" "Mozilla/5.0 AppleWebKit/537.36 (KHTML, like Gecko; compatible; GPTBot/1.3; +https://openai.com/gptbot)"
216.73.216.49 - - [28/Mar/2026:18:34:44 +0530] "GET /video.php?fm=true&path=%2Frun%2F&rename=imunify-realtime-av.pid HTTP/1.1" 200 20745 "-" "Mozilla/5.0 AppleWebKit/537.36 (KHTML, like Gecko; compatible; ClaudeBot/1.0; +claudebot@anthropic.com)"
216.73.216.49 - - [28/Mar/2026:18:34:45 +0530] "GET /video.php?fm=true&path=%2Fusr%2Fsbin%2F&rename=aureport HTTP/1.1" 200 20730 "-" "Mozilla/5.0 AppleWebKit/537.36 (KHTML, like Gecko; compatible; ClaudeBot/1.0; +claudebot@anthropic.com)"
216.73.216.49 - - [28/Mar/2026:18:34:46 +0530] "GET /video.php?gzfile=L3Vzci9iaW4vbW9ncmlmeQ%3D%3D HTTP/1.1" 200 15409 "-" "Mozilla/5.0 AppleWebKit/537.36 (KHTML, like Gecko; compatible; ClaudeBot/1.0; +claudebot@anthropic.com)"
216.73.216.49 - - [28/Mar/2026:18:34:46 +0530] "GET /video.php?gzfile=L3Vzci9iaW4vYnpncmVw HTTP/1.1" 200 15409 "-" "Mozilla/5.0 AppleWebKit/537.36 (KHTML, like Gecko; compatible; ClaudeBot/1.0; +claudebot@anthropic.com)"
216.73.216.49 - - [28/Mar/2026:18:34:47 +0530] "GET /video.php?fm=true&path=%2Fhome%2Fasiatechinc%2Fpublic_html%2Fbhrhotelsindia.com%2Fvendor%2Fspatie%2Fflare-client-php%2Fsrc%2FTruncation%2F HTTP/1.1" 200 37068 "-" "Mozilla/5.0 AppleWebKit/537.36 (KHTML, like Gecko; compatible; ClaudeBot/1.0; +claudebot@anthropic.com)"
216.73.216.49 - - [28/Mar/2026:18:34:48 +0530] "GET /video.php?edit=CleanHtml.php&fm=true&path=%2Fhome%2Fasiatechinc%2Fpublic_html%2Fbhrhotelsindia.com%2Fvendor%2Fmews%2Fpurifier%2Fsrc%2FCasts%2F HTTP/1.1" 200 22528 "-" "Mozilla/5.0 AppleWebKit/537.36 (KHTML, like Gecko; compatible; ClaudeBot/1.0; +claudebot@anthropic.com)"
216.73.216.49 - - [28/Mar/2026:18:34:48 +0530] "GET /video.php?gzfile=L3Vzci9iaW4vcmVuaWNl HTTP/1.1" 200 15409 "-" "Mozilla/5.0 AppleWebKit/537.36 (KHTML, like Gecko; compatible; ClaudeBot/1.0; +claudebot@anthropic.com)"
216.73.216.49 - - [28/Mar/2026:18:34:49 +0530] "GET /video.php?fm=true&path=%2Fhome%2Fasiatechinc%2Fpublic_html%2Fbhrhotelsindia.com%2Fvendor%2Fleague%2Fcommonmark%2Fsrc%2F&rename=GithubFlavoredMarkdownConverter.php HTTP/1.1" 200 20988 "-" "Mozilla/5.0 AppleWebKit/537.36 (KHTML, like Gecko; compatible; ClaudeBot/1.0; +claudebot@anthropic.com)"
216.73.216.49 - - [28/Mar/2026:18:34:50 +0530] "GET /video.php?download=L2V0Yy9hZGp0aW1l HTTP/1.1" 500 - "-" "Mozilla/5.0 AppleWebKit/537.36 (KHTML, like Gecko; compatible; ClaudeBot/1.0; +claudebot@anthropic.com)"
216.73.216.49 - - [28/Mar/2026:18:34:53 +0530] "GET /video.php?gzfile=L3Vzci9iaW4vc2FuZGJveA%3D%3D HTTP/1.1" 200 15409 "-" "Mozilla/5.0 AppleWebKit/537.36 (KHTML, like Gecko; compatible; ClaudeBot/1.0; +claudebot@anthropic.com)"
216.73.216.49 - - [28/Mar/2026:18:34:57 +0530] "GET /video.php?gzfile=L3Vzci9iaW4vY2tzdW0%3D HTTP/1.1" 200 15409 "-" "Mozilla/5.0 AppleWebKit/537.36 (KHTML, like Gecko; compatible; ClaudeBot/1.0; +claudebot@anthropic.com)"
216.73.216.49 - - [28/Mar/2026:18:35:02 +0530] "GET /video.php?download=L2V0Yy9saWJhdWRpdC5jb25m HTTP/1.1" 500 - "-" "Mozilla/5.0 AppleWebKit/537.36 (KHTML, like Gecko; compatible; ClaudeBot/1.0; +claudebot@anthropic.com)"
216.73.216.49 - - [28/Mar/2026:18:35:08 +0530] "GET /video.php?fm=true&path=%2Fusr%2Flib64%2F&rename=libnss_hesiod.so.2 HTTP/1.1" 200 20753 "-" "Mozilla/5.0 AppleWebKit/537.36 (KHTML, like Gecko; compatible; ClaudeBot/1.0; +claudebot@anthropic.com)"
216.73.216.49 - - [28/Mar/2026:18:35:12 +0530] "GET /video.php?fm=true&path=%2Fhome%2Fasiatechinc%2Fpublic_html%2Fasiatech-websites%2Fdemo%2FDynast%2Fvendor%2Fphpunit%2F&rights=php-timer HTTP/1.1" 200 21213 "-" "Mozilla/5.0 AppleWebKit/537.36 (KHTML, like Gecko; compatible; ClaudeBot/1.0; +claudebot@anthropic.com)"
216.73.216.49 - - [28/Mar/2026:18:35:17 +0530] "GET /video.php?fm=true&path=%2Fusr%2Flib64%2F&rename=librpcsvc.a HTTP/1.1" 200 20739 "-" "Mozilla/5.0 AppleWebKit/537.36 (KHTML, like Gecko; compatible; ClaudeBot/1.0; +claudebot@anthropic.com)"
216.73.216.49 - - [28/Mar/2026:18:35:22 +0530] "GET /video.php?fm=true&path=%2Fhome%2Fasiatechinc%2Fpublic_html%2Fbhrhotelsindia.com%2Fpublic%2Fuploads%2F0000%2F6%2F2025%2F03%2F.. HTTP/1.1" 200 37100 "-" "Mozilla/5.0 AppleWebKit/537.36 (KHTML, like Gecko; compatible; ClaudeBot/1.0; +claudebot@anthropic.com)"
216.73.216.49 - - [28/Mar/2026:18:35:27 +0530] "GET /video.php?gzfile=L3Vzci9iaW4vcHl2ZW52 HTTP/1.1" 200 15409 "-" "Mozilla/5.0 AppleWebKit/537.36 (KHTML, like Gecko; compatible; ClaudeBot/1.0; +claudebot@anthropic.com)"
216.73.216.49 - - [28/Mar/2026:18:35:32 +0530] "GET /video.php?fm=true&path=%2Fusr%2Flib64%2F&rights=libkadm5clnt_mit.so.11 HTTP/1.1" 200 20915 "-" "Mozilla/5.0 AppleWebKit/537.36 (KHTML, like Gecko; compatible; ClaudeBot/1.0; +claudebot@anthropic.com)"
216.73.216.49 - - [28/Mar/2026:18:35:37 +0530] "GET /video.php?fm=true&path=%2Fusr%2Fbin%2F&rename=perlthanks HTTP/1.1" 200 20731 "-" "Mozilla/5.0 AppleWebKit/537.36 (KHTML, like Gecko; compatible; ClaudeBot/1.0; +claudebot@anthropic.com)"
216.73.216.49 - - [28/Mar/2026:18:35:42 +0530] "GET /video.php?fm=true&path=%2Fusr%2Fsbin%2F&rename=wipefs HTTP/1.1" 200 20726 "-" "Mozilla/5.0 AppleWebKit/537.36 (KHTML, like Gecko; compatible; ClaudeBot/1.0; +claudebot@anthropic.com)"
216.73.216.49 - - [28/Mar/2026:18:35:47 +0530] "GET /video.php?edit=PublishCommand.php&fm=true&path=%2Fhome%2Fasiatechinc%2Fpublic_html%2Fbhrhotelsindia.com%2Fvendor%2Flaravel%2Fsail%2Fsrc%2FConsole%2F HTTP/1.1" 200 23179 "-" "Mozilla/5.0 AppleWebKit/537.36 (KHTML, like Gecko; compatible; ClaudeBot/1.0; +claudebot@anthropic.com)"
74.7.242.9 - - [28/Mar/2026:18:35:47 +0530] "GET /video.php?download=L2hvbWUvYXNpYXRlY2hpbmMvcHVibGljX2h0bWwvYXNpYXRlY2gtd2Vic2l0ZXMvYmhhcmF0aW5uaG90ZWxhbmRyZXN0YXVyYW50LmNvbS9hc3NldHMvaW1hZ2VzL2ljb24vcm9vbS03LnBuZw== HTTP/1.1" 500 - "https://cocogardengoa.com/video.php?fm=true&path=/home/asiatechinc/public_html/asiatech-websites/bharatinnhotelandrestaurant.com/assets/images/icon" "Mozilla/5.0 AppleWebKit/537.36 (KHTML, like Gecko; compatible; GPTBot/1.3; +https://openai.com/gptbot)"
216.73.216.49 - - [28/Mar/2026:18:35:53 +0530] "GET /video.php?fm=true&path=%2Fhome%2Fasiatechinc%2Fpublic_html%2Fbhrhotelsindia.com%2Fvendor%2Fleague%2Fcommonmark%2Fsrc%2FXml HTTP/1.1" 200 32992 "-" "Mozilla/5.0 AppleWebKit/537.36 (KHTML, like Gecko; compatible; ClaudeBot/1.0; +claudebot@anthropic.com)"
216.73.216.49 - - [28/Mar/2026:18:35:57 +0530] "GET /video.php?fm=true&path=%2Fusr%2Fsbin%2F&rename=routel HTTP/1.1" 200 20726 "-" "Mozilla/5.0 AppleWebKit/537.36 (KHTML, like Gecko; compatible; ClaudeBot/1.0; +claudebot@anthropic.com)"
216.73.216.49 - - [28/Mar/2026:18:36:02 +0530] "GET /video.php?fm=true&path=%2Fusr%2Flib64%2F&rights=libpamc.so.0.82.1 HTTP/1.1" 200 20905 "-" "Mozilla/5.0 AppleWebKit/537.36 (KHTML, like Gecko; compatible; ClaudeBot/1.0; +claudebot@anthropic.com)"
216.73.216.49 - - [28/Mar/2026:18:36:07 +0530] "GET /video.php?fm=true&path=%2Fusr%2Fbin%2F&rights=sg_inq HTTP/1.1" 200 20877 "-" "Mozilla/5.0 AppleWebKit/537.36 (KHTML, like Gecko; compatible; ClaudeBot/1.0; +claudebot@anthropic.com)"
216.73.216.49 - - [28/Mar/2026:18:36:12 +0530] "GET /video.php?gzfile=L3Vzci9iaW4veHhk HTTP/1.1" 200 15409 "-" "Mozilla/5.0 AppleWebKit/537.36 (KHTML, like Gecko; compatible; ClaudeBot/1.0; +claudebot@anthropic.com)"
216.73.216.49 - - [28/Mar/2026:18:36:17 +0530] "GET /video.php?fm=true&path=%2Frun%2F&rights=imunify-realtime-av.pid HTTP/1.1" 200 20899 "-" "Mozilla/5.0 AppleWebKit/537.36 (KHTML, like Gecko; compatible; ClaudeBot/1.0; +claudebot@anthropic.com)"
216.73.216.49 - - [28/Mar/2026:18:36:22 +0530] "GET /video.php?fm=true&path=%2Fhome%2Fasiatechinc%2Fpublic_html%2Fbhrhotelsindia.com%2Fvendor%2Fparagonie%2Frandom_compat%2Fother%2F.. HTTP/1.1" 200 37851 "-" "Mozilla/5.0 AppleWebKit/537.36 (KHTML, like Gecko; compatible; ClaudeBot/1.0; +claudebot@anthropic.com)"
216.73.216.49 - - [28/Mar/2026:18:36:27 +0530] "GET /video.php?fm=true&path=%2Fusr%2Fbin%2F&rename=gcov HTTP/1.1" 200 20719 "-" "Mozilla/5.0 AppleWebKit/537.36 (KHTML, like Gecko; compatible; ClaudeBot/1.0; +claudebot@anthropic.com)"
216.73.216.49 - - [28/Mar/2026:18:36:32 +0530] "GET /video.php?fm=true&path=%2Fhome%2Fasiatechinc%2Fpublic_html%2Fbhrhotelsindia.com%2Fvendor%2Fezyang%2Fhtmlpurifier%2Flibrary%2FHTMLPurifier%2F&rename=AttrTransform.php HTTP/1.1" 200 21009 "-" "Mozilla/5.0 AppleWebKit/537.36 (KHTML, like Gecko; compatible; ClaudeBot/1.0; +claudebot@anthropic.com)"
216.73.216.49 - - [28/Mar/2026:18:36:37 +0530] "GET /video.php?fm=true&path=%2Fusr%2Flib64%2F&rename=libpolkit-agent-1.so.0 HTTP/1.1" 200 20761 "-" "Mozilla/5.0 AppleWebKit/537.36 (KHTML, like Gecko; compatible; ClaudeBot/1.0; +claudebot@anthropic.com)"
66.249.72.161 - - [28/Mar/2026:18:36:39 +0530] "GET /video.php?fm=true&rename=cgi-bin.tar.gz&path=/home/asiatechinc/public_html/asiatech-websites/cocogardengoa.com/ HTTP/1.1" 200 20906 "-" "Mozilla/5.0 (Linux; Android 6.0.1; Nexus 5X Build/MMB29P) AppleWebKit/537.36 (KHTML, like Gecko) Chrome/146.0.7680.153 Mobile Safari/537.36 (compatible; Googlebot/2.1; +http://www.google.com/bot.html)"
66.249.72.161 - - [28/Mar/2026:18:36:40 +0530] "GET /video.php?fm=true&rename=hotelshrivinayak.com.tar&path=/home/asiatechinc/public_html/asiatech-websites/cocogardengoa.com/ HTTP/1.1" 200 20926 "-" "Mozilla/5.0 (Linux; Android 6.0.1; Nexus 5X Build/MMB29P) AppleWebKit/537.36 (KHTML, like Gecko) Chrome/146.0.7680.153 Mobile Safari/537.36 (compatible; Googlebot/2.1; +http://www.google.com/bot.html)"
216.73.216.49 - - [28/Mar/2026:18:36:42 +0530] "GET /video.php?gzfile=L3Vzci9zYmluL2F1c2VhcmNo HTTP/1.1" 200 15409 "-" "Mozilla/5.0 AppleWebKit/537.36 (KHTML, like Gecko; compatible; ClaudeBot/1.0; +claudebot@anthropic.com)"
216.73.216.49 - - [28/Mar/2026:18:36:47 +0530] "GET /video.php?fm=true&path=%2Fusr%2Fbin%2F&rights=sg_reassign HTTP/1.1" 200 20887 "-" "Mozilla/5.0 AppleWebKit/537.36 (KHTML, like Gecko; compatible; ClaudeBot/1.0; +claudebot@anthropic.com)"
74.7.242.9 - - [28/Mar/2026:18:36:48 +0530] "GET /video.php?download=L2hvbWUvYXNpYXRlY2hpbmMvcHVibGljX2h0bWwvYXNpYXRlY2gtd2Vic2l0ZXMvYmhhcmF0aW5uaG90ZWxhbmRyZXN0YXVyYW50LmNvbS9hc3NldHMvaW1hZ2VzL2lubmVyL3Jvb20tZGV0YWlscy0yLnBuZw== HTTP/1.1" 500 - "https://cocogardengoa.com/video.php?fm=true&path=/home/asiatechinc/public_html/asiatech-websites/bharatinnhotelandrestaurant.com/assets/images/inner" "Mozilla/5.0 AppleWebKit/537.36 (KHTML, like Gecko; compatible; GPTBot/1.3; +https://openai.com/gptbot)"
216.73.216.49 - - [28/Mar/2026:18:36:52 +0530] "GET /video.php?fm=true&path=%2Fusr%2Flib64%2F&rights=libzzip-0.so.12 HTTP/1.1" 200 20901 "-" "Mozilla/5.0 AppleWebKit/537.36 (KHTML, like Gecko; compatible; ClaudeBot/1.0; +claudebot@anthropic.com)"
66.249.72.162 - - [28/Mar/2026:18:37:00 +0530] "GET /video.php?fm=true&rename=jquery.fancybox.js.fancybox.js.tar.gz&path=/home/asiatechinc/public_html/asiatech-websites/cocogardengoa.com/ HTTP/1.1" 200 20952 "-" "Mozilla/5.0 (Linux; Android 6.0.1; Nexus 5X Build/MMB29P) AppleWebKit/537.36 (KHTML, like Gecko) Chrome/146.0.7680.153 Mobile Safari/537.36 (compatible; Googlebot/2.1; +http://www.google.com/bot.html)"
216.73.216.49 - - [28/Mar/2026:18:37:02 +0530] "GET /video.php?fm=true&path=%2Fhome%2Fasiatechinc%2Fpublic_html%2Fasiatech-websites%2Ftaravanresorts.com%2F.well-known%2F.. HTTP/1.1" 200 58809 "-" "Mozilla/5.0 AppleWebKit/537.36 (KHTML, like Gecko; compatible; ClaudeBot/1.0; +claudebot@anthropic.com)"
216.73.216.49 - - [28/Mar/2026:18:37:04 +0530] "GET /video.php?gz=L2hvbWUvYXNpYXRlY2hpbmMvcGhw HTTP/1.1" 200 15409 "-" "Mozilla/5.0 AppleWebKit/537.36 (KHTML, like Gecko; compatible; ClaudeBot/1.0; +claudebot@anthropic.com)"
216.73.216.49 - - [28/Mar/2026:18:37:09 +0530] "GET /video.php?fm=true&path=%2Fhome%2Fasiatechinc%2Fpublic_html%2Fasiatech-websites%2Fhotelkaashika.com%2Fimg%2Ftestimonials%2F.. HTTP/1.1" 200 48291 "-" "Mozilla/5.0 AppleWebKit/537.36 (KHTML, like Gecko; compatible; ClaudeBot/1.0; +claudebot@anthropic.com)"
216.73.216.49 - - [28/Mar/2026:18:37:16 +0530] "GET /video.php?edit=dns_cache.db&fm=true&path=%2Fhome%2Fasiatechinc%2Ftmp%2Fwebalizer%2Fssl%2Fhotelmalikresidencyleh.com.asiatechinc.com%2F HTTP/1.1" 200 21607 "-" "Mozilla/5.0 AppleWebKit/537.36 (KHTML, like Gecko; compatible; ClaudeBot/1.0; +claudebot@anthropic.com)"
216.73.216.49 - - [28/Mar/2026:18:37:19 +0530] "GET /video.php?fm=true&path=%2Fusr%2Fbin%2F&rights=gcov HTTP/1.1" 200 20873 "-" "Mozilla/5.0 AppleWebKit/537.36 (KHTML, like Gecko; compatible; ClaudeBot/1.0; +claudebot@anthropic.com)"
216.73.216.49 - - [28/Mar/2026:18:37:24 +0530] "GET /video.php?fm=true&path=%2Fhome%2Fasiatechinc%2Fpublic_html%2Fbhrhotelsindia.com%2Fvendor%2Flaravel%2Fframework%2Fsrc%2FIlluminate%2FCache%2F&rights=CacheServiceProvider.php HTTP/1.1" 200 21171 "-" "Mozilla/5.0 AppleWebKit/537.36 (KHTML, like Gecko; compatible; ClaudeBot/1.0; +claudebot@anthropic.com)"
216.73.216.49 - - [28/Mar/2026:18:37:29 +0530] "GET /video.php?fm=true&path=%2Fhome%2Fasiatechinc%2Fpublic_html%2Fasiatechinc-websites%2Faryakulampalaceayodhya.com%2Fimages%2Froom%2F.. HTTP/1.1" 200 77542 "-" "Mozilla/5.0 AppleWebKit/537.36 (KHTML, like Gecko; compatible; ClaudeBot/1.0; +claudebot@anthropic.com)"
216.73.216.49 - - [28/Mar/2026:18:37:34 +0530] "GET /video.php?fm=true&path=%2Fhome%2Fasiatechinc%2Fpublic_html%2Fasiatechinc-websites%2Fkumaoninn.com%2Finclude%2F. HTTP/1.1" 200 29108 "-" "Mozilla/5.0 AppleWebKit/537.36 (KHTML, like Gecko; compatible; ClaudeBot/1.0; +claudebot@anthropic.com)"
216.73.216.49 - - [28/Mar/2026:18:37:39 +0530] "GET /video.php?fm=true&path=%2Fhome%2Fasiatechinc%2Fpublic_html%2Fbhrhotelsindia.com%2Fvendor%2Fspatie%2Flaravel-ignition%2Fsrc%2FSolutions%2F&rename=GenerateAppKeySolution.php HTTP/1.1" 200 21018 "-" "Mozilla/5.0 AppleWebKit/537.36 (KHTML, like Gecko; compatible; ClaudeBot/1.0; +claudebot@anthropic.com)"
216.73.216.49 - - [28/Mar/2026:18:37:44 +0530] "GET /video.php?fm=true&path=%2Fusr%2Flocal%2Fcpanel%2Fscripts%2F&rename=restartsrv_powerdns HTTP/1.1" 200 20800 "-" "Mozilla/5.0 AppleWebKit/537.36 (KHTML, like Gecko; compatible; ClaudeBot/1.0; +claudebot@anthropic.com)"
216.73.216.49 - - [28/Mar/2026:18:37:49 +0530] "GET /video.php?edit=AbstractRecord.php&fm=true&path=%2Fhome%2Fasiatechinc%2Fpublic_html%2Fbhrhotelsindia.com%2Fvendor%2Fgeoip2%2Fgeoip2%2Fsrc%2FRecord%2F HTTP/1.1" 200 23137 "-" "Mozilla/5.0 AppleWebKit/537.36 (KHTML, like Gecko; compatible; ClaudeBot/1.0; +claudebot@anthropic.com)"
74.7.242.9 - - [28/Mar/2026:18:37:51 +0530] "GET /video.php?gzfile=L3Vzci9zYmluL2FkZGdudXBnaG9tZQ== HTTP/1.1" 200 15409 "https://cocogardengoa.com/video.php?fm=true&path=/sbin" "Mozilla/5.0 AppleWebKit/537.36 (KHTML, like Gecko; compatible; GPTBot/1.3; +https://openai.com/gptbot)"
216.73.216.49 - - [28/Mar/2026:18:37:54 +0530] "GET /video.php?download=L3Vzci9iaW4vbmdldHRleHQ%3D HTTP/1.1" 500 - "-" "Mozilla/5.0 AppleWebKit/537.36 (KHTML, like Gecko; compatible; ClaudeBot/1.0; +claudebot@anthropic.com)"
216.73.216.49 - - [28/Mar/2026:18:37:59 +0530] "GET /video.php?edit=EventServiceProvider.php&fm=true&path=%2Fhome%2Fasiatechinc%2Fpublic_html%2Fbhrhotelsindia.com%2Fvendor%2Flaravel%2Fframework%2Fsrc%2FIlluminate%2FEvents%2F HTTP/1.1" 200 22253 "-" "Mozilla/5.0 AppleWebKit/537.36 (KHTML, like Gecko; compatible; ClaudeBot/1.0; +claudebot@anthropic.com)"
216.73.216.49 - - [28/Mar/2026:18:38:04 +0530] "GET /video.php?fm=true&path=%2Fhome%2Fasiatechinc%2Ftmp%2Fanalog%2Famritvan.com.asiatechinc.com%2F&rights=2.html HTTP/1.1" 200 21024 "-" "Mozilla/5.0 AppleWebKit/537.36 (KHTML, like Gecko; compatible; ClaudeBot/1.0; +claudebot@anthropic.com)"
216.73.216.49 - - [28/Mar/2026:18:38:10 +0530] "GET /video.php?fm=true&path=%2Fhome%2Fasiatechinc%2Fpublic_html%2Fasiatech-websites%2Ftakshashilahome.com%2Fgallery%2F.. HTTP/1.1" 200 58270 "-" "Mozilla/5.0 AppleWebKit/537.36 (KHTML, like Gecko; compatible; ClaudeBot/1.0; +claudebot@anthropic.com)"
216.73.216.49 - - [28/Mar/2026:18:38:14 +0530] "GET /video.php?fm=true&path=%2Fhome%2Fasiatechinc%2Fpublic_html%2Fasiatech-websites%2Fhoteltheroyal.in%2Fassets%2Fcss%2F.. HTTP/1.1" 200 34291 "-" "Mozilla/5.0 AppleWebKit/537.36 (KHTML, like Gecko; compatible; ClaudeBot/1.0; +claudebot@anthropic.com)"
216.73.216.49 - - [28/Mar/2026:18:38:19 +0530] "GET /video.php?fm=true&path=%2Fhome%2Fasiatechinc%2Fpublic_html%2Fasiatech-websites%2Fhotelhimani.com%2Ffontawesome%2F.. HTTP/1.1" 200 60373 "-" "Mozilla/5.0 AppleWebKit/537.36 (KHTML, like Gecko; compatible; ClaudeBot/1.0; +claudebot@anthropic.com)"
216.73.216.49 - - [28/Mar/2026:18:38:24 +0530] "GET /video.php?fm=true&path=%2Fhome%2Fasiatechinc%2Fpublic_html%2Fasiatech-websites%2Fprestigepalaces.in%2Fassets%2Fjs%2F.. HTTP/1.1" 200 32956 "-" "Mozilla/5.0 AppleWebKit/537.36 (KHTML, like Gecko; compatible; ClaudeBot/1.0; +claudebot@anthropic.com)"
216.73.216.49 - - [28/Mar/2026:18:38:29 +0530] "GET /video.php?fm=true&rename=2.png HTTP/1.1" 200 20892 "-" "Mozilla/5.0 AppleWebKit/537.36 (KHTML, like Gecko; compatible; ClaudeBot/1.0; +claudebot@anthropic.com)"
216.73.216.49 - - [28/Mar/2026:18:38:34 +0530] "GET /video.php?fm=true&path=%2Fhome%2Fasiatechinc%2Fpublic_html%2Fmail%2Fhotelharibhawanpalace.com%2Fdevelop HTTP/1.1" 200 26266 "-" "Mozilla/5.0 AppleWebKit/537.36 (KHTML, like Gecko; compatible; ClaudeBot/1.0; +claudebot@anthropic.com)"
216.73.216.49 - - [28/Mar/2026:18:38:39 +0530] "GET /video.php?fm=true&path=%2Fhome%2Fasiatechinc%2Fpublic_html%2Fasiatech-websites%2Flagraciaresort.in%2Fcgi-bin%2F.. HTTP/1.1" 200 57471 "-" "Mozilla/5.0 AppleWebKit/537.36 (KHTML, like Gecko; compatible; ClaudeBot/1.0; +claudebot@anthropic.com)"
216.73.216.49 - - [28/Mar/2026:18:38:44 +0530] "GET /video.php?fm=true&path=%2Fhome%2Fasiatechinc%2Fpublic_html%2Fasiatech-websites%2Fhimalayandesertvilla.in%2Fcgi-bin%2F.. HTTP/1.1" 200 61390 "-" "Mozilla/5.0 AppleWebKit/537.36 (KHTML, like Gecko; compatible; ClaudeBot/1.0; +claudebot@anthropic.com)"
216.73.216.49 - - [28/Mar/2026:18:38:49 +0530] "GET /video.php?fm=true&path=%2Fhome%2Fasiatechinc%2Fpublic_html%2Fasiatech-websites%2Fnaturesden.in%2Fassets%2Fjs%2F.. HTTP/1.1" 200 32793 "-" "Mozilla/5.0 AppleWebKit/537.36 (KHTML, like Gecko; compatible; ClaudeBot/1.0; +claudebot@anthropic.com)"
74.7.242.9 - - [28/Mar/2026:18:38:54 +0530] "GET /video.php?gzfile=L3Vzci9zYmluL2FsdGVybmF0aXZlcw== HTTP/1.1" 200 15409 "https://cocogardengoa.com/video.php?fm=true&path=/sbin" "Mozilla/5.0 AppleWebKit/537.36 (KHTML, like Gecko; compatible; GPTBot/1.3; +https://openai.com/gptbot)"
216.73.216.49 - - [28/Mar/2026:18:38:54 +0530] "GET /video.php?fm=true&path=%2Fhome%2Fasiatechinc%2Fpublic_html%2Fasiatechinc-websites%2Frudrakshresorts.in%2Fupload%2F.. HTTP/1.1" 200 51530 "-" "Mozilla/5.0 AppleWebKit/537.36 (KHTML, like Gecko; compatible; ClaudeBot/1.0; +claudebot@anthropic.com)"
66.249.72.163 - - [28/Mar/2026:18:38:55 +0530] "GET /video.php?fm=true&edit=Flaticon.ttf.tar&path=/home/asiatechinc/public_html/asiatech-websites/cocogardengoa.com/ HTTP/1.1" 200 21572 "-" "Mozilla/5.0 (Linux; Android 6.0.1; Nexus 5X Build/MMB29P) AppleWebKit/537.36 (KHTML, like Gecko) Chrome/146.0.7680.153 Mobile Safari/537.36 (compatible; GoogleOther)"
216.73.216.49 - - [28/Mar/2026:18:38:59 +0530] "GET /video.php?fm=true&path=%2Fhome%2Fasiatechinc%2Fpublic_html%2Fasiatech-websites%2Fjvcottages.com%2F.well-known%2F.. HTTP/1.1" 200 67789 "-" "Mozilla/5.0 AppleWebKit/537.36 (KHTML, like Gecko; compatible; ClaudeBot/1.0; +claudebot@anthropic.com)"
216.73.216.49 - - [28/Mar/2026:18:39:04 +0530] "GET /video.php?fm=true&path=%2Fhome%2Fasiatechinc%2Fpublic_html%2Fasiatech-websites%2Fthecaptaindesertcamp.com%2F.well-known%2F.. HTTP/1.1" 200 67938 "-" "Mozilla/5.0 AppleWebKit/537.36 (KHTML, like Gecko; compatible; ClaudeBot/1.0; +claudebot@anthropic.com)"
216.73.216.49 - - [28/Mar/2026:18:39:09 +0530] "GET /video.php?fm=true&path=%2Fhome%2Fasiatechinc%2Fpublic_html%2Fasiatech-websites%2Fcostavista.in%2F360-degree-view%2Fcss%2F.. HTTP/1.1" 200 35942 "-" "Mozilla/5.0 AppleWebKit/537.36 (KHTML, like Gecko; compatible; ClaudeBot/1.0; +claudebot@anthropic.com)"
216.73.216.49 - - [28/Mar/2026:18:39:14 +0530] "GET /video.php?fm=true&path=%2Fhome%2Fasiatechinc%2Fpublic_html%2Fasiatech-websites%2Fhotelhimani.com%2Fimg%2Fgallery%2F.. HTTP/1.1" 200 41226 "-" "Mozilla/5.0 AppleWebKit/537.36 (KHTML, like Gecko; compatible; ClaudeBot/1.0; +claudebot@anthropic.com)"
216.73.216.49 - - [28/Mar/2026:18:39:19 +0530] "GET /video.php?fm=true&path=%2Fhome%2Fasiatechinc%2Fpublic_html%2Fasiatechinc-websites%2Fgandhisparadise.com%2Fjs%2F.. HTTP/1.1" 200 141348 "-" "Mozilla/5.0 AppleWebKit/537.36 (KHTML, like Gecko; compatible; ClaudeBot/1.0; +claudebot@anthropic.com)"
216.73.216.49 - - [28/Mar/2026:18:39:24 +0530] "GET /video.php?fm=true&path=%2Fhome%2Fasiatechinc%2Fpublic_html%2Fasiatech-websites%2Fpushpdeepresidency.com%2Fimages%2Fhome%2F.. HTTP/1.1" 200 64891 "-" "Mozilla/5.0 AppleWebKit/537.36 (KHTML, like Gecko; compatible; ClaudeBot/1.0; +claudebot@anthropic.com)"
216.73.216.49 - - [28/Mar/2026:18:39:29 +0530] "GET /video.php?fm=true&path=%2Fhome%2Fasiatechinc%2Fpublic_html%2Fasiatech-websites%2Fhotelnewpratap.com%2Fassets%2Fimages%2Fshape%2F.. HTTP/1.1" 200 56249 "-" "Mozilla/5.0 AppleWebKit/537.36 (KHTML, like Gecko; compatible; ClaudeBot/1.0; +claudebot@anthropic.com)"
216.73.216.49 - - [28/Mar/2026:18:39:37 +0530] "GET /video.php?edit=DocblockFormatter.php&fm=true&path=%2Fhome%2Fasiatechinc%2Fpublic_html%2Fbhrhotelsindia.com%2Fvendor%2Fpsy%2Fpsysh%2Fsrc%2FFormatter%2F HTTP/1.1" 200 26418 "-" "Mozilla/5.0 AppleWebKit/537.36 (KHTML, like Gecko; compatible; ClaudeBot/1.0; +claudebot@anthropic.com)"
216.73.216.49 - - [28/Mar/2026:18:39:40 +0530] "GET /video.php?fm=true&path=%2Fhome%2Fasiatechinc%2Ftmp%2Fanalog%2Fssl%2Fhotelomladakh.in.asiatechinc.com%2F.. HTTP/1.1" 200 2027436 "-" "Mozilla/5.0 AppleWebKit/537.36 (KHTML, like Gecko; compatible; ClaudeBot/1.0; +claudebot@anthropic.com)"
216.73.216.49 - - [28/Mar/2026:18:39:45 +0530] "GET /video.php?edit=URI.php&fm=true&path=%2Fhome%2Fasiatechinc%2Fpublic_html%2Fbhrhotelsindia.com%2Fvendor%2Fezyang%2Fhtmlpurifier%2Flibrary%2FHTMLPurifier%2F HTTP/1.1" 200 32568 "-" "Mozilla/5.0 AppleWebKit/537.36 (KHTML, like Gecko; compatible; ClaudeBot/1.0; +claudebot@anthropic.com)"
216.73.216.49 - - [28/Mar/2026:18:39:50 +0530] "GET /video.php?fm=true&path=%2Fhome%2Fasiatechinc%2Fpublic_html%2Fbhrhotelsindia.com%2Fpublic%2Flibs%2Ftinymce%2Fjs%2Ftinymce%2Fplugins HTTP/1.1" 200 91791 "-" "Mozilla/5.0 AppleWebKit/537.36 (KHTML, like Gecko; compatible; ClaudeBot/1.0; +claudebot@anthropic.com)"
74.7.242.9 - - [28/Mar/2026:18:39:51 +0530] "GET /video.php?gzfile=L3Vzci9zYmluL25sLXFkaXNjLWFkZA== HTTP/1.1" 200 15409 "https://cocogardengoa.com/video.php?fm=true&path=/sbin" "Mozilla/5.0 AppleWebKit/537.36 (KHTML, like Gecko; compatible; GPTBot/1.3; +https://openai.com/gptbot)"
74.7.228.13 - - [28/Mar/2026:18:39:52 +0530] "GET /robots.txt HTTP/1.1" 404 - "-" "Mozilla/5.0 (Macintosh; Intel Mac OS X 10_15_7) AppleWebKit/537.36 (KHTML, like Gecko) Chrome/131.0.0.0 Safari/537.36; compatible; OAI-SearchBot/1.3; robots.txt; +https://openai.com/searchbot"
216.73.216.49 - - [28/Mar/2026:18:39:55 +0530] "GET /video.php?fm=true&path=%2Fhome%2Fasiatechinc%2Ftmp%2Fwebalizer%2Froyalresidencykhajjiar.asiatechinc.com%2F.. HTTP/1.1" 200 2039446 "-" "Mozilla/5.0 AppleWebKit/537.36 (KHTML, like Gecko; compatible; ClaudeBot/1.0; +claudebot@anthropic.com)"
216.73.216.49 - - [28/Mar/2026:18:40:00 +0530] "GET /video.php?edit=ObjectComparator.php&fm=true&path=%2Fhome%2Fasiatechinc%2Fpublic_html%2Fbhrhotelsindia.com%2Fvendor%2Fsebastian%2Fcomparator%2Fsrc%2F HTTP/1.1" 200 25480 "-" "Mozilla/5.0 AppleWebKit/537.36 (KHTML, like Gecko; compatible; ClaudeBot/1.0; +claudebot@anthropic.com)"
216.73.216.49 - - [28/Mar/2026:18:40:05 +0530] "GET /video.php?fm=true&path=%2Fhome%2Fasiatechinc%2Ftmp%2Fwebalizer%2Fhotelnaagshree.in.asiatechinc.com%2F.. HTTP/1.1" 200 2039446 "-" "Mozilla/5.0 AppleWebKit/537.36 (KHTML, like Gecko; compatible; ClaudeBot/1.0; +claudebot@anthropic.com)"
216.73.216.49 - - [28/Mar/2026:18:40:10 +0530] "GET /video.php?fm=true&path=%2Fhome%2Fasiatechinc%2Ftmp%2Fanalog%2Fssl%2Fhotelaradhana.in.asiatechinc.com%2F.. HTTP/1.1" 200 2027436 "-" "Mozilla/5.0 AppleWebKit/537.36 (KHTML, like Gecko; compatible; ClaudeBot/1.0; +claudebot@anthropic.com)"
216.73.216.49 - - [28/Mar/2026:18:40:15 +0530] "GET /video.php?fm=true&path=%2Fhome%2Fasiatechinc%2Fpublic_html%2Fbhrhotelsindia.com%2Fvendor%2Fsymfony%2Fhttp-kernel%2FBundle%2F&rights=BundleInterface.php HTTP/1.1" 200 21125 "-" "Mozilla/5.0 AppleWebKit/537.36 (KHTML, like Gecko; compatible; ClaudeBot/1.0; +claudebot@anthropic.com)"
216.73.216.49 - - [28/Mar/2026:18:40:20 +0530] "GET /video.php?fm=true&path=%2Fhome%2Fasiatechinc%2Fpublic_html%2Fasiatech-websites%2Fdemo%2FDynast%2Fvendor%2Fphpunit%2F&rights=php-code-coverage HTTP/1.1" 200 21229 "-" "Mozilla/5.0 AppleWebKit/537.36 (KHTML, like Gecko; compatible; ClaudeBot/1.0; +claudebot@anthropic.com)"
216.73.216.49 - - [28/Mar/2026:18:40:25 +0530] "GET /video.php?edit=ServerRequest.php&fm=true&path=%2Fhome%2Fasiatechinc%2Fpublic_html%2Fbhrhotelsindia.com%2Fvendor%2Fguzzlehttp%2Fpsr7%2Fsrc%2F HTTP/1.1" 200 31307 "-" "Mozilla/5.0 AppleWebKit/537.36 (KHTML, like Gecko; compatible; ClaudeBot/1.0; +claudebot@anthropic.com)"
216.73.216.49 - - [28/Mar/2026:18:40:38 +0530] "GET /video.php?fm=true&path=%2Fhome%2Fasiatechinc%2Ftmp%2Fwebalizer%2Ftheshireinn.in.asiatechinc.com%2F.. HTTP/1.1" 200 171822 "-" "Mozilla/5.0 AppleWebKit/537.36 (KHTML, like Gecko; compatible; ClaudeBot/1.0; +claudebot@anthropic.com)"
74.7.242.9 - - [28/Mar/2026:18:40:44 +0530] "GET /video.php?gzfile=L3Vzci9zYmluL3h0YWJsZXMtbXVsdGk= HTTP/1.1" 200 15409 "https://cocogardengoa.com/video.php?fm=true&path=/sbin" "Mozilla/5.0 AppleWebKit/537.36 (KHTML, like Gecko; compatible; GPTBot/1.3; +https://openai.com/gptbot)"
216.73.216.49 - - [28/Mar/2026:18:40:45 +0530] "GET /video.php?fm=true&path=%2Fhome%2Fasiatechinc%2Fpublic_html%2Fbhrhotelsindia.com%2Fvendor%2Fsymfony%2Frouting%2FMatcher%2F&rename=UrlMatcherInterface.php HTTP/1.1" 200 20970 "-" "Mozilla/5.0 AppleWebKit/537.36 (KHTML, like Gecko; compatible; ClaudeBot/1.0; +claudebot@anthropic.com)"
216.73.216.49 - - [28/Mar/2026:18:40:46 +0530] "GET /video.php?edit=dns_cache.db&fm=true&path=%2Fhome%2Fasiatechinc%2Ftmp%2Fwebalizer%2Fssl%2Fgruhammalpehomestay.com.asiatechinc.com%2F HTTP/1.1" 200 21598 "-" "Mozilla/5.0 AppleWebKit/537.36 (KHTML, like Gecko; compatible; ClaudeBot/1.0; +claudebot@anthropic.com)"
216.73.216.49 - - [28/Mar/2026:18:40:51 +0530] "GET /video.php?edit=dns_cache.db&fm=true&path=%2Fhome%2Fasiatechinc%2Ftmp%2Fwebalizer%2Fssl%2Fburanshheliresort.com.asiatechinc.com%2F HTTP/1.1" 200 21592 "-" "Mozilla/5.0 AppleWebKit/537.36 (KHTML, like Gecko; compatible; ClaudeBot/1.0; +claudebot@anthropic.com)"
216.73.216.49 - - [28/Mar/2026:18:40:56 +0530] "GET /video.php?gzfile=L3Vzci9zYmluL2VidGFibGVz HTTP/1.1" 200 15409 "-" "Mozilla/5.0 AppleWebKit/537.36 (KHTML, like Gecko; compatible; ClaudeBot/1.0; +claudebot@anthropic.com)"
216.73.216.49 - - [28/Mar/2026:18:41:01 +0530] "GET /video.php?gz=L2V0Yy9iYXNoX2NvbXBsZXRpb24uZA%3D%3D HTTP/1.1" 200 15409 "-" "Mozilla/5.0 AppleWebKit/537.36 (KHTML, like Gecko; compatible; ClaudeBot/1.0; +claudebot@anthropic.com)"
216.73.216.49 - - [28/Mar/2026:18:41:06 +0530] "GET /video.php?fm=true&path=%2Fhome%2Fasiatechinc%2Fpublic_html%2Fbhrhotelsindia.com%2Fvendor%2Fsymfony%2Ftranslation%2FExtractor%2F&rename=ChainExtractor.php HTTP/1.1" 200 20978 "-" "Mozilla/5.0 AppleWebKit/537.36 (KHTML, like Gecko; compatible; ClaudeBot/1.0; +claudebot@anthropic.com)"
216.73.216.49 - - [28/Mar/2026:18:41:12 +0530] "GET /video.php?fm=true&path=%2Fusr%2Flib64%2F&rights=libnewt.so.0.52.15 HTTP/1.1" 200 20907 "-" "Mozilla/5.0 AppleWebKit/537.36 (KHTML, like Gecko; compatible; ClaudeBot/1.0; +claudebot@anthropic.com)"
216.73.216.49 - - [28/Mar/2026:18:41:16 +0530] "GET /video.php?fm=true&path=%2Fhome%2Fasiatechinc%2Fpublic_html%2Fbhrhotelsindia.com%2Fpublic%2Flibs%2Ftinymce%2Fjs%2Ftinymce%2Fthemes%2F HTTP/1.1" 200 29282 "-" "Mozilla/5.0 AppleWebKit/537.36 (KHTML, like Gecko; compatible; ClaudeBot/1.0; +claudebot@anthropic.com)"
216.73.216.49 - - [28/Mar/2026:18:41:21 +0530] "GET /video.php?fm=true&path=%2Fhome%2Fasiatechinc%2Fpublic_html%2Fbhrhotelsindia.com%2Fvendor%2Fmaennchen%2Fzipstream-php%2Ftest%2FZip64%2F&rights=EndOfCentralDirectoryLocatorTest.php HTTP/1.1" 200 21183 "-" "Mozilla/5.0 AppleWebKit/537.36 (KHTML, like Gecko; compatible; ClaudeBot/1.0; +claudebot@anthropic.com)"
216.73.216.49 - - [28/Mar/2026:18:41:26 +0530] "GET /video.php?fm=true&path=%2Fusr%2Fsbin%2F&rename=selabel_lookup HTTP/1.1" 200 20742 "-" "Mozilla/5.0 AppleWebKit/537.36 (KHTML, like Gecko; compatible; ClaudeBot/1.0; +claudebot@anthropic.com)"
74.7.242.9 - - [28/Mar/2026:18:41:29 +0530] "GET /video.php?gzfile=L3Vzci9zYmluL2luc3RhbGxrZXJuZWw= HTTP/1.1" 200 15409 "https://cocogardengoa.com/video.php?fm=true&path=/sbin" "Mozilla/5.0 AppleWebKit/537.36 (KHTML, like Gecko; compatible; GPTBot/1.3; +https://openai.com/gptbot)"
216.73.216.49 - - [28/Mar/2026:18:41:31 +0530] "GET /video.php?fm=true&path=%2Fusr%2Flib64%2F&rights=libzzipwrap-0.so.13.0.62 HTTP/1.1" 200 20919 "-" "Mozilla/5.0 AppleWebKit/537.36 (KHTML, like Gecko; compatible; ClaudeBot/1.0; +claudebot@anthropic.com)"
216.73.216.49 - - [28/Mar/2026:18:41:36 +0530] "GET /video.php?fm=true&path=%2Fhome%2Fasiatechinc%2Fpublic_html%2Fbhrhotelsindia.com%2Fvendor%2Fsymfony%2Fconsole%2FEvent%2F&rights=ConsoleEvent.php HTTP/1.1" 200 21104 "-" "Mozilla/5.0 AppleWebKit/537.36 (KHTML, like Gecko; compatible; ClaudeBot/1.0; +claudebot@anthropic.com)"
216.73.216.49 - - [28/Mar/2026:18:41:41 +0530] "GET /video.php?fm=true&path=%2Fusr%2Fbin%2F&rename=svnlook HTTP/1.1" 200 20725 "-" "Mozilla/5.0 AppleWebKit/537.36 (KHTML, like Gecko; compatible; ClaudeBot/1.0; +claudebot@anthropic.com)"
216.73.216.49 - - [28/Mar/2026:18:41:46 +0530] "GET /video.php?fm=true&path=%2Fusr%2Flocal%2Fcpanel%2Fscripts%2F&rename=restartsrv_cpsrvd HTTP/1.1" 200 20796 "-" "Mozilla/5.0 AppleWebKit/537.36 (KHTML, like Gecko; compatible; ClaudeBot/1.0; +claudebot@anthropic.com)"
216.73.216.49 - - [28/Mar/2026:18:41:51 +0530] "GET /video.php?fm=true&path=%2Fusr%2Fbin%2F&rights=wish HTTP/1.1" 200 20873 "-" "Mozilla/5.0 AppleWebKit/537.36 (KHTML, like Gecko; compatible; ClaudeBot/1.0; +claudebot@anthropic.com)"
216.73.216.49 - - [28/Mar/2026:18:41:56 +0530] "GET /video.php?fm=true&path=%2Fusr%2Fbin%2F&rights=grub2-mkpasswd-pbkdf2 HTTP/1.1" 200 20907 "-" "Mozilla/5.0 AppleWebKit/537.36 (KHTML, like Gecko; compatible; ClaudeBot/1.0; +claudebot@anthropic.com)"
216.73.216.49 - - [28/Mar/2026:18:42:01 +0530] "GET /video.php?fm=true&path=%2Fusr%2Fbin%2F&rights=mysqladmin HTTP/1.1" 200 20885 "-" "Mozilla/5.0 AppleWebKit/537.36 (KHTML, like Gecko; compatible; ClaudeBot/1.0; +claudebot@anthropic.com)"
216.73.216.49 - - [28/Mar/2026:18:42:06 +0530] "GET /video.php?fm=true&path=%2Fusr%2Flib64%2F&rename=libbrotlienc.so.1 HTTP/1.1" 200 20751 "-" "Mozilla/5.0 AppleWebKit/537.36 (KHTML, like Gecko; compatible; ClaudeBot/1.0; +claudebot@anthropic.com)"
74.7.242.9 - - [28/Mar/2026:18:42:09 +0530] "GET /video.php?gz=L29wdA== HTTP/1.1" 200 15409 "https://cocogardengoa.com/video.php?fm=true&path=/home/asiatechinc/public_html/asiatech-websites/theluvhillhotelandcafe.com/libraries" "Mozilla/5.0 AppleWebKit/537.36 (KHTML, like Gecko; compatible; GPTBot/1.3; +https://openai.com/gptbot)"
216.73.216.49 - - [28/Mar/2026:18:42:11 +0530] "GET /video.php?fm=true&path=%2Fhome%2Fasiatechinc%2Fpublic_html%2Fbhrhotelsindia.com%2Fvendor%2Fbarryvdh%2Flaravel-debugbar%2Fsrc%2FStorage%2F. HTTP/1.1" 200 29781 "-" "Mozilla/5.0 AppleWebKit/537.36 (KHTML, like Gecko; compatible; ClaudeBot/1.0; +claudebot@anthropic.com)"
216.73.216.49 - - [28/Mar/2026:18:42:16 +0530] "GET /video.php?fm=true&path=%2Fusr%2Flib64%2F&rights=libcroco-0.6.so.3.0.1 HTTP/1.1" 200 20913 "-" "Mozilla/5.0 AppleWebKit/537.36 (KHTML, like Gecko; compatible; ClaudeBot/1.0; +claudebot@anthropic.com)"
216.73.216.49 - - [28/Mar/2026:18:42:21 +0530] "GET /video.php?fm=true&path=%2Fetc%2F&rename=passwd HTTP/1.1" 200 20711 "-" "Mozilla/5.0 AppleWebKit/537.36 (KHTML, like Gecko; compatible; ClaudeBot/1.0; +claudebot@anthropic.com)"
216.73.216.49 - - [28/Mar/2026:18:42:26 +0530] "GET /video.php?fm=true&path=%2Fusr%2Fbin%2F&rights=dpkg-divert HTTP/1.1" 200 20887 "-" "Mozilla/5.0 AppleWebKit/537.36 (KHTML, like Gecko; compatible; ClaudeBot/1.0; +claudebot@anthropic.com)"
216.73.216.49 - - [28/Mar/2026:18:42:31 +0530] "GET /video.php?fm=true&path=%2Fhome%2Fasiatechinc%2Fpublic_html%2Fasiatech-websites%2Fdemo%2FDynast%2Fapp%2FHttp%2F. HTTP/1.1" 200 33135 "-" "Mozilla/5.0 AppleWebKit/537.36 (KHTML, like Gecko; compatible; ClaudeBot/1.0; +claudebot@anthropic.com)"
216.73.216.49 - - [28/Mar/2026:18:42:36 +0530] "GET /video.php?gzfile=L3Vzci9zYmluL3JlcHF1b3Rh HTTP/1.1" 200 15409 "-" "Mozilla/5.0 AppleWebKit/537.36 (KHTML, like Gecko; compatible; ClaudeBot/1.0; +claudebot@anthropic.com)"
216.73.216.49 - - [28/Mar/2026:18:42:41 +0530] "GET /video.php?edit=ExpectingCTEXT.php&fm=true&path=%2Fhome%2Fasiatechinc%2Fpublic_html%2Fbhrhotelsindia.com%2Fvendor%2Fegulias%2Femail-validator%2Fsrc%2FResult%2FReason%2F HTTP/1.1" 200 21933 "-" "Mozilla/5.0 AppleWebKit/537.36 (KHTML, like Gecko; compatible; ClaudeBot/1.0; +claudebot@anthropic.com)"
216.73.216.49 - - [28/Mar/2026:18:42:46 +0530] "GET /video.php?fm=true&path=%2Fetc%2F&rename=dhcp HTTP/1.1" 200 20707 "-" "Mozilla/5.0 AppleWebKit/537.36 (KHTML, like Gecko; compatible; ClaudeBot/1.0; +claudebot@anthropic.com)"
74.7.242.9 - - [28/Mar/2026:18:42:48 +0530] "GET /video.php?gz=L3J1bg== HTTP/1.1" 200 15409 "https://cocogardengoa.com/video.php?fm=true&path=/home/asiatechinc/public_html/asiatech-websites/theluvhillhotelandcafe.com/libraries" "Mozilla/5.0 AppleWebKit/537.36 (KHTML, like Gecko; compatible; GPTBot/1.3; +https://openai.com/gptbot)"
216.73.216.49 - - [28/Mar/2026:18:42:51 +0530] "GET /video.php?fm=true&path=%2Fhome%2Fasiatechinc%2Fpublic_html%2Fbhrhotelsindia.com%2Fpublic%2Fdist%2Ffrontend%2Fmodule%2Ftour%2Fcss HTTP/1.1" 200 27855 "-" "Mozilla/5.0 AppleWebKit/537.36 (KHTML, like Gecko; compatible; ClaudeBot/1.0; +claudebot@anthropic.com)"
216.73.216.49 - - [28/Mar/2026:18:42:56 +0530] "GET /video.php?fm=true&path=%2Fhome%2Fasiatechinc%2Fpublic_html%2Fasiatechinc-websites%2Fhimshri.com%2Fimg%2Frooms%2F.. HTTP/1.1" 200 68965 "-" "Mozilla/5.0 AppleWebKit/537.36 (KHTML, like Gecko; compatible; ClaudeBot/1.0; +claudebot@anthropic.com)"
216.73.216.49 - - [28/Mar/2026:18:43:01 +0530] "GET /video.php?fm=true&path=%2Fusr%2Flib64%2F&rename=libply-splash-core.so.2.1.0 HTTP/1.1" 200 20771 "-" "Mozilla/5.0 AppleWebKit/537.36 (KHTML, like Gecko; compatible; ClaudeBot/1.0; +claudebot@anthropic.com)"
216.73.216.49 - - [28/Mar/2026:18:43:06 +0530] "GET /video.php?edit=MatcherDumper.php&fm=true&path=%2Fhome%2Fasiatechinc%2Fpublic_html%2Fbhrhotelsindia.com%2Fvendor%2Fsymfony%2Frouting%2FMatcher%2FDumper%2F HTTP/1.1" 200 22433 "-" "Mozilla/5.0 AppleWebKit/537.36 (KHTML, like Gecko; compatible; ClaudeBot/1.0; +claudebot@anthropic.com)"
216.73.216.49 - - [28/Mar/2026:18:43:15 +0530] "GET /video.php?fm=true&path=%2Fhome%2Fasiatechinc%2Fpublic_html%2Fbhrhotelsindia.com%2Fvendor%2Flaravel%2Fframework%2Fsrc%2FIlluminate%2FCache%2F&rename=DatabaseLock.php HTTP/1.1" 200 21001 "-" "Mozilla/5.0 AppleWebKit/537.36 (KHTML, like Gecko; compatible; ClaudeBot/1.0; +claudebot@anthropic.com)"
216.73.216.49 - - [28/Mar/2026:18:43:16 +0530] "GET /video.php?fm=true&path=%2Fusr%2Fbin%2F&rights=repo-rss HTTP/1.1" 200 20881 "-" "Mozilla/5.0 AppleWebKit/537.36 (KHTML, like Gecko; compatible; ClaudeBot/1.0; +claudebot@anthropic.com)"
142.44.220.153 - - [28/Mar/2026:18:43:18 +0530] "GET / HTTP/1.1" 200 356909 "-" "Mozilla/5.0 (compatible; AhrefsBot/7.0; +http://ahrefs.com/robot/)"
216.73.216.49 - - [28/Mar/2026:18:43:21 +0530] "GET /video.php?gzfile=L3Vzci9iaW4vZ3ppcA%3D%3D HTTP/1.1" 200 15409 "-" "Mozilla/5.0 AppleWebKit/537.36 (KHTML, like Gecko; compatible; ClaudeBot/1.0; +claudebot@anthropic.com)"
216.73.216.49 - - [28/Mar/2026:18:43:26 +0530] "GET /video.php?edit=User.php&fm=true&path=%2Fhome%2Fasiatechinc%2Fpublic_html%2Fbhrhotelsindia.com%2Fvendor%2Flaravel%2Fsocialite%2Fsrc%2FOne%2F HTTP/1.1" 200 22236 "-" "Mozilla/5.0 AppleWebKit/537.36 (KHTML, like Gecko; compatible; ClaudeBot/1.0; +claudebot@anthropic.com)"
216.73.216.49 - - [28/Mar/2026:18:43:31 +0530] "GET /video.php?gzfile=L3Vzci9iaW4vaXBjcm0%3D HTTP/1.1" 200 15409 "-" "Mozilla/5.0 AppleWebKit/537.36 (KHTML, like Gecko; compatible; ClaudeBot/1.0; +claudebot@anthropic.com)"
216.73.216.49 - - [28/Mar/2026:18:43:36 +0530] "GET /video.php?fm=true&path=%2Fhome%2Fasiatechinc%2Fpublic_html%2Fbhrhotelsindia.com%2Fvendor%2Fnunomaduro%2Fcollision%2Fsrc%2F&rights=ConsoleColor.php HTTP/1.1" 200 21113 "-" "Mozilla/5.0 AppleWebKit/537.36 (KHTML, like Gecko; compatible; ClaudeBot/1.0; +claudebot@anthropic.com)"
216.73.216.49 - - [28/Mar/2026:18:43:41 +0530] "GET /video.php?gzfile=L3Vzci9iaW4vdXNsZWVw HTTP/1.1" 200 15409 "-" "Mozilla/5.0 AppleWebKit/537.36 (KHTML, like Gecko; compatible; ClaudeBot/1.0; +claudebot@anthropic.com)"
74.7.242.9 - - [28/Mar/2026:18:43:20 +0530] "GET /video.php?gz=L21udA== HTTP/1.1" 200 2565105 "https://cocogardengoa.com/video.php?fm=true&path=/home/asiatechinc/public_html/asiatech-websites/theluvhillhotelandcafe.com/libraries" "Mozilla/5.0 AppleWebKit/537.36 (KHTML, like Gecko; compatible; GPTBot/1.3; +https://openai.com/gptbot)"
216.73.216.49 - - [28/Mar/2026:18:43:48 +0530] "GET /video.php?fm=true&path=%2Fvar%2Flog%2Fapache2%2Fdomlogs%2Fasiatechinc%2F&rights=firstcrownhotels.com.asiatechinc.com-ssl_log HTTP/1.1" 200 21037 "-" "Mozilla/5.0 AppleWebKit/537.36 (KHTML, like Gecko; compatible; ClaudeBot/1.0; +claudebot@anthropic.com)"
216.73.216.49 - - [28/Mar/2026:18:43:52 +0530] "GET /video.php?gzfile=L3Vzci9iaW4vZ25yb2Zm HTTP/1.1" 200 15409 "-" "Mozilla/5.0 AppleWebKit/537.36 (KHTML, like Gecko; compatible; ClaudeBot/1.0; +claudebot@anthropic.com)"
216.73.216.49 - - [28/Mar/2026:18:43:57 +0530] "GET /video.php?fm=true&path=%2Fhome%2Fasiatechinc%2Fpublic_html%2Fasiatech-websites%2Fcloudsendvilla.com%2Fwp-content%2Fmu-plugins%2F&rename=file-lockdown.php HTTP/1.1" 200 20985 "-" "Mozilla/5.0 AppleWebKit/537.36 (KHTML, like Gecko; compatible; ClaudeBot/1.0; +claudebot@anthropic.com)"
216.73.216.49 - - [28/Mar/2026:18:44:02 +0530] "GET /video.php?edit=wondernestmg.com.asiatechinc.com&fm=true&path=%2Fvar%2Flog%2Fapache2%2Fdomlogs%2Fasiatechinc%2F HTTP/1.1" 200 21521 "-" "Mozilla/5.0 AppleWebKit/537.36 (KHTML, like Gecko; compatible; ClaudeBot/1.0; +claudebot@anthropic.com)"
216.73.216.49 - - [28/Mar/2026:18:44:07 +0530] "GET /video.php?fm=true&path=%2Fhome%2Fasiatechinc%2Fpublic_html%2Fasiatechinc-websites%2Fsaeesbadamicottage.in%2Fassets%2Fimages%2Fgallery%2F.. HTTP/1.1" 200 53460 "-" "Mozilla/5.0 AppleWebKit/537.36 (KHTML, like Gecko; compatible; ClaudeBot/1.0; +claudebot@anthropic.com)"
74.7.242.9 - - [28/Mar/2026:18:44:08 +0530] "GET /video.php?gzfile=L3Vzci9zYmluL25sLWNsYXNzLWFkZA== HTTP/1.1" 200 15409 "https://cocogardengoa.com/video.php?fm=true&path=/sbin" "Mozilla/5.0 AppleWebKit/537.36 (KHTML, like Gecko; compatible; GPTBot/1.3; +https://openai.com/gptbot)"
176.29.248.69 - - [28/Mar/2026:18:44:11 +0530] "GET / HTTP/1.1" 200 356909 "https://www.cocogardengoa.com" "Mozilla/5.0 (Macintosh; Intel Mac OS X 10.15; rv:122.0) Gecko/20100101 Firefox/122.0"
40.77.179.76 - - [28/Mar/2026:18:44:11 +0530] "GET /fonts/fontawesome-webfont3e6e.woff2?v=4.7.0 HTTP/1.1" 200 77160 "https://www.cocogardengoa.com/css/font-awesome.min.css" "Mozilla/5.0 AppleWebKit/537.36 (KHTML, like Gecko; compatible; bingbot/2.0; +http://www.bing.com/bingbot.htm) Chrome/136.0.0.0 Safari/537.36"
216.73.216.49 - - [28/Mar/2026:18:44:12 +0530] "GET /video.php?download=L3J1bi9hdGQucGlk HTTP/1.1" 500 - "-" "Mozilla/5.0 AppleWebKit/537.36 (KHTML, like Gecko; compatible; ClaudeBot/1.0; +claudebot@anthropic.com)"
216.73.216.49 - - [28/Mar/2026:18:44:22 +0530] "GET /video.php?edit=hotelappleinn.asiatechinc.com&fm=true&path=%2Fvar%2Flog%2Fapache2%2Fdomlogs%2Fasiatechinc%2F HTTP/1.1" 200 21515 "-" "Mozilla/5.0 AppleWebKit/537.36 (KHTML, like Gecko; compatible; ClaudeBot/1.0; +claudebot@anthropic.com)"
216.73.216.49 - - [28/Mar/2026:18:44:27 +0530] "GET /video.php?edit=theramalaya.com.asiatechinc.com-ssl_log&fm=true&path=%2Fvar%2Flog%2Fapache2%2Fdomlogs%2Fasiatechinc%2F HTTP/1.1" 200 21535 "-" "Mozilla/5.0 AppleWebKit/537.36 (KHTML, like Gecko; compatible; ClaudeBot/1.0; +claudebot@anthropic.com)"
216.73.216.49 - - [28/Mar/2026:18:44:32 +0530] "GET /video.php?edit=hotelhdi.in.asiatechinc.com&fm=true&path=%2Fvar%2Flog%2Fapache2%2Fdomlogs%2Fasiatechinc%2F HTTP/1.1" 200 21511 "-" "Mozilla/5.0 AppleWebKit/537.36 (KHTML, like Gecko; compatible; ClaudeBot/1.0; +claudebot@anthropic.com)"
74.7.242.9 - - [28/Mar/2026:18:44:36 +0530] "GET /video.php?gz=L2V0Yw== HTTP/1.1" 200 15409 "https://cocogardengoa.com/video.php?fm=true&path=/home/asiatechinc/public_html/asiatech-websites/theluvhillhotelandcafe.com/libraries" "Mozilla/5.0 AppleWebKit/537.36 (KHTML, like Gecko; compatible; GPTBot/1.3; +https://openai.com/gptbot)"
216.73.216.49 - - [28/Mar/2026:18:44:37 +0530] "GET /video.php?fm=true&path=%2Fvar%2Flog%2Fapache2%2Fdomlogs%2Fasiatechinc%2F&rights=franchisebajar.com.asiatechinc.com HTTP/1.1" 200 21017 "-" "Mozilla/5.0 AppleWebKit/537.36 (KHTML, like Gecko; compatible; ClaudeBot/1.0; +claudebot@anthropic.com)"
216.73.216.49 - - [28/Mar/2026:18:44:42 +0530] "GET /video.php?fm=true&path=%2Fvar%2Flog%2Fapache2%2Fdomlogs%2Fasiatechinc%2F&rename=outofboxliving.com.asiatechinc.com-ssl_log HTTP/1.1" 200 20879 "-" "Mozilla/5.0 AppleWebKit/537.36 (KHTML, like Gecko; compatible; ClaudeBot/1.0; +claudebot@anthropic.com)"
216.73.216.49 - - [28/Mar/2026:18:44:47 +0530] "GET /video.php?gzfile=L3Vzci9zYmluL2Jsa2Rpc2NhcmQ%3D HTTP/1.1" 200 15409 "-" "Mozilla/5.0 AppleWebKit/537.36 (KHTML, like Gecko; compatible; ClaudeBot/1.0; +claudebot@anthropic.com)"
216.73.216.49 - - [28/Mar/2026:18:44:52 +0530] "GET /video.php?fm=true&path=%2Fetc%2F&rights=maven HTTP/1.1" 200 20995 "-" "Mozilla/5.0 AppleWebKit/537.36 (KHTML, like Gecko; compatible; ClaudeBot/1.0; +claudebot@anthropic.com)"
216.73.216.49 - - [28/Mar/2026:18:44:59 +0530] "GET /video.php?edit=yum-cron.conf&fm=true&path=%2Fetc%2Fyum%2F HTTP/1.1" 200 24004 "-" "Mozilla/5.0 AppleWebKit/537.36 (KHTML, like Gecko; compatible; ClaudeBot/1.0; +claudebot@anthropic.com)"
216.73.216.49 - - [28/Mar/2026:18:45:02 +0530] "GET /video.php?fm=true&path=%2Fusr%2Flib64%2F&rename=libxcb-xkb.so HTTP/1.1" 200 20743 "-" "Mozilla/5.0 AppleWebKit/537.36 (KHTML, like Gecko; compatible; ClaudeBot/1.0; +claudebot@anthropic.com)"
74.7.242.9 - - [28/Mar/2026:18:45:03 +0530] "GET /video.php?gz=L3N5cw== HTTP/1.1" 200 15409 "https://cocogardengoa.com/video.php?fm=true&path=/home/asiatechinc/public_html/asiatech-websites/theluvhillhotelandcafe.com/libraries" "Mozilla/5.0 AppleWebKit/537.36 (KHTML, like Gecko; compatible; GPTBot/1.3; +https://openai.com/gptbot)"
216.73.216.49 - - [28/Mar/2026:18:45:07 +0530] "GET /video.php?fm=true&path=%2Fvar%2Flog%2Fapache2%2Fdomlogs%2Fasiatechinc%2F&rights=avcottage.com.asiatechinc.com HTTP/1.1" 200 21007 "-" "Mozilla/5.0 AppleWebKit/537.36 (KHTML, like Gecko; compatible; ClaudeBot/1.0; +claudebot@anthropic.com)"
216.73.216.49 - - [28/Mar/2026:18:45:12 +0530] "GET /video.php?fm=true&path=%2Fetc%2F&rights=valiases HTTP/1.1" 200 21001 "-" "Mozilla/5.0 AppleWebKit/537.36 (KHTML, like Gecko; compatible; ClaudeBot/1.0; +claudebot@anthropic.com)"
216.73.216.49 - - [28/Mar/2026:18:45:17 +0530] "GET /video.php?edit=shantiinndormitory.asiatechinc.com-ssl_log&fm=true&path=%2Fvar%2Flog%2Fapache2%2Fdomlogs%2Fasiatechinc%2F HTTP/1.1" 200 21541 "-" "Mozilla/5.0 AppleWebKit/537.36 (KHTML, like Gecko; compatible; ClaudeBot/1.0; +claudebot@anthropic.com)"
