74.7.243.239 - - [28/Mar/2026:17:30:11 +0530] "GET /video.php?edit=hmh.txt&fm=true&path=/home/asiatechinc/public_html/asiatech-websites/tapovanretreatmanali.com/images/about/ HTTP/1.1" 404 16 "https://buranshvalleyresorts.com/video.php?fm=true&path=/home/asiatechinc/public_html/asiatech-websites/tapovanretreatmanali.com/images/about" "Mozilla/5.0 AppleWebKit/537.36 (KHTML, like Gecko; compatible; GPTBot/1.3; +https://openai.com/gptbot)"
148.113.130.233 - - [28/Mar/2026:17:30:21 +0530] "GET /video.php?gz=L2hvbWUvYXNpYXRlY2hpbmMvcHVibGljX2h0bWwvYXNpYXRlY2gtd2Vic2l0ZXMvZGFmZm9kaWxzdWl0ZXNieXJobHYuY29t HTTP/1.1" 404 16 "-" "Mozilla/5.0 (compatible; AhrefsBot/7.0; +http://ahrefs.com/robot/)"
74.7.243.239 - - [28/Mar/2026:17:30:37 +0530] "GET /video.php?edit=hmh.txt&fm=true&path=/home/asiatechinc/public_html/asiatech-websites/tapovanretreatmanali.com/images/ HTTP/1.1" 404 16 "https://buranshvalleyresorts.com/video.php?fm=true&path=/home/asiatechinc/public_html/asiatech-websites/tapovanretreatmanali.com/images" "Mozilla/5.0 AppleWebKit/537.36 (KHTML, like Gecko; compatible; GPTBot/1.3; +https://openai.com/gptbot)"
54.39.210.12 - - [28/Mar/2026:17:30:58 +0530] "GET /video.php?gz=L2hvbWUvYXNpYXRlY2hpbmMvcHVibGljX2h0bWwvYXNpYXRlY2gtd2Vic2l0ZXMvY2hpcmFpeWFyZXNvcnRhbmRob3RlbHMuY29t HTTP/1.1" 404 16 "-" "Mozilla/5.0 (compatible; AhrefsBot/7.0; +http://ahrefs.com/robot/)"
74.7.243.239 - - [28/Mar/2026:17:31:03 +0530] "GET /video.php?edit=hmh.txt&fm=true&path=/home/asiatechinc/public_html/asiatech-websites/themillenniumkashihotel.com/assets/js/ HTTP/1.1" 404 16 "https://buranshvalleyresorts.com/video.php?fm=true&path=/home/asiatechinc/public_html/asiatech-websites/themillenniumkashihotel.com/assets/js" "Mozilla/5.0 AppleWebKit/537.36 (KHTML, like Gecko; compatible; GPTBot/1.3; +https://openai.com/gptbot)"
74.7.243.239 - - [28/Mar/2026:17:31:29 +0530] "GET /video.php?zip=L2hvbWUvYXNpYXRlY2hpbmMvcHVibGljX2h0bWwvYXNpYXRlY2gtd2Vic2l0ZXMvYnVyYW5zaGdyb3VwLmNvbQ== HTTP/1.1" 404 16 "https://buranshvalleyresorts.com/video.php?fm=true&path=/home/asiatechinc/public_html/asiatech-websites/buranshvalleyresorts.com/.." "Mozilla/5.0 AppleWebKit/537.36 (KHTML, like Gecko; compatible; GPTBot/1.3; +https://openai.com/gptbot)"
54.39.89.186 - - [28/Mar/2026:17:31:32 +0530] "GET /video.php?gz=L2hvbWUvYXNpYXRlY2hpbmMvcHVibGljX2h0bWwvYXNpYXRlY2gtd2Vic2l0ZXMvY2h1cnV3YWxhaW5uLmNvbQ== HTTP/1.1" 404 16 "-" "Mozilla/5.0 (compatible; AhrefsBot/7.0; +http://ahrefs.com/robot/)"
64.233.173.161 - - [28/Mar/2026:17:31:48 +0530] "GET /.well-known/traffic-advice HTTP/1.1" 404 - "-" "Chrome Privacy Preserving Prefetch Proxy"
193.186.4.140 - - [28/Mar/2026:17:31:48 +0530] "GET / HTTP/1.1" 200 212698 "https://www.google.com/" "Mozilla/5.0 (Windows NT 10.0; Win64; x64) AppleWebKit/537.36 (KHTML, like Gecko) Chrome/146.0.0.0 Safari/537.36"
74.7.243.239 - - [28/Mar/2026:17:31:55 +0530] "GET /video.php?gz=L2hvbWUvYXNpYXRlY2hpbmMvcHVibGljX2h0bWwvYXNpYXRlY2gtd2Vic2l0ZXMvaG90ZWxhcGFsYWNlLmNvbQ== HTTP/1.1" 404 16 "https://buranshvalleyresorts.com/video.php?fm=true&path=/home/asiatechinc/public_html/asiatech-websites/buranshvalleyresorts.com/.." "Mozilla/5.0 AppleWebKit/537.36 (KHTML, like Gecko; compatible; GPTBot/1.3; +https://openai.com/gptbot)"
54.39.136.236 - - [28/Mar/2026:17:32:11 +0530] "GET /video.php?fm=true&rights=westeroskasol.com&path=/home/asiatechinc/public_html/asiatech-websites/ HTTP/1.1" 404 16 "-" "Mozilla/5.0 (compatible; AhrefsBot/7.0; +http://ahrefs.com/robot/)"
74.7.243.239 - - [28/Mar/2026:17:32:24 +0530] "GET /video.php?gz=L2hvbWUvYXNpYXRlY2hpbmMvcHVibGljX2h0bWwvYXNpYXRlY2gtd2Vic2l0ZXMvcmVnYWxyZXRyZWF0cy5pbg== HTTP/1.1" 404 16 "https://buranshvalleyresorts.com/video.php?fm=true&path=/home/asiatechinc/public_html/asiatech-websites/buranshvalleyresorts.com/.." "Mozilla/5.0 AppleWebKit/537.36 (KHTML, like Gecko; compatible; GPTBot/1.3; +https://openai.com/gptbot)"
74.7.243.239 - - [28/Mar/2026:17:32:50 +0530] "GET /video.php?zip=L2hvbWUvYXNpYXRlY2hpbmMvcHVibGljX2h0bWwvYXNpYXRlY2gtd2Vic2l0ZXMvY2hhaWxzaGFtbGV0LmNvbQ== HTTP/1.1" 404 16 "https://buranshvalleyresorts.com/video.php?fm=true&path=/home/asiatechinc/public_html/asiatech-websites/buranshvalleyresorts.com/.." "Mozilla/5.0 AppleWebKit/537.36 (KHTML, like Gecko; compatible; GPTBot/1.3; +https://openai.com/gptbot)"
74.7.230.7 - - [28/Mar/2026:17:32:51 +0530] "GET /robots.txt HTTP/1.1" 404 - "-" "Mozilla/5.0 (Macintosh; Intel Mac OS X 10_15_7) AppleWebKit/537.36 (KHTML, like Gecko) Chrome/131.0.0.0 Safari/537.36; compatible; OAI-SearchBot/1.3; robots.txt; +https://openai.com/searchbot"
51.222.95.73 - - [28/Mar/2026:17:32:55 +0530] "GET /video.php?fm=true&rights=themountainbreeze.in&path=/home/asiatechinc/public_html/asiatech-websites/ HTTP/1.1" 404 16 "-" "Mozilla/5.0 (compatible; AhrefsBot/7.0; +http://ahrefs.com/robot/)"
74.7.243.239 - - [28/Mar/2026:17:33:16 +0530] "GET /video.php?gz=L2hvbWUvYXNpYXRlY2hpbmMvcHVibGljX2h0bWwvYXNpYXRlY2gtd2Vic2l0ZXMvZnVzaW9uaG9tZWNvLmNvbQ== HTTP/1.1" 404 16 "https://buranshvalleyresorts.com/video.php?fm=true&path=/home/asiatechinc/public_html/asiatech-websites/buranshvalleyresorts.com/.." "Mozilla/5.0 AppleWebKit/537.36 (KHTML, like Gecko; compatible; GPTBot/1.3; +https://openai.com/gptbot)"
167.114.139.197 - - [28/Mar/2026:17:33:31 +0530] "GET /video.php?fm=true&rights=themoonlake.in&path=/home/asiatechinc/public_html/asiatech-websites/ HTTP/1.1" 404 16 "-" "Mozilla/5.0 (compatible; AhrefsBot/7.0; +http://ahrefs.com/robot/)"
74.7.243.239 - - [28/Mar/2026:17:33:42 +0530] "GET /video.php?zip=L2hvbWUvYXNpYXRlY2hpbmMvcHVibGljX2h0bWwvYXNpYXRlY2gtd2Vic2l0ZXMvcmVnYWxyZXRyZWF0cy5pbg== HTTP/1.1" 404 16 "https://buranshvalleyresorts.com/video.php?fm=true&path=/home/asiatechinc/public_html/asiatech-websites/buranshvalleyresorts.com/.." "Mozilla/5.0 AppleWebKit/537.36 (KHTML, like Gecko; compatible; GPTBot/1.3; +https://openai.com/gptbot)"
15.235.98.176 - - [28/Mar/2026:17:33:57 +0530] "GET /video.php?fm=true&rights=thehomecomingfarmstaykarjat.com&path=/home/asiatechinc/public_html/asiatech-websites/ HTTP/1.1" 404 16 "-" "Mozilla/5.0 (compatible; AhrefsBot/7.0; +http://ahrefs.com/robot/)"
74.7.243.239 - - [28/Mar/2026:17:34:08 +0530] "GET /video.php?gz=L2hvbWUvYXNpYXRlY2hpbmMvcHVibGljX2h0bWwvYXNpYXRlY2gtd2Vic2l0ZXMvY2hhaWxzaGFtbGV0LmNvbQ== HTTP/1.1" 404 16 "https://buranshvalleyresorts.com/video.php?fm=true&path=/home/asiatechinc/public_html/asiatech-websites/buranshvalleyresorts.com/.." "Mozilla/5.0 AppleWebKit/537.36 (KHTML, like Gecko; compatible; GPTBot/1.3; +https://openai.com/gptbot)"
51.222.95.31 - - [28/Mar/2026:17:34:21 +0530] "GET /video.php?fm=true&rights=taxiservicemountabu.in&path=/home/asiatechinc/public_html/asiatech-websites/ HTTP/1.1" 404 16 "-" "Mozilla/5.0 (compatible; AhrefsBot/7.0; +http://ahrefs.com/robot/)"
74.7.243.239 - - [28/Mar/2026:17:34:37 +0530] "GET /video.php?gz=L2hvbWUvYXNpYXRlY2hpbmMvcHVibGljX2h0bWwvYXNpYXRlY2gtd2Vic2l0ZXMvaG90ZWxzdGVuZGVsLmNvbQ== HTTP/1.1" 404 16 "https://buranshvalleyresorts.com/video.php?fm=true&path=/home/asiatechinc/public_html/asiatech-websites/buranshvalleyresorts.com/.." "Mozilla/5.0 AppleWebKit/537.36 (KHTML, like Gecko; compatible; GPTBot/1.3; +https://openai.com/gptbot)"
51.222.168.171 - - [28/Mar/2026:17:34:49 +0530] "GET /video.php?fm=true&rights=tapovanretreatmanali.com&path=/home/asiatechinc/public_html/asiatech-websites/ HTTP/1.1" 404 16 "-" "Mozilla/5.0 (compatible; AhrefsBot/7.0; +http://ahrefs.com/robot/)"
74.7.243.239 - - [28/Mar/2026:17:35:07 +0530] "GET /video.php?gz=L2hvbWUvYXNpYXRlY2hpbmMvcHVibGljX2h0bWwvYXNpYXRlY2gtd2Vic2l0ZXMvYnVyYW5zaGdyb3VwLmNvbQ== HTTP/1.1" 404 16 "https://buranshvalleyresorts.com/video.php?fm=true&path=/home/asiatechinc/public_html/asiatech-websites/buranshvalleyresorts.com/.." "Mozilla/5.0 AppleWebKit/537.36 (KHTML, like Gecko; compatible; GPTBot/1.3; +https://openai.com/gptbot)"
51.161.37.224 - - [28/Mar/2026:17:35:15 +0530] "GET /video.php?fm=true&rights=snowhillsresorts.com&path=/home/asiatechinc/public_html/asiatech-websites/ HTTP/1.1" 404 16 "-" "Mozilla/5.0 (compatible; AhrefsBot/7.0; +http://ahrefs.com/robot/)"
74.7.243.239 - - [28/Mar/2026:17:35:38 +0530] "GET /video.php?zip=L2hvbWUvYXNpYXRlY2hpbmMvcHVibGljX2h0bWwvYXNpYXRlY2gtd2Vic2l0ZXMvZnVzaW9uaG9tZWNvLmNvbQ== HTTP/1.1" 404 16 "https://buranshvalleyresorts.com/video.php?fm=true&path=/home/asiatechinc/public_html/asiatech-websites/buranshvalleyresorts.com/.." "Mozilla/5.0 AppleWebKit/537.36 (KHTML, like Gecko; compatible; GPTBot/1.3; +https://openai.com/gptbot)"
54.39.203.177 - - [28/Mar/2026:17:36:02 +0530] "GET /video.php?fm=true&rights=shreehariomresidency.com&path=/home/asiatechinc/public_html/asiatech-websites/ HTTP/1.1" 404 16 "-" "Mozilla/5.0 (compatible; AhrefsBot/7.0; +http://ahrefs.com/robot/)"
74.7.243.239 - - [28/Mar/2026:17:36:05 +0530] "GET /video.php?zip=L2hvbWUvYXNpYXRlY2hpbmMvcHVibGljX2h0bWwvYXNpYXRlY2gtd2Vic2l0ZXMvaG90ZWxhcGFsYWNlLmNvbQ== HTTP/1.1" 404 16 "https://buranshvalleyresorts.com/video.php?fm=true&path=/home/asiatechinc/public_html/asiatech-websites/buranshvalleyresorts.com/.." "Mozilla/5.0 AppleWebKit/537.36 (KHTML, like Gecko; compatible; GPTBot/1.3; +https://openai.com/gptbot)"
74.7.243.239 - - [28/Mar/2026:17:36:32 +0530] "GET /video.php?zip=L2hvbWUvYXNpYXRlY2hpbmMvcHVibGljX2h0bWwvYXNpYXRlY2gtd2Vic2l0ZXMvaG90ZWxzdGVuZGVsLmNvbQ== HTTP/1.1" 404 16 "https://buranshvalleyresorts.com/video.php?fm=true&path=/home/asiatechinc/public_html/asiatech-websites/buranshvalleyresorts.com/.." "Mozilla/5.0 AppleWebKit/537.36 (KHTML, like Gecko; compatible; GPTBot/1.3; +https://openai.com/gptbot)"
142.44.228.28 - - [28/Mar/2026:17:36:37 +0530] "GET /video.php?fm=true&rights=ngkcoral.com&path=/home/asiatechinc/public_html/asiatech-websites/ HTTP/1.1" 404 16 "-" "Mozilla/5.0 (compatible; AhrefsBot/7.0; +http://ahrefs.com/robot/)"
74.7.243.239 - - [28/Mar/2026:17:36:59 +0530] "GET /video.php?zip=L2hvbWUvYXNpYXRlY2hpbmMvcHVibGljX2h0bWwvYXNpYXRlY2gtd2Vic2l0ZXMvc2hpdmFsYXlhaW5uLmNvbQ== HTTP/1.1" 404 16 "https://buranshvalleyresorts.com/video.php?fm=true&path=/home/asiatechinc/public_html/asiatech-websites/buranshvalleyresorts.com/.." "Mozilla/5.0 AppleWebKit/537.36 (KHTML, like Gecko; compatible; GPTBot/1.3; +https://openai.com/gptbot)"
54.39.136.194 - - [28/Mar/2026:17:37:06 +0530] "GET /video.php?fm=true&rights=mangrovevillagoa.com&path=/home/asiatechinc/public_html/asiatech-websites/ HTTP/1.1" 404 16 "-" "Mozilla/5.0 (compatible; AhrefsBot/7.0; +http://ahrefs.com/robot/)"
74.7.243.239 - - [28/Mar/2026:17:37:26 +0530] "GET /video.php?gz=L2hvbWUvYXNpYXRlY2hpbmMvcHVibGljX2h0bWwvYXNpYXRlY2gtd2Vic2l0ZXMvaG90ZWxhcmFkaHlhLmNvbQ== HTTP/1.1" 404 16 "https://buranshvalleyresorts.com/video.php?fm=true&path=/home/asiatechinc/public_html/asiatech-websites/buranshvalleyresorts.com/.." "Mozilla/5.0 AppleWebKit/537.36 (KHTML, like Gecko; compatible; GPTBot/1.3; +https://openai.com/gptbot)"
51.161.37.60 - - [28/Mar/2026:17:37:36 +0530] "GET /video.php?fm=true&rights=maitribeachresort.com&path=/home/asiatechinc/public_html/asiatech-websites/ HTTP/1.1" 404 16 "-" "Mozilla/5.0 (compatible; AhrefsBot/7.0; +http://ahrefs.com/robot/)"
74.7.243.239 - - [28/Mar/2026:17:37:54 +0530] "GET /video.php?gz=L2hvbWUvYXNpYXRlY2hpbmMvcHVibGljX2h0bWwvYXNpYXRlY2gtd2Vic2l0ZXMvc2hpdmFsYXlhaW5uLmNvbQ== HTTP/1.1" 404 16 "https://buranshvalleyresorts.com/video.php?fm=true&path=/home/asiatechinc/public_html/asiatech-websites/buranshvalleyresorts.com/.." "Mozilla/5.0 AppleWebKit/537.36 (KHTML, like Gecko; compatible; GPTBot/1.3; +https://openai.com/gptbot)"
74.7.230.7 - - [28/Mar/2026:17:37:55 +0530] "GET /robots.txt HTTP/1.1" 404 - "-" "Mozilla/5.0 (Macintosh; Intel Mac OS X 10_15_7) AppleWebKit/537.36 (KHTML, like Gecko) Chrome/131.0.0.0 Safari/537.36; compatible; OAI-SearchBot/1.3; robots.txt; +https://openai.com/searchbot"
51.222.168.93 - - [28/Mar/2026:17:38:06 +0530] "GET /video.php?fm=true&rights=laughtalehostel.com&path=/home/asiatechinc/public_html/asiatech-websites/ HTTP/1.1" 404 16 "-" "Mozilla/5.0 (compatible; AhrefsBot/7.0; +http://ahrefs.com/robot/)"
74.7.243.239 - - [28/Mar/2026:17:38:21 +0530] "GET /video.php?zip=L2hvbWUvYXNpYXRlY2hpbmMvcHVibGljX2h0bWwvYXNpYXRlY2gtd2Vic2l0ZXMvaG90ZWxhcmFkaHlhLmNvbQ== HTTP/1.1" 404 16 "https://buranshvalleyresorts.com/video.php?fm=true&path=/home/asiatechinc/public_html/asiatech-websites/buranshvalleyresorts.com/.." "Mozilla/5.0 AppleWebKit/537.36 (KHTML, like Gecko; compatible; GPTBot/1.3; +https://openai.com/gptbot)"
167.114.139.185 - - [28/Mar/2026:17:38:33 +0530] "GET /video.php?fm=true&rights=inscaperesorts.com&path=/home/asiatechinc/public_html/asiatech-websites/ HTTP/1.1" 404 16 "-" "Mozilla/5.0 (compatible; AhrefsBot/7.0; +http://ahrefs.com/robot/)"
74.7.243.239 - - [28/Mar/2026:17:38:50 +0530] "GET /video.php?gz=L2hvbWUvYXNpYXRlY2hpbmMvcHVibGljX2h0bWwvYXNpYXRlY2gtd2Vic2l0ZXMvc3Nob3RlbGFvbmxhLmNvbQ== HTTP/1.1" 404 16 "https://buranshvalleyresorts.com/video.php?fm=true&path=/home/asiatechinc/public_html/asiatech-websites/buranshvalleyresorts.com/.." "Mozilla/5.0 AppleWebKit/537.36 (KHTML, like Gecko; compatible; GPTBot/1.3; +https://openai.com/gptbot)"
51.161.65.8 - - [28/Mar/2026:17:39:16 +0530] "GET /video.php?fm=true&rights=hoteltajheights.com&path=/home/asiatechinc/public_html/asiatech-websites/ HTTP/1.1" 404 16 "-" "Mozilla/5.0 (compatible; AhrefsBot/7.0; +http://ahrefs.com/robot/)"
74.7.243.239 - - [28/Mar/2026:17:39:16 +0530] "GET /video.php?gzfile=L2hvbWUvYXNpYXRlY2hpbmMvcHVibGljX2h0bWwvYXNpYXRlY2gtd2Vic2l0ZXMvaG90ZWxyYWpkYXJiYXJheW9kaHlhLmNvbS9leGVjdXRpdmUucGhw HTTP/1.1" 404 16 "https://buranshvalleyresorts.com/video.php?fm=true&path=/home/asiatechinc/public_html/asiatech-websites/hotelrajdarbarayodhya.com" "Mozilla/5.0 AppleWebKit/537.36 (KHTML, like Gecko; compatible; GPTBot/1.3; +https://openai.com/gptbot)"
74.7.243.239 - - [28/Mar/2026:17:39:41 +0530] "GET /video.php?zip=L2hvbWUvYXNpYXRlY2hpbmMvcHVibGljX2h0bWwvYXNpYXRlY2gtd2Vic2l0ZXMvcmlzaGlrZXNoaGVyaXRhZ2VyZXNvcnRzLmNvbS9pbWcvc2xpZGVy HTTP/1.1" 404 16 "https://buranshvalleyresorts.com/video.php?fm=true&path=/home/asiatechinc/public_html/asiatech-websites/rishikeshheritageresorts.com/img" "Mozilla/5.0 AppleWebKit/537.36 (KHTML, like Gecko; compatible; GPTBot/1.3; +https://openai.com/gptbot)"
54.39.136.111 - - [28/Mar/2026:17:39:45 +0530] "GET /video.php?fm=true&rights=hotelsiddhantpalace.com&path=/home/asiatechinc/public_html/asiatech-websites/ HTTP/1.1" 404 16 "-" "Mozilla/5.0 (compatible; AhrefsBot/7.0; +http://ahrefs.com/robot/)"
74.7.243.239 - - [28/Mar/2026:17:40:05 +0530] "GET /video.php?zip=L2hvbWUvYXNpYXRlY2hpbmMvcHVibGljX2h0bWwvYXNpYXRlY2gtd2Vic2l0ZXMvcmlzaGlrZXNoaGVyaXRhZ2VyZXNvcnRzLmNvbS9pbWcvc2VydmljZXM= HTTP/1.1" 404 16 "https://buranshvalleyresorts.com/video.php?fm=true&path=/home/asiatechinc/public_html/asiatech-websites/rishikeshheritageresorts.com/img" "Mozilla/5.0 AppleWebKit/537.36 (KHTML, like Gecko; compatible; GPTBot/1.3; +https://openai.com/gptbot)"
54.39.0.55 - - [28/Mar/2026:17:40:13 +0530] "GET /video.php?fm=true&rights=hotelnamogange.com&path=/home/asiatechinc/public_html/asiatech-websites/ HTTP/1.1" 404 16 "-" "Mozilla/5.0 (compatible; AhrefsBot/7.0; +http://ahrefs.com/robot/)"
74.7.243.239 - - [28/Mar/2026:17:40:31 +0530] "GET /video.php?gz=L2hvbWUvYXNpYXRlY2hpbmMvcHVibGljX2h0bWwvYXNpYXRlY2gtd2Vic2l0ZXMvcmlzaGlrZXNoaGVyaXRhZ2VyZXNvcnRzLmNvbS9pbWcvc2VydmljZXM= HTTP/1.1" 404 16 "https://buranshvalleyresorts.com/video.php?fm=true&path=/home/asiatechinc/public_html/asiatech-websites/rishikeshheritageresorts.com/img" "Mozilla/5.0 AppleWebKit/537.36 (KHTML, like Gecko; compatible; GPTBot/1.3; +https://openai.com/gptbot)"
54.39.203.245 - - [28/Mar/2026:17:40:42 +0530] "GET /video.php?fm=true&rights=hotelanantnerchowk.com&path=/home/asiatechinc/public_html/asiatech-websites/ HTTP/1.1" 404 16 "-" "Mozilla/5.0 (compatible; AhrefsBot/7.0; +http://ahrefs.com/robot/)"
74.7.243.239 - - [28/Mar/2026:17:40:56 +0530] "GET /video.php?zip=L2hvbWUvYXNpYXRlY2hpbmMvcHVibGljX2h0bWwvYXNpYXRlY2gtd2Vic2l0ZXMvcmlzaGlrZXNoaGVyaXRhZ2VyZXNvcnRzLmNvbS9pbWcvZ2FsbGVyeQ== HTTP/1.1" 404 16 "https://buranshvalleyresorts.com/video.php?fm=true&path=/home/asiatechinc/public_html/asiatech-websites/rishikeshheritageresorts.com/img" "Mozilla/5.0 AppleWebKit/537.36 (KHTML, like Gecko; compatible; GPTBot/1.3; +https://openai.com/gptbot)"
54.39.0.1 - - [28/Mar/2026:17:41:11 +0530] "GET /video.php?fm=true&rights=citycentaur.com&path=/home/asiatechinc/public_html/asiatech-websites/ HTTP/1.1" 404 16 "-" "Mozilla/5.0 (compatible; AhrefsBot/7.0; +http://ahrefs.com/robot/)"
74.7.243.239 - - [28/Mar/2026:17:41:23 +0530] "GET /video.php?gzfile=L2hvbWUvYXNpYXRlY2hpbmMvcHVibGljX2h0bWwvYXNpYXRlY2gtd2Vic2l0ZXMvcmlzaGlrZXNoaGVyaXRhZ2VyZXNvcnRzLmNvbS9obWgudHh0 HTTP/1.1" 404 16 "https://buranshvalleyresorts.com/video.php?fm=true&path=/home/asiatechinc/public_html/asiatech-websites/rishikeshheritageresorts.com" "Mozilla/5.0 AppleWebKit/537.36 (KHTML, like Gecko; compatible; GPTBot/1.3; +https://openai.com/gptbot)"
142.44.225.49 - - [28/Mar/2026:17:41:41 +0530] "GET /video.php?fm=true&rights=beachnestgokarna.in&path=/home/asiatechinc/public_html/asiatech-websites/ HTTP/1.1" 404 16 "-" "Mozilla/5.0 (compatible; AhrefsBot/7.0; +http://ahrefs.com/robot/)"
74.7.243.239 - - [28/Mar/2026:17:41:47 +0530] "GET /video.php?gzfile=L2hvbWUvYXNpYXRlY2hpbmMvcHVibGljX2h0bWwvYXNpYXRlY2gtd2Vic2l0ZXMvc2hyaXJhZGhlcmFkaGVndWVzdGhvdXNlLmNvbS9pbmRleC5waHA= HTTP/1.1" 404 16 "https://buranshvalleyresorts.com/video.php?fm=true&path=/home/asiatechinc/public_html/asiatech-websites/shriradheradheguesthouse.com" "Mozilla/5.0 AppleWebKit/537.36 (KHTML, like Gecko; compatible; GPTBot/1.3; +https://openai.com/gptbot)"
74.7.243.239 - - [28/Mar/2026:17:42:13 +0530] "GET /video.php?gzfile=L2hvbWUvYXNpYXRlY2hpbmMvcHVibGljX2h0bWwvYXNpYXRlY2gtd2Vic2l0ZXMvc2hyaXJhZGhlcmFkaGVndWVzdGhvdXNlLmNvbS90YXJpZmYucGhw HTTP/1.1" 404 16 "https://buranshvalleyresorts.com/video.php?fm=true&path=/home/asiatechinc/public_html/asiatech-websites/shriradheradheguesthouse.com" "Mozilla/5.0 AppleWebKit/537.36 (KHTML, like Gecko; compatible; GPTBot/1.3; +https://openai.com/gptbot)"
54.39.210.28 - - [28/Mar/2026:17:42:19 +0530] "GET /video.php?fm=true&rename=vilaasitaainn.com&path=/home/asiatechinc/public_html/asiatech-websites/ HTTP/1.1" 404 16 "-" "Mozilla/5.0 (compatible; AhrefsBot/7.0; +http://ahrefs.com/robot/)"
74.7.243.239 - - [28/Mar/2026:17:42:37 +0530] "GET /video.php?zip=L2hvbWUvYXNpYXRlY2hpbmMvcHVibGljX2h0bWwvYXNpYXRlY2gtd2Vic2l0ZXMvcmlzaGlrZXNoaGVyaXRhZ2VyZXNvcnRzLmNvbS9pbWcvcm9vbXM= HTTP/1.1" 404 16 "https://buranshvalleyresorts.com/video.php?fm=true&path=/home/asiatechinc/public_html/asiatech-websites/rishikeshheritageresorts.com/img" "Mozilla/5.0 AppleWebKit/537.36 (KHTML, like Gecko; compatible; GPTBot/1.3; +https://openai.com/gptbot)"
54.39.203.238 - - [28/Mar/2026:17:42:53 +0530] "GET /video.php?fm=true&rename=travelconnections.co.in&path=/home/asiatechinc/public_html/asiatech-websites/ HTTP/1.1" 404 16 "-" "Mozilla/5.0 (compatible; AhrefsBot/7.0; +http://ahrefs.com/robot/)"
74.7.243.239 - - [28/Mar/2026:17:43:03 +0530] "GET /video.php?gzfile=L2hvbWUvYXNpYXRlY2hpbmMvcHVibGljX2h0bWwvYXNpYXRlY2gtd2Vic2l0ZXMvcmlzaGlrZXNoaGVyaXRhZ2VyZXNvcnRzLmNvbS9pbmRleC5waHA= HTTP/1.1" 404 16 "https://buranshvalleyresorts.com/video.php?fm=true&path=/home/asiatechinc/public_html/asiatech-websites/rishikeshheritageresorts.com" "Mozilla/5.0 AppleWebKit/537.36 (KHTML, like Gecko; compatible; GPTBot/1.3; +https://openai.com/gptbot)"
74.7.230.7 - - [28/Mar/2026:17:43:06 +0530] "GET /robots.txt HTTP/1.1" 404 - "-" "Mozilla/5.0 (Macintosh; Intel Mac OS X 10_15_7) AppleWebKit/537.36 (KHTML, like Gecko) Chrome/131.0.0.0 Safari/537.36; compatible; OAI-SearchBot/1.3; robots.txt; +https://openai.com/searchbot"
74.7.243.239 - - [28/Mar/2026:17:43:30 +0530] "GET /video.php?gz=L2hvbWUvYXNpYXRlY2hpbmMvcHVibGljX2h0bWwvYXNpYXRlY2gtd2Vic2l0ZXMvcmlzaGlrZXNoaGVyaXRhZ2VyZXNvcnRzLmNvbS9pbWcvZ2FsbGVyeQ== HTTP/1.1" 404 16 "https://buranshvalleyresorts.com/video.php?fm=true&path=/home/asiatechinc/public_html/asiatech-websites/rishikeshheritageresorts.com/img" "Mozilla/5.0 AppleWebKit/537.36 (KHTML, like Gecko; compatible; GPTBot/1.3; +https://openai.com/gptbot)"
51.222.95.98 - - [28/Mar/2026:17:43:30 +0530] "GET /video.php?fm=true&rename=thehotelakresidency.in&path=/home/asiatechinc/public_html/asiatech-websites/ HTTP/1.1" 404 16 "-" "Mozilla/5.0 (compatible; AhrefsBot/7.0; +http://ahrefs.com/robot/)"
74.7.243.239 - - [28/Mar/2026:17:43:56 +0530] "GET /video.php?gz=L2hvbWUvYXNpYXRlY2hpbmMvcHVibGljX2h0bWwvYXNpYXRlY2gtd2Vic2l0ZXMvcmlzaGlrZXNoaGVyaXRhZ2VyZXNvcnRzLmNvbS9pbWcvcm9vbXM= HTTP/1.1" 404 16 "https://buranshvalleyresorts.com/video.php?fm=true&path=/home/asiatechinc/public_html/asiatech-websites/rishikeshheritageresorts.com/img" "Mozilla/5.0 AppleWebKit/537.36 (KHTML, like Gecko; compatible; GPTBot/1.3; +https://openai.com/gptbot)"
54.39.136.246 - - [28/Mar/2026:17:44:08 +0530] "GET /video.php?fm=true&rename=sanwariyahomestay.com&path=/home/asiatechinc/public_html/asiatech-websites/ HTTP/1.1" 404 16 "-" "Mozilla/5.0 (compatible; AhrefsBot/7.0; +http://ahrefs.com/robot/)"
74.7.243.239 - - [28/Mar/2026:17:44:23 +0530] "GET /video.php?fm=true&path=/home/asiatechinc/public_html/asiatech-websites/hotelcitypalacesvaranasi.com/fonts/&rename=fontAwesome HTTP/1.1" 404 16 "https://buranshvalleyresorts.com/video.php?fm=true&path=/home/asiatechinc/public_html/asiatech-websites/hotelcitypalacesvaranasi.com/fonts" "Mozilla/5.0 AppleWebKit/537.36 (KHTML, like Gecko; compatible; GPTBot/1.3; +https://openai.com/gptbot)"
148.113.130.152 - - [28/Mar/2026:17:44:48 +0530] "GET /video.php?fm=true&rename=montclairananta.com&path=/home/asiatechinc/public_html/asiatech-websites/ HTTP/1.1" 404 16 "-" "Mozilla/5.0 (compatible; AhrefsBot/7.0; +http://ahrefs.com/robot/)"
74.7.243.239 - - [28/Mar/2026:17:44:51 +0530] "GET /video.php?fm=true&path=/home/asiatechinc/public_html/asiatech-websites/themillenniumkashihotel.com/assets/js/&rename=jquery.magnific-popup.min.js HTTP/1.1" 404 16 "https://buranshvalleyresorts.com/video.php?fm=true&path=/home/asiatechinc/public_html/asiatech-websites/themillenniumkashihotel.com/assets/js" "Mozilla/5.0 AppleWebKit/537.36 (KHTML, like Gecko; compatible; GPTBot/1.3; +https://openai.com/gptbot)"
74.7.243.239 - - [28/Mar/2026:17:45:22 +0530] "GET /video.php?fm=true&path=/home/asiatechinc/public_html/asiatech-websites/themillenniumkashihotel.com/assets/js/&rights=jquery.magnific-popup.min.js HTTP/1.1" 404 16 "https://buranshvalleyresorts.com/video.php?fm=true&path=/home/asiatechinc/public_html/asiatech-websites/themillenniumkashihotel.com/assets/js" "Mozilla/5.0 AppleWebKit/537.36 (KHTML, like Gecko; compatible; GPTBot/1.3; +https://openai.com/gptbot)"
167.114.139.100 - - [28/Mar/2026:17:45:27 +0530] "GET /video.php?fm=true&rename=lavenderhouse.in&path=/home/asiatechinc/public_html/asiatech-websites/ HTTP/1.1" 404 16 "-" "Mozilla/5.0 (compatible; AhrefsBot/7.0; +http://ahrefs.com/robot/)"
74.7.243.239 - - [28/Mar/2026:17:45:49 +0530] "GET /video.php?zip=L2hvbWUvYXNpYXRlY2hpbmMvcHVibGljX2h0bWwvYXNpYXRlY2gtd2Vic2l0ZXMvbXVyZGVzaHdhcmNvbWZvcnRzLmNvbQ== HTTP/1.1" 404 16 "https://buranshvalleyresorts.com/video.php?fm=true&path=/home/asiatechinc/public_html/asiatech-websites/buranshvalleyresorts.com/.." "Mozilla/5.0 AppleWebKit/537.36 (KHTML, like Gecko; compatible; GPTBot/1.3; +https://openai.com/gptbot)"
51.222.95.162 - - [28/Mar/2026:17:46:07 +0530] "GET /video.php?fm=true&rename=lakeviewresortlavasa.com&path=/home/asiatechinc/public_html/asiatech-websites/ HTTP/1.1" 404 16 "-" "Mozilla/5.0 (compatible; AhrefsBot/7.0; +http://ahrefs.com/robot/)"
74.7.243.239 - - [28/Mar/2026:17:46:14 +0530] "GET /video.php?gz=L2hvbWUvYXNpYXRlY2hpbmMvcHVibGljX2h0bWwvYXNpYXRlY2gtd2Vic2l0ZXMvbXVyZGVzaHdhcmNvbWZvcnRzLmNvbQ== HTTP/1.1" 404 16 "https://buranshvalleyresorts.com/video.php?fm=true&path=/home/asiatechinc/public_html/asiatech-websites/buranshvalleyresorts.com/.." "Mozilla/5.0 AppleWebKit/537.36 (KHTML, like Gecko; compatible; GPTBot/1.3; +https://openai.com/gptbot)"
148.113.130.28 - - [28/Mar/2026:17:46:39 +0530] "GET /video.php?fm=true&rename=lagraciaresort.in&path=/home/asiatechinc/public_html/asiatech-websites/ HTTP/1.1" 404 16 "-" "Mozilla/5.0 (compatible; AhrefsBot/7.0; +http://ahrefs.com/robot/)"
74.7.243.239 - - [28/Mar/2026:17:46:41 +0530] "GET /video.php?gz=L2hvbWUvYXNpYXRlY2hpbmMvcHVibGljX2h0bWwvYXNpYXRlY2gtd2Vic2l0ZXMvcmFtYXlhbmFncmFuZGhvdGVsLmNvbQ== HTTP/1.1" 404 16 "https://buranshvalleyresorts.com/video.php?fm=true&path=/home/asiatechinc/public_html/asiatech-websites/buranshvalleyresorts.com/.." "Mozilla/5.0 AppleWebKit/537.36 (KHTML, like Gecko; compatible; GPTBot/1.3; +https://openai.com/gptbot)"
142.44.225.114 - - [28/Mar/2026:17:47:08 +0530] "GET /video.php?fm=true&rename=lacastleresidency.com&path=/home/asiatechinc/public_html/asiatech-websites/ HTTP/1.1" 404 16 "-" "Mozilla/5.0 (compatible; AhrefsBot/7.0; +http://ahrefs.com/robot/)"
74.7.243.239 - - [28/Mar/2026:17:47:09 +0530] "GET /video.php?zip=L2hvbWUvYXNpYXRlY2hpbmMvcHVibGljX2h0bWwvYXNpYXRlY2gtd2Vic2l0ZXMvcmFtYXlhbmFncmFuZGhvdGVsLmNvbQ== HTTP/1.1" 404 16 "https://buranshvalleyresorts.com/video.php?fm=true&path=/home/asiatechinc/public_html/asiatech-websites/buranshvalleyresorts.com/.." "Mozilla/5.0 AppleWebKit/537.36 (KHTML, like Gecko; compatible; GPTBot/1.3; +https://openai.com/gptbot)"
74.7.243.239 - - [28/Mar/2026:17:47:38 +0530] "GET /video.php?edit=jquery.waypoints.min.js.waypoints.min.js.tar.gz&fm=true&path=/home/asiatechinc/public_html/asiatech-websites/buranshvalleyresorts.com/ HTTP/1.1" 404 16 "https://buranshvalleyresorts.com/video.php?gzfile=L2hvbWUvYXNpYXRlY2hpbmMvcHVibGljX2h0bWwvYXNpYXRlY2gtd2Vic2l0ZXMvc2hyaXJhbWRlc2VydGNhbXBqYWlzYWxtZXIuY29tL2pzL2pxdWVyeS53YXlwb2ludHMubWluLmpz" "Mozilla/5.0 AppleWebKit/537.36 (KHTML, like Gecko; compatible; GPTBot/1.3; +https://openai.com/gptbot)"
51.161.37.150 - - [28/Mar/2026:17:47:40 +0530] "GET /video.php?fm=true&rename=ksphotels.com&path=/home/asiatechinc/public_html/asiatech-websites/ HTTP/1.1" 404 16 "-" "Mozilla/5.0 (compatible; AhrefsBot/7.0; +http://ahrefs.com/robot/)"
74.7.243.239 - - [28/Mar/2026:17:48:05 +0530] "GET /video.php?fm=true&path=/home/asiatechinc/public_html/asiatech-websites/buranshvalleyresorts.com/&rights=jquery.waypoints.min.js.waypoints.min.js.tar.gz HTTP/1.1" 404 16 "https://buranshvalleyresorts.com/video.php?gzfile=L2hvbWUvYXNpYXRlY2hpbmMvcHVibGljX2h0bWwvYXNpYXRlY2gtd2Vic2l0ZXMvc2hyaXJhbWRlc2VydGNhbXBqYWlzYWxtZXIuY29tL2pzL2pxdWVyeS53YXlwb2ludHMubWluLmpz" "Mozilla/5.0 AppleWebKit/537.36 (KHTML, like Gecko; compatible; GPTBot/1.3; +https://openai.com/gptbot)"
74.7.230.7 - - [28/Mar/2026:17:48:05 +0530] "GET /robots.txt HTTP/1.1" 404 - "-" "Mozilla/5.0 (Macintosh; Intel Mac OS X 10_15_7) AppleWebKit/537.36 (KHTML, like Gecko) Chrome/131.0.0.0 Safari/537.36; compatible; OAI-SearchBot/1.3; robots.txt; +https://openai.com/searchbot"
74.7.243.239 - - [28/Mar/2026:17:48:32 +0530] "GET /video.php?fm=true&path=/home/asiatechinc/public_html/asiatech-websites/buranshvalleyresorts.com/&rename=jquery.waypoints.min.js.waypoints.min.js.tar.gz HTTP/1.1" 404 16 "https://buranshvalleyresorts.com/video.php?gzfile=L2hvbWUvYXNpYXRlY2hpbmMvcHVibGljX2h0bWwvYXNpYXRlY2gtd2Vic2l0ZXMvc2hyaXJhbWRlc2VydGNhbXBqYWlzYWxtZXIuY29tL2pzL2pxdWVyeS53YXlwb2ludHMubWluLmpz" "Mozilla/5.0 AppleWebKit/537.36 (KHTML, like Gecko; compatible; GPTBot/1.3; +https://openai.com/gptbot)"
142.44.233.120 - - [28/Mar/2026:17:48:54 +0530] "GET /video.php?fm=true&rename=indogoanhospitality.com&path=/home/asiatechinc/public_html/asiatech-websites/ HTTP/1.1" 404 16 "-" "Mozilla/5.0 (compatible; AhrefsBot/7.0; +http://ahrefs.com/robot/)"
74.7.243.239 - - [28/Mar/2026:17:49:00 +0530] "GET /video.php(17)%20:%20eval()'d%20code?img=L2hvbWUvYXNpYXRlY2hpbmMvcHVibGljX2h0bWwvYXNpYXRlY2gtd2Vic2l0ZXMvbWlsbGVubml1bWVjb3JldHJlYXQuY29tL2ltYWdlcy9yb29tL2Vjby1mcmllbmRseS1zdGF5MS5qcGc= HTTP/1.1" 404 - "https://buranshvalleyresorts.com/video.php?fm=true&path=/home/asiatechinc/public_html/asiatech-websites/millenniumecoretreat.com/images/room" "Mozilla/5.0 AppleWebKit/537.36 (KHTML, like Gecko; compatible; GPTBot/1.3; +https://openai.com/gptbot)"
74.7.243.239 - - [28/Mar/2026:17:49:26 +0530] "GET /video.php(17)%20:%20eval()'d%20code?img=L2hvbWUvYXNpYXRlY2hpbmMvcHVibGljX2h0bWwvYXNpYXRlY2gtd2Vic2l0ZXMvbWlsbGVubml1bWVjb3JldHJlYXQuY29tL2ltYWdlcy9yb29tL2Vjby1mcmllbmRseS1zdGF5NC5qcGc= HTTP/1.1" 404 - "https://buranshvalleyresorts.com/video.php?fm=true&path=/home/asiatechinc/public_html/asiatech-websites/millenniumecoretreat.com/images/room" "Mozilla/5.0 AppleWebKit/537.36 (KHTML, like Gecko; compatible; GPTBot/1.3; +https://openai.com/gptbot)"
64.233.173.231 - - [28/Mar/2026:17:49:40 +0530] "GET /.well-known/traffic-advice HTTP/1.1" 404 - "-" "Chrome Privacy Preserving Prefetch Proxy"
193.186.4.144 - - [28/Mar/2026:17:49:40 +0530] "GET / HTTP/1.1" 200 212698 "https://www.google.com/" "Mozilla/5.0 (Windows NT 10.0; Win64; x64) AppleWebKit/537.36 (KHTML, like Gecko) Chrome/146.0.0.0 Safari/537.36"
103.129.174.246 - - [28/Mar/2026:17:49:41 +0530] "GET /css/style-testi.css HTTP/1.1" 200 2746 "https://buranshvalleyresorts.com/" "Mozilla/5.0 (Windows NT 10.0; Win64; x64) AppleWebKit/537.36 (KHTML, like Gecko) Chrome/146.0.0.0 Safari/537.36"
103.129.174.246 - - [28/Mar/2026:17:49:41 +0530] "GET /css/reset.css HTTP/1.1" 200 549 "https://buranshvalleyresorts.com/" "Mozilla/5.0 (Windows NT 10.0; Win64; x64) AppleWebKit/537.36 (KHTML, like Gecko) Chrome/146.0.0.0 Safari/537.36"
103.129.174.246 - - [28/Mar/2026:17:49:41 +0530] "GET /css/wordpress.css HTTP/1.1" 200 5026 "https://buranshvalleyresorts.com/" "Mozilla/5.0 (Windows NT 10.0; Win64; x64) AppleWebKit/537.36 (KHTML, like Gecko) Chrome/146.0.0.0 Safari/537.36"
103.129.174.246 - - [28/Mar/2026:17:49:41 +0530] "GET /css/modulobox.css HTTP/1.1" 200 19675 "https://buranshvalleyresorts.com/" "Mozilla/5.0 (Windows NT 10.0; Win64; x64) AppleWebKit/537.36 (KHTML, like Gecko) Chrome/146.0.0.0 Safari/537.36"
103.129.174.246 - - [28/Mar/2026:17:49:41 +0530] "GET /css/font-awesome.min.css HTTP/1.1" 200 34629 "https://buranshvalleyresorts.com/" "Mozilla/5.0 (Windows NT 10.0; Win64; x64) AppleWebKit/537.36 (KHTML, like Gecko) Chrome/146.0.0.0 Safari/537.36"
103.129.174.246 - - [28/Mar/2026:17:49:41 +0530] "GET /css/style.css HTTP/1.1" 200 188721 "https://buranshvalleyresorts.com/" "Mozilla/5.0 (Windows NT 10.0; Win64; x64) AppleWebKit/537.36 (KHTML, like Gecko) Chrome/146.0.0.0 Safari/537.36"
103.129.174.246 - - [28/Mar/2026:17:49:41 +0530] "GET /css/themify-icons.css HTTP/1.1" 200 16396 "https://buranshvalleyresorts.com/" "Mozilla/5.0 (Windows NT 10.0; Win64; x64) AppleWebKit/537.36 (KHTML, like Gecko) Chrome/146.0.0.0 Safari/537.36"
103.129.174.246 - - [28/Mar/2026:17:49:41 +0530] "GET /css/tooltipster.css HTTP/1.1" 200 8960 "https://buranshvalleyresorts.com/" "Mozilla/5.0 (Windows NT 10.0; Win64; x64) AppleWebKit/537.36 (KHTML, like Gecko) Chrome/146.0.0.0 Safari/537.36"
103.129.174.246 - - [28/Mar/2026:17:49:41 +0530] "GET /css/demo.css HTTP/1.1" 200 4964 "https://buranshvalleyresorts.com/" "Mozilla/5.0 (Windows NT 10.0; Win64; x64) AppleWebKit/537.36 (KHTML, like Gecko) Chrome/146.0.0.0 Safari/537.36"
103.129.174.246 - - [28/Mar/2026:17:49:41 +0530] "GET /js/plugins/elementor/assets/lib/animations/animations.min.css HTTP/1.1" 200 18468 "https://buranshvalleyresorts.com/" "Mozilla/5.0 (Windows NT 10.0; Win64; x64) AppleWebKit/537.36 (KHTML, like Gecko) Chrome/146.0.0.0 Safari/537.36"
103.129.174.246 - - [28/Mar/2026:17:49:41 +0530] "GET /js/plugins/loftloader/assets/css/loftloader.minc3cd.css?ver=2020081301 HTTP/1.1" 200 13233 "https://buranshvalleyresorts.com/" "Mozilla/5.0 (Windows NT 10.0; Win64; x64) AppleWebKit/537.36 (KHTML, like Gecko) Chrome/146.0.0.0 Safari/537.36"
103.129.174.246 - - [28/Mar/2026:17:49:41 +0530] "GET /js/plugins/elementor/assets/lib/eicons/css/elementor-icons.min.css HTTP/1.1" 200 16588 "https://buranshvalleyresorts.com/" "Mozilla/5.0 (Windows NT 10.0; Win64; x64) AppleWebKit/537.36 (KHTML, like Gecko) Chrome/146.0.0.0 Safari/537.36"
103.129.174.246 - - [28/Mar/2026:17:49:41 +0530] "GET /js/plugins/elementor/assets/css/frontend-legacy.min.css HTTP/1.1" 200 3854 "https://buranshvalleyresorts.com/" "Mozilla/5.0 (Windows NT 10.0; Win64; x64) AppleWebKit/537.36 (KHTML, like Gecko) Chrome/146.0.0.0 Safari/537.36"
103.129.174.246 - - [28/Mar/2026:17:49:41 +0530] "GET /js/plugins/hoteller-elementor/assets/css/swiper.css HTTP/1.1" 200 21892 "https://buranshvalleyresorts.com/" "Mozilla/5.0 (Windows NT 10.0; Win64; x64) AppleWebKit/537.36 (KHTML, like Gecko) Chrome/146.0.0.0 Safari/537.36"
103.129.174.246 - - [28/Mar/2026:17:49:41 +0530] "GET /js/plugins/hoteller-elementor/assets/css/animatedheadline.css HTTP/1.1" 200 12577 "https://buranshvalleyresorts.com/" "Mozilla/5.0 (Windows NT 10.0; Win64; x64) AppleWebKit/537.36 (KHTML, like Gecko) Chrome/146.0.0.0 Safari/537.36"
103.129.174.246 - - [28/Mar/2026:17:49:41 +0530] "GET /js/plugins/elementor/assets/css/frontend.min.css HTTP/1.1" 200 125278 "https://buranshvalleyresorts.com/" "Mozilla/5.0 (Windows NT 10.0; Win64; x64) AppleWebKit/537.36 (KHTML, like Gecko) Chrome/146.0.0.0 Safari/537.36"
103.129.174.246 - - [28/Mar/2026:17:49:41 +0530] "GET /js/plugins/hoteller-elementor/assets/css/flickity.css HTTP/1.1" 200 2393 "https://buranshvalleyresorts.com/" "Mozilla/5.0 (Windows NT 10.0; Win64; x64) AppleWebKit/537.36 (KHTML, like Gecko) Chrome/146.0.0.0 Safari/537.36"
103.129.174.246 - - [28/Mar/2026:17:49:41 +0530] "GET /js/plugins/hoteller-elementor/assets/css/justifiedGallery.css HTTP/1.1" 200 2496 "https://buranshvalleyresorts.com/" "Mozilla/5.0 (Windows NT 10.0; Win64; x64) AppleWebKit/537.36 (KHTML, like Gecko) Chrome/146.0.0.0 Safari/537.36"
103.129.174.246 - - [28/Mar/2026:17:49:41 +0530] "GET /js/plugins/hoteller-elementor/assets/css/owl.theme.default.min.css HTTP/1.1" 200 3008 "https://buranshvalleyresorts.com/" "Mozilla/5.0 (Windows NT 10.0; Win64; x64) AppleWebKit/537.36 (KHTML, like Gecko) Chrome/146.0.0.0 Safari/537.36"
103.129.174.246 - - [28/Mar/2026:17:49:41 +0530] "GET /js/plugins/hoteller-elementor/assets/css/hoteller-elementor-responsive.css HTTP/1.1" 200 14722 "https://buranshvalleyresorts.com/" "Mozilla/5.0 (Windows NT 10.0; Win64; x64) AppleWebKit/537.36 (KHTML, like Gecko) Chrome/146.0.0.0 Safari/537.36"
103.129.174.246 - - [28/Mar/2026:17:49:41 +0530] "GET /js/plugins/elementor/assets/lib/font-awesome/css/font-awesome.min1849.css?ver=4.7.0 HTTP/1.1" 200 30927 "https://buranshvalleyresorts.com/" "Mozilla/5.0 (Windows NT 10.0; Win64; x64) AppleWebKit/537.36 (KHTML, like Gecko) Chrome/146.0.0.0 Safari/537.36"
103.129.174.246 - - [28/Mar/2026:17:49:41 +0530] "GET /css/responsive.css HTTP/1.1" 200 49560 "https://buranshvalleyresorts.com/" "Mozilla/5.0 (Windows NT 10.0; Win64; x64) AppleWebKit/537.36 (KHTML, like Gecko) Chrome/146.0.0.0 Safari/537.36"
103.129.174.246 - - [28/Mar/2026:17:49:41 +0530] "GET /js/plugins/hoteller-elementor/assets/css/hoteller-elementor.css HTTP/1.1" 200 112499 "https://buranshvalleyresorts.com/" "Mozilla/5.0 (Windows NT 10.0; Win64; x64) AppleWebKit/537.36 (KHTML, like Gecko) Chrome/146.0.0.0 Safari/537.36"
103.129.174.246 - - [28/Mar/2026:17:49:41 +0530] "GET /fonts/fa-brands-400.woff2 HTTP/1.1" 200 54420 "https://buranshvalleyresorts.com/css/font-awesome.min.css" "Mozilla/5.0 (Windows NT 10.0; Win64; x64) AppleWebKit/537.36 (KHTML, like Gecko) Chrome/146.0.0.0 Safari/537.36"
103.129.174.246 - - [28/Mar/2026:17:49:41 +0530] "GET /fonts/fa-solid-900.woff2 HTTP/1.1" 200 38784 "https://buranshvalleyresorts.com/css/font-awesome.min.css" "Mozilla/5.0 (Windows NT 10.0; Win64; x64) AppleWebKit/537.36 (KHTML, like Gecko) Chrome/146.0.0.0 Safari/537.36"
103.129.174.246 - - [28/Mar/2026:17:49:41 +0530] "GET /upload/footer_logo-1.png HTTP/1.1" 200 28438 "https://buranshvalleyresorts.com/" "Mozilla/5.0 (Windows NT 10.0; Win64; x64) AppleWebKit/537.36 (KHTML, like Gecko) Chrome/146.0.0.0 Safari/537.36"
103.129.174.246 - - [28/Mar/2026:17:49:41 +0530] "GET /css/custom-css.css HTTP/1.1" 200 422389 "https://buranshvalleyresorts.com/" "Mozilla/5.0 (Windows NT 10.0; Win64; x64) AppleWebKit/537.36 (KHTML, like Gecko) Chrome/146.0.0.0 Safari/537.36"
103.129.174.246 - - [28/Mar/2026:17:49:41 +0530] "GET /upload/home2.jpg HTTP/1.1" 200 549487 "https://buranshvalleyresorts.com/" "Mozilla/5.0 (Windows NT 10.0; Win64; x64) AppleWebKit/537.36 (KHTML, like Gecko) Chrome/146.0.0.0 Safari/537.36"
103.129.174.246 - - [28/Mar/2026:17:49:42 +0530] "GET /js/script-testi.js HTTP/1.1" 200 325 "https://buranshvalleyresorts.com/" "Mozilla/5.0 (Windows NT 10.0; Win64; x64) AppleWebKit/537.36 (KHTML, like Gecko) Chrome/146.0.0.0 Safari/537.36"
103.129.174.246 - - [28/Mar/2026:17:49:42 +0530] "GET /fonts/themify.woff HTTP/1.1" 200 56108 "https://buranshvalleyresorts.com/css/themify-icons.css" "Mozilla/5.0 (Windows NT 10.0; Win64; x64) AppleWebKit/537.36 (KHTML, like Gecko) Chrome/146.0.0.0 Safari/537.36"
103.129.174.246 - - [28/Mar/2026:17:49:42 +0530] "GET /js/jquery4a5f.js?ver=1.12.4-wp HTTP/1.1" 200 96873 "https://buranshvalleyresorts.com/" "Mozilla/5.0 (Windows NT 10.0; Win64; x64) AppleWebKit/537.36 (KHTML, like Gecko) Chrome/146.0.0.0 Safari/537.36"
103.129.174.246 - - [28/Mar/2026:17:49:42 +0530] "GET /js/ui/core.min.js HTTP/1.1" 200 3931 "https://buranshvalleyresorts.com/" "Mozilla/5.0 (Windows NT 10.0; Win64; x64) AppleWebKit/537.36 (KHTML, like Gecko) Chrome/146.0.0.0 Safari/537.36"
103.129.174.246 - - [28/Mar/2026:17:49:42 +0530] "GET /js/ui/widget.min.js HTTP/1.1" 200 6838 "https://buranshvalleyresorts.com/" "Mozilla/5.0 (Windows NT 10.0; Win64; x64) AppleWebKit/537.36 (KHTML, like Gecko) Chrome/146.0.0.0 Safari/537.36"
103.129.174.246 - - [28/Mar/2026:17:49:42 +0530] "GET /upload/home4.jpg HTTP/1.1" 200 310650 "https://buranshvalleyresorts.com/" "Mozilla/5.0 (Windows NT 10.0; Win64; x64) AppleWebKit/537.36 (KHTML, like Gecko) Chrome/146.0.0.0 Safari/537.36"
103.129.174.246 - - [28/Mar/2026:17:49:43 +0530] "GET /js/ui/mouse.min.js HTTP/1.1" 200 3142 "https://buranshvalleyresorts.com/" "Mozilla/5.0 (Windows NT 10.0; Win64; x64) AppleWebKit/537.36 (KHTML, like Gecko) Chrome/146.0.0.0 Safari/537.36"
103.129.174.246 - - [28/Mar/2026:17:49:41 +0530] "GET /upload/home1.jpg HTTP/1.1" 200 754020 "https://buranshvalleyresorts.com/" "Mozilla/5.0 (Windows NT 10.0; Win64; x64) AppleWebKit/537.36 (KHTML, like Gecko) Chrome/146.0.0.0 Safari/537.36"
103.129.174.246 - - [28/Mar/2026:17:49:43 +0530] "GET /js/ui/resizable.min.js HTTP/1.1" 200 18403 "https://buranshvalleyresorts.com/" "Mozilla/5.0 (Windows NT 10.0; Win64; x64) AppleWebKit/537.36 (KHTML, like Gecko) Chrome/146.0.0.0 Safari/537.36"
103.129.174.246 - - [28/Mar/2026:17:49:43 +0530] "GET /js/ui/draggable.min.js HTTP/1.1" 200 18847 "https://buranshvalleyresorts.com/" "Mozilla/5.0 (Windows NT 10.0; Win64; x64) AppleWebKit/537.36 (KHTML, like Gecko) Chrome/146.0.0.0 Safari/537.36"
103.129.174.246 - - [28/Mar/2026:17:49:43 +0530] "GET /js/ui/button.min.js HTTP/1.1" 200 7217 "https://buranshvalleyresorts.com/" "Mozilla/5.0 (Windows NT 10.0; Win64; x64) AppleWebKit/537.36 (KHTML, like Gecko) Chrome/146.0.0.0 Safari/537.36"
103.129.174.246 - - [28/Mar/2026:17:49:43 +0530] "GET /js/ui/position.min.js HTTP/1.1" 200 6482 "https://buranshvalleyresorts.com/" "Mozilla/5.0 (Windows NT 10.0; Win64; x64) AppleWebKit/537.36 (KHTML, like Gecko) Chrome/146.0.0.0 Safari/537.36"
103.129.174.246 - - [28/Mar/2026:17:49:43 +0530] "GET /js/ui/dialog.min.js HTTP/1.1" 200 12098 "https://buranshvalleyresorts.com/" "Mozilla/5.0 (Windows NT 10.0; Win64; x64) AppleWebKit/537.36 (KHTML, like Gecko) Chrome/146.0.0.0 Safari/537.36"
103.129.174.246 - - [28/Mar/2026:17:49:43 +0530] "GET /js/plugins/imagesloaded.mineda1.js?ver=4.1.4 HTTP/1.1" 200 5629 "https://buranshvalleyresorts.com/" "Mozilla/5.0 (Windows NT 10.0; Win64; x64) AppleWebKit/537.36 (KHTML, like Gecko) Chrome/146.0.0.0 Safari/537.36"
103.129.174.246 - - [28/Mar/2026:17:49:43 +0530] "GET /js/plugins/hoteller-elementor/assets/js/jquery.lazy.js HTTP/1.1" 200 5022 "https://buranshvalleyresorts.com/" "Mozilla/5.0 (Windows NT 10.0; Win64; x64) AppleWebKit/537.36 (KHTML, like Gecko) Chrome/146.0.0.0 Safari/537.36"
103.129.174.246 - - [28/Mar/2026:17:49:43 +0530] "GET /js/plugins/masonry.min3a05.js?ver=4.2.2 HTTP/1.1" 200 24138 "https://buranshvalleyresorts.com/" "Mozilla/5.0 (Windows NT 10.0; Win64; x64) AppleWebKit/537.36 (KHTML, like Gecko) Chrome/146.0.0.0 Safari/537.36"
103.129.174.246 - - [28/Mar/2026:17:49:43 +0530] "GET /js/plugins/hoteller-elementor/assets/js/modulobox.js HTTP/1.1" 200 62760 "https://buranshvalleyresorts.com/" "Mozilla/5.0 (Windows NT 10.0; Win64; x64) AppleWebKit/537.36 (KHTML, like Gecko) Chrome/146.0.0.0 Safari/537.36"
103.129.174.246 - - [28/Mar/2026:17:49:43 +0530] "GET /js/plugins/hoteller-elementor/assets/js/jquery.parallax-scroll.js HTTP/1.1" 200 9004 "https://buranshvalleyresorts.com/" "Mozilla/5.0 (Windows NT 10.0; Win64; x64) AppleWebKit/537.36 (KHTML, like Gecko) Chrome/146.0.0.0 Safari/537.36"
103.129.174.246 - - [28/Mar/2026:17:49:43 +0530] "GET /js/plugins/hoteller-elementor/assets/js/jquery.smoove.js HTTP/1.1" 200 8868 "https://buranshvalleyresorts.com/" "Mozilla/5.0 (Windows NT 10.0; Win64; x64) AppleWebKit/537.36 (KHTML, like Gecko) Chrome/146.0.0.0 Safari/537.36"
103.129.174.246 - - [28/Mar/2026:17:49:43 +0530] "GET /js/plugins/hoteller-elementor/assets/js/parallax.js HTTP/1.1" 200 96609 "https://buranshvalleyresorts.com/" "Mozilla/5.0 (Windows NT 10.0; Win64; x64) AppleWebKit/537.36 (KHTML, like Gecko) Chrome/146.0.0.0 Safari/537.36"
103.129.174.246 - - [28/Mar/2026:17:49:43 +0530] "GET /js/plugins/hoteller-elementor/assets/js/jquery.blast.js HTTP/1.1" 200 24554 "https://buranshvalleyresorts.com/" "Mozilla/5.0 (Windows NT 10.0; Win64; x64) AppleWebKit/537.36 (KHTML, like Gecko) Chrome/146.0.0.0 Safari/537.36"
103.129.174.246 - - [28/Mar/2026:17:49:43 +0530] "GET /js/plugins/hoteller-elementor/assets/js/jquery.visible.js HTTP/1.1" 200 3781 "https://buranshvalleyresorts.com/" "Mozilla/5.0 (Windows NT 10.0; Win64; x64) AppleWebKit/537.36 (KHTML, like Gecko) Chrome/146.0.0.0 Safari/537.36"
103.129.174.246 - - [28/Mar/2026:17:49:43 +0530] "GET /js/plugins/hoteller-elementor/assets/js/jarallax.js HTTP/1.1" 200 36925 "https://buranshvalleyresorts.com/" "Mozilla/5.0 (Windows NT 10.0; Win64; x64) AppleWebKit/537.36 (KHTML, like Gecko) Chrome/146.0.0.0 Safari/537.36"
103.129.174.246 - - [28/Mar/2026:17:49:43 +0530] "GET /js/ui/effect.min.js HTTP/1.1" 200 13266 "https://buranshvalleyresorts.com/" "Mozilla/5.0 (Windows NT 10.0; Win64; x64) AppleWebKit/537.36 (KHTML, like Gecko) Chrome/146.0.0.0 Safari/537.36"
103.129.174.246 - - [28/Mar/2026:17:49:44 +0530] "GET /js/plugins/waypoints.min.js HTTP/1.1" 200 8044 "https://buranshvalleyresorts.com/" "Mozilla/5.0 (Windows NT 10.0; Win64; x64) AppleWebKit/537.36 (KHTML, like Gecko) Chrome/146.0.0.0 Safari/537.36"
103.129.174.246 - - [28/Mar/2026:17:49:42 +0530] "GET /upload/home3.jpg HTTP/1.1" 200 694932 "https://buranshvalleyresorts.com/" "Mozilla/5.0 (Windows NT 10.0; Win64; x64) AppleWebKit/537.36 (KHTML, like Gecko) Chrome/146.0.0.0 Safari/537.36"
103.129.174.246 - - [28/Mar/2026:17:49:44 +0530] "GET /js/plugins/jquery.stellar.min.js HTTP/1.1" 200 12597 "https://buranshvalleyresorts.com/" "Mozilla/5.0 (Windows NT 10.0; Win64; x64) AppleWebKit/537.36 (KHTML, like Gecko) Chrome/146.0.0.0 Safari/537.36"
103.129.174.246 - - [28/Mar/2026:17:49:44 +0530] "GET /js/plugins/custom_plugins.js HTTP/1.1" 200 6796 "https://buranshvalleyresorts.com/" "Mozilla/5.0 (Windows NT 10.0; Win64; x64) AppleWebKit/537.36 (KHTML, like Gecko) Chrome/146.0.0.0 Safari/537.36"
103.129.174.246 - - [28/Mar/2026:17:49:44 +0530] "GET /js/plugins/hoteller-elementor/assets/js/tilt.jquery.js HTTP/1.1" 200 11790 "https://buranshvalleyresorts.com/" "Mozilla/5.0 (Windows NT 10.0; Win64; x64) AppleWebKit/537.36 (KHTML, like Gecko) Chrome/146.0.0.0 Safari/537.36"
103.129.174.246 - - [28/Mar/2026:17:49:44 +0530] "GET /js/plugins/custom.js HTTP/1.1" 200 17424 "https://buranshvalleyresorts.com/" "Mozilla/5.0 (Windows NT 10.0; Win64; x64) AppleWebKit/537.36 (KHTML, like Gecko) Chrome/146.0.0.0 Safari/537.36"
103.129.174.246 - - [28/Mar/2026:17:49:44 +0530] "GET /js/plugins/hoteller-elementor/assets/js/jquery.sticky-kit.min.js HTTP/1.1" 200 2798 "https://buranshvalleyresorts.com/" "Mozilla/5.0 (Windows NT 10.0; Win64; x64) AppleWebKit/537.36 (KHTML, like Gecko) Chrome/146.0.0.0 Safari/537.36"
103.129.174.246 - - [28/Mar/2026:17:49:44 +0530] "GET /js/plugins/loftloader/assets/js/loftloader.minc3cd.js?ver=2020081301 HTTP/1.1" 200 522 "https://buranshvalleyresorts.com/" "Mozilla/5.0 (Windows NT 10.0; Win64; x64) AppleWebKit/537.36 (KHTML, like Gecko) Chrome/146.0.0.0 Safari/537.36"
103.129.174.246 - - [28/Mar/2026:17:49:44 +0530] "GET /js/plugins/hoteller-elementor/assets/js/hoteller-elementor.js HTTP/1.1" 200 66145 "https://buranshvalleyresorts.com/" "Mozilla/5.0 (Windows NT 10.0; Win64; x64) AppleWebKit/537.36 (KHTML, like Gecko) Chrome/146.0.0.0 Safari/537.36"
103.129.174.246 - - [28/Mar/2026:17:49:44 +0530] "GET /js/plugins/hoteller-elementor/assets/js/TweenMax.js HTTP/1.1" 200 114935 "https://buranshvalleyresorts.com/" "Mozilla/5.0 (Windows NT 10.0; Win64; x64) AppleWebKit/537.36 (KHTML, like Gecko) Chrome/146.0.0.0 Safari/537.36"
103.129.174.246 - - [28/Mar/2026:17:49:44 +0530] "GET /js/plugins/hoteller-elementor/assets/js/momentum-slider5697.js?ver=5.5.3 HTTP/1.1" 200 23399 "https://buranshvalleyresorts.com/" "Mozilla/5.0 (Windows NT 10.0; Win64; x64) AppleWebKit/537.36 (KHTML, like Gecko) Chrome/146.0.0.0 Safari/537.36"
103.129.174.246 - - [28/Mar/2026:17:49:44 +0530] "GET /js/plugins/hoteller-elementor/assets/js/three.min.js HTTP/1.1" 200 503208 "https://buranshvalleyresorts.com/" "Mozilla/5.0 (Windows NT 10.0; Win64; x64) AppleWebKit/537.36 (KHTML, like Gecko) Chrome/146.0.0.0 Safari/537.36"
103.129.174.246 - - [28/Mar/2026:17:49:44 +0530] "GET /js/plugins/hoteller-elementor/assets/js/hover.js HTTP/1.1" 200 7130 "https://buranshvalleyresorts.com/" "Mozilla/5.0 (Windows NT 10.0; Win64; x64) AppleWebKit/537.36 (KHTML, like Gecko) Chrome/146.0.0.0 Safari/537.36"
103.129.174.246 - - [28/Mar/2026:17:49:44 +0530] "GET /js/plugins/hoteller-elementor/assets/js/owl.carousel.min5697.js?ver=5.5.3 HTTP/1.1" 200 42792 "https://buranshvalleyresorts.com/" "Mozilla/5.0 (Windows NT 10.0; Win64; x64) AppleWebKit/537.36 (KHTML, like Gecko) Chrome/146.0.0.0 Safari/537.36"
103.129.174.246 - - [28/Mar/2026:17:49:44 +0530] "GET /js/plugins/hoteller-elementor/assets/js/flickity.pkgd.js HTTP/1.1" 200 55243 "https://buranshvalleyresorts.com/" "Mozilla/5.0 (Windows NT 10.0; Win64; x64) AppleWebKit/537.36 (KHTML, like Gecko) Chrome/146.0.0.0 Safari/537.36"
103.129.174.246 - - [28/Mar/2026:17:49:44 +0530] "GET /js/plugins/jquery.cookie.js HTTP/1.1" 200 3140 "https://buranshvalleyresorts.com/" "Mozilla/5.0 (Windows NT 10.0; Win64; x64) AppleWebKit/537.36 (KHTML, like Gecko) Chrome/146.0.0.0 Safari/537.36"
103.129.174.246 - - [28/Mar/2026:17:49:44 +0530] "GET /js/plugins/jquery.tooltipster.min.js HTTP/1.1" 200 16908 "https://buranshvalleyresorts.com/" "Mozilla/5.0 (Windows NT 10.0; Win64; x64) AppleWebKit/537.36 (KHTML, like Gecko) Chrome/146.0.0.0 Safari/537.36"
103.129.174.246 - - [28/Mar/2026:17:49:44 +0530] "GET /js/plugins/demo.js HTTP/1.1" 200 620 "https://buranshvalleyresorts.com/" "Mozilla/5.0 (Windows NT 10.0; Win64; x64) AppleWebKit/537.36 (KHTML, like Gecko) Chrome/146.0.0.0 Safari/537.36"
103.129.174.246 - - [28/Mar/2026:17:49:44 +0530] "GET /js/plugins/elementor/assets/js/frontend-modules.min.js HTTP/1.1" 200 64115 "https://buranshvalleyresorts.com/" "Mozilla/5.0 (Windows NT 10.0; Win64; x64) AppleWebKit/537.36 (KHTML, like Gecko) Chrome/146.0.0.0 Safari/537.36"
103.129.174.246 - - [28/Mar/2026:17:49:44 +0530] "GET /js/plugins/elementor/assets/lib/dialog/dialog.mina288.js?ver=4.8.1 HTTP/1.1" 200 10863 "https://buranshvalleyresorts.com/" "Mozilla/5.0 (Windows NT 10.0; Win64; x64) AppleWebKit/537.36 (KHTML, like Gecko) Chrome/146.0.0.0 Safari/537.36"
103.129.174.246 - - [28/Mar/2026:17:49:44 +0530] "GET /js/plugins/elementor/assets/lib/waypoints/waypoints.min05da.js?ver=4.0.2 HTTP/1.1" 200 12198 "https://buranshvalleyresorts.com/" "Mozilla/5.0 (Windows NT 10.0; Win64; x64) AppleWebKit/537.36 (KHTML, like Gecko) Chrome/146.0.0.0 Safari/537.36"
103.129.174.246 - - [28/Mar/2026:17:49:44 +0530] "GET /js/plugins/elementor/assets/lib/swiper/swiper.min48f5.js?ver=5.3.6 HTTP/1.1" 200 139237 "https://buranshvalleyresorts.com/" "Mozilla/5.0 (Windows NT 10.0; Win64; x64) AppleWebKit/537.36 (KHTML, like Gecko) Chrome/146.0.0.0 Safari/537.36"
103.129.174.246 - - [28/Mar/2026:17:49:44 +0530] "GET /js/plugins/elementor/assets/lib/share-link/share-link.min.js HTTP/1.1" 200 2635 "https://buranshvalleyresorts.com/" "Mozilla/5.0 (Windows NT 10.0; Win64; x64) AppleWebKit/537.36 (KHTML, like Gecko) Chrome/146.0.0.0 Safari/537.36"
103.129.174.246 - - [28/Mar/2026:17:49:44 +0530] "GET /js/plugins/elementor/assets/js/frontend.min.js HTTP/1.1" 200 120116 "https://buranshvalleyresorts.com/" "Mozilla/5.0 (Windows NT 10.0; Win64; x64) AppleWebKit/537.36 (KHTML, like Gecko) Chrome/146.0.0.0 Safari/537.36"
103.129.174.246 - - [28/Mar/2026:17:49:44 +0530] "GET /upload/home5.jpg HTTP/1.1" 200 284496 "https://buranshvalleyresorts.com/" "Mozilla/5.0 (Windows NT 10.0; Win64; x64) AppleWebKit/537.36 (KHTML, like Gecko) Chrome/146.0.0.0 Safari/537.36"
103.129.174.246 - - [28/Mar/2026:17:49:44 +0530] "GET /upload/room-1.jpg HTTP/1.1" 200 389738 "https://buranshvalleyresorts.com/" "Mozilla/5.0 (Windows NT 10.0; Win64; x64) AppleWebKit/537.36 (KHTML, like Gecko) Chrome/146.0.0.0 Safari/537.36"
