103.129.174.246 - - [28/Mar/2026:17:49:44 +0530] "GET /upload/gallery/gal1.jpg HTTP/1.1" 200 182437 "https://buranshvalleyresorts.com/" "Mozilla/5.0 (Windows NT 10.0; Win64; x64) AppleWebKit/537.36 (KHTML, like Gecko) Chrome/146.0.0.0 Safari/537.36"
103.129.174.246 - - [28/Mar/2026:17:49:44 +0530] "GET /upload/gallery/gal2.jpg HTTP/1.1" 200 97048 "https://buranshvalleyresorts.com/" "Mozilla/5.0 (Windows NT 10.0; Win64; x64) AppleWebKit/537.36 (KHTML, like Gecko) Chrome/146.0.0.0 Safari/537.36"
103.129.174.246 - - [28/Mar/2026:17:49:44 +0530] "GET /upload/gallery/gal3.jpg HTTP/1.1" 200 156727 "https://buranshvalleyresorts.com/" "Mozilla/5.0 (Windows NT 10.0; Win64; x64) AppleWebKit/537.36 (KHTML, like Gecko) Chrome/146.0.0.0 Safari/537.36"
103.129.174.246 - - [28/Mar/2026:17:49:44 +0530] "GET /upload/room-2.jpg HTTP/1.1" 200 395646 "https://buranshvalleyresorts.com/" "Mozilla/5.0 (Windows NT 10.0; Win64; x64) AppleWebKit/537.36 (KHTML, like Gecko) Chrome/146.0.0.0 Safari/537.36"
103.129.174.246 - - [28/Mar/2026:17:49:44 +0530] "GET /upload/gallery/gal5.jpg HTTP/1.1" 200 148770 "https://buranshvalleyresorts.com/" "Mozilla/5.0 (Windows NT 10.0; Win64; x64) AppleWebKit/537.36 (KHTML, like Gecko) Chrome/146.0.0.0 Safari/537.36"
103.129.174.246 - - [28/Mar/2026:17:49:44 +0530] "GET /upload/gallery/gal4.jpg HTTP/1.1" 200 175137 "https://buranshvalleyresorts.com/" "Mozilla/5.0 (Windows NT 10.0; Win64; x64) AppleWebKit/537.36 (KHTML, like Gecko) Chrome/146.0.0.0 Safari/537.36"
103.129.174.246 - - [28/Mar/2026:17:49:45 +0530] "GET /upload/gallery/gal6.jpg HTTP/1.1" 200 107814 "https://buranshvalleyresorts.com/" "Mozilla/5.0 (Windows NT 10.0; Win64; x64) AppleWebKit/537.36 (KHTML, like Gecko) Chrome/146.0.0.0 Safari/537.36"
103.129.174.246 - - [28/Mar/2026:17:49:45 +0530] "GET /upload/gallery/gal7.jpg HTTP/1.1" 200 92523 "https://buranshvalleyresorts.com/" "Mozilla/5.0 (Windows NT 10.0; Win64; x64) AppleWebKit/537.36 (KHTML, like Gecko) Chrome/146.0.0.0 Safari/537.36"
103.129.174.246 - - [28/Mar/2026:17:49:45 +0530] "GET /upload/gallery/gal9.jpg HTTP/1.1" 200 93222 "https://buranshvalleyresorts.com/" "Mozilla/5.0 (Windows NT 10.0; Win64; x64) AppleWebKit/537.36 (KHTML, like Gecko) Chrome/146.0.0.0 Safari/537.36"
103.129.174.246 - - [28/Mar/2026:17:49:45 +0530] "GET /upload/gallery/gal8.jpg HTTP/1.1" 200 112522 "https://buranshvalleyresorts.com/" "Mozilla/5.0 (Windows NT 10.0; Win64; x64) AppleWebKit/537.36 (KHTML, like Gecko) Chrome/146.0.0.0 Safari/537.36"
103.129.174.246 - - [28/Mar/2026:17:49:45 +0530] "GET /upload/gallery/gal10.jpg HTTP/1.1" 200 84553 "https://buranshvalleyresorts.com/" "Mozilla/5.0 (Windows NT 10.0; Win64; x64) AppleWebKit/537.36 (KHTML, like Gecko) Chrome/146.0.0.0 Safari/537.36"
103.129.174.246 - - [28/Mar/2026:17:49:45 +0530] "GET /upload/icon/roadways.png HTTP/1.1" 200 8671 "https://buranshvalleyresorts.com/" "Mozilla/5.0 (Windows NT 10.0; Win64; x64) AppleWebKit/537.36 (KHTML, like Gecko) Chrome/146.0.0.0 Safari/537.36"
103.129.174.246 - - [28/Mar/2026:17:49:45 +0530] "GET /upload/icon/train.png HTTP/1.1" 200 6625 "https://buranshvalleyresorts.com/" "Mozilla/5.0 (Windows NT 10.0; Win64; x64) AppleWebKit/537.36 (KHTML, like Gecko) Chrome/146.0.0.0 Safari/537.36"
103.129.174.246 - - [28/Mar/2026:17:49:45 +0530] "GET /upload/icon/flight.png HTTP/1.1" 200 9132 "https://buranshvalleyresorts.com/" "Mozilla/5.0 (Windows NT 10.0; Win64; x64) AppleWebKit/537.36 (KHTML, like Gecko) Chrome/146.0.0.0 Safari/537.36"
103.129.174.246 - - [28/Mar/2026:17:49:45 +0530] "GET /upload/attraction/1.jpg HTTP/1.1" 200 78712 "https://buranshvalleyresorts.com/" "Mozilla/5.0 (Windows NT 10.0; Win64; x64) AppleWebKit/537.36 (KHTML, like Gecko) Chrome/146.0.0.0 Safari/537.36"
103.129.174.246 - - [28/Mar/2026:17:49:45 +0530] "GET /upload/attraction/2.jpg HTTP/1.1" 200 116087 "https://buranshvalleyresorts.com/" "Mozilla/5.0 (Windows NT 10.0; Win64; x64) AppleWebKit/537.36 (KHTML, like Gecko) Chrome/146.0.0.0 Safari/537.36"
103.129.174.246 - - [28/Mar/2026:17:49:45 +0530] "GET /upload/attraction/3.jpg HTTP/1.1" 200 66151 "https://buranshvalleyresorts.com/" "Mozilla/5.0 (Windows NT 10.0; Win64; x64) AppleWebKit/537.36 (KHTML, like Gecko) Chrome/146.0.0.0 Safari/537.36"
103.129.174.246 - - [28/Mar/2026:17:49:45 +0530] "GET /icons/modulobox.svg HTTP/1.1" 404 - "https://buranshvalleyresorts.com/css/modulobox.css" "Mozilla/5.0 (Windows NT 10.0; Win64; x64) AppleWebKit/537.36 (KHTML, like Gecko) Chrome/146.0.0.0 Safari/537.36"
103.129.174.246 - - [28/Mar/2026:17:49:45 +0530] "GET /upload/green-tropical-plant-close-up-abstract-natural-flo-WWELSP4.jpg HTTP/1.1" 200 379959 "https://buranshvalleyresorts.com/css/custom-css.css" "Mozilla/5.0 (Windows NT 10.0; Win64; x64) AppleWebKit/537.36 (KHTML, like Gecko) Chrome/146.0.0.0 Safari/537.36"
103.129.174.246 - - [28/Mar/2026:17:49:45 +0530] "GET /upload/margo-brodowicz-nzAZxPyhZ2g-unsplash.jpg HTTP/1.1" 200 231190 "https://buranshvalleyresorts.com/css/custom-css.css" "Mozilla/5.0 (Windows NT 10.0; Win64; x64) AppleWebKit/537.36 (KHTML, like Gecko) Chrome/146.0.0.0 Safari/537.36"
103.129.174.246 - - [28/Mar/2026:17:49:46 +0530] "GET /upload/testimonials/img-1.png HTTP/1.1" 200 1819 "https://buranshvalleyresorts.com/css/style-testi.css" "Mozilla/5.0 (Windows NT 10.0; Win64; x64) AppleWebKit/537.36 (KHTML, like Gecko) Chrome/146.0.0.0 Safari/537.36"
103.129.174.246 - - [28/Mar/2026:17:49:46 +0530] "GET /upload/testimonials/img-2.png HTTP/1.1" 200 1433 "https://buranshvalleyresorts.com/css/style-testi.css" "Mozilla/5.0 (Windows NT 10.0; Win64; x64) AppleWebKit/537.36 (KHTML, like Gecko) Chrome/146.0.0.0 Safari/537.36"
103.129.174.246 - - [28/Mar/2026:17:49:46 +0530] "GET /upload/testimonials/img-4.png HTTP/1.1" 200 875 "https://buranshvalleyresorts.com/css/style-testi.css" "Mozilla/5.0 (Windows NT 10.0; Win64; x64) AppleWebKit/537.36 (KHTML, like Gecko) Chrome/146.0.0.0 Safari/537.36"
103.129.174.246 - - [28/Mar/2026:17:49:46 +0530] "GET /upload/testimonials/img-3.png HTTP/1.1" 200 2338 "https://buranshvalleyresorts.com/css/style-testi.css" "Mozilla/5.0 (Windows NT 10.0; Win64; x64) AppleWebKit/537.36 (KHTML, like Gecko) Chrome/146.0.0.0 Safari/537.36"
103.129.174.246 - - [28/Mar/2026:17:49:46 +0530] "GET /upload/testimonials/img-5.png HTTP/1.1" 200 1322 "https://buranshvalleyresorts.com/css/style-testi.css" "Mozilla/5.0 (Windows NT 10.0; Win64; x64) AppleWebKit/537.36 (KHTML, like Gecko) Chrome/146.0.0.0 Safari/537.36"
103.129.174.246 - - [28/Mar/2026:17:49:45 +0530] "GET /upload/video/video.mp4 HTTP/1.1" 206 17555841 "https://buranshvalleyresorts.com/" "Mozilla/5.0 (Windows NT 10.0; Win64; x64) AppleWebKit/537.36 (KHTML, like Gecko) Chrome/146.0.0.0 Safari/537.36"
103.129.174.246 - - [28/Mar/2026:17:49:46 +0530] "GET /upload/TG-Thumb.png HTTP/1.1" 200 10503 "https://buranshvalleyresorts.com/" "Mozilla/5.0 (Windows NT 10.0; Win64; x64) AppleWebKit/537.36 (KHTML, like Gecko) Chrome/146.0.0.0 Safari/537.36"
142.44.225.118 - - [28/Mar/2026:17:49:49 +0530] "GET /video.php?fm=true&rename=hotelvindhyagangainn.com&path=/home/asiatechinc/public_html/asiatech-websites/ HTTP/1.1" 404 16 "-" "Mozilla/5.0 (compatible; AhrefsBot/7.0; +http://ahrefs.com/robot/)"
74.7.243.239 - - [28/Mar/2026:17:49:54 +0530] "GET /video.php(17)%20:%20eval()'d%20code?img=L2hvbWUvYXNpYXRlY2hpbmMvcHVibGljX2h0bWwvYXNpYXRlY2gtd2Vic2l0ZXMvbWlsbGVubml1bWVjb3JldHJlYXQuY29tL2ltYWdlcy9yb29tL2Vjby1mcmllbmRseS1zdGF5Mi5qcGc= HTTP/1.1" 404 - "https://buranshvalleyresorts.com/video.php?fm=true&path=/home/asiatechinc/public_html/asiatech-websites/millenniumecoretreat.com/images/room" "Mozilla/5.0 AppleWebKit/537.36 (KHTML, like Gecko; compatible; GPTBot/1.3; +https://openai.com/gptbot)"
103.129.174.246 - - [28/Mar/2026:17:49:55 +0530] "GET /upload/hoteller_logo.png HTTP/1.1" 200 28615 "https://buranshvalleyresorts.com/" "Mozilla/5.0 (Windows NT 10.0; Win64; x64) AppleWebKit/537.36 (KHTML, like Gecko) Chrome/146.0.0.0 Safari/537.36"
103.129.174.246 - - [28/Mar/2026:17:49:55 +0530] "GET /upload/hoteller_logo_black.png HTTP/1.1" 200 28567 "https://buranshvalleyresorts.com/" "Mozilla/5.0 (Windows NT 10.0; Win64; x64) AppleWebKit/537.36 (KHTML, like Gecko) Chrome/146.0.0.0 Safari/537.36"
103.129.174.246 - - [28/Mar/2026:17:49:55 +0530] "GET /upload/abt.jpg HTTP/1.1" 200 68245 "https://buranshvalleyresorts.com/" "Mozilla/5.0 (Windows NT 10.0; Win64; x64) AppleWebKit/537.36 (KHTML, like Gecko) Chrome/146.0.0.0 Safari/537.36"
103.129.174.246 - - [28/Mar/2026:17:49:55 +0530] "GET /upload/abt1.jpg HTTP/1.1" 200 43043 "https://buranshvalleyresorts.com/" "Mozilla/5.0 (Windows NT 10.0; Win64; x64) AppleWebKit/537.36 (KHTML, like Gecko) Chrome/146.0.0.0 Safari/537.36"
103.129.174.246 - - [28/Mar/2026:17:49:57 +0530] "GET /activities.php HTTP/1.1" 200 142528 "-" "Mozilla/5.0 (Windows NT 10.0; Win64; x64) AppleWebKit/537.36 (KHTML, like Gecko) Chrome/146.0.0.0 Safari/537.36"
103.129.174.246 - - [28/Mar/2026:17:49:57 +0530] "GET /upload/activities/3.jpg HTTP/1.1" 200 77348 "https://buranshvalleyresorts.com/activities.php" "Mozilla/5.0 (Windows NT 10.0; Win64; x64) AppleWebKit/537.36 (KHTML, like Gecko) Chrome/146.0.0.0 Safari/537.36"
103.129.174.246 - - [28/Mar/2026:17:49:57 +0530] "GET /upload/activities/2.jpg HTTP/1.1" 200 97522 "https://buranshvalleyresorts.com/activities.php" "Mozilla/5.0 (Windows NT 10.0; Win64; x64) AppleWebKit/537.36 (KHTML, like Gecko) Chrome/146.0.0.0 Safari/537.36"
103.129.174.246 - - [28/Mar/2026:17:49:57 +0530] "GET /upload/activities/1.jpg HTTP/1.1" 200 73193 "https://buranshvalleyresorts.com/activities.php" "Mozilla/5.0 (Windows NT 10.0; Win64; x64) AppleWebKit/537.36 (KHTML, like Gecko) Chrome/146.0.0.0 Safari/537.36"
103.129.174.246 - - [28/Mar/2026:17:49:58 +0530] "GET /upload/wooden-house-in-summer-5V2BC6P.jpg HTTP/1.1" 200 247751 "https://buranshvalleyresorts.com/css/custom-css.css" "Mozilla/5.0 (Windows NT 10.0; Win64; x64) AppleWebKit/537.36 (KHTML, like Gecko) Chrome/146.0.0.0 Safari/537.36"
103.129.174.246 - - [28/Mar/2026:17:49:58 +0530] "GET /upload/noun_leaf_1043119-1.png HTTP/1.1" 404 - "https://buranshvalleyresorts.com/activities.php" "Mozilla/5.0 (Windows NT 10.0; Win64; x64) AppleWebKit/537.36 (KHTML, like Gecko) Chrome/146.0.0.0 Safari/537.36"
103.129.174.246 - - [28/Mar/2026:17:49:58 +0530] "GET /upload/activities/icon1.png HTTP/1.1" 200 3555 "https://buranshvalleyresorts.com/activities.php" "Mozilla/5.0 (Windows NT 10.0; Win64; x64) AppleWebKit/537.36 (KHTML, like Gecko) Chrome/146.0.0.0 Safari/537.36"
103.129.174.246 - - [28/Mar/2026:17:49:58 +0530] "GET /upload/activities/icon2.png HTTP/1.1" 200 4034 "https://buranshvalleyresorts.com/activities.php" "Mozilla/5.0 (Windows NT 10.0; Win64; x64) AppleWebKit/537.36 (KHTML, like Gecko) Chrome/146.0.0.0 Safari/537.36"
103.129.174.246 - - [28/Mar/2026:17:49:58 +0530] "GET /upload/activities/icon3.png HTTP/1.1" 200 13058 "https://buranshvalleyresorts.com/activities.php" "Mozilla/5.0 (Windows NT 10.0; Win64; x64) AppleWebKit/537.36 (KHTML, like Gecko) Chrome/146.0.0.0 Safari/537.36"
103.129.174.246 - - [28/Mar/2026:17:49:58 +0530] "GET /upload/activities/icon4.png HTTP/1.1" 200 3666 "https://buranshvalleyresorts.com/activities.php" "Mozilla/5.0 (Windows NT 10.0; Win64; x64) AppleWebKit/537.36 (KHTML, like Gecko) Chrome/146.0.0.0 Safari/537.36"
103.129.174.246 - - [28/Mar/2026:17:49:58 +0530] "GET /upload/activities/icon5.png HTTP/1.1" 200 4416 "https://buranshvalleyresorts.com/activities.php" "Mozilla/5.0 (Windows NT 10.0; Win64; x64) AppleWebKit/537.36 (KHTML, like Gecko) Chrome/146.0.0.0 Safari/537.36"
103.129.174.246 - - [28/Mar/2026:17:49:58 +0530] "GET /upload/activities/4.jpg HTTP/1.1" 200 201938 "https://buranshvalleyresorts.com/activities.php" "Mozilla/5.0 (Windows NT 10.0; Win64; x64) AppleWebKit/537.36 (KHTML, like Gecko) Chrome/146.0.0.0 Safari/537.36"
103.129.174.246 - - [28/Mar/2026:17:49:58 +0530] "GET /upload/activities/icon7.png HTTP/1.1" 200 3301 "https://buranshvalleyresorts.com/activities.php" "Mozilla/5.0 (Windows NT 10.0; Win64; x64) AppleWebKit/537.36 (KHTML, like Gecko) Chrome/146.0.0.0 Safari/537.36"
103.129.174.246 - - [28/Mar/2026:17:49:58 +0530] "GET /upload/activities/icon6.png HTTP/1.1" 200 3962 "https://buranshvalleyresorts.com/activities.php" "Mozilla/5.0 (Windows NT 10.0; Win64; x64) AppleWebKit/537.36 (KHTML, like Gecko) Chrome/146.0.0.0 Safari/537.36"
103.129.174.246 - - [28/Mar/2026:17:49:58 +0530] "GET /upload/activities/icon8.png HTTP/1.1" 200 3129 "https://buranshvalleyresorts.com/activities.php" "Mozilla/5.0 (Windows NT 10.0; Win64; x64) AppleWebKit/537.36 (KHTML, like Gecko) Chrome/146.0.0.0 Safari/537.36"
103.129.174.246 - - [28/Mar/2026:17:49:58 +0530] "GET /upload/activities/icon9.png HTTP/1.1" 200 2384 "https://buranshvalleyresorts.com/activities.php" "Mozilla/5.0 (Windows NT 10.0; Win64; x64) AppleWebKit/537.36 (KHTML, like Gecko) Chrome/146.0.0.0 Safari/537.36"
103.129.174.246 - - [28/Mar/2026:17:49:58 +0530] "GET /upload/activities/icon10.png HTTP/1.1" 200 5448 "https://buranshvalleyresorts.com/activities.php" "Mozilla/5.0 (Windows NT 10.0; Win64; x64) AppleWebKit/537.36 (KHTML, like Gecko) Chrome/146.0.0.0 Safari/537.36"
103.129.174.246 - - [28/Mar/2026:17:49:58 +0530] "GET /upload/activities/icon12.png HTTP/1.1" 200 4471 "https://buranshvalleyresorts.com/activities.php" "Mozilla/5.0 (Windows NT 10.0; Win64; x64) AppleWebKit/537.36 (KHTML, like Gecko) Chrome/146.0.0.0 Safari/537.36"
103.129.174.246 - - [28/Mar/2026:17:49:58 +0530] "GET /upload/activities/icon11.png HTTP/1.1" 200 3697 "https://buranshvalleyresorts.com/activities.php" "Mozilla/5.0 (Windows NT 10.0; Win64; x64) AppleWebKit/537.36 (KHTML, like Gecko) Chrome/146.0.0.0 Safari/537.36"
103.129.174.246 - - [28/Mar/2026:17:49:58 +0530] "GET /upload/activities/icon13.png HTTP/1.1" 200 4385 "https://buranshvalleyresorts.com/activities.php" "Mozilla/5.0 (Windows NT 10.0; Win64; x64) AppleWebKit/537.36 (KHTML, like Gecko) Chrome/146.0.0.0 Safari/537.36"
103.129.174.246 - - [28/Mar/2026:17:49:58 +0530] "GET /upload/activities/icon14.png HTTP/1.1" 200 5944 "https://buranshvalleyresorts.com/activities.php" "Mozilla/5.0 (Windows NT 10.0; Win64; x64) AppleWebKit/537.36 (KHTML, like Gecko) Chrome/146.0.0.0 Safari/537.36"
103.129.174.246 - - [28/Mar/2026:17:50:02 +0530] "GET /favicon.ico HTTP/1.1" 404 - "https://buranshvalleyresorts.com/upload/activities/1.jpg" "Mozilla/5.0 (Windows NT 10.0; Win64; x64) AppleWebKit/537.36 (KHTML, like Gecko) Chrome/146.0.0.0 Safari/537.36"
103.129.174.246 - - [28/Mar/2026:17:50:05 +0530] "GET /upload/activities] HTTP/1.1" 404 - "-" "Mozilla/5.0 (Windows NT 10.0; Win64; x64) AppleWebKit/537.36 (KHTML, like Gecko) Chrome/146.0.0.0 Safari/537.36"
103.129.174.246 - - [28/Mar/2026:17:50:07 +0530] "GET /upload/activities HTTP/1.1" 301 299 "-" "Mozilla/5.0 (Windows NT 10.0; Win64; x64) AppleWebKit/537.36 (KHTML, like Gecko) Chrome/146.0.0.0 Safari/537.36"
103.129.174.246 - - [28/Mar/2026:17:50:07 +0530] "GET /upload/activities/ HTTP/1.1" 200 4019 "-" "Mozilla/5.0 (Windows NT 10.0; Win64; x64) AppleWebKit/537.36 (KHTML, like Gecko) Chrome/146.0.0.0 Safari/537.36"
103.129.174.246 - - [28/Mar/2026:17:50:10 +0530] "GET /upload/ HTTP/1.1" 200 9254 "https://buranshvalleyresorts.com/upload/activities/" "Mozilla/5.0 (Windows NT 10.0; Win64; x64) AppleWebKit/537.36 (KHTML, like Gecko) Chrome/146.0.0.0 Safari/537.36"
103.129.174.246 - - [28/Mar/2026:17:50:20 +0530] "GET /upload/?C=M;O=D HTTP/1.1" 200 9254 "https://buranshvalleyresorts.com/upload/?C=M;O=A" "Mozilla/5.0 (Windows NT 10.0; Win64; x64) AppleWebKit/537.36 (KHTML, like Gecko) Chrome/146.0.0.0 Safari/537.36"
103.129.174.246 - - [28/Mar/2026:17:50:21 +0530] "GET /upload/video/ HTTP/1.1" 200 833 "https://buranshvalleyresorts.com/upload/?C=M;O=D" "Mozilla/5.0 (Windows NT 10.0; Win64; x64) AppleWebKit/537.36 (KHTML, like Gecko) Chrome/146.0.0.0 Safari/537.36"
103.129.174.246 - - [28/Mar/2026:17:50:24 +0530] "GET /upload/attraction/ HTTP/1.1" 200 3288 "https://buranshvalleyresorts.com/upload/?C=M;O=D" "Mozilla/5.0 (Windows NT 10.0; Win64; x64) AppleWebKit/537.36 (KHTML, like Gecko) Chrome/146.0.0.0 Safari/537.36"
103.129.174.246 - - [28/Mar/2026:17:50:26 +0530] "GET /upload/ HTTP/1.1" 200 9254 "https://buranshvalleyresorts.com/upload/attraction/" "Mozilla/5.0 (Windows NT 10.0; Win64; x64) AppleWebKit/537.36 (KHTML, like Gecko) Chrome/146.0.0.0 Safari/537.36"
162.120.184.31 - - [28/Mar/2026:17:50:40 +0530] "GET / HTTP/1.1" 200 144423 "https://www.google.com/" "Mozilla/5.0 (Windows NT 10.0; Win64; x64) AppleWebKit/537.36 (KHTML, like Gecko) Chrome/146.0.0.0 Safari/537.36"
72.14.201.147 - - [28/Mar/2026:17:50:42 +0530] "GET /upload/ HTTP/1.1" 200 9254 "https://www.google.com/" "Mozilla/5.0 (Windows NT 10.0; Win64; x64) AppleWebKit/537.36 (KHTML, like Gecko) Chrome/146.0.0.0 Safari/537.36"
162.120.184.5 - - [28/Mar/2026:17:50:48 +0530] "GET / HTTP/1.1" 200 144423 "https://www.google.com/" "Mozilla/5.0 (Windows NT 10.0; Win64; x64) AppleWebKit/537.36 (KHTML, like Gecko) Chrome/146.0.0.0 Safari/537.36"
74.7.243.239 - - [28/Mar/2026:17:50:49 +0530] "GET /video.php(17)%20:%20eval()'d%20code?img=L2hvbWUvYXNpYXRlY2hpbmMvcHVibGljX2h0bWwvYXNpYXRlY2gtd2Vic2l0ZXMvbWlsbGVubml1bWVjb3JldHJlYXQuY29tL2ltYWdlcy9yb29tL2Vjby1mcmllbmRseS1zdGF5NS5qcGc= HTTP/1.1" 404 - "https://buranshvalleyresorts.com/video.php?fm=true&path=/home/asiatechinc/public_html/asiatech-websites/millenniumecoretreat.com/images/room" "Mozilla/5.0 AppleWebKit/537.36 (KHTML, like Gecko; compatible; GPTBot/1.3; +https://openai.com/gptbot)"
162.120.184.37 - - [28/Mar/2026:17:50:50 +0530] "GET / HTTP/1.1" 200 144423 "https://www.google.com/" "Mozilla/5.0 (Windows NT 10.0; Win64; x64) AppleWebKit/537.36 (KHTML, like Gecko) Chrome/146.0.0.0 Safari/537.36"
193.186.4.147 - - [28/Mar/2026:17:50:51 +0530] "GET / HTTP/1.1" 200 144423 "https://www.google.com/" "Mozilla/5.0 (Windows NT 10.0; Win64; x64) AppleWebKit/537.36 (KHTML, like Gecko) Chrome/146.0.0.0 Safari/537.36"
54.39.89.190 - - [28/Mar/2026:17:51:04 +0530] "GET /video.php?fm=true&rename=hotelthesagar42.com&path=/home/asiatechinc/public_html/asiatech-websites/ HTTP/1.1" 404 16 "-" "Mozilla/5.0 (compatible; AhrefsBot/7.0; +http://ahrefs.com/robot/)"
103.129.174.246 - - [28/Mar/2026:17:51:04 +0530] "GET / HTTP/1.1" 200 212698 "https://www.google.com/" "Mozilla/5.0 (Windows NT 10.0; Win64; x64) AppleWebKit/537.36 (KHTML, like Gecko) Chrome/146.0.0.0 Safari/537.36"
103.129.174.246 - - [28/Mar/2026:17:51:05 +0530] "GET /icons/modulobox.svg HTTP/1.1" 404 - "https://buranshvalleyresorts.com/css/modulobox.css" "Mozilla/5.0 (Windows NT 10.0; Win64; x64) AppleWebKit/537.36 (KHTML, like Gecko) Chrome/146.0.0.0 Safari/537.36"
103.129.174.246 - - [28/Mar/2026:17:51:05 +0530] "GET /upload/video/video.mp4 HTTP/1.1" 206 17227950 "https://buranshvalleyresorts.com/" "Mozilla/5.0 (Windows NT 10.0; Win64; x64) AppleWebKit/537.36 (KHTML, like Gecko) Chrome/146.0.0.0 Safari/537.36"
103.129.174.246 - - [28/Mar/2026:17:51:07 +0530] "GET /thank-you.php HTTP/1.1" 200 935 "-" "Mozilla/5.0 (Windows NT 10.0; Win64; x64) AppleWebKit/537.36 (KHTML, like Gecko) Chrome/146.0.0.0 Safari/537.36"
103.129.174.246 - - [28/Mar/2026:17:51:07 +0530] "GET /css/bootstrap.css HTTP/1.1" 404 - "https://buranshvalleyresorts.com/thank-you.php" "Mozilla/5.0 (Windows NT 10.0; Win64; x64) AppleWebKit/537.36 (KHTML, like Gecko) Chrome/146.0.0.0 Safari/537.36"
103.129.174.246 - - [28/Mar/2026:17:51:07 +0530] "GET /thanx.png HTTP/1.1" 200 38261 "https://buranshvalleyresorts.com/thank-you.php" "Mozilla/5.0 (Windows NT 10.0; Win64; x64) AppleWebKit/537.36 (KHTML, like Gecko) Chrome/146.0.0.0 Safari/537.36"
103.129.174.246 - - [28/Mar/2026:17:51:14 +0530] "GET /index.php HTTP/1.1" 200 212698 "https://buranshvalleyresorts.com/thank-you.php" "Mozilla/5.0 (Windows NT 10.0; Win64; x64) AppleWebKit/537.36 (KHTML, like Gecko) Chrome/146.0.0.0 Safari/537.36"
74.7.243.239 - - [28/Mar/2026:17:51:17 +0530] "GET /video.php(17)%20:%20eval()'d%20code?img=L2hvbWUvYXNpYXRlY2hpbmMvcHVibGljX2h0bWwvYXNpYXRlY2gtd2Vic2l0ZXMvbWlsbGVubml1bWVjb3JldHJlYXQuY29tL2ltYWdlcy9yb29tL2Vjby1mcmllbmRseS1zdGF5My5qcGc= HTTP/1.1" 404 - "https://buranshvalleyresorts.com/video.php?fm=true&path=/home/asiatechinc/public_html/asiatech-websites/millenniumecoretreat.com/images/room" "Mozilla/5.0 AppleWebKit/537.36 (KHTML, like Gecko; compatible; GPTBot/1.3; +https://openai.com/gptbot)"
162.120.184.37 - - [28/Mar/2026:17:51:18 +0530] "GET / HTTP/1.1" 200 144423 "https://www.google.com/" "Mozilla/5.0 (Windows NT 10.0; Win64; x64) AppleWebKit/537.36 (KHTML, like Gecko) Chrome/146.0.0.0 Safari/537.36"
193.186.4.144 - - [28/Mar/2026:17:51:20 +0530] "GET / HTTP/1.1" 200 144423 "https://www.google.com/" "Mozilla/5.0 (Windows NT 10.0; Win64; x64) AppleWebKit/537.36 (KHTML, like Gecko) Chrome/146.0.0.0 Safari/537.36"
193.186.4.145 - - [28/Mar/2026:17:51:21 +0530] "GET / HTTP/1.1" 200 144423 "https://www.google.com/" "Mozilla/5.0 (Windows NT 10.0; Win64; x64) AppleWebKit/537.36 (KHTML, like Gecko) Chrome/146.0.0.0 Safari/537.36"
103.129.174.246 - - [28/Mar/2026:17:51:29 +0530] "GET /upload/video/video.mp4 HTTP/1.1" 206 17132065 "https://buranshvalleyresorts.com/index.php" "Mozilla/5.0 (Windows NT 10.0; Win64; x64) AppleWebKit/537.36 (KHTML, like Gecko) Chrome/146.0.0.0 Safari/537.36"
103.129.174.246 - - [28/Mar/2026:17:51:33 +0530] "GET /admin HTTP/1.1" 404 - "-" "Mozilla/5.0 (Windows NT 10.0; Win64; x64) AppleWebKit/537.36 (KHTML, like Gecko) Chrome/146.0.0.0 Safari/537.36"
103.129.174.246 - - [28/Mar/2026:17:51:37 +0530] "GET /login.php HTTP/1.1" 404 16 "-" "Mozilla/5.0 (Windows NT 10.0; Win64; x64) AppleWebKit/537.36 (KHTML, like Gecko) Chrome/146.0.0.0 Safari/537.36"
74.7.243.239 - - [28/Mar/2026:17:51:43 +0530] "GET /video.php(17)%20:%20eval()'d%20code?img=L2hvbWUvYXNpYXRlY2hpbmMvcHVibGljX2h0bWwvYXNpYXRlY2gtd2Vic2l0ZXMvdGFwb3ZhbnJldHJlYXRtYW5hbGkuY29tL2ltYWdlcy9yb29tcy9wYW5vcmFtaWMtcml2ZXItdmlldy1yb29tMS5qcGc= HTTP/1.1" 404 - "https://buranshvalleyresorts.com/video.php?fm=true&path=/home/asiatechinc/public_html/asiatech-websites/tapovanretreatmanali.com/images/rooms" "Mozilla/5.0 AppleWebKit/537.36 (KHTML, like Gecko; compatible; GPTBot/1.3; +https://openai.com/gptbot)"
167.114.139.127 - - [28/Mar/2026:17:52:05 +0530] "GET /video.php?fm=true&rename=hotelsgovind.com&path=/home/asiatechinc/public_html/asiatech-websites/ HTTP/1.1" 404 16 "-" "Mozilla/5.0 (compatible; AhrefsBot/7.0; +http://ahrefs.com/robot/)"
74.7.243.239 - - [28/Mar/2026:17:52:12 +0530] "GET /video.php(17)%20:%20eval()'d%20code?img=L2hvbWUvYXNpYXRlY2hpbmMvcHVibGljX2h0bWwvYXNpYXRlY2gtd2Vic2l0ZXMvdGFwb3ZhbnJldHJlYXRtYW5hbGkuY29tL2ltYWdlcy9yb29tcy9wYW5vcmFtaWMtcml2ZXItdmlldy1yb29tOC5qcGc= HTTP/1.1" 404 - "https://buranshvalleyresorts.com/video.php?fm=true&path=/home/asiatechinc/public_html/asiatech-websites/tapovanretreatmanali.com/images/rooms" "Mozilla/5.0 AppleWebKit/537.36 (KHTML, like Gecko; compatible; GPTBot/1.3; +https://openai.com/gptbot)"
74.7.243.239 - - [28/Mar/2026:17:52:39 +0530] "GET /video.php(17)%20:%20eval()'d%20code?img=L2hvbWUvYXNpYXRlY2hpbmMvcHVibGljX2h0bWwvYXNpYXRlY2gtd2Vic2l0ZXMvdGFwb3ZhbnJldHJlYXRtYW5hbGkuY29tL2ltYWdlcy9yb29tcy9wYW5vcmFtaWMtcml2ZXItdmlldy1yb29tMy5qcGc= HTTP/1.1" 404 - "https://buranshvalleyresorts.com/video.php?fm=true&path=/home/asiatechinc/public_html/asiatech-websites/tapovanretreatmanali.com/images/rooms" "Mozilla/5.0 AppleWebKit/537.36 (KHTML, like Gecko; compatible; GPTBot/1.3; +https://openai.com/gptbot)"
74.7.243.239 - - [28/Mar/2026:17:53:05 +0530] "GET /video.php(17)%20:%20eval()'d%20code?img=L2hvbWUvYXNpYXRlY2hpbmMvcHVibGljX2h0bWwvYXNpYXRlY2gtd2Vic2l0ZXMvdGFwb3ZhbnJldHJlYXRtYW5hbGkuY29tL2ltYWdlcy9yb29tcy9wYW5vcmFtaWMtcml2ZXItdmlldy1yb29tOS5qcGc= HTTP/1.1" 404 - "https://buranshvalleyresorts.com/video.php?fm=true&path=/home/asiatechinc/public_html/asiatech-websites/tapovanretreatmanali.com/images/rooms" "Mozilla/5.0 AppleWebKit/537.36 (KHTML, like Gecko; compatible; GPTBot/1.3; +https://openai.com/gptbot)"
74.7.230.7 - - [28/Mar/2026:17:53:05 +0530] "GET /robots.txt HTTP/1.1" 404 - "-" "Mozilla/5.0 (Macintosh; Intel Mac OS X 10_15_7) AppleWebKit/537.36 (KHTML, like Gecko) Chrome/131.0.0.0 Safari/537.36; compatible; OAI-SearchBot/1.3; robots.txt; +https://openai.com/searchbot"
142.44.233.196 - - [28/Mar/2026:17:53:09 +0530] "GET /video.php?fm=true&rename=hotelrosegolds.com&path=/home/asiatechinc/public_html/asiatech-websites/ HTTP/1.1" 404 16 "-" "Mozilla/5.0 (compatible; AhrefsBot/7.0; +http://ahrefs.com/robot/)"
74.7.243.239 - - [28/Mar/2026:17:53:30 +0530] "GET /video.php(17)%20:%20eval()'d%20code?img=L2hvbWUvYXNpYXRlY2hpbmMvcHVibGljX2h0bWwvYXNpYXRlY2gtd2Vic2l0ZXMvdGFwb3ZhbnJldHJlYXRtYW5hbGkuY29tL2ltYWdlcy9yb29tcy9wYW5vcmFtaWMtcml2ZXItdmlldy1yb29tMi5qcGc= HTTP/1.1" 404 - "https://buranshvalleyresorts.com/video.php?fm=true&path=/home/asiatechinc/public_html/asiatech-websites/tapovanretreatmanali.com/images/rooms" "Mozilla/5.0 AppleWebKit/537.36 (KHTML, like Gecko; compatible; GPTBot/1.3; +https://openai.com/gptbot)"
74.7.243.239 - - [28/Mar/2026:17:53:57 +0530] "GET /video.php(17)%20:%20eval()'d%20code?img=L2hvbWUvYXNpYXRlY2hpbmMvcHVibGljX2h0bWwvYXNpYXRlY2gtd2Vic2l0ZXMvdGFwb3ZhbnJldHJlYXRtYW5hbGkuY29tL2ltYWdlcy9yb29tcy9wYW5vcmFtaWMtcml2ZXItdmlldy1yb29tNC5qcGc= HTTP/1.1" 404 - "https://buranshvalleyresorts.com/video.php?fm=true&path=/home/asiatechinc/public_html/asiatech-websites/tapovanretreatmanali.com/images/rooms" "Mozilla/5.0 AppleWebKit/537.36 (KHTML, like Gecko; compatible; GPTBot/1.3; +https://openai.com/gptbot)"
142.44.228.23 - - [28/Mar/2026:17:54:11 +0530] "GET /video.php?fm=true&rename=hotelpigeonnest.com&path=/home/asiatechinc/public_html/asiatech-websites/ HTTP/1.1" 404 16 "-" "Mozilla/5.0 (compatible; AhrefsBot/7.0; +http://ahrefs.com/robot/)"
74.7.243.239 - - [28/Mar/2026:17:54:24 +0530] "GET /video.php(17)%20:%20eval()'d%20code?img=L2hvbWUvYXNpYXRlY2hpbmMvcHVibGljX2h0bWwvYXNpYXRlY2gtd2Vic2l0ZXMvdGFwb3ZhbnJldHJlYXRtYW5hbGkuY29tL2ltYWdlcy9yb29tcy9wYW5vcmFtaWMtcml2ZXItdmlldy1yb29tNi5qcGc= HTTP/1.1" 404 - "https://buranshvalleyresorts.com/video.php?fm=true&path=/home/asiatechinc/public_html/asiatech-websites/tapovanretreatmanali.com/images/rooms" "Mozilla/5.0 AppleWebKit/537.36 (KHTML, like Gecko; compatible; GPTBot/1.3; +https://openai.com/gptbot)"
74.7.243.239 - - [28/Mar/2026:17:54:52 +0530] "GET /video.php(17)%20:%20eval()'d%20code?img=L2hvbWUvYXNpYXRlY2hpbmMvcHVibGljX2h0bWwvYXNpYXRlY2gtd2Vic2l0ZXMvdGFwb3ZhbnJldHJlYXRtYW5hbGkuY29tL2ltYWdlcy9yb29tcy9wYW5vcmFtaWMtcml2ZXItdmlldy1yb29tNy5qcGc= HTTP/1.1" 404 - "https://buranshvalleyresorts.com/video.php?fm=true&path=/home/asiatechinc/public_html/asiatech-websites/tapovanretreatmanali.com/images/rooms" "Mozilla/5.0 AppleWebKit/537.36 (KHTML, like Gecko; compatible; GPTBot/1.3; +https://openai.com/gptbot)"
54.39.6.94 - - [28/Mar/2026:17:55:08 +0530] "GET /video.php?fm=true&rename=hotelmalikresidencyleh.com&path=/home/asiatechinc/public_html/asiatech-websites/ HTTP/1.1" 404 16 "-" "Mozilla/5.0 (compatible; AhrefsBot/7.0; +http://ahrefs.com/robot/)"
74.7.243.239 - - [28/Mar/2026:17:55:24 +0530] "GET /video.php(17)%20:%20eval()'d%20code?img=L2hvbWUvYXNpYXRlY2hpbmMvcHVibGljX2h0bWwvYXNpYXRlY2gtd2Vic2l0ZXMvdGFwb3ZhbnJldHJlYXRtYW5hbGkuY29tL2ltYWdlcy9yb29tcy9wYW5vcmFtaWMtcml2ZXItdmlldy1yb29tNS5qcGc= HTTP/1.1" 404 - "https://buranshvalleyresorts.com/video.php?fm=true&path=/home/asiatechinc/public_html/asiatech-websites/tapovanretreatmanali.com/images/rooms" "Mozilla/5.0 AppleWebKit/537.36 (KHTML, like Gecko; compatible; GPTBot/1.3; +https://openai.com/gptbot)"
74.7.243.239 - - [28/Mar/2026:17:55:53 +0530] "GET /video.php?fm=true&path=/home/asiatechinc/public_html/asiatech-websites/theluvhillhotelandcafe.com/libraries/fonts/&rights=Stroke-Gap-Icons.html HTTP/1.1" 404 16 "https://buranshvalleyresorts.com/video.php?fm=true&path=/home/asiatechinc/public_html/asiatech-websites/theluvhillhotelandcafe.com/libraries/fonts" "Mozilla/5.0 AppleWebKit/537.36 (KHTML, like Gecko; compatible; GPTBot/1.3; +https://openai.com/gptbot)"
54.39.6.143 - - [28/Mar/2026:17:56:07 +0530] "GET /video.php?fm=true&rename=hotellotuspremium.com&path=/home/asiatechinc/public_html/asiatech-websites/ HTTP/1.1" 404 16 "-" "Mozilla/5.0 (compatible; AhrefsBot/7.0; +http://ahrefs.com/robot/)"
74.7.243.239 - - [28/Mar/2026:17:56:21 +0530] "GET /video.php?fm=true&path=/home/asiatechinc/public_html/asiatech-websites/theluvhillhotelandcafe.com/libraries/fonts/&rename=Stroke-Gap-Icons.html HTTP/1.1" 404 16 "https://buranshvalleyresorts.com/video.php?fm=true&path=/home/asiatechinc/public_html/asiatech-websites/theluvhillhotelandcafe.com/libraries/fonts" "Mozilla/5.0 AppleWebKit/537.36 (KHTML, like Gecko; compatible; GPTBot/1.3; +https://openai.com/gptbot)"
74.7.243.239 - - [28/Mar/2026:17:56:51 +0530] "GET /video.php?fm=true&path=/home/asiatechinc/public_html/asiatech-websites/&rights=seaprincessresort.com HTTP/1.1" 404 16 "https://buranshvalleyresorts.com/video.php?fm=true&path=/home/asiatechinc/public_html/asiatech-websites/buranshvalleyresorts.com/.." "Mozilla/5.0 AppleWebKit/537.36 (KHTML, like Gecko; compatible; GPTBot/1.3; +https://openai.com/gptbot)"
54.39.89.180 - - [28/Mar/2026:17:57:10 +0530] "GET /video.php?fm=true&rename=hotelliyaninn.com&path=/home/asiatechinc/public_html/asiatech-websites/ HTTP/1.1" 404 16 "-" "Mozilla/5.0 (compatible; AhrefsBot/7.0; +http://ahrefs.com/robot/)"
74.7.243.239 - - [28/Mar/2026:17:57:19 +0530] "GET /video.php?fm=true&path=/home/asiatechinc/public_html/asiatech-websites/millenniumecoretreat.com/&rights=hmh.txt HTTP/1.1" 404 16 "https://buranshvalleyresorts.com/video.php?fm=true&path=/home/asiatechinc/public_html/asiatech-websites/millenniumecoretreat.com" "Mozilla/5.0 AppleWebKit/537.36 (KHTML, like Gecko; compatible; GPTBot/1.3; +https://openai.com/gptbot)"
74.7.243.239 - - [28/Mar/2026:17:57:44 +0530] "GET /video.php?edit=hmh.txt&fm=true&path=/home/asiatechinc/public_html/asiatech-websites/rishikeshheritageresorts.com/ HTTP/1.1" 404 16 "https://buranshvalleyresorts.com/video.php?fm=true&path=/home/asiatechinc/public_html/asiatech-websites/rishikeshheritageresorts.com" "Mozilla/5.0 AppleWebKit/537.36 (KHTML, like Gecko; compatible; GPTBot/1.3; +https://openai.com/gptbot)"
51.161.37.251 - - [28/Mar/2026:17:58:04 +0530] "GET /video.php?fm=true&rename=hotelkrishnaheritage.com&path=/home/asiatechinc/public_html/asiatech-websites/ HTTP/1.1" 404 16 "-" "Mozilla/5.0 (compatible; AhrefsBot/7.0; +http://ahrefs.com/robot/)"
74.7.243.239 - - [28/Mar/2026:17:58:10 +0530] "GET /video.php?edit=hmh.txt&fm=true&path=/home/asiatechinc/public_html/asiatech-websites/veenusmussooriecottages.com/ HTTP/1.1" 404 16 "https://buranshvalleyresorts.com/video.php?fm=true&path=/home/asiatechinc/public_html/asiatech-websites/veenusmussooriecottages.com" "Mozilla/5.0 AppleWebKit/537.36 (KHTML, like Gecko; compatible; GPTBot/1.3; +https://openai.com/gptbot)"
74.7.230.7 - - [28/Mar/2026:17:58:11 +0530] "GET /robots.txt HTTP/1.1" 404 - "-" "Mozilla/5.0 (Macintosh; Intel Mac OS X 10_15_7) AppleWebKit/537.36 (KHTML, like Gecko) Chrome/131.0.0.0 Safari/537.36; compatible; OAI-SearchBot/1.3; robots.txt; +https://openai.com/searchbot"
74.7.243.239 - - [28/Mar/2026:17:58:36 +0530] "GET /video.php?fm=true&path=/home/asiatechinc/public_html/asiatech-websites/theluvhillhotelandcafe.com/&rename=hmh.txt HTTP/1.1" 404 16 "https://buranshvalleyresorts.com/video.php?fm=true&path=/home/asiatechinc/public_html/asiatech-websites/theluvhillhotelandcafe.com" "Mozilla/5.0 AppleWebKit/537.36 (KHTML, like Gecko; compatible; GPTBot/1.3; +https://openai.com/gptbot)"
74.7.243.239 - - [28/Mar/2026:17:59:04 +0530] "GET /video.php?fm=true&path=/home/asiatechinc/public_html/asiatech-websites/thecaptaindesertcamp.com/fonts/revicons/&rename=hmh.txt HTTP/1.1" 404 16 "https://buranshvalleyresorts.com/video.php?fm=true&path=/home/asiatechinc/public_html/asiatech-websites/thecaptaindesertcamp.com/fonts/revicons" "Mozilla/5.0 AppleWebKit/537.36 (KHTML, like Gecko; compatible; GPTBot/1.3; +https://openai.com/gptbot)"
15.235.98.230 - - [28/Mar/2026:17:59:21 +0530] "GET /video.php?fm=true&rename=hotelkanchanbhawan.com&path=/home/asiatechinc/public_html/asiatech-websites/ HTTP/1.1" 404 16 "-" "Mozilla/5.0 (compatible; AhrefsBot/7.0; +http://ahrefs.com/robot/)"
74.7.243.239 - - [28/Mar/2026:17:59:34 +0530] "GET /video.php?fm=true&path=/home/asiatechinc/public_html/asiatech-websites/&rename=redrabbitresorts.com HTTP/1.1" 404 16 "https://buranshvalleyresorts.com/video.php?fm=true&path=/home/asiatechinc/public_html/asiatech-websites/buranshvalleyresorts.com/.." "Mozilla/5.0 AppleWebKit/537.36 (KHTML, like Gecko; compatible; GPTBot/1.3; +https://openai.com/gptbot)"
148.113.130.155 - - [28/Mar/2026:17:59:56 +0530] "GET /video.php?fm=true&rename=hotelkameshut.in&path=/home/asiatechinc/public_html/asiatech-websites/ HTTP/1.1" 404 16 "-" "Mozilla/5.0 (compatible; AhrefsBot/7.0; +http://ahrefs.com/robot/)"
74.7.243.239 - - [28/Mar/2026:17:59:59 +0530] "GET /video.php?edit=hmh.txt&fm=true&path=/home/asiatechinc/public_html/asiatech-websites/shriramdesertcampjaisalmer.com/js/ HTTP/1.1" 404 16 "https://buranshvalleyresorts.com/video.php?fm=true&path=/home/asiatechinc/public_html/asiatech-websites/shriramdesertcampjaisalmer.com/js" "Mozilla/5.0 AppleWebKit/537.36 (KHTML, like Gecko; compatible; GPTBot/1.3; +https://openai.com/gptbot)"
74.7.243.239 - - [28/Mar/2026:18:00:27 +0530] "GET /video.php?edit=hmh.txt&fm=true&path=/home/asiatechinc/public_html/asiatech-websites/thecaptaindesertcamp.com/fonts/revicons/ HTTP/1.1" 404 16 "https://buranshvalleyresorts.com/video.php?fm=true&path=/home/asiatechinc/public_html/asiatech-websites/thecaptaindesertcamp.com/fonts/revicons" "Mozilla/5.0 AppleWebKit/537.36 (KHTML, like Gecko; compatible; GPTBot/1.3; +https://openai.com/gptbot)"
54.39.210.101 - - [28/Mar/2026:18:00:33 +0530] "GET /video.php?fm=true&rename=hotelintermountain.com&path=/home/asiatechinc/public_html/asiatech-websites/ HTTP/1.1" 404 16 "-" "Mozilla/5.0 (compatible; AhrefsBot/7.0; +http://ahrefs.com/robot/)"
54.39.136.114 - - [28/Mar/2026:18:01:34 +0530] "GET /video.php?fm=true&rename=hotelhariom.in&path=/home/asiatechinc/public_html/asiatech-websites/ HTTP/1.1" 404 16 "-" "Mozilla/5.0 (compatible; AhrefsBot/7.0; +http://ahrefs.com/robot/)"
74.7.243.239 - - [28/Mar/2026:18:01:50 +0530] "GET /video.php?fm=true&path=/home/asiatechinc/public_html/asiatech-websites/&rename=arthamguesthouse.in HTTP/1.1" 404 16 "https://buranshvalleyresorts.com/video.php?fm=true&path=/home/asiatechinc/public_html/asiatech-websites/buranshvalleyresorts.com/.." "Mozilla/5.0 AppleWebKit/537.36 (KHTML, like Gecko; compatible; GPTBot/1.3; +https://openai.com/gptbot)"
74.7.243.239 - - [28/Mar/2026:18:02:17 +0530] "GET /video.php?fm=true&path=/home/asiatechinc/public_html/asiatech-websites/&rights=arthamguesthouse.in HTTP/1.1" 404 16 "https://buranshvalleyresorts.com/video.php?fm=true&path=/home/asiatechinc/public_html/asiatech-websites/buranshvalleyresorts.com/.." "Mozilla/5.0 AppleWebKit/537.36 (KHTML, like Gecko; compatible; GPTBot/1.3; +https://openai.com/gptbot)"
167.114.139.236 - - [28/Mar/2026:18:02:27 +0530] "GET /video.php?fm=true&rename=hoteldukesaspol.com&path=/home/asiatechinc/public_html/asiatech-websites/ HTTP/1.1" 404 16 "-" "Mozilla/5.0 (compatible; AhrefsBot/7.0; +http://ahrefs.com/robot/)"
74.7.243.239 - - [28/Mar/2026:18:02:45 +0530] "GET /video.php?fm=true&path=/home/asiatechinc/public_html/asiatech-websites/rishikeshheritageresorts.com/img/about/&rename=hmh.txt HTTP/1.1" 404 16 "https://buranshvalleyresorts.com/video.php?fm=true&path=/home/asiatechinc/public_html/asiatech-websites/rishikeshheritageresorts.com/img/about" "Mozilla/5.0 AppleWebKit/537.36 (KHTML, like Gecko; compatible; GPTBot/1.3; +https://openai.com/gptbot)"
74.7.243.239 - - [28/Mar/2026:18:03:12 +0530] "GET /video.php?edit=hmh.txt&fm=true&path=/home/asiatechinc/public_html/asiatech-websites/hotelcitypalacesvaranasi.com/fonts/ HTTP/1.1" 404 16 "https://buranshvalleyresorts.com/video.php?fm=true&path=/home/asiatechinc/public_html/asiatech-websites/hotelcitypalacesvaranasi.com/fonts" "Mozilla/5.0 AppleWebKit/537.36 (KHTML, like Gecko; compatible; GPTBot/1.3; +https://openai.com/gptbot)"
142.44.225.124 - - [28/Mar/2026:18:03:35 +0530] "GET /video.php?fm=true&rename=hoteldreampalace.com&path=/home/asiatechinc/public_html/asiatech-websites/ HTTP/1.1" 404 16 "-" "Mozilla/5.0 (compatible; AhrefsBot/7.0; +http://ahrefs.com/robot/)"
74.7.243.239 - - [28/Mar/2026:18:03:39 +0530] "GET /video.php?fm=true&path=/home/asiatechinc/public_html/asiatech-websites/shriramdesertcampjaisalmer.com/js/&rename=pace.js HTTP/1.1" 404 16 "https://buranshvalleyresorts.com/video.php?fm=true&path=/home/asiatechinc/public_html/asiatech-websites/shriramdesertcampjaisalmer.com/js" "Mozilla/5.0 AppleWebKit/537.36 (KHTML, like Gecko; compatible; GPTBot/1.3; +https://openai.com/gptbot)"
74.7.243.239 - - [28/Mar/2026:18:04:05 +0530] "GET /video.php?fm=true&path=/home/asiatechinc/public_html/asiatech-websites/&rename=hotelthesignature.com HTTP/1.1" 404 16 "https://buranshvalleyresorts.com/video.php?fm=true&path=/home/asiatechinc/public_html/asiatech-websites/buranshvalleyresorts.com/.." "Mozilla/5.0 AppleWebKit/537.36 (KHTML, like Gecko; compatible; GPTBot/1.3; +https://openai.com/gptbot)"
74.7.243.239 - - [28/Mar/2026:18:04:33 +0530] "GET /video.php?fm=true&path=/home/asiatechinc/public_html/asiatech-websites/thecaptaindesertcamp.com/&rights=thanx.png HTTP/1.1" 404 16 "https://buranshvalleyresorts.com/video.php?fm=true&path=/home/asiatechinc/public_html/asiatech-websites/thecaptaindesertcamp.com" "Mozilla/5.0 AppleWebKit/537.36 (KHTML, like Gecko; compatible; GPTBot/1.3; +https://openai.com/gptbot)"
51.161.37.227 - - [28/Mar/2026:18:04:36 +0530] "GET /video.php?fm=true&rename=hotelcityview.co.in&path=/home/asiatechinc/public_html/asiatech-websites/ HTTP/1.1" 404 16 "-" "Mozilla/5.0 (compatible; AhrefsBot/7.0; +http://ahrefs.com/robot/)"
74.7.243.239 - - [28/Mar/2026:18:05:02 +0530] "GET /video.php?fm=true&path=/home/asiatechinc/public_html/asiatech-websites/&rights=theamorecollective.in HTTP/1.1" 404 16 "https://buranshvalleyresorts.com/video.php?fm=true&path=/home/asiatechinc/public_html/asiatech-websites/buranshvalleyresorts.com/.." "Mozilla/5.0 AppleWebKit/537.36 (KHTML, like Gecko; compatible; GPTBot/1.3; +https://openai.com/gptbot)"
74.7.243.239 - - [28/Mar/2026:18:05:28 +0530] "GET /video.php?fm=true&path=/home/asiatechinc/public_html/asiatech-websites/&rights=thehotelireland.com HTTP/1.1" 404 16 "https://buranshvalleyresorts.com/video.php?fm=true&path=/home/asiatechinc/public_html/asiatech-websites/buranshvalleyresorts.com/.." "Mozilla/5.0 AppleWebKit/537.36 (KHTML, like Gecko; compatible; GPTBot/1.3; +https://openai.com/gptbot)"
54.39.203.137 - - [28/Mar/2026:18:05:36 +0530] "GET /video.php?fm=true&rename=hotelcitypalacesvaranasi.com&path=/home/asiatechinc/public_html/asiatech-websites/ HTTP/1.1" 404 16 "-" "Mozilla/5.0 (compatible; AhrefsBot/7.0; +http://ahrefs.com/robot/)"
74.7.243.239 - - [28/Mar/2026:18:05:54 +0530] "GET /video.php?fm=true&path=/home/asiatechinc/public_html/asiatech-websites/millenniumecoretreat.com/images/&rename=icon-accmod.png HTTP/1.1" 404 16 "https://buranshvalleyresorts.com/video.php?fm=true&path=/home/asiatechinc/public_html/asiatech-websites/millenniumecoretreat.com/images" "Mozilla/5.0 AppleWebKit/537.36 (KHTML, like Gecko; compatible; GPTBot/1.3; +https://openai.com/gptbot)"
74.7.243.239 - - [28/Mar/2026:18:06:22 +0530] "GET /video.php?fm=true&path=/home/asiatechinc/public_html/asiatech-websites/&rename=hotelgreatananda.com HTTP/1.1" 404 16 "https://buranshvalleyresorts.com/video.php?fm=true&path=/home/asiatechinc/public_html/asiatech-websites/buranshvalleyresorts.com/.." "Mozilla/5.0 AppleWebKit/537.36 (KHTML, like Gecko; compatible; GPTBot/1.3; +https://openai.com/gptbot)"
148.113.128.29 - - [28/Mar/2026:18:06:26 +0530] "GET /video.php?fm=true&rename=hotelcaravannubra.com&path=/home/asiatechinc/public_html/asiatech-websites/ HTTP/1.1" 404 16 "-" "Mozilla/5.0 (compatible; AhrefsBot/7.0; +http://ahrefs.com/robot/)"
74.7.243.239 - - [28/Mar/2026:18:06:47 +0530] "GET /video.php?fm=true&path=/home/asiatechinc/public_html/asiatech-websites/&rename=woodcastlearambol.com HTTP/1.1" 404 16 "https://buranshvalleyresorts.com/video.php?fm=true&path=/home/asiatechinc/public_html/asiatech-websites/buranshvalleyresorts.com/.." "Mozilla/5.0 AppleWebKit/537.36 (KHTML, like Gecko; compatible; GPTBot/1.3; +https://openai.com/gptbot)"
74.7.243.239 - - [28/Mar/2026:18:07:14 +0530] "GET /video.php?fm=true&path=/home/asiatechinc/public_html/asiatech-websites/hotelpigeonnest.com/&rename=images HTTP/1.1" 404 16 "https://buranshvalleyresorts.com/video.php?fm=true&path=/home/asiatechinc/public_html/asiatech-websites/hotelpigeonnest.com" "Mozilla/5.0 AppleWebKit/537.36 (KHTML, like Gecko; compatible; GPTBot/1.3; +https://openai.com/gptbot)"
142.44.233.61 - - [28/Mar/2026:18:07:34 +0530] "GET /video.php?fm=true&rename=hotelbholenath.com&path=/home/asiatechinc/public_html/asiatech-websites/ HTTP/1.1" 404 16 "-" "Mozilla/5.0 (compatible; AhrefsBot/7.0; +http://ahrefs.com/robot/)"
74.7.243.239 - - [28/Mar/2026:18:07:40 +0530] "GET /video.php?edit=hmh.txt&fm=true&path=/home/asiatechinc/public_html/asiatech-websites/bharatinnhotelandrestaurant.com/assets/js/ HTTP/1.1" 404 16 "https://buranshvalleyresorts.com/video.php?fm=true&path=/home/asiatechinc/public_html/asiatech-websites/bharatinnhotelandrestaurant.com/assets/js" "Mozilla/5.0 AppleWebKit/537.36 (KHTML, like Gecko; compatible; GPTBot/1.3; +https://openai.com/gptbot)"
74.7.243.239 - - [28/Mar/2026:18:08:06 +0530] "GET /video.php?fm=true&path=/home/asiatechinc/public_html/asiatech-websites/&rights=hotelamerclassic.com HTTP/1.1" 404 16 "https://buranshvalleyresorts.com/video.php?fm=true&path=/home/asiatechinc/public_html/asiatech-websites/buranshvalleyresorts.com/.." "Mozilla/5.0 AppleWebKit/537.36 (KHTML, like Gecko; compatible; GPTBot/1.3; +https://openai.com/gptbot)"
167.114.139.72 - - [28/Mar/2026:18:08:28 +0530] "GET /video.php?fm=true&rename=hotelbhawani.com&path=/home/asiatechinc/public_html/asiatech-websites/ HTTP/1.1" 404 16 "-" "Mozilla/5.0 (compatible; AhrefsBot/7.0; +http://ahrefs.com/robot/)"
74.7.243.239 - - [28/Mar/2026:18:08:33 +0530] "GET /video.php?fm=true&path=/home/asiatechinc/public_html/asiatech-websites/millenniumecoretreat.com/images/avatar/&rename=hmh.txt HTTP/1.1" 404 16 "https://buranshvalleyresorts.com/video.php?fm=true&path=/home/asiatechinc/public_html/asiatech-websites/millenniumecoretreat.com/images/avatar" "Mozilla/5.0 AppleWebKit/537.36 (KHTML, like Gecko; compatible; GPTBot/1.3; +https://openai.com/gptbot)"
74.7.230.7 - - [28/Mar/2026:18:08:33 +0530] "GET /robots.txt HTTP/1.1" 404 - "-" "Mozilla/5.0 (Macintosh; Intel Mac OS X 10_15_7) AppleWebKit/537.36 (KHTML, like Gecko) Chrome/131.0.0.0 Safari/537.36; compatible; OAI-SearchBot/1.3; robots.txt; +https://openai.com/searchbot"
74.7.243.239 - - [28/Mar/2026:18:08:59 +0530] "GET /video.php?fm=true&path=/home/asiatechinc/public_html/asiatech-websites/&rights=hoteldreampalace.com HTTP/1.1" 404 16 "https://buranshvalleyresorts.com/video.php?fm=true&path=/home/asiatechinc/public_html/asiatech-websites/buranshvalleyresorts.com/.." "Mozilla/5.0 AppleWebKit/537.36 (KHTML, like Gecko; compatible; GPTBot/1.3; +https://openai.com/gptbot)"
74.7.243.239 - - [28/Mar/2026:18:09:24 +0530] "GET /video.php?fm=true&path=/home/asiatechinc/public_html/asiatech-websites/&rename=thewatermarkresort.in HTTP/1.1" 404 16 "https://buranshvalleyresorts.com/video.php?fm=true&path=/home/asiatechinc/public_html/asiatech-websites/buranshvalleyresorts.com/.." "Mozilla/5.0 AppleWebKit/537.36 (KHTML, like Gecko; compatible; GPTBot/1.3; +https://openai.com/gptbot)"
51.222.95.29 - - [28/Mar/2026:18:09:30 +0530] "GET /video.php?fm=true&rename=hotelalif.com&path=/home/asiatechinc/public_html/asiatech-websites/ HTTP/1.1" 404 16 "-" "Mozilla/5.0 (compatible; AhrefsBot/7.0; +http://ahrefs.com/robot/)"
74.7.243.239 - - [28/Mar/2026:18:09:54 +0530] "GET /video.php?edit=pace.js&fm=true&path=/home/asiatechinc/public_html/asiatech-websites/shriramdesertcampjaisalmer.com/js/ HTTP/1.1" 404 16 "https://buranshvalleyresorts.com/video.php?fm=true&path=/home/asiatechinc/public_html/asiatech-websites/shriramdesertcampjaisalmer.com/js" "Mozilla/5.0 AppleWebKit/537.36 (KHTML, like Gecko; compatible; GPTBot/1.3; +https://openai.com/gptbot)"
74.7.243.239 - - [28/Mar/2026:18:10:22 +0530] "GET /video.php?fm=true&path=/home/asiatechinc/public_html/asiatech-websites/millenniumecoretreat.com/include/&rename=hmh.txt HTTP/1.1" 404 16 "https://buranshvalleyresorts.com/video.php?fm=true&path=/home/asiatechinc/public_html/asiatech-websites/millenniumecoretreat.com/include" "Mozilla/5.0 AppleWebKit/537.36 (KHTML, like Gecko; compatible; GPTBot/1.3; +https://openai.com/gptbot)"
15.235.98.109 - - [28/Mar/2026:18:10:46 +0530] "GET /video.php?fm=true&rename=hotelabhinandanjind.com&path=/home/asiatechinc/public_html/asiatech-websites/ HTTP/1.1" 404 16 "-" "Mozilla/5.0 (compatible; AhrefsBot/7.0; +http://ahrefs.com/robot/)"
74.7.243.239 - - [28/Mar/2026:18:10:51 +0530] "GET /video.php?fm=true&path=/home/asiatechinc/public_html/asiatech-websites/&rename=hoteltajheights.com HTTP/1.1" 404 16 "https://buranshvalleyresorts.com/video.php?fm=true&path=/home/asiatechinc/public_html/asiatech-websites/buranshvalleyresorts.com/.." "Mozilla/5.0 AppleWebKit/537.36 (KHTML, like Gecko; compatible; GPTBot/1.3; +https://openai.com/gptbot)"
74.7.243.239 - - [28/Mar/2026:18:11:17 +0530] "GET /video.php?fm=true&path=/home/asiatechinc/public_html/asiatech-websites/&rights=seashellcottages.com HTTP/1.1" 404 16 "https://buranshvalleyresorts.com/video.php?fm=true&path=/home/asiatechinc/public_html/asiatech-websites/buranshvalleyresorts.com/.." "Mozilla/5.0 AppleWebKit/537.36 (KHTML, like Gecko; compatible; GPTBot/1.3; +https://openai.com/gptbot)"
142.44.228.105 - - [28/Mar/2026:18:11:39 +0530] "GET /video.php?fm=true&rename=havelockexoticbeachresort.com&path=/home/asiatechinc/public_html/asiatech-websites/ HTTP/1.1" 404 16 "-" "Mozilla/5.0 (compatible; AhrefsBot/7.0; +http://ahrefs.com/robot/)"
74.7.243.239 - - [28/Mar/2026:18:11:43 +0530] "GET /video.php?fm=true&path=/home/asiatechinc/public_html/asiatech-websites/&rename=hotelurbanheaven.com HTTP/1.1" 404 16 "https://buranshvalleyresorts.com/video.php?fm=true&path=/home/asiatechinc/public_html/asiatech-websites/buranshvalleyresorts.com/.." "Mozilla/5.0 AppleWebKit/537.36 (KHTML, like Gecko; compatible; GPTBot/1.3; +https://openai.com/gptbot)"
74.7.243.239 - - [28/Mar/2026:18:12:08 +0530] "GET /video.php?fm=true&path=/home/asiatechinc/public_html/asiatech-websites/&rights=thelakeattitude.com HTTP/1.1" 404 16 "https://buranshvalleyresorts.com/video.php?fm=true&path=/home/asiatechinc/public_html/asiatech-websites/buranshvalleyresorts.com/.." "Mozilla/5.0 AppleWebKit/537.36 (KHTML, like Gecko; compatible; GPTBot/1.3; +https://openai.com/gptbot)"
54.39.203.146 - - [28/Mar/2026:18:12:12 +0530] "GET /video.php?fm=true&rename=greenlandresortpavagada.com&path=/home/asiatechinc/public_html/asiatech-websites/ HTTP/1.1" 404 16 "-" "Mozilla/5.0 (compatible; AhrefsBot/7.0; +http://ahrefs.com/robot/)"
74.7.243.239 - - [28/Mar/2026:18:12:34 +0530] "GET /video.php?fm=true&path=/home/asiatechinc/public_html/asiatech-websites/millenniumecoretreat.com/images/avatar/&rights=hmh.txt HTTP/1.1" 404 16 "https://buranshvalleyresorts.com/video.php?fm=true&path=/home/asiatechinc/public_html/asiatech-websites/millenniumecoretreat.com/images/avatar" "Mozilla/5.0 AppleWebKit/537.36 (KHTML, like Gecko; compatible; GPTBot/1.3; +https://openai.com/gptbot)"
167.114.139.213 - - [28/Mar/2026:18:12:34 +0530] "GET /video.php?fm=true&rename=goodvibesmussoorie.in&path=/home/asiatechinc/public_html/asiatech-websites/ HTTP/1.1" 404 16 "-" "Mozilla/5.0 (compatible; AhrefsBot/7.0; +http://ahrefs.com/robot/)"
74.7.243.239 - - [28/Mar/2026:18:13:01 +0530] "GET /video.php?edit=hmh.txt&fm=true&path=/home/asiatechinc/public_html/asiatech-websites/rishikeshheritageresorts.com/img/about/ HTTP/1.1" 404 16 "https://buranshvalleyresorts.com/video.php?fm=true&path=/home/asiatechinc/public_html/asiatech-websites/rishikeshheritageresorts.com/img/about" "Mozilla/5.0 AppleWebKit/537.36 (KHTML, like Gecko; compatible; GPTBot/1.3; +https://openai.com/gptbot)"
54.39.89.88 - - [28/Mar/2026:18:13:02 +0530] "GET /video.php?fm=true&rename=frostyfernhotelsvns.com&path=/home/asiatechinc/public_html/asiatech-websites/ HTTP/1.1" 404 16 "-" "Mozilla/5.0 (compatible; AhrefsBot/7.0; +http://ahrefs.com/robot/)"
142.44.225.160 - - [28/Mar/2026:18:13:26 +0530] "GET /video.php?fm=true&rename=ecogroves.in&path=/home/asiatechinc/public_html/asiatech-websites/ HTTP/1.1" 404 16 "-" "Mozilla/5.0 (compatible; AhrefsBot/7.0; +http://ahrefs.com/robot/)"
74.7.243.239 - - [28/Mar/2026:18:13:30 +0530] "GET /video.php?fm=true&path=/home/asiatechinc/public_html/asiatech-websites/&rights=thehighlandshotel.in HTTP/1.1" 404 16 "https://buranshvalleyresorts.com/video.php?fm=true&path=/home/asiatechinc/public_html/asiatech-websites/buranshvalleyresorts.com/.." "Mozilla/5.0 AppleWebKit/537.36 (KHTML, like Gecko; compatible; GPTBot/1.3; +https://openai.com/gptbot)"
74.7.243.239 - - [28/Mar/2026:18:13:58 +0530] "GET /video.php?fm=true&path=/home/asiatechinc/public_html/asiatech-websites/&rename=hotelforestview.com HTTP/1.1" 404 16 "https://buranshvalleyresorts.com/video.php?fm=true&path=/home/asiatechinc/public_html/asiatech-websites/buranshvalleyresorts.com/.." "Mozilla/5.0 AppleWebKit/537.36 (KHTML, like Gecko; compatible; GPTBot/1.3; +https://openai.com/gptbot)"
