File manager - Edit - /var/log/apache2/domlogs/asiatechinc/alohiinn.com.asiatechinc.com-ssl_log
Back
141.98.11.44 - - [27/Mar/2026:16:26:03 +0530] "GET /assets/css/libs/sc.css.php HTTP/1.1" 404 16 "-" "Mozilla/5.0 (Windows NT 10.0; Win64; x64) AppleWebKit/537.36"
141.98.11.44 - - [27/Mar/2026:16:59:38 +0530] "GET /assets/css/libs/sc.css.php HTTP/1.1" 404 16 "-" "Mozilla/5.0 (Windows NT 10.0; Win64; x64) AppleWebKit/537.36"
216.73.216.60 - - [27/Mar/2026:17:19:48 +0530] "GET /robots.txt HTTP/1.1" 404 - "-" "Mozilla/5.0 AppleWebKit/537.36 (KHTML, like Gecko; compatible; ClaudeBot/1.0; +claudebot@anthropic.com)"
216.73.216.60 - - [27/Mar/2026:17:19:48 +0530] "GET /about.php HTTP/1.1" 200 12384 "-" "Mozilla/5.0 AppleWebKit/537.36 (KHTML, like Gecko; compatible; ClaudeBot/1.0; +claudebot@anthropic.com)"
216.73.216.60 - - [27/Mar/2026:17:20:35 +0530] "GET /gallery.php HTTP/1.1" 200 11921 "-" "Mozilla/5.0 AppleWebKit/537.36 (KHTML, like Gecko; compatible; ClaudeBot/1.0; +claudebot@anthropic.com)"
216.73.216.60 - - [27/Mar/2026:17:25:28 +0530] "GET /assets/favicon/manifest.html HTTP/1.1" 200 232 "-" "Mozilla/5.0 AppleWebKit/537.36 (KHTML, like Gecko; compatible; ClaudeBot/1.0; +claudebot@anthropic.com)"
141.98.11.44 - - [27/Mar/2026:17:36:34 +0530] "GET /assets/css/libs/sc.css.php HTTP/1.1" 404 16 "-" "Mozilla/5.0 (Windows NT 10.0; Win64; x64) AppleWebKit/537.36"
51.195.244.103 - - [27/Mar/2026:17:49:45 +0530] "GET /robots.txt HTTP/1.1" 404 - "-" "Mozilla/5.0 (compatible; AhrefsBot/7.0; +http://ahrefs.com/robot/)"
5.39.1.250 - - [27/Mar/2026:17:49:46 +0530] "GET /standard-room.php HTTP/1.1" 200 11854 "-" "Mozilla/5.0 (compatible; AhrefsBot/7.0; +http://ahrefs.com/robot/)"
188.166.20.17 - - [27/Mar/2026:17:49:48 +0530] "GET / HTTP/1.1" 200 27286 "-" "Mozilla/5.0 (X11; Linux x86_64) AppleWebKit/537.36 (KHTML, like Gecko) Chrome/142.0.0.0 Safari/537.36"
188.166.20.17 - - [27/Mar/2026:17:49:54 +0530] "GET /assets/images/favicon.png HTTP/1.1" 200 50945 "https://alohiinn.com/" "Mozilla/5.0 (X11; Linux x86_64) AppleWebKit/537.36 (KHTML, like Gecko) Chrome/142.0.0.0 Safari/537.36"
141.98.11.44 - - [27/Mar/2026:18:08:26 +0530] "GET /assets/css/libs/sc.css.php HTTP/1.1" 404 16 "-" "Mozilla/5.0 (Windows NT 10.0; Win64; x64) AppleWebKit/537.36"
141.98.11.44 - - [27/Mar/2026:18:39:30 +0530] "GET /assets/css/libs/sc.css.php HTTP/1.1" 404 16 "-" "Mozilla/5.0 (Windows NT 10.0; Win64; x64) AppleWebKit/537.36"
141.98.11.44 - - [27/Mar/2026:19:12:54 +0530] "GET /assets/css/libs/sc.css.php HTTP/1.1" 404 16 "-" "Mozilla/5.0 (Windows NT 10.0; Win64; x64) AppleWebKit/537.36"
206.189.238.249 - - [27/Mar/2026:19:19:13 +0530] "GET /assets/images/icon/room-5.png HTTP/1.1" 200 2947 "https://alohiinn.com/" "Mozilla/5.0 (Windows NT 10.0; Win64; x64) AppleWebKit/537.36 (KHTML, like Gecko) Chrome/120.0.0.0 Safari/537.36"
103.77.106.41 - - [27/Mar/2026:19:25:23 +0530] "GET / HTTP/1.1" 200 27286 "-" "Mozilla/5.0 (Windows NT 10.0; Win64; x64; rv:122.0) Gecko/20100101 Firefox/122.0"
103.77.106.41 - - [27/Mar/2026:19:25:37 +0530] "GET /xmlrpc.php HTTP/1.1" 404 16 "-" "Mozilla/5.0 (Windows NT 10.0; Win64; x64; rv:122.0) Gecko/20100101 Firefox/122.0"
103.77.106.41 - - [27/Mar/2026:19:25:41 +0530] "GET /wp-login.php HTTP/1.1" 404 16 "-" "Mozilla/5.0 (Windows NT 10.0; Win64; x64; rv:122.0) Gecko/20100101 Firefox/122.0"
141.98.11.44 - - [27/Mar/2026:19:45:16 +0530] "GET /assets/css/libs/sc.css.php HTTP/1.1" 404 16 "-" "Mozilla/5.0 (Windows NT 10.0; Win64; x64) AppleWebKit/537.36"
104.210.140.129 - - [27/Mar/2026:20:01:11 +0530] "GET /robots.txt HTTP/1.1" 404 - "-" "Mozilla/5.0 (Macintosh; Intel Mac OS X 10_15_7) AppleWebKit/537.36 (KHTML, like Gecko) Chrome/131.0.0.0 Safari/537.36; compatible; OAI-SearchBot/1.0; +https://openai.com/searchbot"
141.98.11.44 - - [27/Mar/2026:20:17:48 +0530] "GET /assets/css/libs/sc.css.php HTTP/1.1" 404 16 "-" "Mozilla/5.0 (Windows NT 10.0; Win64; x64) AppleWebKit/537.36"
74.7.230.46 - - [27/Mar/2026:20:18:25 +0530] "GET /robots.txt HTTP/1.1" 404 - "-" "Mozilla/5.0 (Macintosh; Intel Mac OS X 10_15_7) AppleWebKit/537.36 (KHTML, like Gecko) Chrome/131.0.0.0 Safari/537.36; compatible; OAI-SearchBot/1.3; robots.txt; +https://openai.com/searchbot"
87.236.176.222 - - [27/Mar/2026:20:30:52 +0530] "GET / HTTP/1.1" 200 27286 "-" "Mozilla/5.0 (compatible; InternetMeasurement/1.0; +https://internet-measurement.com/)"
185.247.137.95 - - [27/Mar/2026:20:31:01 +0530] "GET /assets/images/favicon.png HTTP/1.1" 200 50945 "-" "Mozilla/5.0 (compatible; InternetMeasurement/1.0; +https://internet-measurement.com/)"
141.98.11.44 - - [27/Mar/2026:20:48:07 +0530] "GET /assets/css/libs/sc.css.php HTTP/1.1" 404 16 "-" "Mozilla/5.0 (Windows NT 10.0; Win64; x64) AppleWebKit/537.36"
141.98.11.44 - - [27/Mar/2026:21:20:41 +0530] "GET /assets/css/libs/sc.css.php HTTP/1.1" 404 16 "-" "Mozilla/5.0 (Windows NT 10.0; Win64; x64) AppleWebKit/537.36"
45.148.10.23 - - [27/Mar/2026:21:20:57 +0530] "GET /.git/config HTTP/1.1" 404 - "-" "Mozilla/5.0 (Macintosh; U; Intel Mac OS X 10_5_3; en-ca) AppleWebKit/525.18 (KHTML, like Gecko) Version/3.1.1 Safari/525.20"
66.249.77.9 - - [27/Mar/2026:21:39:55 +0530] "GET /robots.txt HTTP/1.1" 404 - "-" "Mozilla/5.0 (compatible; Googlebot/2.1; +http://www.google.com/bot.html)"
66.249.77.9 - - [27/Mar/2026:21:39:59 +0530] "HEAD / HTTP/1.1" 200 - "-" "GoogleOther"
141.98.11.44 - - [27/Mar/2026:21:53:47 +0530] "GET /assets/css/libs/sc.css.php HTTP/1.1" 404 16 "-" "Mozilla/5.0 (Windows NT 10.0; Win64; x64) AppleWebKit/537.36"
74.7.241.167 - - [27/Mar/2026:22:12:32 +0530] "GET /robots.txt HTTP/1.1" 404 - "-" "Mozilla/5.0 (Macintosh; Intel Mac OS X 10_15_7) AppleWebKit/537.36 (KHTML, like Gecko) Chrome/131.0.0.0 Safari/537.36; compatible; OAI-SearchBot/1.3; robots.txt; +https://openai.com/searchbot"
141.98.11.44 - - [27/Mar/2026:22:25:16 +0530] "GET /assets/css/libs/sc.css.php HTTP/1.1" 404 16 "-" "Mozilla/5.0 (Windows NT 10.0; Win64; x64) AppleWebKit/537.36"
52.141.60.66 - - [27/Mar/2026:22:34:15 +0530] "GET /3.php HTTP/1.1" 404 16 "-" "Mozilla/5.0 (Windows NT 10.0; Win64; x64) AppleWebKit/537.36 (KHTML, like Gecko) Chrome/120.0.0.0 Safari/537.36"
52.141.60.66 - - [27/Mar/2026:22:34:15 +0530] "GET /403.php HTTP/1.1" 404 16 "-" "Mozilla/5.0 (Windows NT 10.0; Win64; x64) AppleWebKit/537.36 (KHTML, like Gecko) Chrome/120.0.0.0 Safari/537.36"
52.141.60.66 - - [27/Mar/2026:22:34:15 +0530] "GET /404.php HTTP/1.1" 404 16 "-" "Mozilla/5.0 (Windows NT 10.0; Win64; x64) AppleWebKit/537.36 (KHTML, like Gecko) Chrome/120.0.0.0 Safari/537.36"
52.141.60.66 - - [27/Mar/2026:22:34:15 +0530] "GET /87.php HTTP/1.1" 404 16 "-" "Mozilla/5.0 (Windows NT 10.0; Win64; x64) AppleWebKit/537.36 (KHTML, like Gecko) Chrome/120.0.0.0 Safari/537.36"
52.141.60.66 - - [27/Mar/2026:22:34:15 +0530] "GET /Auth/index.php HTTP/1.1" 404 - "-" "Mozilla/5.0 (Windows NT 10.0; Win64; x64) AppleWebKit/537.36 (KHTML, like Gecko) Chrome/120.0.0.0 Safari/537.36"
52.141.60.66 - - [27/Mar/2026:22:34:15 +0530] "GET /BrutalShell/ HTTP/1.1" 404 - "-" "Mozilla/5.0 (Windows NT 10.0; Win64; x64) AppleWebKit/537.36 (KHTML, like Gecko) Chrome/120.0.0.0 Safari/537.36"
52.141.60.66 - - [27/Mar/2026:22:34:15 +0530] "GET /Cache/ HTTP/1.1" 404 - "-" "Mozilla/5.0 (Windows NT 10.0; Win64; x64) AppleWebKit/537.36 (KHTML, like Gecko) Chrome/120.0.0.0 Safari/537.36"
52.141.60.66 - - [27/Mar/2026:22:34:16 +0530] "GET /Cache/upfile.php HTTP/1.1" 404 - "-" "Mozilla/5.0 (Windows NT 10.0; Win64; x64) AppleWebKit/537.36 (KHTML, like Gecko) Chrome/120.0.0.0 Safari/537.36"
52.141.60.66 - - [27/Mar/2026:22:34:16 +0530] "GET /Canonical.php HTTP/1.1" 404 16 "-" "Mozilla/5.0 (Windows NT 10.0; Win64; x64) AppleWebKit/537.36 (KHTML, like Gecko) Chrome/120.0.0.0 Safari/537.36"
52.141.60.66 - - [27/Mar/2026:22:34:16 +0530] "GET /Content/ HTTP/1.1" 404 - "-" "Mozilla/5.0 (Windows NT 10.0; Win64; x64) AppleWebKit/537.36 (KHTML, like Gecko) Chrome/120.0.0.0 Safari/537.36"
52.141.60.66 - - [27/Mar/2026:22:34:16 +0530] "GET /Content/Type/ HTTP/1.1" 404 - "-" "Mozilla/5.0 (Windows NT 10.0; Win64; x64) AppleWebKit/537.36 (KHTML, like Gecko) Chrome/120.0.0.0 Safari/537.36"
52.141.60.66 - - [27/Mar/2026:22:34:16 +0530] "GET /Content/Type/index.php HTTP/1.1" 404 - "-" "Mozilla/5.0 (Windows NT 10.0; Win64; x64) AppleWebKit/537.36 (KHTML, like Gecko) Chrome/120.0.0.0 Safari/537.36"
52.141.60.66 - - [27/Mar/2026:22:34:16 +0530] "GET /Cookie/ HTTP/1.1" 404 - "-" "Mozilla/5.0 (Windows NT 10.0; Win64; x64) AppleWebKit/537.36 (KHTML, like Gecko) Chrome/120.0.0.0 Safari/537.36"
52.141.60.66 - - [27/Mar/2026:22:34:16 +0530] "GET /Core-Econ/upH.php HTTP/1.1" 404 - "-" "Mozilla/5.0 (Windows NT 10.0; Win64; x64) AppleWebKit/537.36 (KHTML, like Gecko) Chrome/120.0.0.0 Safari/537.36"
52.141.60.66 - - [27/Mar/2026:22:34:17 +0530] "GET /DJP9.php HTTP/1.1" 404 16 "-" "Mozilla/5.0 (Windows NT 10.0; Win64; x64) AppleWebKit/537.36 (KHTML, like Gecko) Chrome/120.0.0.0 Safari/537.36"
52.141.60.66 - - [27/Mar/2026:22:34:17 +0530] "GET /Diff/ HTTP/1.1" 404 - "-" "Mozilla/5.0 (Windows NT 10.0; Win64; x64) AppleWebKit/537.36 (KHTML, like Gecko) Chrome/120.0.0.0 Safari/537.36"
52.141.60.66 - - [27/Mar/2026:22:34:17 +0530] "GET /Diff/Engine/ HTTP/1.1" 404 - "-" "Mozilla/5.0 (Windows NT 10.0; Win64; x64) AppleWebKit/537.36 (KHTML, like Gecko) Chrome/120.0.0.0 Safari/537.36"
52.141.60.66 - - [27/Mar/2026:22:34:17 +0530] "GET /Diff/Engine/Engine/ HTTP/1.1" 404 - "-" "Mozilla/5.0 (Windows NT 10.0; Win64; x64) AppleWebKit/537.36 (KHTML, like Gecko) Chrome/120.0.0.0 Safari/537.36"
52.141.60.66 - - [27/Mar/2026:22:34:17 +0530] "GET /Diff/Engine/about.php HTTP/1.1" 404 - "-" "Mozilla/5.0 (Windows NT 10.0; Win64; x64) AppleWebKit/537.36 (KHTML, like Gecko) Chrome/120.0.0.0 Safari/537.36"
52.141.60.66 - - [27/Mar/2026:22:34:17 +0530] "GET /Diff/Engine/index.php HTTP/1.1" 404 - "-" "Mozilla/5.0 (Windows NT 10.0; Win64; x64) AppleWebKit/537.36 (KHTML, like Gecko) Chrome/120.0.0.0 Safari/537.36"
52.141.60.66 - - [27/Mar/2026:22:34:17 +0530] "GET /Diff/Renderer/ HTTP/1.1" 404 - "-" "Mozilla/5.0 (Windows NT 10.0; Win64; x64) AppleWebKit/537.36 (KHTML, like Gecko) Chrome/120.0.0.0 Safari/537.36"
52.141.60.66 - - [27/Mar/2026:22:34:18 +0530] "GET /Diff/Renderer/about.php HTTP/1.1" 404 - "-" "Mozilla/5.0 (Windows NT 10.0; Win64; x64) AppleWebKit/537.36 (KHTML, like Gecko) Chrome/120.0.0.0 Safari/537.36"
52.141.60.66 - - [27/Mar/2026:22:34:18 +0530] "GET /Diff/Renderer/index.php HTTP/1.1" 404 - "-" "Mozilla/5.0 (Windows NT 10.0; Win64; x64) AppleWebKit/537.36 (KHTML, like Gecko) Chrome/120.0.0.0 Safari/537.36"
52.141.60.66 - - [27/Mar/2026:22:34:18 +0530] "GET /Diff/index.php HTTP/1.1" 404 - "-" "Mozilla/5.0 (Windows NT 10.0; Win64; x64) AppleWebKit/537.36 (KHTML, like Gecko) Chrome/120.0.0.0 Safari/537.36"
52.141.60.66 - - [27/Mar/2026:22:34:18 +0530] "GET /WordPressCore/ HTTP/1.1" 404 - "-" "Mozilla/5.0 (Windows NT 10.0; Win64; x64) AppleWebKit/537.36 (KHTML, like Gecko) Chrome/120.0.0.0 Safari/537.36"
52.141.60.66 - - [27/Mar/2026:22:34:18 +0530] "GET /WordPressCore/cong.php HTTP/1.1" 404 - "-" "Mozilla/5.0 (Windows NT 10.0; Win64; x64) AppleWebKit/537.36 (KHTML, like Gecko) Chrome/120.0.0.0 Safari/537.36"
52.141.60.66 - - [27/Mar/2026:22:34:18 +0530] "GET /WordPressCore/include.php HTTP/1.1" 404 - "-" "Mozilla/5.0 (Windows NT 10.0; Win64; x64) AppleWebKit/537.36 (KHTML, like Gecko) Chrome/120.0.0.0 Safari/537.36"
52.141.60.66 - - [27/Mar/2026:22:34:19 +0530] "GET /WordPressCore/index.php HTTP/1.1" 404 - "-" "Mozilla/5.0 (Windows NT 10.0; Win64; x64) AppleWebKit/537.36 (KHTML, like Gecko) Chrome/120.0.0.0 Safari/537.36"
52.141.60.66 - - [27/Mar/2026:22:34:19 +0530] "GET /aa.php HTTP/1.1" 404 16 "-" "Mozilla/5.0 (Windows NT 10.0; Win64; x64) AppleWebKit/537.36 (KHTML, like Gecko) Chrome/120.0.0.0 Safari/537.36"
52.141.60.66 - - [27/Mar/2026:22:34:19 +0530] "GET /aaaa.php HTTP/1.1" 404 16 "-" "Mozilla/5.0 (Windows NT 10.0; Win64; x64) AppleWebKit/537.36 (KHTML, like Gecko) Chrome/120.0.0.0 Safari/537.36"
52.141.60.66 - - [27/Mar/2026:22:34:19 +0530] "GET /aahana/worksec.php HTTP/1.1" 404 - "-" "Mozilla/5.0 (Windows NT 10.0; Win64; x64) AppleWebKit/537.36 (KHTML, like Gecko) Chrome/120.0.0.0 Safari/537.36"
52.141.60.66 - - [27/Mar/2026:22:34:19 +0530] "GET /ab.php HTTP/1.1" 404 16 "-" "Mozilla/5.0 (Windows NT 10.0; Win64; x64) AppleWebKit/537.36 (KHTML, like Gecko) Chrome/120.0.0.0 Safari/537.36"
52.141.60.66 - - [27/Mar/2026:22:34:19 +0530] "GET /abcd.php HTTP/1.1" 404 16 "-" "Mozilla/5.0 (Windows NT 10.0; Win64; x64) AppleWebKit/537.36 (KHTML, like Gecko) Chrome/120.0.0.0 Safari/537.36"
52.141.60.66 - - [27/Mar/2026:22:34:19 +0530] "GET /about.php HTTP/1.1" 200 12384 "-" "Mozilla/5.0 (Windows NT 10.0; Win64; x64) AppleWebKit/537.36 (KHTML, like Gecko) Chrome/120.0.0.0 Safari/537.36"
52.141.60.66 - - [27/Mar/2026:22:34:20 +0530] "GET /about.php/wp-content/x/index.php HTTP/1.1" 200 12384 "-" "Mozilla/5.0 (Windows NT 10.0; Win64; x64) AppleWebKit/537.36 (KHTML, like Gecko) Chrome/120.0.0.0 Safari/537.36"
52.141.60.66 - - [27/Mar/2026:22:34:20 +0530] "GET /about.php7 HTTP/1.1" 404 16 "-" "Mozilla/5.0 (Windows NT 10.0; Win64; x64) AppleWebKit/537.36 (KHTML, like Gecko) Chrome/120.0.0.0 Safari/537.36"
52.141.60.66 - - [27/Mar/2026:22:34:20 +0530] "GET /admin HTTP/1.1" 404 - "-" "Mozilla/5.0 (Windows NT 10.0; Win64; x64) AppleWebKit/537.36 (KHTML, like Gecko) Chrome/120.0.0.0 Safari/537.36"
52.141.60.66 - - [27/Mar/2026:22:34:20 +0530] "GET /admin-ajax.php HTTP/1.1" 404 16 "-" "Mozilla/5.0 (Windows NT 10.0; Win64; x64) AppleWebKit/537.36 (KHTML, like Gecko) Chrome/120.0.0.0 Safari/537.36"
52.141.60.66 - - [27/Mar/2026:22:34:20 +0530] "GET /admin.php HTTP/1.1" 404 16 "-" "Mozilla/5.0 (Windows NT 10.0; Win64; x64) AppleWebKit/537.36 (KHTML, like Gecko) Chrome/120.0.0.0 Safari/537.36"
52.141.60.66 - - [27/Mar/2026:22:34:20 +0530] "GET /adminer.php HTTP/1.1" 404 16 "-" "Mozilla/5.0 (Windows NT 10.0; Win64; x64) AppleWebKit/537.36 (KHTML, like Gecko) Chrome/120.0.0.0 Safari/537.36"
52.141.60.66 - - [27/Mar/2026:22:34:20 +0530] "GET /adminfuns.php HTTP/1.1" 404 16 "-" "Mozilla/5.0 (Windows NT 10.0; Win64; x64) AppleWebKit/537.36 (KHTML, like Gecko) Chrome/120.0.0.0 Safari/537.36"
52.141.60.66 - - [27/Mar/2026:22:34:21 +0530] "GET /adminfuns.php7 HTTP/1.1" 404 16 "-" "Mozilla/5.0 (Windows NT 10.0; Win64; x64) AppleWebKit/537.36 (KHTML, like Gecko) Chrome/120.0.0.0 Safari/537.36"
52.141.60.66 - - [27/Mar/2026:22:34:21 +0530] "GET /ads.txt HTTP/1.1" 404 - "-" "Mozilla/5.0 (Windows NT 10.0; Win64; x64) AppleWebKit/537.36 (KHTML, like Gecko) Chrome/120.0.0.0 Safari/537.36"
52.141.60.66 - - [27/Mar/2026:22:34:21 +0530] "GET /ae.php HTTP/1.1" 404 16 "-" "Mozilla/5.0 (Windows NT 10.0; Win64; x64) AppleWebKit/537.36 (KHTML, like Gecko) Chrome/120.0.0.0 Safari/537.36"
52.141.60.66 - - [27/Mar/2026:22:34:21 +0530] "GET /af32.php HTTP/1.1" 404 16 "-" "Mozilla/5.0 (Windows NT 10.0; Win64; x64) AppleWebKit/537.36 (KHTML, like Gecko) Chrome/120.0.0.0 Safari/537.36"
52.141.60.66 - - [27/Mar/2026:22:34:21 +0530] "GET /ahax.php HTTP/1.1" 404 16 "-" "Mozilla/5.0 (Windows NT 10.0; Win64; x64) AppleWebKit/537.36 (KHTML, like Gecko) Chrome/120.0.0.0 Safari/537.36"
52.141.60.66 - - [27/Mar/2026:22:34:21 +0530] "GET /ai.txt HTTP/1.1" 404 - "-" "Mozilla/5.0 (Windows NT 10.0; Win64; x64) AppleWebKit/537.36 (KHTML, like Gecko) Chrome/120.0.0.0 Safari/537.36"
52.141.60.66 - - [27/Mar/2026:22:34:21 +0530] "GET /akc.php HTTP/1.1" 404 16 "-" "Mozilla/5.0 (Windows NT 10.0; Win64; x64) AppleWebKit/537.36 (KHTML, like Gecko) Chrome/120.0.0.0 Safari/537.36"
52.141.60.66 - - [27/Mar/2026:22:34:22 +0530] "GET /aks.php HTTP/1.1" 404 16 "-" "Mozilla/5.0 (Windows NT 10.0; Win64; x64) AppleWebKit/537.36 (KHTML, like Gecko) Chrome/120.0.0.0 Safari/537.36"
41.208.174.225 - - [27/Mar/2026:22:54:31 +0530] "GET /accommodations.php HTTP/1.1" 404 16 "-" "Mozilla/5.0 (Macintosh; Intel Mac OS X 10_15_5) AppleWebKit/537.36 (KHTML, like Gecko) Chrome/84.0.4147.105 Safari/537.36"
14.191.85.2 - - [27/Mar/2026:22:55:16 +0530] "GET /attractions.php HTTP/1.1" 200 13029 "-" "Mozilla/5.0 (Macintosh; Intel Mac OS X 10_15_7) AppleWebKit/537.36 (KHTML, like Gecko) Chrome/102.0.0.0 Safari/537.36"
37.236.126.9 - - [27/Mar/2026:22:56:12 +0530] "GET /about.php HTTP/1.1" 200 12384 "-" "Mozilla/5.0 (Macintosh; Intel Mac OS X 11_1_0) AppleWebKit/537.36 (KHTML, like Gecko) Brave Chrome/89.0.4389.72 Safari/537.36"
141.98.11.44 - - [27/Mar/2026:22:57:54 +0530] "GET /assets/css/libs/sc.css.php HTTP/1.1" 404 16 "-" "Mozilla/5.0 (Windows NT 10.0; Win64; x64) AppleWebKit/537.36"
113.183.243.96 - - [27/Mar/2026:23:00:52 +0530] "GET /contact.php HTTP/1.1" 200 10536 "-" "Mozilla/5.0 (Macintosh; Intel Mac OS X 10_15_7) AppleWebKit/537.36 (KHTML, like Gecko) Chrome/104.0.5112.102 Safari/537.36"
130.193.227.17 - - [27/Mar/2026:23:01:13 +0530] "GET /accommodation.php HTTP/1.1" 200 13638 "-" "Mozilla/5.0 (Macintosh; Intel Mac OS X 10_15_4) AppleWebKit/537.36 (KHTML, like Gecko) Brave Chrome/84.0.4147.89 Safari/537.36"
188.161.174.86 - - [27/Mar/2026:23:01:50 +0530] "GET /index.php HTTP/1.1" 200 27286 "-" "Mozilla/5.0 (Windows NT 6.3; Win64; x64) AppleWebKit/537.36 (KHTML, like Gecko) Chrome/91.0.4472.101 Safari/537.36"
14.247.205.30 - - [27/Mar/2026:23:05:18 +0530] "GET /gallery.php HTTP/1.1" 200 11921 "-" "Mozilla/5.0 (Macintosh; Intel Mac OS X 10_12_0) AppleWebKit/537.36 (KHTML, like Gecko) Chrome/65.0.3325.5 Safari/537.36"
66.249.72.199 - - [27/Mar/2026:23:22:44 +0530] "GET /robots.txt HTTP/1.1" 404 - "-" "Mozilla/5.0 (compatible; Googlebot/2.1; +http://www.google.com/bot.html)"
66.249.72.201 - - [27/Mar/2026:23:23:47 +0530] "GET /assets/images/room/executive-room.jpg HTTP/1.1" 304 - "-" "Googlebot-Image/1.0"
141.98.11.44 - - [27/Mar/2026:23:28:56 +0530] "GET /assets/css/libs/sc.css.php HTTP/1.1" 404 16 "-" "Mozilla/5.0 (Windows NT 10.0; Win64; x64) AppleWebKit/537.36"
141.98.11.44 - - [28/Mar/2026:00:04:29 +0530] "GET /assets/css/libs/sc.css.php HTTP/1.1" 404 16 "-" "Mozilla/5.0 (Windows NT 10.0; Win64; x64) AppleWebKit/537.36"
40.77.167.49 - - [28/Mar/2026:00:06:38 +0530] "GET /accommodation.php HTTP/1.1" 200 13638 "-" "Mozilla/5.0 AppleWebKit/537.36 (KHTML, like Gecko; compatible; bingbot/2.0; +http://www.bing.com/bingbot.htm) Chrome/116.0.1938.76 Safari/537.36"
141.98.11.44 - - [28/Mar/2026:00:37:22 +0530] "GET /assets/css/libs/sc.css.php HTTP/1.1" 404 16 "-" "Mozilla/5.0 (Windows NT 10.0; Win64; x64) AppleWebKit/537.36"
74.7.228.14 - - [28/Mar/2026:00:39:05 +0530] "GET /robots.txt HTTP/1.1" 404 - "-" "Mozilla/5.0 (Macintosh; Intel Mac OS X 10_15_7) AppleWebKit/537.36 (KHTML, like Gecko) Chrome/131.0.0.0 Safari/537.36; compatible; OAI-SearchBot/1.3; robots.txt; +https://openai.com/searchbot"
74.7.228.44 - - [28/Mar/2026:01:07:43 +0530] "GET /robots.txt HTTP/1.1" 404 - "-" "Mozilla/5.0 (Macintosh; Intel Mac OS X 10_15_7) AppleWebKit/537.36 (KHTML, like Gecko) Chrome/131.0.0.0 Safari/537.36; compatible; OAI-SearchBot/1.3; robots.txt; +https://openai.com/searchbot"
74.7.242.18 - - [28/Mar/2026:01:07:48 +0530] "GET / HTTP/1.1" 200 27286 "-" "Mozilla/5.0 AppleWebKit/537.36 (KHTML, like Gecko; compatible; GPTBot/1.3; +https://openai.com/gptbot)"
141.98.11.44 - - [28/Mar/2026:01:09:03 +0530] "GET /assets/css/libs/sc.css.php HTTP/1.1" 404 16 "-" "Mozilla/5.0 (Windows NT 10.0; Win64; x64) AppleWebKit/537.36"
74.7.242.18 - - [28/Mar/2026:01:12:59 +0530] "GET /attractions.php HTTP/1.1" 200 13029 "https://www.alohiinn.com/" "Mozilla/5.0 AppleWebKit/537.36 (KHTML, like Gecko; compatible; GPTBot/1.3; +https://openai.com/gptbot)"
74.7.228.44 - - [28/Mar/2026:01:13:53 +0530] "GET /robots.txt HTTP/1.1" 404 - "-" "Mozilla/5.0 (Macintosh; Intel Mac OS X 10_15_7) AppleWebKit/537.36 (KHTML, like Gecko) Chrome/131.0.0.0 Safari/537.36; compatible; OAI-SearchBot/1.3; robots.txt; +https://openai.com/searchbot"
74.7.242.18 - - [28/Mar/2026:01:14:03 +0530] "GET /assets/js/config.js HTTP/1.1" 200 9939 "https://www.alohiinn.com/" "Mozilla/5.0 AppleWebKit/537.36 (KHTML, like Gecko; compatible; GPTBot/1.3; +https://openai.com/gptbot)"
74.7.242.18 - - [28/Mar/2026:01:14:56 +0530] "GET /assets/js/theme.js HTTP/1.1" 200 30642 "https://www.alohiinn.com/" "Mozilla/5.0 AppleWebKit/537.36 (KHTML, like Gecko; compatible; GPTBot/1.3; +https://openai.com/gptbot)"
74.7.242.18 - - [28/Mar/2026:01:15:40 +0530] "GET /about.php HTTP/1.1" 200 12384 "https://www.alohiinn.com/" "Mozilla/5.0 AppleWebKit/537.36 (KHTML, like Gecko; compatible; GPTBot/1.3; +https://openai.com/gptbot)"
74.7.242.18 - - [28/Mar/2026:01:17:11 +0530] "GET /assets/js/libs/owl.carousel.2.0.0-beta.2.4/owl.carousel.js HTTP/1.1" 200 40401 "https://www.alohiinn.com/" "Mozilla/5.0 AppleWebKit/537.36 (KHTML, like Gecko; compatible; GPTBot/1.3; +https://openai.com/gptbot)"
74.7.242.18 - - [28/Mar/2026:01:18:12 +0530] "GET /accommodation.php HTTP/1.1" 200 13638 "https://www.alohiinn.com/" "Mozilla/5.0 AppleWebKit/537.36 (KHTML, like Gecko; compatible; GPTBot/1.3; +https://openai.com/gptbot)"
74.7.242.18 - - [28/Mar/2026:01:18:52 +0530] "GET /assets/js/libs/jquery-2.1.4.js HTTP/1.1" 200 247597 "https://www.alohiinn.com/" "Mozilla/5.0 AppleWebKit/537.36 (KHTML, like Gecko; compatible; GPTBot/1.3; +https://openai.com/gptbot)"
74.7.228.44 - - [28/Mar/2026:01:18:53 +0530] "GET /robots.txt HTTP/1.1" 404 - "-" "Mozilla/5.0 (Macintosh; Intel Mac OS X 10_15_7) AppleWebKit/537.36 (KHTML, like Gecko) Chrome/131.0.0.0 Safari/537.36; compatible; OAI-SearchBot/1.3; robots.txt; +https://openai.com/searchbot"
74.7.242.18 - - [28/Mar/2026:01:19:30 +0530] "GET /assets/css/theme_custom_bootstrap.min.css HTTP/1.1" 200 84968 "https://www.alohiinn.com/" "Mozilla/5.0 AppleWebKit/537.36 (KHTML, like Gecko; compatible; GPTBot/1.3; +https://openai.com/gptbot)"
74.7.242.18 - - [28/Mar/2026:01:20:06 +0530] "GET /assets/favicon/manifest.html HTTP/1.1" 200 232 "https://www.alohiinn.com/" "Mozilla/5.0 AppleWebKit/537.36 (KHTML, like Gecko; compatible; GPTBot/1.3; +https://openai.com/gptbot)"
74.7.242.18 - - [28/Mar/2026:01:20:45 +0530] "GET /index.php HTTP/1.1" 200 27286 "https://www.alohiinn.com/" "Mozilla/5.0 AppleWebKit/537.36 (KHTML, like Gecko; compatible; GPTBot/1.3; +https://openai.com/gptbot)"
74.7.242.18 - - [28/Mar/2026:01:21:20 +0530] "GET /tariff.php HTTP/1.1" 200 7932 "https://www.alohiinn.com/" "Mozilla/5.0 AppleWebKit/537.36 (KHTML, like Gecko; compatible; GPTBot/1.3; +https://openai.com/gptbot)"
74.7.242.18 - - [28/Mar/2026:01:21:55 +0530] "GET /gallery.php HTTP/1.1" 200 11921 "https://www.alohiinn.com/" "Mozilla/5.0 AppleWebKit/537.36 (KHTML, like Gecko; compatible; GPTBot/1.3; +https://openai.com/gptbot)"
74.7.242.18 - - [28/Mar/2026:01:22:31 +0530] "GET /assets/js/libs/modernizr.custom.48287.js HTTP/1.1" 200 15153 "https://www.alohiinn.com/" "Mozilla/5.0 AppleWebKit/537.36 (KHTML, like Gecko; compatible; GPTBot/1.3; +https://openai.com/gptbot)"
74.7.242.18 - - [28/Mar/2026:01:23:08 +0530] "GET /assets/js/libs/wow.js HTTP/1.1" 200 15242 "https://www.alohiinn.com/" "Mozilla/5.0 AppleWebKit/537.36 (KHTML, like Gecko; compatible; GPTBot/1.3; +https://openai.com/gptbot)"
74.7.242.18 - - [28/Mar/2026:01:23:43 +0530] "GET /assets/js/libs/bootstrap-datetimepicker.js HTTP/1.1" 200 99313 "https://www.alohiinn.com/" "Mozilla/5.0 AppleWebKit/537.36 (KHTML, like Gecko; compatible; GPTBot/1.3; +https://openai.com/gptbot)"
74.7.242.18 - - [28/Mar/2026:01:24:30 +0530] "GET /assets/js/libs/moment.js HTTP/1.1" 200 385142 "https://www.alohiinn.com/" "Mozilla/5.0 AppleWebKit/537.36 (KHTML, like Gecko; compatible; GPTBot/1.3; +https://openai.com/gptbot)"
74.7.242.18 - - [28/Mar/2026:01:25:33 +0530] "GET /assets/js/libs/conformity/dist/conformity.js HTTP/1.1" 200 2722 "https://www.alohiinn.com/" "Mozilla/5.0 AppleWebKit/537.36 (KHTML, like Gecko; compatible; GPTBot/1.3; +https://openai.com/gptbot)"
74.7.242.18 - - [28/Mar/2026:01:27:43 +0530] "GET /contact.php HTTP/1.1" 200 10536 "https://www.alohiinn.com/" "Mozilla/5.0 AppleWebKit/537.36 (KHTML, like Gecko; compatible; GPTBot/1.3; +https://openai.com/gptbot)"
74.7.242.18 - - [28/Mar/2026:01:28:27 +0530] "GET /assets/css/libs/animate.min.css HTTP/1.1" 200 61352 "https://www.alohiinn.com/" "Mozilla/5.0 AppleWebKit/537.36 (KHTML, like Gecko; compatible; GPTBot/1.3; +https://openai.com/gptbot)"
74.7.242.18 - - [28/Mar/2026:01:29:01 +0530] "GET /assets/css/style.css HTTP/1.1" 200 318624 "https://www.alohiinn.com/" "Mozilla/5.0 AppleWebKit/537.36 (KHTML, like Gecko; compatible; GPTBot/1.3; +https://openai.com/gptbot)"
74.7.242.18 - - [28/Mar/2026:01:29:35 +0530] "GET /assets/js/libs/owl.carousel.2.0.0-beta.2.4/css/owl.theme.default.css HTTP/1.1" 200 1512 "https://www.alohiinn.com/" "Mozilla/5.0 AppleWebKit/537.36 (KHTML, like Gecko; compatible; GPTBot/1.3; +https://openai.com/gptbot)"
74.7.242.18 - - [28/Mar/2026:01:30:05 +0530] "GET /assets/js/libs/owl.carousel.2.0.0-beta.2.4/css/owl.carousel.css HTTP/1.1" 200 2007 "https://www.alohiinn.com/" "Mozilla/5.0 AppleWebKit/537.36 (KHTML, like Gecko; compatible; GPTBot/1.3; +https://openai.com/gptbot)"
141.98.11.44 - - [28/Mar/2026:01:45:08 +0530] "GET /assets/css/libs/sc.css.php HTTP/1.1" 404 16 "-" "Mozilla/5.0 (Windows NT 10.0; Win64; x64) AppleWebKit/537.36"
141.98.11.44 - - [28/Mar/2026:02:16:29 +0530] "GET /assets/css/libs/sc.css.php HTTP/1.1" 404 16 "-" "Mozilla/5.0 (Windows NT 10.0; Win64; x64) AppleWebKit/537.36"
40.77.167.44 - - [28/Mar/2026:02:22:24 +0530] "GET /index.php HTTP/1.1" 200 27286 "-" "Mozilla/5.0 AppleWebKit/537.36 (KHTML, like Gecko; compatible; bingbot/2.0; +http://www.bing.com/bingbot.htm) Chrome/116.0.1938.76 Safari/537.36"
141.98.11.44 - - [28/Mar/2026:02:48:57 +0530] "GET /assets/css/libs/sc.css.php HTTP/1.1" 404 16 "-" "Mozilla/5.0 (Windows NT 10.0; Win64; x64) AppleWebKit/537.36"
66.249.77.9 - - [28/Mar/2026:03:20:26 +0530] "GET / HTTP/1.1" 200 27286 "-" "GoogleBot/2.1"
141.98.11.44 - - [28/Mar/2026:03:24:03 +0530] "GET /assets/css/libs/sc.css.php HTTP/1.1" 404 16 "-" "Mozilla/5.0 (Windows NT 10.0; Win64; x64) AppleWebKit/537.36"
160.155.176.66 - - [28/Mar/2026:03:39:01 +0530] "GET /gallery.php HTTP/1.1" 200 11921 "-" "Mozilla/5.0 (Macintosh; Intel Mac OS X 10_15_5) AppleWebKit/537.36 (KHTML, like Gecko) Brave Chrome/83.0.4103.97 Safari/537.36"
113.184.117.120 - - [28/Mar/2026:03:40:05 +0530] "GET /attractions.php HTTP/1.1" 200 13029 "-" "Mozilla/5.0 (Windows NT 6.1; WOW64) AppleWebKit/537.36 (KHTML, like Gecko) Chrome/90.0.4430.93 Safari/537.36"
52.167.144.182 - - [28/Mar/2026:03:41:08 +0530] "GET /gallery.php HTTP/1.1" 200 11921 "-" "Mozilla/5.0 AppleWebKit/537.36 (KHTML, like Gecko; compatible; bingbot/2.0; +http://www.bing.com/bingbot.htm) Chrome/116.0.1938.76 Safari/537.36"
57.141.16.22 - - [28/Mar/2026:03:49:31 +0530] "GET /robots.txt HTTP/1.1" 404 - "-" "facebookexternalhit/1.1 (+http://www.facebook.com/externalhit_uatext.php)"
141.98.11.44 - - [28/Mar/2026:03:57:19 +0530] "GET /assets/css/libs/sc.css.php HTTP/1.1" 404 16 "-" "Mozilla/5.0 (Windows NT 10.0; Win64; x64) AppleWebKit/537.36"
141.98.11.44 - - [28/Mar/2026:04:28:42 +0530] "GET /assets/css/libs/sc.css.php HTTP/1.1" 404 16 "-" "Mozilla/5.0 (Windows NT 10.0; Win64; x64) AppleWebKit/537.36"
185.191.171.10 - - [28/Mar/2026:04:40:19 +0530] "GET /robots.txt HTTP/1.1" 404 - "-" "Mozilla/5.0 (compatible; SemrushBot/7~bl; +http://www.semrush.com/bot.html)"
85.208.96.204 - - [28/Mar/2026:04:40:20 +0530] "GET /attractions.php HTTP/1.1" 200 13029 "-" "Mozilla/5.0 (compatible; SemrushBot/7~bl; +http://www.semrush.com/bot.html)"
66.249.77.7 - - [28/Mar/2026:04:49:31 +0530] "GET / HTTP/1.1" 200 27286 "-" "GoogleBot/2.1"
141.98.11.44 - - [28/Mar/2026:05:02:44 +0530] "GET /assets/css/libs/sc.css.php HTTP/1.1" 404 16 "-" "Mozilla/5.0 (Windows NT 10.0; Win64; x64) AppleWebKit/537.36"
141.98.11.44 - - [28/Mar/2026:05:37:55 +0530] "GET /assets/css/libs/sc.css.php HTTP/1.1" 404 16 "-" "Mozilla/5.0 (Windows NT 10.0; Win64; x64) AppleWebKit/537.36"
144.172.94.2 - - [28/Mar/2026:05:57:23 +0530] "HEAD / HTTP/1.1" 200 - "-" "Mozilla/5.0 (Windows NT 10.0; Win64; x64) AppleWebKit/537.36"
144.172.94.2 - - [28/Mar/2026:05:57:24 +0530] "GET / HTTP/1.1" 200 27286 "-" "Mozilla/5.0 (Windows NT 10.0; Win64; x64) AppleWebKit/537.36"
144.172.94.2 - - [28/Mar/2026:05:57:25 +0530] "GET /assets/js/libs/modernizr.custom.48287.js HTTP/1.1" 200 15153 "-" "Mozilla/5.0 (Windows NT 10.0; Win64; x64) AppleWebKit/537.36"
144.172.94.2 - - [28/Mar/2026:05:57:26 +0530] "GET /assets/js/config.js HTTP/1.1" 200 9939 "-" "Mozilla/5.0 (Windows NT 10.0; Win64; x64) AppleWebKit/537.36"
144.172.94.2 - - [28/Mar/2026:05:57:27 +0530] "GET /assets/js/libs/wow.js HTTP/1.1" 200 15242 "-" "Mozilla/5.0 (Windows NT 10.0; Win64; x64) AppleWebKit/537.36"
144.172.94.2 - - [28/Mar/2026:05:57:28 +0530] "GET /.env HTTP/1.1" 404 - "-" "Mozilla/5.0 (Windows NT 10.0; Win64; x64) AppleWebKit/537.36"
144.172.94.2 - - [28/Mar/2026:05:57:45 +0530] "GET /.env.development HTTP/1.1" 404 - "-" "Mozilla/5.0 (Windows NT 10.0; Win64; x64) AppleWebKit/537.36"
144.172.94.2 - - [28/Mar/2026:05:57:49 +0530] "GET /.env.development.local HTTP/1.1" 404 - "-" "Mozilla/5.0 (Windows NT 10.0; Win64; x64) AppleWebKit/537.36"
144.172.94.2 - - [28/Mar/2026:05:57:54 +0530] "GET /.env.development.sample HTTP/1.1" 404 - "-" "Mozilla/5.0 (Windows NT 10.0; Win64; x64) AppleWebKit/537.36"
144.172.94.2 - - [28/Mar/2026:05:58:02 +0530] "GET /.env.docker HTTP/1.1" 404 - "-" "Mozilla/5.0 (Windows NT 10.0; Win64; x64) AppleWebKit/537.36"
144.172.94.2 - - [28/Mar/2026:05:58:09 +0530] "GET /.env.docker.dev HTTP/1.1" 404 - "-" "Mozilla/5.0 (Windows NT 10.0; Win64; x64) AppleWebKit/537.36"
144.172.94.2 - - [28/Mar/2026:05:58:13 +0530] "GET /.env.example HTTP/1.1" 404 - "-" "Mozilla/5.0 (Windows NT 10.0; Win64; x64) AppleWebKit/537.36"
144.172.94.2 - - [28/Mar/2026:05:58:17 +0530] "GET /.env.local HTTP/1.1" 404 - "-" "Mozilla/5.0 (Windows NT 10.0; Win64; x64) AppleWebKit/537.36"
144.172.94.2 - - [28/Mar/2026:05:58:26 +0530] "GET /.env.prod.local HTTP/1.1" 404 - "-" "Mozilla/5.0 (Windows NT 10.0; Win64; x64) AppleWebKit/537.36"
144.172.94.2 - - [28/Mar/2026:05:58:30 +0530] "GET /.env.production HTTP/1.1" 404 - "-" "Mozilla/5.0 (Windows NT 10.0; Win64; x64) AppleWebKit/537.36"
144.172.94.2 - - [28/Mar/2026:05:58:41 +0530] "GET /.env.sample HTTP/1.1" 404 - "-" "Mozilla/5.0 (Windows NT 10.0; Win64; x64) AppleWebKit/537.36"
144.172.94.2 - - [28/Mar/2026:05:58:52 +0530] "GET /.env.stage HTTP/1.1" 404 - "-" "Mozilla/5.0 (Windows NT 10.0; Win64; x64) AppleWebKit/537.36"
144.172.94.2 - - [28/Mar/2026:05:59:03 +0530] "GET /.env.test HTTP/1.1" 404 - "-" "Mozilla/5.0 (Windows NT 10.0; Win64; x64) AppleWebKit/537.36"
144.172.94.2 - - [28/Mar/2026:05:59:05 +0530] "GET /.env.travis HTTP/1.1" 404 - "-" "Mozilla/5.0 (Windows NT 10.0; Win64; x64) AppleWebKit/537.36"
144.172.94.2 - - [28/Mar/2026:05:59:09 +0530] "GET /.envrc HTTP/1.1" 404 - "-" "Mozilla/5.0 (Windows NT 10.0; Win64; x64) AppleWebKit/537.36"
144.172.94.2 - - [28/Mar/2026:05:59:12 +0530] "GET /.envs HTTP/1.1" 404 - "-" "Mozilla/5.0 (Windows NT 10.0; Win64; x64) AppleWebKit/537.36"
144.172.94.2 - - [28/Mar/2026:05:59:17 +0530] "GET /.environment HTTP/1.1" 404 - "-" "Mozilla/5.0 (Windows NT 10.0; Win64; x64) AppleWebKit/537.36"
144.172.94.2 - - [28/Mar/2026:05:59:20 +0530] "GET /.flaskenv HTTP/1.1" 404 - "-" "Mozilla/5.0 (Windows NT 10.0; Win64; x64) AppleWebKit/537.36"
144.172.94.2 - - [28/Mar/2026:05:59:23 +0530] "GET /.gitlab-ci.yml HTTP/1.1" 404 - "-" "Mozilla/5.0 (Windows NT 10.0; Win64; x64) AppleWebKit/537.36"
144.172.94.2 - - [28/Mar/2026:05:59:34 +0530] "GET /env HTTP/1.1" 404 - "-" "Mozilla/5.0 (Windows NT 10.0; Win64; x64) AppleWebKit/537.36"
144.172.94.2 - - [28/Mar/2026:05:59:39 +0530] "GET /env.bak HTTP/1.1" 404 - "-" "Mozilla/5.0 (Windows NT 10.0; Win64; x64) AppleWebKit/537.36"
144.172.94.2 - - [28/Mar/2026:05:59:42 +0530] "GET /env.list HTTP/1.1" 404 - "-" "Mozilla/5.0 (Windows NT 10.0; Win64; x64) AppleWebKit/537.36"
144.172.94.2 - - [28/Mar/2026:05:59:47 +0530] "GET /env.php HTTP/1.1" 404 16 "-" "Mozilla/5.0 (Windows NT 10.0; Win64; x64) AppleWebKit/537.36"
144.172.94.2 - - [28/Mar/2026:06:00:04 +0530] "GET /.aws/credentials HTTP/1.1" 404 - "-" "Mozilla/5.0 (Windows NT 10.0; Win64; x64) AppleWebKit/537.36"
144.172.94.2 - - [28/Mar/2026:06:00:07 +0530] "GET /.aws/config HTTP/1.1" 404 - "-" "Mozilla/5.0 (Windows NT 10.0; Win64; x64) AppleWebKit/537.36"
144.172.94.2 - - [28/Mar/2026:06:00:15 +0530] "GET /.circleci/config.yml HTTP/1.1" 404 - "-" "Mozilla/5.0 (Windows NT 10.0; Win64; x64) AppleWebKit/537.36"
144.172.94.2 - - [28/Mar/2026:06:00:27 +0530] "GET /admin/.env HTTP/1.1" 404 - "-" "Mozilla/5.0 (Windows NT 10.0; Win64; x64) AppleWebKit/537.36"
144.172.94.2 - - [28/Mar/2026:06:00:46 +0530] "GET /admin/config.php HTTP/1.1" 404 - "-" "Mozilla/5.0 (Windows NT 10.0; Win64; x64) AppleWebKit/537.36"
144.172.94.2 - - [28/Mar/2026:06:00:51 +0530] "GET /admin/phpinfo.php HTTP/1.1" 404 - "-" "Mozilla/5.0 (Windows NT 10.0; Win64; x64) AppleWebKit/537.36"
144.172.94.2 - - [28/Mar/2026:06:00:53 +0530] "GET /api/.env HTTP/1.1" 404 - "-" "Mozilla/5.0 (Windows NT 10.0; Win64; x64) AppleWebKit/537.36"
144.172.94.2 - - [28/Mar/2026:06:00:57 +0530] "GET /api/.env.development HTTP/1.1" 404 - "-" "Mozilla/5.0 (Windows NT 10.0; Win64; x64) AppleWebKit/537.36"
144.172.94.2 - - [28/Mar/2026:06:01:01 +0530] "GET /api/.env.local HTTP/1.1" 404 - "-" "Mozilla/5.0 (Windows NT 10.0; Win64; x64) AppleWebKit/537.36"
144.172.94.2 - - [28/Mar/2026:06:01:10 +0530] "GET /api/.env.staging HTTP/1.1" 404 - "-" "Mozilla/5.0 (Windows NT 10.0; Win64; x64) AppleWebKit/537.36"
144.172.94.2 - - [28/Mar/2026:06:01:19 +0530] "GET /api/.env.test HTTP/1.1" 404 - "-" "Mozilla/5.0 (Windows NT 10.0; Win64; x64) AppleWebKit/537.36"
144.172.94.2 - - [28/Mar/2026:06:01:22 +0530] "GET /api/config.php HTTP/1.1" 404 - "-" "Mozilla/5.0 (Windows NT 10.0; Win64; x64) AppleWebKit/537.36"
144.172.94.2 - - [28/Mar/2026:06:01:26 +0530] "GET /api/config.env HTTP/1.1" 404 - "-" "Mozilla/5.0 (Windows NT 10.0; Win64; x64) AppleWebKit/537.36"
144.172.94.2 - - [28/Mar/2026:06:01:29 +0530] "GET /api/config.js HTTP/1.1" 404 - "-" "Mozilla/5.0 (Windows NT 10.0; Win64; x64) AppleWebKit/537.36"
144.172.94.2 - - [28/Mar/2026:06:01:33 +0530] "GET /api/config.yml HTTP/1.1" 404 - "-" "Mozilla/5.0 (Windows NT 10.0; Win64; x64) AppleWebKit/537.36"
144.172.94.2 - - [28/Mar/2026:06:01:37 +0530] "GET /api/shared/.env HTTP/1.1" 404 - "-" "Mozilla/5.0 (Windows NT 10.0; Win64; x64) AppleWebKit/537.36"
144.172.94.2 - - [28/Mar/2026:06:01:40 +0530] "GET /api/shared/config.env HTTP/1.1" 404 - "-" "Mozilla/5.0 (Windows NT 10.0; Win64; x64) AppleWebKit/537.36"
144.172.94.2 - - [28/Mar/2026:06:01:43 +0530] "GET /api/shared/config/.env HTTP/1.1" 404 - "-" "Mozilla/5.0 (Windows NT 10.0; Win64; x64) AppleWebKit/537.36"
144.172.94.2 - - [28/Mar/2026:06:01:49 +0530] "GET /app/.env HTTP/1.1" 404 - "-" "Mozilla/5.0 (Windows NT 10.0; Win64; x64) AppleWebKit/537.36"
144.172.94.2 - - [28/Mar/2026:06:02:03 +0530] "GET /app/.env.production HTTP/1.1" 404 - "-" "Mozilla/5.0 (Windows NT 10.0; Win64; x64) AppleWebKit/537.36"
144.172.94.2 - - [28/Mar/2026:06:02:08 +0530] "GET /app/.env.staging HTTP/1.1" 404 - "-" "Mozilla/5.0 (Windows NT 10.0; Win64; x64) AppleWebKit/537.36"
144.172.94.2 - - [28/Mar/2026:06:02:11 +0530] "GET /app/.env.test HTTP/1.1" 404 - "-" "Mozilla/5.0 (Windows NT 10.0; Win64; x64) AppleWebKit/537.36"
144.172.94.2 - - [28/Mar/2026:06:02:15 +0530] "GET /app/config.php HTTP/1.1" 404 - "-" "Mozilla/5.0 (Windows NT 10.0; Win64; x64) AppleWebKit/537.36"
144.172.94.2 - - [28/Mar/2026:06:02:20 +0530] "GET /app/config.json HTTP/1.1" 404 - "-" "Mozilla/5.0 (Windows NT 10.0; Win64; x64) AppleWebKit/537.36"
144.172.94.2 - - [28/Mar/2026:06:02:25 +0530] "GET /app/etc/env.php HTTP/1.1" 404 - "-" "Mozilla/5.0 (Windows NT 10.0; Win64; x64) AppleWebKit/537.36"
144.172.94.2 - - [28/Mar/2026:06:02:34 +0530] "GET /application/.env HTTP/1.1" 404 - "-" "Mozilla/5.0 (Windows NT 10.0; Win64; x64) AppleWebKit/537.36"
144.172.94.2 - - [28/Mar/2026:06:02:38 +0530] "GET /application/config/config.php HTTP/1.1" 404 - "-" "Mozilla/5.0 (Windows NT 10.0; Win64; x64) AppleWebKit/537.36"
144.172.94.2 - - [28/Mar/2026:06:02:42 +0530] "GET /application/config/database.php HTTP/1.1" 404 - "-" "Mozilla/5.0 (Windows NT 10.0; Win64; x64) AppleWebKit/537.36"
144.172.94.2 - - [28/Mar/2026:06:02:46 +0530] "GET /application/config/email.php HTTP/1.1" 404 - "-" "Mozilla/5.0 (Windows NT 10.0; Win64; x64) AppleWebKit/537.36"
144.172.94.2 - - [28/Mar/2026:06:02:53 +0530] "GET /application/config/routes.php HTTP/1.1" 404 - "-" "Mozilla/5.0 (Windows NT 10.0; Win64; x64) AppleWebKit/537.36"
144.172.94.2 - - [28/Mar/2026:06:02:57 +0530] "GET /application.properties HTTP/1.1" 404 - "-" "Mozilla/5.0 (Windows NT 10.0; Win64; x64) AppleWebKit/537.36"
144.172.94.2 - - [28/Mar/2026:06:03:01 +0530] "GET /application.yml HTTP/1.1" 404 - "-" "Mozilla/5.0 (Windows NT 10.0; Win64; x64) AppleWebKit/537.36"
144.172.94.2 - - [28/Mar/2026:06:03:26 +0530] "GET /backend/config.php HTTP/1.1" 404 - "-" "Mozilla/5.0 (Windows NT 10.0; Win64; x64) AppleWebKit/537.36"
144.172.94.2 - - [28/Mar/2026:06:03:38 +0530] "GET /backend/config/development.yml HTTP/1.1" 404 - "-" "Mozilla/5.0 (Windows NT 10.0; Win64; x64) AppleWebKit/537.36"
144.172.94.2 - - [28/Mar/2026:06:03:58 +0530] "GET /backup/.env.staging HTTP/1.1" 404 - "-" "Mozilla/5.0 (Windows NT 10.0; Win64; x64) AppleWebKit/537.36"
144.172.94.2 - - [28/Mar/2026:06:04:04 +0530] "GET /backup/config.php HTTP/1.1" 404 - "-" "Mozilla/5.0 (Windows NT 10.0; Win64; x64) AppleWebKit/537.36"
144.172.94.2 - - [28/Mar/2026:06:04:12 +0530] "GET /blog.env HTTP/1.1" 404 - "-" "Mozilla/5.0 (Windows NT 10.0; Win64; x64) AppleWebKit/537.36"
144.172.94.2 - - [28/Mar/2026:06:04:16 +0530] "GET /cgi-bin/.env HTTP/1.1" 404 - "-" "Mozilla/5.0 (Windows NT 10.0; Win64; x64) AppleWebKit/537.36"
144.172.94.2 - - [28/Mar/2026:06:04:20 +0530] "GET /client/.env HTTP/1.1" 404 - "-" "Mozilla/5.0 (Windows NT 10.0; Win64; x64) AppleWebKit/537.36"
144.172.94.2 - - [28/Mar/2026:06:04:23 +0530] "GET /client/.env.local HTTP/1.1" 404 - "-" "Mozilla/5.0 (Windows NT 10.0; Win64; x64) AppleWebKit/537.36"
144.172.94.2 - - [28/Mar/2026:06:04:36 +0530] "GET /client/.env.staging HTTP/1.1" 404 - "-" "Mozilla/5.0 (Windows NT 10.0; Win64; x64) AppleWebKit/537.36"
144.172.94.2 - - [28/Mar/2026:06:04:41 +0530] "GET /cms/.env HTTP/1.1" 404 - "-" "Mozilla/5.0 (Windows NT 10.0; Win64; x64) AppleWebKit/537.36"
144.172.94.2 - - [28/Mar/2026:06:04:46 +0530] "GET /config/.env HTTP/1.1" 404 - "-" "Mozilla/5.0 (Windows NT 10.0; Win64; x64) AppleWebKit/537.36"
144.172.94.2 - - [28/Mar/2026:06:04:50 +0530] "GET /config/.env.development HTTP/1.1" 404 - "-" "Mozilla/5.0 (Windows NT 10.0; Win64; x64) AppleWebKit/537.36"
144.172.94.2 - - [28/Mar/2026:06:04:55 +0530] "GET /config/.env.production HTTP/1.1" 404 - "-" "Mozilla/5.0 (Windows NT 10.0; Win64; x64) AppleWebKit/537.36"
144.172.94.2 - - [28/Mar/2026:06:04:58 +0530] "GET /config/.env.test HTTP/1.1" 404 - "-" "Mozilla/5.0 (Windows NT 10.0; Win64; x64) AppleWebKit/537.36"
144.172.94.2 - - [28/Mar/2026:06:05:01 +0530] "GET /config.php HTTP/1.1" 404 16 "-" "Mozilla/5.0 (Windows NT 10.0; Win64; x64) AppleWebKit/537.36"
144.172.94.2 - - [28/Mar/2026:06:05:06 +0530] "GET /config.json HTTP/1.1" 404 - "-" "Mozilla/5.0 (Windows NT 10.0; Win64; x64) AppleWebKit/537.36"
144.172.94.2 - - [28/Mar/2026:06:05:14 +0530] "GET /config.yml HTTP/1.1" 404 - "-" "Mozilla/5.0 (Windows NT 10.0; Win64; x64) AppleWebKit/537.36"
45.148.10.120 - - [28/Mar/2026:06:05:33 +0530] "GET / HTTP/1.1" 200 27286 "-" "Mozilla/5.0 (Windows NT 6.2; ARM; Trident/7.0; Touch; rv:11.0; WPDesktop; NOKIA; Lumia 920) like Geckoo"
144.172.94.2 - - [28/Mar/2026:06:05:45 +0530] "GET /config/cache.php HTTP/1.1" 404 - "-" "Mozilla/5.0 (Windows NT 10.0; Win64; x64) AppleWebKit/537.36"
144.172.94.2 - - [28/Mar/2026:06:05:47 +0530] "GET /config/database.php HTTP/1.1" 404 - "-" "Mozilla/5.0 (Windows NT 10.0; Win64; x64) AppleWebKit/537.36"
45.148.10.120 - - [28/Mar/2026:06:05:50 +0530] "GET /js/libs/bootstrap-datetimepicker.js HTTP/1.1" 404 - "-" "Mozilla/5.0 (X11; Linux x86_64) AppleWebKit/537.36 (KHTML, like Gecko) Ubuntu Chromium/76.0.3809.100 Chrome/76.0.3809.100 Safari/537.36"
45.148.10.120 - - [28/Mar/2026:06:05:50 +0530] "GET /js/theme.js HTTP/1.1" 404 - "-" "Mozilla/5.0 (Windows NT 10.0; Win64; x64) AppleWebKit/537.36 (KHTML, like Gecko) Chrome/78.0.3890.0 Safari/537.36"
45.148.10.120 - - [28/Mar/2026:06:05:50 +0530] "GET /js/libs/modernizr.custom.48287.js HTTP/1.1" 404 - "-" "Mozilla/5.0 (Windows NT 10.0; WOW64) AppleWebKit/537.36 (KHTML, like Gecko) Chrome/70.0.3538.25 Safari/537.36 Core/1.70.3722.400 QQBrowser/10.5.3739.400"
45.148.10.120 - - [28/Mar/2026:06:05:50 +0530] "GET /js/libs/owl.carousel.2.0.0-beta.2.4/owl.carousel.js HTTP/1.1" 404 - "-" "Mozilla/5.0 (Linux; Android 8.1.0; Redmi Y2) AppleWebKit/537.36 (KHTML, like Gecko) Chrome/76.0.3809.89 Mobile Safari/537.36"
45.148.10.120 - - [28/Mar/2026:06:05:50 +0530] "GET /js/libs/jquery-2.1.4.js HTTP/1.1" 404 - "-" "Mozilla/5.0 (Macintosh; Intel Mac OS X 10_8_0) AppleWebKit/536.3 (KHTML, like Gecko) Chrome/19.0.1063.0 Safari/536.3"
45.148.10.120 - - [28/Mar/2026:06:05:50 +0530] "GET /js/owlslider-init.js HTTP/1.1" 404 - "-" "Mozilla/5.0 (X11; U; Linux i686; en-US; rv:1.9a3pre) Gecko/20070330"
144.172.94.2 - - [28/Mar/2026:06:05:51 +0530] "GET /config/database.yml HTTP/1.1" 404 - "-" "Mozilla/5.0 (Windows NT 10.0; Win64; x64) AppleWebKit/537.36"
45.148.10.120 - - [28/Mar/2026:06:05:52 +0530] "GET /js/libs/moment.js HTTP/1.1" 404 - "-" "Mozilla/5.0 (Windows NT 6.1; Win64; x64) AppleWebKit/537.36 (KHTML, like Gecko) Chrome/75.0.3770.100 Safari/537.36 OPR/62.0.3331.99"
45.148.10.120 - - [28/Mar/2026:06:05:52 +0530] "GET /js/libs/bootstrap.js HTTP/1.1" 404 - "-" "Mozilla/5.0 (Linux; Android 9; ONEPLUS A6003) AppleWebKit/537.36 (KHTML, like Gecko) Chrome/76.0.3809.89 Mobile Safari/537.36"
45.148.10.120 - - [28/Mar/2026:06:05:52 +0530] "GET /js/libs/wow.js HTTP/1.1" 404 - "-" "Mozilla/5.0 (Windows NT 10.0; Win64; x64) AppleWebKit/537.36 (KHTML, like Gecko) Chrome/73.0.3683.88 Safari/537.36 Vivaldi/2.4.1488.36"
45.148.10.120 - - [28/Mar/2026:06:05:54 +0530] "GET /js/libs/conformity/dist/conformity.js HTTP/1.1" 404 - "-" "Mozilla/5.0 (Linux; Android 4.4.2; SM-T230NU Build/KOT49H) AppleWebKit/537.36 (KHTML, like Gecko) Chrome/51.0.2704.81 Safari/537.36"
45.148.10.120 - - [28/Mar/2026:06:05:54 +0530] "GET /js/config.js HTTP/1.1" 404 - "-" "Mozilla/5.0 (Windows NT 10.0; Win64; x64) AppleWebKit/537.36 (KHTML, like Gecko) Chrome/68.0.3436.0 Safari/537.36"
144.172.94.2 - - [28/Mar/2026:06:05:57 +0530] "GET /config/database.json HTTP/1.1" 404 - "-" "Mozilla/5.0 (Windows NT 10.0; Win64; x64) AppleWebKit/537.36"
144.172.94.2 - - [28/Mar/2026:06:06:00 +0530] "GET /config/env/aws.env HTTP/1.1" 404 - "-" "Mozilla/5.0 (Windows NT 10.0; Win64; x64) AppleWebKit/537.36"
144.172.94.2 - - [28/Mar/2026:06:06:08 +0530] "GET /config/env/mailgun.env HTTP/1.1" 404 - "-" "Mozilla/5.0 (Windows NT 10.0; Win64; x64) AppleWebKit/537.36"
144.172.94.2 - - [28/Mar/2026:06:06:09 +0530] "GET /config/env/sendgrid.env HTTP/1.1" 404 - "-" "Mozilla/5.0 (Windows NT 10.0; Win64; x64) AppleWebKit/537.36"
144.172.94.2 - - [28/Mar/2026:06:06:12 +0530] "GET /config/filesystems.php HTTP/1.1" 404 - "-" "Mozilla/5.0 (Windows NT 10.0; Win64; x64) AppleWebKit/537.36"
40.77.167.77 - - [28/Mar/2026:06:06:12 +0530] "GET /attractions.php HTTP/1.1" 200 13029 "-" "Mozilla/5.0 AppleWebKit/537.36 (KHTML, like Gecko; compatible; bingbot/2.0; +http://www.bing.com/bingbot.htm) Chrome/116.0.1938.76 Safari/537.36"
45.148.10.120 - - [28/Mar/2026:06:06:17 +0530] "GET /js/config.js HTTP/1.1" 404 - "-" "Mozilla/5.0 (Macintosh; Intel Mac OS X 10_14) AppleWebKit/605.1.15 (KHTML, like Gecko) Version/12.0 Safari/605.1.15"
45.148.10.120 - - [28/Mar/2026:06:06:17 +0530] "GET /js/libs/moment.js HTTP/1.1" 404 - "-" "Mozilla/5.0 (Windows NT 6.1) AppleWebKit/537.36 (KHTML, like Gecko) baidu.sogo.uc.Chrome/36.0.1985.125 Safari/537.36"
45.148.10.120 - - [28/Mar/2026:06:06:17 +0530] "GET /js/libs/bootstrap-datetimepicker.js HTTP/1.1" 404 - "-" "Mozilla/5.0 (Macintosh; Intel Mac OS X 10_13_3) AppleWebKit/537.36 (KHTML, like Gecko) Chrome/76.0.3809.100 Safari/537.36"
45.148.10.120 - - [28/Mar/2026:06:06:17 +0530] "GET /js/libs/conformity/dist/conformity.js HTTP/1.1" 404 - "-" "Mozilla/5.0 (Windows NT 10.0; WOW64) AppleWebKit/537.36 (KHTML, like Gecko) Chrome/64.0.3282.119 Safari/537.36"
45.148.10.120 - - [28/Mar/2026:06:06:17 +0530] "GET /js/libs/owl.carousel.2.0.0-beta.2.4/owl.carousel.js HTTP/1.1" 404 - "-" "Mozilla/5.0 (Macintosh; Intel Mac OS X 10_12_6) AppleWebKit/537.36 (KHTML, like Gecko) Chrome/73.0.3683.75 Safari/537.36"
45.148.10.120 - - [28/Mar/2026:06:06:17 +0530] "GET /js/libs/wow.js HTTP/1.1" 404 - "-" "Mozilla/5.0 (Macintosh; Intel Mac OS X 10_10_1) AppleWebKit/537.36 (KHTML, like Gecko) Chrome/41.0.2227.1 Safari/537.36"
45.148.10.120 - - [28/Mar/2026:06:06:17 +0530] "GET /js/libs/bootstrap.js HTTP/1.1" 404 - "-" "Mozilla/5.0 (X11; Linux i686; rv:20.0) Gecko/20100101 Firefox/20.0"
45.148.10.120 - - [28/Mar/2026:06:06:17 +0530] "GET /js/libs/modernizr.custom.48287.js HTTP/1.1" 404 - "-" "Mozilla/5.0 (X11; Linux x86_64) AppleWebKit/537.36 (KHTML, like Gecko) Chrome/77.0.3865.35 Safari/537.36"
45.148.10.120 - - [28/Mar/2026:06:06:17 +0530] "GET /js/owlslider-init.js HTTP/1.1" 404 - "-" "Mozilla/5.0 (Macintosh; Intel Mac OS X 10_9_5) AppleWebKit/537.36 (KHTML, like Gecko) Chrome/65.0.3325.181 Safari/537.36"
45.148.10.120 - - [28/Mar/2026:06:06:17 +0530] "GET /js/libs/jquery-2.1.4.js HTTP/1.1" 404 - "-" "Mozilla/5.0 (Windows NT 10.0; Win64; x64) AppleWebKit/537.36 (KHTML, like Gecko) Chrome/78.0.3881.0 Safari/537.36"
45.148.10.120 - - [28/Mar/2026:06:06:17 +0530] "GET /js/theme.js HTTP/1.1" 404 - "-" "Mozilla/5.0 (Windows NT 10.0; Win64; x64) AppleWebKit/537.36 (KHTML, like Gecko) Chrome/75.0.3770.142 Safari/537.36 OPR/62.0.3331.116"
144.172.94.2 - - [28/Mar/2026:06:06:22 +0530] "GET /config/mail.json HTTP/1.1" 404 - "-" "Mozilla/5.0 (Windows NT 10.0; Win64; x64) AppleWebKit/537.36"
144.172.94.2 - - [28/Mar/2026:06:06:26 +0530] "GET /config/queue.php HTTP/1.1" 404 - "-" "Mozilla/5.0 (Windows NT 10.0; Win64; x64) AppleWebKit/537.36"
144.172.94.2 - - [28/Mar/2026:06:06:32 +0530] "GET /config/secrets.json HTTP/1.1" 404 - "-" "Mozilla/5.0 (Windows NT 10.0; Win64; x64) AppleWebKit/537.36"
144.172.94.2 - - [28/Mar/2026:06:06:35 +0530] "GET /config/services.php HTTP/1.1" 404 - "-" "Mozilla/5.0 (Windows NT 10.0; Win64; x64) AppleWebKit/537.36"
45.148.10.120 - - [28/Mar/2026:06:06:38 +0530] "GET /js/libs/modernizr.custom.48287.js HTTP/1.1" 404 - "-" "Mozilla/5.0 (X11; U; Linux; i686; en-US; rv:1.6) Gecko Galeon/1.3.14"
45.148.10.120 - - [28/Mar/2026:06:06:38 +0530] "GET /js/libs/conformity/dist/conformity.js HTTP/1.1" 404 - "-" "Mozilla/5.0 (Macintosh; Intel Mac OS X 10_12_5) AppleWebKit/537.36 (KHTML, like Gecko) Chrome/75.0.3770.142 Safari/537.36"
45.148.10.120 - - [28/Mar/2026:06:06:38 +0530] "GET /js/libs/bootstrap-datetimepicker.js HTTP/1.1" 404 - "-" "Mozilla/5.0 (Linux; Android 8.0.0; XT1650) AppleWebKit/537.36 (KHTML, like Gecko) Chrome/74.0.3729.157 Mobile Safari/537.36"
45.148.10.120 - - [28/Mar/2026:06:06:38 +0530] "GET /js/libs/moment.js HTTP/1.1" 404 - "-" "Mozilla/5.0 (Symbian/3; Series60/5.2 NokiaE7-00/010.016; Profile/MIDP-2.1 Configuration/CLDC-1.1 ) AppleWebKit/525 (KHTML, like Gecko) Version/3.0 BrowserNG/7.2.7.3 3gpp-gba"
45.148.10.120 - - [28/Mar/2026:06:06:38 +0530] "GET /js/libs/owl.carousel.2.0.0-beta.2.4/owl.carousel.js HTTP/1.1" 404 - "-" "Mozilla/5.0 (Android; Linux armv7l; rv:10.0.1) Gecko/20100101 Firefox/10.0.1 Fennec/10.0.1"
45.148.10.120 - - [28/Mar/2026:06:06:38 +0530] "GET /js/libs/wow.js HTTP/1.1" 404 - "-" "Mozilla/5.0 (Maemo; Linux armv7l; rv:2.0.1) Gecko/20100101 Firefox/4.0.1 Fennec/2.0.1"
45.148.10.120 - - [28/Mar/2026:06:06:38 +0530] "GET /js/theme.js HTTP/1.1" 404 - "-" "Mozilla/5.0 (Linux; Android 9; SM-G965F) AppleWebKit/537.36 (KHTML, like Gecko) Chrome/73.0.3683.90 Mobile Safari/537.36 EdgA/42.0.2.3819"
45.148.10.120 - - [28/Mar/2026:06:06:38 +0530] "GET /js/owlslider-init.js HTTP/1.1" 404 - "-" "Mozilla/5.0 (Linux; Android 7.1.2; OC105) AppleWebKit/537.36 (KHTML, like Gecko) Chrome/74.0.3729.157 Mobile Safari/537.36"
144.172.94.2 - - [28/Mar/2026:06:06:38 +0530] "GET /config/services.yaml HTTP/1.1" 404 - "-" "Mozilla/5.0 (Windows NT 10.0; Win64; x64) AppleWebKit/537.36"
45.148.10.120 - - [28/Mar/2026:06:06:40 +0530] "GET /js/config.js HTTP/1.1" 404 - "-" "Mozilla/5.0 (Macintosh; Intel Mac OS X 10_13_6) AppleWebKit/537.36 (KHTML, like Gecko) Chrome/73.0.3683.88 Safari/537.36 Vivaldi/2.4.1488.36"
45.148.10.120 - - [28/Mar/2026:06:06:40 +0530] "GET /js/libs/bootstrap.js HTTP/1.1" 404 - "-" "Mozilla/5.0 (Linux; Android 9; moto g(6) plus) AppleWebKit/537.36 (KHTML, like Gecko) Chrome/76.0.3809.111 Mobile Safari/537.36"
45.148.10.120 - - [28/Mar/2026:06:06:40 +0530] "GET /js/libs/jquery-2.1.4.js HTTP/1.1" 404 - "-" "Mozilla/5.0 (Linux; Android 9; SAMSUNG SM-G975F Build/PPR1.180610.011) AppleWebKit/537.36 (KHTML, like Gecko) SamsungBrowser/9.4 Chrome/67.0.3396.87 Mobile Safari/537.36"
144.172.94.2 - - [28/Mar/2026:06:06:46 +0530] "GET /config/session.php HTTP/1.1" 404 - "-" "Mozilla/5.0 (Windows NT 10.0; Win64; x64) AppleWebKit/537.36"
144.172.94.2 - - [28/Mar/2026:06:06:56 +0530] "GET /config/settings.json HTTP/1.1" 404 - "-" "Mozilla/5.0 (Windows NT 10.0; Win64; x64) AppleWebKit/537.36"
144.172.94.2 - - [28/Mar/2026:06:07:06 +0530] "GET /config/smtp.php HTTP/1.1" 404 - "-" "Mozilla/5.0 (Windows NT 10.0; Win64; x64) AppleWebKit/537.36"
144.172.94.2 - - [28/Mar/2026:06:07:18 +0530] "GET /configuration.php HTTP/1.1" 404 16 "-" "Mozilla/5.0 (Windows NT 10.0; Win64; x64) AppleWebKit/537.36"
